185.21.40.28 - - [26/Jul/2026:00:07:28 +0200] "POST /wp-cron.php?doing_wp_cron=1785017248.2840580940246582031250 HTTP/1.1" 200 474 "-" "eLG1wNmDuikW"
216.73.217.117 - - [26/Jul/2026:00:07:26 +0200] "GET /dp/7f04a7883941459 HTTP/2" 404 12542 "-" "Mozilla/5.0 AppleWebKit/537.36 (KHTML, like Gecko; compatible; ClaudeBot/1.0; +claudebot@anthropic.com)"
216.73.217.117 - - [26/Jul/2026:00:07:29 +0200] "GET /dp/1f714f805770017 HTTP/2" 404 12541 "-" "Mozilla/5.0 AppleWebKit/537.36 (KHTML, like Gecko; compatible; ClaudeBot/1.0; +claudebot@anthropic.com)"
216.73.217.117 - - [26/Jul/2026:00:07:32 +0200] "GET /dp/874853295430680 HTTP/2" 404 12543 "-" "Mozilla/5.0 AppleWebKit/537.36 (KHTML, like Gecko; compatible; ClaudeBot/1.0; +claudebot@anthropic.com)"
216.73.217.117 - - [26/Jul/2026:00:07:35 +0200] "GET /dp/5b30b6755462695 HTTP/2" 404 12539 "-" "Mozilla/5.0 AppleWebKit/537.36 (KHTML, like Gecko; compatible; ClaudeBot/1.0; +claudebot@anthropic.com)"
216.73.217.117 - - [26/Jul/2026:00:07:38 +0200] "GET /dp/274a6b361735379 HTTP/2" 404 12537 "-" "Mozilla/5.0 AppleWebKit/537.36 (KHTML, like Gecko; compatible; ClaudeBot/1.0; +claudebot@anthropic.com)"
216.73.217.117 - - [26/Jul/2026:00:07:41 +0200] "GET /dp/37209ab35775708 HTTP/2" 404 12540 "-" "Mozilla/5.0 AppleWebKit/537.36 (KHTML, like Gecko; compatible; ClaudeBot/1.0; +claudebot@anthropic.com)"
216.73.217.117 - - [26/Jul/2026:00:07:45 +0200] "GET /dp/4594b6c15597049 HTTP/2" 404 12541 "-" "Mozilla/5.0 AppleWebKit/537.36 (KHTML, like Gecko; compatible; ClaudeBot/1.0; +claudebot@anthropic.com)"
216.73.217.117 - - [26/Jul/2026:00:07:48 +0200] "GET /dp/93f540462286663 HTTP/2" 404 12541 "-" "Mozilla/5.0 AppleWebKit/537.36 (KHTML, like Gecko; compatible; ClaudeBot/1.0; +claudebot@anthropic.com)"
216.73.217.117 - - [26/Jul/2026:00:07:51 +0200] "GET /dp/216f35511336588 HTTP/2" 404 12539 "-" "Mozilla/5.0 AppleWebKit/537.36 (KHTML, like Gecko; compatible; ClaudeBot/1.0; +claudebot@anthropic.com)"
57.141.0.46 - - [26/Jul/2026:00:07:56 +0200] "GET /sitemap.xml HTTP/2" 301 127 "-" "Mozilla/5.0 (Macintosh; Intel Mac OS X 10_15_7) AppleWebKit/537.36 (KHTML, like Gecko) Chrome/145.0.0.0 Safari/537.36 (compatible; meta-externalagent/1.1 (+https://developers.facebook.com/docs/sharing/webmasters/crawler))"
216.73.217.117 - - [26/Jul/2026:00:07:56 +0200] "GET /dp/24c52a253641979 HTTP/2" 404 12539 "-" "Mozilla/5.0 AppleWebKit/537.36 (KHTML, like Gecko; compatible; ClaudeBot/1.0; +claudebot@anthropic.com)"
216.73.217.117 - - [26/Jul/2026:00:07:59 +0200] "GET /dp/247843872883177 HTTP/2" 404 12540 "-" "Mozilla/5.0 AppleWebKit/537.36 (KHTML, like Gecko; compatible; ClaudeBot/1.0; +claudebot@anthropic.com)"
216.73.217.117 - - [26/Jul/2026:00:08:02 +0200] "GET /dp/1581264c4719950 HTTP/2" 404 12531 "-" "Mozilla/5.0 AppleWebKit/537.36 (KHTML, like Gecko; compatible; ClaudeBot/1.0; +claudebot@anthropic.com)"
216.73.217.117 - - [26/Jul/2026:00:08:06 +0200] "GET /dp/589a10762699190 HTTP/2" 404 12540 "-" "Mozilla/5.0 AppleWebKit/537.36 (KHTML, like Gecko; compatible; ClaudeBot/1.0; +claudebot@anthropic.com)"
216.73.217.117 - - [26/Jul/2026:00:08:09 +0200] "GET /dp/510a080931417 HTTP/2" 404 12541 "-" "Mozilla/5.0 AppleWebKit/537.36 (KHTML, like Gecko; compatible; ClaudeBot/1.0; +claudebot@anthropic.com)"
216.73.217.117 - - [26/Jul/2026:00:08:12 +0200] "GET /dp/27385713248108 HTTP/2" 404 12542 "-" "Mozilla/5.0 AppleWebKit/537.36 (KHTML, like Gecko; compatible; ClaudeBot/1.0; +claudebot@anthropic.com)"
216.73.217.117 - - [26/Jul/2026:00:08:15 +0200] "GET /dp/44803c373455659 HTTP/2" 404 12540 "-" "Mozilla/5.0 AppleWebKit/537.36 (KHTML, like Gecko; compatible; ClaudeBot/1.0; +claudebot@anthropic.com)"
216.73.217.117 - - [26/Jul/2026:00:08:18 +0200] "GET /dp/38f841893273599 HTTP/2" 404 12541 "-" "Mozilla/5.0 AppleWebKit/537.36 (KHTML, like Gecko; compatible; ClaudeBot/1.0; +claudebot@anthropic.com)"
185.21.40.28 - - [26/Jul/2026:00:08:22 +0200] "POST /wp-cron.php?doing_wp_cron=1785017302.5770049095153808593750 HTTP/1.1" 200 474 "-" "S3Re7z1IWRDJ"
216.73.217.117 - - [26/Jul/2026:00:08:21 +0200] "GET /dp/ce872ae91516620 HTTP/2" 404 12541 "-" "Mozilla/5.0 AppleWebKit/537.36 (KHTML, like Gecko; compatible; ClaudeBot/1.0; +claudebot@anthropic.com)"
104.210.140.137 - - [26/Jul/2026:00:08:23 +0200] "GET /robots.txt HTTP/2" 301 795 "-" "Mozilla/5.0 (Macintosh; Intel Mac OS X 10_15_7) AppleWebKit/537.36 (KHTML, like Gecko) Chrome/131.0.0.0 Safari/537.36; compatible; OAI-SearchBot/1.0; +https://openai.com/searchbot"
216.73.217.117 - - [26/Jul/2026:00:08:24 +0200] "GET /dp/127264445021118 HTTP/2" 404 12539 "-" "Mozilla/5.0 AppleWebKit/537.36 (KHTML, like Gecko; compatible; ClaudeBot/1.0; +claudebot@anthropic.com)"
185.21.40.28 - - [26/Jul/2026:00:08:28 +0200] "POST /wp-cron.php?doing_wp_cron=1785017308.0907740592956542968750 HTTP/1.1" 200 474 "-" "C7dAJE89KtAa"
216.73.217.117 - - [26/Jul/2026:00:08:27 +0200] "GET /dp/917007433354140 HTTP/2" 404 12536 "-" "Mozilla/5.0 AppleWebKit/537.36 (KHTML, like Gecko; compatible; ClaudeBot/1.0; +claudebot@anthropic.com)"
216.73.217.117 - - [26/Jul/2026:00:08:30 +0200] "GET /dp/b55add293490685 HTTP/2" 404 12539 "-" "Mozilla/5.0 AppleWebKit/537.36 (KHTML, like Gecko; compatible; ClaudeBot/1.0; +claudebot@anthropic.com)"
216.73.217.117 - - [26/Jul/2026:00:08:33 +0200] "GET /dp/313960313494478 HTTP/2" 404 12543 "-" "Mozilla/5.0 AppleWebKit/537.36 (KHTML, like Gecko; compatible; ClaudeBot/1.0; +claudebot@anthropic.com)"
216.73.217.117 - - [26/Jul/2026:00:08:36 +0200] "GET /dp/6804a6014321197 HTTP/2" 404 12543 "-" "Mozilla/5.0 AppleWebKit/537.36 (KHTML, like Gecko; compatible; ClaudeBot/1.0; +claudebot@anthropic.com)"
216.73.217.117 - - [26/Jul/2026:00:08:39 +0200] "GET /dp/3432c5143936460 HTTP/2" 404 12541 "-" "Mozilla/5.0 AppleWebKit/537.36 (KHTML, like Gecko; compatible; ClaudeBot/1.0; +claudebot@anthropic.com)"
216.73.217.117 - - [26/Jul/2026:00:08:42 +0200] "GET /dp/935603581103245 HTTP/2" 404 12540 "-" "Mozilla/5.0 AppleWebKit/537.36 (KHTML, like Gecko; compatible; ClaudeBot/1.0; +claudebot@anthropic.com)"
216.73.217.117 - - [26/Jul/2026:00:08:45 +0200] "GET /dp/538123842352290 HTTP/2" 404 12543 "-" "Mozilla/5.0 AppleWebKit/537.36 (KHTML, like Gecko; compatible; ClaudeBot/1.0; +claudebot@anthropic.com)"
216.73.217.117 - - [26/Jul/2026:00:08:48 +0200] "GET /dp/227702043327024 HTTP/2" 404 12539 "-" "Mozilla/5.0 AppleWebKit/537.36 (KHTML, like Gecko; compatible; ClaudeBot/1.0; +claudebot@anthropic.com)"
216.73.217.117 - - [26/Jul/2026:00:08:51 +0200] "GET /dp/b780072c5479363 HTTP/2" 404 12540 "-" "Mozilla/5.0 AppleWebKit/537.36 (KHTML, like Gecko; compatible; ClaudeBot/1.0; +claudebot@anthropic.com)"
216.73.217.117 - - [26/Jul/2026:00:08:54 +0200] "GET /dp/0c4647022030208 HTTP/2" 404 12539 "-" "Mozilla/5.0 AppleWebKit/537.36 (KHTML, like Gecko; compatible; ClaudeBot/1.0; +claudebot@anthropic.com)"
216.73.217.117 - - [26/Jul/2026:00:08:57 +0200] "GET /dp/792453543554488 HTTP/2" 404 12540 "-" "Mozilla/5.0 AppleWebKit/537.36 (KHTML, like Gecko; compatible; ClaudeBot/1.0; +claudebot@anthropic.com)"
216.73.217.117 - - [26/Jul/2026:00:09:00 +0200] "GET /dp/3c4542675720363 HTTP/2" 404 12541 "-" "Mozilla/5.0 AppleWebKit/537.36 (KHTML, like Gecko; compatible; ClaudeBot/1.0; +claudebot@anthropic.com)"
216.73.217.117 - - [26/Jul/2026:00:09:03 +0200] "GET /dp/877540875364417 HTTP/2" 404 12540 "-" "Mozilla/5.0 AppleWebKit/537.36 (KHTML, like Gecko; compatible; ClaudeBot/1.0; +claudebot@anthropic.com)"
216.73.217.117 - - [26/Jul/2026:00:09:06 +0200] "GET /dp/9594813d4678255 HTTP/2" 404 12541 "-" "Mozilla/5.0 AppleWebKit/537.36 (KHTML, like Gecko; compatible; ClaudeBot/1.0; +claudebot@anthropic.com)"
216.73.217.117 - - [26/Jul/2026:00:09:09 +0200] "GET /dp/793a980b1020463 HTTP/2" 404 12543 "-" "Mozilla/5.0 AppleWebKit/537.36 (KHTML, like Gecko; compatible; ClaudeBot/1.0; +claudebot@anthropic.com)"
216.73.217.117 - - [26/Jul/2026:00:09:12 +0200] "GET /dp/763458392446387 HTTP/2" 404 12539 "-" "Mozilla/5.0 AppleWebKit/537.36 (KHTML, like Gecko; compatible; ClaudeBot/1.0; +claudebot@anthropic.com)"
66.198.225.19 - - [26/Jul/2026:00:09:58 +0200] "GET /?wpanel=1&a=ping HTTP/1.1" 200 905 "-" "WPanel/1.0"
185.21.40.28 - - [26/Jul/2026:00:12:51 +0200] "POST /wp-cron.php?doing_wp_cron=1785017571.5702109336853027343750 HTTP/1.1" 200 474 "-" "kydHb3HtzTKB"
43.133.60.94 - - [26/Jul/2026:00:12:44 +0200] "GET / HTTP/1.1" 200 20245 "-" "Mozilla/5.0 (iPhone; CPU iPhone OS 13_2_3 like Mac OS X) AppleWebKit/605.1.15 (KHTML, like Gecko) Version/13.0.3 Mobile/15E148 Safari/604.1"
66.198.225.19 - - [26/Jul/2026:00:16:26 +0200] "GET /?wpanel=1&a=ping HTTP/1.1" 200 905 "-" "WPanel/1.0"
104.210.140.132 - - [26/Jul/2026:00:17:53 +0200] "GET /robots.txt HTTP/2" 200 97 "-" "Mozilla/5.0 (Macintosh; Intel Mac OS X 10_15_7) AppleWebKit/537.36 (KHTML, like Gecko) Chrome/131.0.0.0 Safari/537.36; compatible; OAI-SearchBot/1.0; +https://openai.com/searchbot"
185.21.40.28 - - [26/Jul/2026:00:20:10 +0200] "POST /wp-cron.php?doing_wp_cron=1785018010.5239489078521728515625 HTTP/1.1" 200 474 "-" "h2fUcEU5s8Nw"
136.144.33.70 - - [26/Jul/2026:00:20:01 +0200] "POST /wp-login.php HTTP/1.1" 200 6200 "-" "Mozilla/5.0 (Windows NT 10.0; Win64; x64) AppleWebKit/537.36 Chrome/129.0.0.0 Safari/537.36"
66.198.225.19 - - [26/Jul/2026:00:20:46 +0200] "GET /?wpanel=1&a=ping HTTP/1.1" 200 905 "-" "WPanel/1.0"
185.21.40.28 - - [26/Jul/2026:00:21:45 +0200] "POST /wp-cron.php?doing_wp_cron=1785018105.2336490154266357421875 HTTP/1.1" 200 474 "-" "ORj5SrfrSdgJ"
101.33.81.73 - - [26/Jul/2026:00:21:43 +0200] "GET /wp-json/oembed/1.0/embed?url=https%3A%2F%2Fnordisk-netvaerk-neurorehab.com%2F&format=xml HTTP/1.1" 200 2390 "-" "Mozilla/5.0 (iPhone; CPU iPhone OS 13_2_3 like Mac OS X) AppleWebKit/605.1.15 (KHTML, like Gecko) Version/13.0.3 Mobile/15E148 Safari/604.1"
52.205.52.0 - - [26/Jul/2026:00:22:49 +0200] "GET /robots.txt HTTP/1.1" 200 548 "-" "Mozilla/5.0 (Macintosh; Intel Mac OS X 10_10_1) AppleWebKit/600.2.5 (KHTML, like Gecko) Version/8.0.2 Safari/600.2.5 (Gort)"
66.198.225.19 - - [26/Jul/2026:00:25:30 +0200] "GET /?wpanel=1&a=ping HTTP/1.1" 200 905 "-" "WPanel/1.0"
185.21.40.28 - - [26/Jul/2026:00:27:16 +0200] "POST /wp-cron.php?doing_wp_cron=1785018436.4373159408569335937500 HTTP/1.1" 200 474 "-" "xLagHWIsB5uM"
216.73.217.117 - - [26/Jul/2026:00:27:11 +0200] "GET /dp/107e37ce3556026 HTTP/2" 404 12542 "-" "Mozilla/5.0 AppleWebKit/537.36 (KHTML, like Gecko; compatible; ClaudeBot/1.0; +claudebot@anthropic.com)"
216.73.217.117 - - [26/Jul/2026:00:27:16 +0200] "GET /dp/43bdb42a2993712 HTTP/2" 404 12540 "-" "Mozilla/5.0 AppleWebKit/537.36 (KHTML, like Gecko; compatible; ClaudeBot/1.0; +claudebot@anthropic.com)"
185.21.40.28 - - [26/Jul/2026:00:27:24 +0200] "POST /wp-cron.php?doing_wp_cron=1785018444.8233880996704101562500 HTTP/1.1" 200 474 "-" "kek0HvEpJkJu"
216.73.217.117 - - [26/Jul/2026:00:27:23 +0200] "GET /dp/8edcefe61088904 HTTP/2" 404 12541 "-" "Mozilla/5.0 AppleWebKit/537.36 (KHTML, like Gecko; compatible; ClaudeBot/1.0; +claudebot@anthropic.com)"
216.73.217.117 - - [26/Jul/2026:00:27:25 +0200] "GET /dp/a9591c7d5468577 HTTP/2" 404 12540 "-" "Mozilla/5.0 AppleWebKit/537.36 (KHTML, like Gecko; compatible; ClaudeBot/1.0; +claudebot@anthropic.com)"
185.21.40.28 - - [26/Jul/2026:00:27:34 +0200] "POST /wp-cron.php?doing_wp_cron=1785018454.4850499629974365234375 HTTP/1.1" 200 474 "-" "kQZNwSYB8XyV"
216.73.217.117 - - [26/Jul/2026:00:27:33 +0200] "GET /dp/45335ca6724266 HTTP/2" 404 12541 "-" "Mozilla/5.0 AppleWebKit/537.36 (KHTML, like Gecko; compatible; ClaudeBot/1.0; +claudebot@anthropic.com)"
216.73.217.117 - - [26/Jul/2026:00:27:35 +0200] "GET /dp/8518b021120855 HTTP/2" 404 12540 "-" "Mozilla/5.0 AppleWebKit/537.36 (KHTML, like Gecko; compatible; ClaudeBot/1.0; +claudebot@anthropic.com)"
66.249.70.102 - - [26/Jul/2026:00:27:38 +0200] "GET /dp/6646b36b828470 HTTP/1.1" 404 13392 "-" "Mozilla/5.0 (Linux; Android 6.0.1; Nexus 5X Build/MMB29P) AppleWebKit/537.36 (KHTML, like Gecko) Chrome/150.0.7871.128 Mobile Safari/537.36 (compatible; GoogleOther)"
216.73.217.117 - - [26/Jul/2026:00:27:50 +0200] "GET /dp/33f790434465293 HTTP/2" 404 12539 "-" "Mozilla/5.0 AppleWebKit/537.36 (KHTML, like Gecko; compatible; ClaudeBot/1.0; +claudebot@anthropic.com)"
216.73.217.117 - - [26/Jul/2026:00:27:53 +0200] "GET /dp/5162e1782395061 HTTP/2" 404 12541 "-" "Mozilla/5.0 AppleWebKit/537.36 (KHTML, like Gecko; compatible; ClaudeBot/1.0; +claudebot@anthropic.com)"
216.73.217.117 - - [26/Jul/2026:00:27:58 +0200] "GET /dp/2b8684754053115 HTTP/2" 404 12540 "-" "Mozilla/5.0 AppleWebKit/537.36 (KHTML, like Gecko; compatible; ClaudeBot/1.0; +claudebot@anthropic.com)"
216.73.217.117 - - [26/Jul/2026:00:28:00 +0200] "GET /dp/c3e5252b3491675 HTTP/2" 404 12539 "-" "Mozilla/5.0 AppleWebKit/537.36 (KHTML, like Gecko; compatible; ClaudeBot/1.0; +claudebot@anthropic.com)"
216.73.217.117 - - [26/Jul/2026:00:28:15 +0200] "GET /dp/a3d343be2771184 HTTP/2" 404 12542 "-" "Mozilla/5.0 AppleWebKit/537.36 (KHTML, like Gecko; compatible; ClaudeBot/1.0; +claudebot@anthropic.com)"
216.73.217.117 - - [26/Jul/2026:00:28:18 +0200] "GET /dp/a91478e0132088 HTTP/2" 404 12541 "-" "Mozilla/5.0 AppleWebKit/537.36 (KHTML, like Gecko; compatible; ClaudeBot/1.0; +claudebot@anthropic.com)"
185.21.40.28 - - [26/Jul/2026:00:28:54 +0200] "POST /wp-cron.php?doing_wp_cron=1785018534.5771820545196533203125 HTTP/1.1" 200 474 "-" "FKLLpBY4Fj9c"
216.73.217.117 - - [26/Jul/2026:00:28:53 +0200] "GET /dp/246df5b64024190 HTTP/2" 404 12541 "-" "Mozilla/5.0 AppleWebKit/537.36 (KHTML, like Gecko; compatible; ClaudeBot/1.0; +claudebot@anthropic.com)"
216.73.217.117 - - [26/Jul/2026:00:29:01 +0200] "GET /dp/345a35734522210 HTTP/2" 404 12541 "-" "Mozilla/5.0 AppleWebKit/537.36 (KHTML, like Gecko; compatible; ClaudeBot/1.0; +claudebot@anthropic.com)"
185.21.40.28 - - [26/Jul/2026:00:29:22 +0200] "POST /wp-cron.php?doing_wp_cron=1785018562.4938559532165527343750 HTTP/1.1" 200 474 "-" "GGKieDYp1oSl"
216.73.217.117 - - [26/Jul/2026:00:29:21 +0200] "GET /dp/429f40362087304 HTTP/2" 404 12541 "-" "Mozilla/5.0 AppleWebKit/537.36 (KHTML, like Gecko; compatible; ClaudeBot/1.0; +claudebot@anthropic.com)"
185.21.40.28 - - [26/Jul/2026:00:29:28 +0200] "POST /wp-cron.php?doing_wp_cron=1785018568.9713718891143798828125 HTTP/1.1" 200 474 "-" "Lmq0tZ8X6Wen"
216.73.217.117 - - [26/Jul/2026:00:29:28 +0200] "GET /dp/48a986412585809 HTTP/2" 404 12542 "-" "Mozilla/5.0 AppleWebKit/537.36 (KHTML, like Gecko; compatible; ClaudeBot/1.0; +claudebot@anthropic.com)"
185.21.40.28 - - [26/Jul/2026:00:29:40 +0200] "POST /wp-cron.php?doing_wp_cron=1785018580.7014489173889160156250 HTTP/1.1" 200 474 "-" "QEoVh7e5hdfQ"
216.73.217.117 - - [26/Jul/2026:00:29:38 +0200] "GET /dp/4015bfe84080188 HTTP/2" 404 12543 "-" "Mozilla/5.0 AppleWebKit/537.36 (KHTML, like Gecko; compatible; ClaudeBot/1.0; +claudebot@anthropic.com)"
216.73.217.117 - - [26/Jul/2026:00:29:51 +0200] "GET /dp/dd41524c2816970 HTTP/2" 404 12541 "-" "Mozilla/5.0 AppleWebKit/537.36 (KHTML, like Gecko; compatible; ClaudeBot/1.0; +claudebot@anthropic.com)"
185.21.40.28 - - [26/Jul/2026:00:29:52 +0200] "POST /wp-cron.php?doing_wp_cron=1785018592.4820408821105957031250 HTTP/1.1" 200 474 "-" "CrXDFm2vYZ2U"
66.249.70.100 - - [26/Jul/2026:00:29:50 +0200] "GET /dp/93afa391511034 HTTP/1.1" 404 13392 "-" "Mozilla/5.0 (Linux; Android 6.0.1; Nexus 5X Build/MMB29P) AppleWebKit/537.36 (KHTML, like Gecko) Chrome/150.0.7871.128 Mobile Safari/537.36 (compatible; GoogleOther)"
185.21.40.28 - - [26/Jul/2026:00:30:33 +0200] "POST /wp-cron.php?doing_wp_cron=1785018633.0025169849395751953125 HTTP/1.1" 200 474 "-" "DfdJ29ONjOs9"
216.73.217.117 - - [26/Jul/2026:00:30:31 +0200] "GET /dp/6f3227782990233 HTTP/2" 404 12541 "-" "Mozilla/5.0 AppleWebKit/537.36 (KHTML, like Gecko; compatible; ClaudeBot/1.0; +claudebot@anthropic.com)"
66.249.70.101 - - [26/Jul/2026:00:30:40 +0200] "GET /dp/2f52577e2091707 HTTP/1.1" 404 13394 "-" "Mozilla/5.0 (Linux; Android 6.0.1; Nexus 5X Build/MMB29P) AppleWebKit/537.36 (KHTML, like Gecko) Chrome/150.0.7871.128 Mobile Safari/537.36 (compatible; GoogleOther)"
216.73.217.117 - - [26/Jul/2026:00:30:53 +0200] "GET /dp/090732695408145 HTTP/2" 404 12540 "-" "Mozilla/5.0 AppleWebKit/537.36 (KHTML, like Gecko; compatible; ClaudeBot/1.0; +claudebot@anthropic.com)"
216.73.217.117 - - [26/Jul/2026:00:31:00 +0200] "GET /dp/8218405c1967563 HTTP/2" 404 12539 "-" "Mozilla/5.0 AppleWebKit/537.36 (KHTML, like Gecko; compatible; ClaudeBot/1.0; +claudebot@anthropic.com)"
66.249.70.101 - - [26/Jul/2026:00:31:10 +0200] "GET /dp/a078bc7b4584641 HTTP/1.1" 404 13393 "-" "Mozilla/5.0 (Linux; Android 6.0.1; Nexus 5X Build/MMB29P) AppleWebKit/537.36 (KHTML, like Gecko) Chrome/150.0.7871.128 Mobile Safari/537.36 (compatible; GoogleOther)"
216.73.217.117 - - [26/Jul/2026:00:31:11 +0200] "GET /dp/0717f4645503381 HTTP/2" 404 12540 "-" "Mozilla/5.0 AppleWebKit/537.36 (KHTML, like Gecko; compatible; ClaudeBot/1.0; +claudebot@anthropic.com)"
185.21.40.28 - - [26/Jul/2026:00:31:24 +0200] "POST /wp-cron.php?doing_wp_cron=1785018684.4998679161071777343750 HTTP/1.1" 200 474 "-" "eedP4rE1cMUW"
216.73.217.117 - - [26/Jul/2026:00:31:23 +0200] "GET /sitemap.xml HTTP/2" 301 109 "-" "Mozilla/5.0 AppleWebKit/537.36 (KHTML, like Gecko; compatible; ClaudeBot/1.0; +claudebot@anthropic.com)"
216.73.217.117 - - [26/Jul/2026:00:31:24 +0200] "GET /sitemap_index.xml HTTP/2" 200 382 "https://nordisk-netvaerk-neurorehab.com/sitemap.xml" "Mozilla/5.0 AppleWebKit/537.36 (KHTML, like Gecko; compatible; ClaudeBot/1.0; +claudebot@anthropic.com)"
185.21.40.28 - - [26/Jul/2026:00:31:28 +0200] "POST /wp-cron.php?doing_wp_cron=1785018688.4096701145172119140625 HTTP/1.1" 200 474 "-" "d4BXJj71Gn8k"
162.62.213.187 - - [26/Jul/2026:00:31:27 +0200] "GET /wp-json/complianz/v1/ HTTP/1.1" 200 1407 "-" "Mozilla/5.0 (iPhone; CPU iPhone OS 13_2_3 like Mac OS X) AppleWebKit/605.1.15 (KHTML, like Gecko) Version/13.0.3 Mobile/15E148 Safari/604.1"
216.73.217.117 - - [26/Jul/2026:00:31:51 +0200] "GET /dp/83056b702765113 HTTP/2" 404 12541 "-" "Mozilla/5.0 AppleWebKit/537.36 (KHTML, like Gecko; compatible; ClaudeBot/1.0; +claudebot@anthropic.com)"
185.21.40.28 - - [26/Jul/2026:00:33:22 +0200] "POST /wp-cron.php?doing_wp_cron=1785018802.1719489097595214843750 HTTP/1.1" 200 474 "-" "AAHSzAQCstgg"
66.249.70.101 - - [26/Jul/2026:00:33:18 +0200] "GET /dp/3d997a523644368 HTTP/1.1" 404 13391 "-" "Mozilla/5.0 (Linux; Android 6.0.1; Nexus 5X Build/MMB29P) AppleWebKit/537.36 (KHTML, like Gecko) Chrome/150.0.7871.128 Mobile Safari/537.36 (compatible; GoogleOther)"
66.249.70.100 - - [26/Jul/2026:00:33:27 +0200] "GET /include_html/top/bpr2020/header/img/twitter-s.svg HTTP/1.1" 200 27996 "-" "Googlebot-Image/1.0"
185.21.40.28 - - [26/Jul/2026:00:33:44 +0200] "POST /wp-cron.php?doing_wp_cron=1785018824.8994400501251220703125 HTTP/1.1" 200 474 "-" "ziuL2pYfwhW1"
37.187.154.156 - - [26/Jul/2026:00:33:44 +0200] "HEAD / HTTP/1.1" 200 828 "-" "Mozilla/5.0 (compatible; DomainScores/2.1; +https://www.domainscores.net/headers)"
66.198.225.19 - - [26/Jul/2026:00:33:49 +0200] "GET /?wpanel=1&a=ping HTTP/1.1" 200 905 "-" "WPanel/1.0"
185.21.40.28 - - [26/Jul/2026:00:34:50 +0200] "POST /wp-cron.php?doing_wp_cron=1785018890.5183279514312744140625 HTTP/1.1" 200 474 "-" "htL9MQQACflU"
124.156.225.181 - - [26/Jul/2026:00:34:48 +0200] "GET / HTTP/1.1" 200 20246 "http://www.nordisk-netvaerk-neurorehab.com" "Mozilla/5.0 (iPhone; CPU iPhone OS 13_2_3 like Mac OS X) AppleWebKit/605.1.15 (KHTML, like Gecko) Version/13.0.3 Mobile/15E148 Safari/604.1"
156.253.14.14 - - [26/Jul/2026:00:35:00 +0200] "GET /sxallsitemap.xml HTTP/2" 200 13711 "-" "req/v3 (https://github.com/imroc/req)"
136.144.33.95 - - [26/Jul/2026:00:35:00 +0200] "POST /wp-login.php HTTP/1.1" 200 6200 "-" "Mozilla/5.0 (Macintosh; Intel Mac OS X 10_15_7) AppleWebKit/605.1.15 Version/17.0 Safari/605.1.15"
156.253.14.14 - - [26/Jul/2026:00:35:02 +0200] "GET /allsitemap.xml HTTP/2" 200 13719 "-" "req/v3 (https://github.com/imroc/req)"
185.21.40.28 - - [26/Jul/2026:00:38:51 +0200] "POST /wp-cron.php?doing_wp_cron=1785019131.1728150844573974609375 HTTP/1.1" 200 474 "-" "m0XqQLmd1U9K"
57.141.0.58 - - [26/Jul/2026:00:38:47 +0200] "GET /dp/3099d0e72601774 HTTP/2" 404 56744 "-" "Mozilla/5.0 (Macintosh; Intel Mac OS X 10_15_7) AppleWebKit/537.36 (KHTML, like Gecko) Chrome/145.0.0.0 Safari/537.36 (compatible; meta-externalagent/1.1 (+https://developers.facebook.com/docs/sharing/webmasters/crawler))"
185.21.40.28 - - [26/Jul/2026:00:38:51 +0200] "POST /wp-cron.php?doing_wp_cron=1785019131.1772320270538330078125 HTTP/1.1" 200 474 "-" "6FVvPR0M1nCl"
57.141.0.36 - - [26/Jul/2026:00:38:48 +0200] "GET /dp/6aeac0665657337 HTTP/2" 404 56744 "-" "Mozilla/5.0 (Windows NT 10.0; Win64; x64) AppleWebKit/537.36 (KHTML, like Gecko) Chrome/145.0.0.0 Safari/537.36 (compatible; meta-externalagent/1.1 (+https://developers.facebook.com/docs/sharing/webmasters/crawler))"
57.141.0.33 - - [26/Jul/2026:00:38:50 +0200] "GET /dp/7b6773254687858 HTTP/2" 404 56744 "-" "Mozilla/5.0 (Windows NT 10.0; Win64; x64) AppleWebKit/537.36 (KHTML, like Gecko) Chrome/145.0.0.0 Safari/537.36 (compatible; meta-externalagent/1.1 (+https://developers.facebook.com/docs/sharing/webmasters/crawler))"
43.131.32.36 - - [26/Jul/2026:00:42:13 +0200] "GET /wp-content/uploads/Bodil-Eskesen-Danmark-1-1536x1024.webp HTTP/1.1" 200 149642 "-" "Mozilla/5.0 (iPhone; CPU iPhone OS 13_2_3 like Mac OS X) AppleWebKit/605.1.15 (KHTML, like Gecko) Version/13.0.3 Mobile/15E148 Safari/604.1"
114.119.159.148 - - [26/Jul/2026:00:42:52 +0200] "GET /robots.txt HTTP/1.1" 301 1214 "https://www.nordisk-netvaerk-neurorehab.com/robots.txt" "Mozilla/5.0 (compatible;PetalBot;+https://webmaster.petalsearch.com/site/petalbot)"
114.119.159.148 - - [26/Jul/2026:00:42:53 +0200] "GET /robots.txt HTTP/1.1" 200 548 "https://www.nordisk-netvaerk-neurorehab.com/robots.txt" "Mozilla/5.0 (compatible;PetalBot;+https://webmaster.petalsearch.com/site/petalbot)"
66.198.225.19 - - [26/Jul/2026:00:43:09 +0200] "GET /?wpanel=1&a=ping HTTP/1.1" 200 905 "-" "WPanel/1.0"
185.21.40.28 - - [26/Jul/2026:00:45:26 +0200] "POST /wp-cron.php?doing_wp_cron=1785019526.2132771015167236328125 HTTP/1.1" 200 474 "-" "PGncIM0OoU2O"
66.249.70.102 - - [26/Jul/2026:00:45:20 +0200] "GET /dp/8c8090922137572 HTTP/1.1" 404 13393 "-" "Mozilla/5.0 (Linux; Android 6.0.1; Nexus 5X Build/MMB29P) AppleWebKit/537.36 (KHTML, like Gecko) Chrome/150.0.7871.128 Mobile Safari/537.36 (compatible; GoogleOther)"
66.249.70.101 - - [26/Jul/2026:00:46:12 +0200] "GET /dp/8036fc432872667 HTTP/1.1" 404 13393 "-" "Mozilla/5.0 (Linux; Android 6.0.1; Nexus 5X Build/MMB29P) AppleWebKit/537.36 (KHTML, like Gecko) Chrome/150.0.7871.128 Mobile Safari/537.36 (compatible; GoogleOther)"
66.198.225.19 - - [26/Jul/2026:00:47:25 +0200] "GET /?wpanel=1&a=ping HTTP/1.1" 200 905 "-" "WPanel/1.0"
185.21.40.28 - - [26/Jul/2026:00:47:47 +0200] "POST /wp-cron.php?doing_wp_cron=1785019667.7388410568237304687500 HTTP/1.1" 200 474 "-" "Blu5aik58ANh"
216.73.217.117 - - [26/Jul/2026:00:47:46 +0200] "GET /dp/46d14a451408608 HTTP/2" 404 12543 "-" "Mozilla/5.0 AppleWebKit/537.36 (KHTML, like Gecko; compatible; ClaudeBot/1.0; +claudebot@anthropic.com)"
216.73.217.117 - - [26/Jul/2026:00:47:48 +0200] "GET /dp/3a3924b44414072 HTTP/2" 404 12543 "-" "Mozilla/5.0 AppleWebKit/537.36 (KHTML, like Gecko; compatible; ClaudeBot/1.0; +claudebot@anthropic.com)"
216.73.217.117 - - [26/Jul/2026:00:47:51 +0200] "GET /dp/605435e44600145 HTTP/2" 404 12539 "-" "Mozilla/5.0 AppleWebKit/537.36 (KHTML, like Gecko; compatible; ClaudeBot/1.0; +claudebot@anthropic.com)"
216.73.217.117 - - [26/Jul/2026:00:47:57 +0200] "GET /dp/a6368ef53528851 HTTP/2" 404 12540 "-" "Mozilla/5.0 AppleWebKit/537.36 (KHTML, like Gecko; compatible; ClaudeBot/1.0; +claudebot@anthropic.com)"
216.73.217.117 - - [26/Jul/2026:00:47:59 +0200] "GET /dp/825908fa2365750 HTTP/2" 404 12542 "-" "Mozilla/5.0 AppleWebKit/537.36 (KHTML, like Gecko; compatible; ClaudeBot/1.0; +claudebot@anthropic.com)"
216.73.217.117 - - [26/Jul/2026:00:48:02 +0200] "GET /dp/93684a4b1575320 HTTP/2" 404 12540 "-" "Mozilla/5.0 AppleWebKit/537.36 (KHTML, like Gecko; compatible; ClaudeBot/1.0; +claudebot@anthropic.com)"
185.21.40.28 - - [26/Jul/2026:00:48:33 +0200] "POST /wp-cron.php?doing_wp_cron=1785019713.6695339679718017578125 HTTP/1.1" 200 474 "-" "QxaqgnAxPI6g"
66.249.70.101 - - [26/Jul/2026:00:48:32 +0200] "GET /dp/95118eb31215920 HTTP/1.1" 404 13393 "-" "Mozilla/5.0 (Linux; Android 6.0.1; Nexus 5X Build/MMB29P) AppleWebKit/537.36 (KHTML, like Gecko) Chrome/150.0.7871.128 Mobile Safari/537.36 (compatible; GoogleOther)"
216.73.217.117 - - [26/Jul/2026:00:48:34 +0200] "GET /dp/429e67685205606 HTTP/2" 404 12542 "-" "Mozilla/5.0 AppleWebKit/537.36 (KHTML, like Gecko; compatible; ClaudeBot/1.0; +claudebot@anthropic.com)"
216.73.217.117 - - [26/Jul/2026:00:48:37 +0200] "GET /dp/34367c722105153 HTTP/2" 404 12543 "-" "Mozilla/5.0 AppleWebKit/537.36 (KHTML, like Gecko; compatible; ClaudeBot/1.0; +claudebot@anthropic.com)"
216.73.217.117 - - [26/Jul/2026:00:48:40 +0200] "GET /dp/778e67d42022338 HTTP/2" 404 12541 "-" "Mozilla/5.0 AppleWebKit/537.36 (KHTML, like Gecko; compatible; ClaudeBot/1.0; +claudebot@anthropic.com)"
216.73.217.117 - - [26/Jul/2026:00:48:47 +0200] "GET /dp/b42234093485676 HTTP/2" 404 12540 "-" "Mozilla/5.0 AppleWebKit/537.36 (KHTML, like Gecko; compatible; ClaudeBot/1.0; +claudebot@anthropic.com)"
216.73.217.117 - - [26/Jul/2026:00:48:50 +0200] "GET /dp/2a6490152250946 HTTP/2" 404 12541 "-" "Mozilla/5.0 AppleWebKit/537.36 (KHTML, like Gecko; compatible; ClaudeBot/1.0; +claudebot@anthropic.com)"
216.73.217.117 - - [26/Jul/2026:00:48:53 +0200] "GET /dp/b0ae80273043526 HTTP/2" 404 12539 "-" "Mozilla/5.0 AppleWebKit/537.36 (KHTML, like Gecko; compatible; ClaudeBot/1.0; +claudebot@anthropic.com)"
216.73.217.117 - - [26/Jul/2026:00:49:03 +0200] "GET /dp/41f344034615326 HTTP/2" 404 12540 "-" "Mozilla/5.0 AppleWebKit/537.36 (KHTML, like Gecko; compatible; ClaudeBot/1.0; +claudebot@anthropic.com)"
216.73.217.117 - - [26/Jul/2026:00:49:05 +0200] "GET /dp/6f9617b8165091 HTTP/2" 404 12543 "-" "Mozilla/5.0 AppleWebKit/537.36 (KHTML, like Gecko; compatible; ClaudeBot/1.0; +claudebot@anthropic.com)"
216.73.217.117 - - [26/Jul/2026:00:49:11 +0200] "GET /dp/b2360bc63417965 HTTP/2" 404 12541 "-" "Mozilla/5.0 AppleWebKit/537.36 (KHTML, like Gecko; compatible; ClaudeBot/1.0; +claudebot@anthropic.com)"
216.73.217.117 - - [26/Jul/2026:00:49:13 +0200] "GET /dp/079803ec4667047 HTTP/2" 404 12535 "-" "Mozilla/5.0 AppleWebKit/537.36 (KHTML, like Gecko; compatible; ClaudeBot/1.0; +claudebot@anthropic.com)"
185.21.40.28 - - [26/Jul/2026:00:49:21 +0200] "POST /wp-cron.php?doing_wp_cron=1785019761.2745630741119384765625 HTTP/1.1" 200 474 "-" "pmOukSVsMJyw"
216.73.217.117 - - [26/Jul/2026:00:49:19 +0200] "GET /dp/a715a2385269200 HTTP/2" 404 12541 "-" "Mozilla/5.0 AppleWebKit/537.36 (KHTML, like Gecko; compatible; ClaudeBot/1.0; +claudebot@anthropic.com)"
216.73.217.117 - - [26/Jul/2026:00:49:22 +0200] "GET /dp/b3af44764127556 HTTP/2" 404 12541 "-" "Mozilla/5.0 AppleWebKit/537.36 (KHTML, like Gecko; compatible; ClaudeBot/1.0; +claudebot@anthropic.com)"
185.21.40.28 - - [26/Jul/2026:00:49:50 +0200] "POST /wp-cron.php?doing_wp_cron=1785019790.7740778923034667968750 HTTP/1.1" 200 474 "-" "aupASJgWqsXh"
136.144.33.79 - - [26/Jul/2026:00:49:48 +0200] "POST /wp-login.php HTTP/1.1" 200 6199 "-" "Mozilla/5.0 (Macintosh; Intel Mac OS X 10_15_7) AppleWebKit/605.1.15 Version/17.0 Safari/605.1.15"
216.73.217.117 - - [26/Jul/2026:00:49:53 +0200] "GET /dp/42f57a2b1969608 HTTP/2" 404 12540 "-" "Mozilla/5.0 AppleWebKit/537.36 (KHTML, like Gecko; compatible; ClaudeBot/1.0; +claudebot@anthropic.com)"
216.73.217.117 - - [26/Jul/2026:00:49:55 +0200] "GET /dp/6dd0039e2624496 HTTP/2" 404 12533 "-" "Mozilla/5.0 AppleWebKit/537.36 (KHTML, like Gecko; compatible; ClaudeBot/1.0; +claudebot@anthropic.com)"
185.21.40.28 - - [26/Jul/2026:00:50:03 +0200] "POST /wp-cron.php?doing_wp_cron=1785019803.1737499237060546875000 HTTP/1.1" 200 474 "-" "vguaIaKLtUmJ"
216.73.217.117 - - [26/Jul/2026:00:50:01 +0200] "GET /dp/d1b128022017616 HTTP/2" 404 12540 "-" "Mozilla/5.0 AppleWebKit/537.36 (KHTML, like Gecko; compatible; ClaudeBot/1.0; +claudebot@anthropic.com)"
216.73.217.117 - - [26/Jul/2026:00:50:04 +0200] "GET /dp/e107b9e04685625 HTTP/2" 404 12539 "-" "Mozilla/5.0 AppleWebKit/537.36 (KHTML, like Gecko; compatible; ClaudeBot/1.0; +claudebot@anthropic.com)"
87.58.197.201 - - [26/Jul/2026:00:50:20 +0200] "GET /?rest_route=/wp/v2/posts&per_page=1&_fields=link HTTP/1.1" 301 1289 "-" "python-requests/2.34.2"
185.21.40.28 - - [26/Jul/2026:00:50:21 +0200] "POST /wp-cron.php?doing_wp_cron=1785019821.1532449722290039062500 HTTP/1.1" 200 474 "-" "7X25JWWBjTZx"
216.73.217.117 - - [26/Jul/2026:00:50:18 +0200] "GET /dp/c285b11a1916189 HTTP/2" 404 12541 "-" "Mozilla/5.0 AppleWebKit/537.36 (KHTML, like Gecko; compatible; ClaudeBot/1.0; +claudebot@anthropic.com)"
216.73.217.117 - - [26/Jul/2026:00:50:21 +0200] "GET /dp/62458cb53758488 HTTP/2" 404 12525 "-" "Mozilla/5.0 AppleWebKit/537.36 (KHTML, like Gecko; compatible; ClaudeBot/1.0; +claudebot@anthropic.com)"
87.58.197.201 - - [26/Jul/2026:00:50:21 +0200] "GET /?rest_route=/wp/v2/posts&per_page=1&_fields=link HTTP/1.1" 200 1148 "-" "python-requests/2.34.2"
185.21.40.28 - - [26/Jul/2026:00:50:30 +0200] "POST /wp-cron.php?doing_wp_cron=1785019830.1536870002746582031250 HTTP/1.1" 200 474 "-" "L8rjuI79qXwD"
216.73.217.117 - - [26/Jul/2026:00:50:29 +0200] "GET /dp/e43063861764914 HTTP/2" 404 12541 "-" "Mozilla/5.0 AppleWebKit/537.36 (KHTML, like Gecko; compatible; ClaudeBot/1.0; +claudebot@anthropic.com)"
216.73.217.117 - - [26/Jul/2026:00:50:31 +0200] "GET /dp/a89022f25172247 HTTP/2" 404 12541 "-" "Mozilla/5.0 AppleWebKit/537.36 (KHTML, like Gecko; compatible; ClaudeBot/1.0; +claudebot@anthropic.com)"
216.73.217.117 - - [26/Jul/2026:00:50:34 +0200] "GET /dp/695058a9206480 HTTP/2" 404 12540 "-" "Mozilla/5.0 AppleWebKit/537.36 (KHTML, like Gecko; compatible; ClaudeBot/1.0; +claudebot@anthropic.com)"
216.73.217.117 - - [26/Jul/2026:00:50:37 +0200] "GET /dp/c3dd79503529151 HTTP/2" 404 12541 "-" "Mozilla/5.0 AppleWebKit/537.36 (KHTML, like Gecko; compatible; ClaudeBot/1.0; +claudebot@anthropic.com)"
216.73.217.117 - - [26/Jul/2026:00:50:40 +0200] "GET /dp/9889ea2933786 HTTP/2" 404 12540 "-" "Mozilla/5.0 AppleWebKit/537.36 (KHTML, like Gecko; compatible; ClaudeBot/1.0; +claudebot@anthropic.com)"
216.73.217.117 - - [26/Jul/2026:00:50:45 +0200] "GET /dp/677a61711267070 HTTP/2" 404 12525 "-" "Mozilla/5.0 AppleWebKit/537.36 (KHTML, like Gecko; compatible; ClaudeBot/1.0; +claudebot@anthropic.com)"
216.73.217.117 - - [26/Jul/2026:00:50:48 +0200] "GET /dp/07e8314b4390607 HTTP/2" 404 12540 "-" "Mozilla/5.0 AppleWebKit/537.36 (KHTML, like Gecko; compatible; ClaudeBot/1.0; +claudebot@anthropic.com)"
216.73.217.117 - - [26/Jul/2026:00:50:51 +0200] "GET /dp/31bd77b02608194 HTTP/2" 404 12541 "-" "Mozilla/5.0 AppleWebKit/537.36 (KHTML, like Gecko; compatible; ClaudeBot/1.0; +claudebot@anthropic.com)"
216.73.217.117 - - [26/Jul/2026:00:50:54 +0200] "GET /dp/f36470433302676 HTTP/2" 404 12539 "-" "Mozilla/5.0 AppleWebKit/537.36 (KHTML, like Gecko; compatible; ClaudeBot/1.0; +claudebot@anthropic.com)"
216.73.217.117 - - [26/Jul/2026:00:50:57 +0200] "GET /dp/94d0003a3367276 HTTP/2" 404 12539 "-" "Mozilla/5.0 AppleWebKit/537.36 (KHTML, like Gecko; compatible; ClaudeBot/1.0; +claudebot@anthropic.com)"
216.73.217.117 - - [26/Jul/2026:00:51:03 +0200] "GET /dp/3894e7313550792 HTTP/2" 404 12539 "-" "Mozilla/5.0 AppleWebKit/537.36 (KHTML, like Gecko; compatible; ClaudeBot/1.0; +claudebot@anthropic.com)"
216.73.217.117 - - [26/Jul/2026:00:51:05 +0200] "GET /dp/0f13207b3698165 HTTP/2" 404 12542 "-" "Mozilla/5.0 AppleWebKit/537.36 (KHTML, like Gecko; compatible; ClaudeBot/1.0; +claudebot@anthropic.com)"
216.73.217.117 - - [26/Jul/2026:00:51:08 +0200] "GET /dp/055191f2517564 HTTP/2" 404 12541 "-" "Mozilla/5.0 AppleWebKit/537.36 (KHTML, like Gecko; compatible; ClaudeBot/1.0; +claudebot@anthropic.com)"
216.73.217.117 - - [26/Jul/2026:00:51:11 +0200] "GET /dp/638f11821704166 HTTP/2" 404 12539 "-" "Mozilla/5.0 AppleWebKit/537.36 (KHTML, like Gecko; compatible; ClaudeBot/1.0; +claudebot@anthropic.com)"
216.73.217.117 - - [26/Jul/2026:00:51:14 +0200] "GET /dp/643b7d283796084 HTTP/2" 404 12527 "-" "Mozilla/5.0 AppleWebKit/537.36 (KHTML, like Gecko; compatible; ClaudeBot/1.0; +claudebot@anthropic.com)"
185.21.40.28 - - [26/Jul/2026:00:51:20 +0200] "POST /wp-cron.php?doing_wp_cron=1785019880.5587179660797119140625 HTTP/1.1" 200 474 "-" "eqQb5ioPAQeE"
216.73.217.117 - - [26/Jul/2026:00:51:19 +0200] "GET /dp/93d729a4673229 HTTP/2" 404 12540 "-" "Mozilla/5.0 AppleWebKit/537.36 (KHTML, like Gecko; compatible; ClaudeBot/1.0; +claudebot@anthropic.com)"
216.73.217.117 - - [26/Jul/2026:00:51:22 +0200] "GET /dp/8001694d207583 HTTP/2" 404 12541 "-" "Mozilla/5.0 AppleWebKit/537.36 (KHTML, like Gecko; compatible; ClaudeBot/1.0; +claudebot@anthropic.com)"
216.73.217.117 - - [26/Jul/2026:00:51:25 +0200] "GET /dp/ac1aae013238361 HTTP/2" 404 12541 "-" "Mozilla/5.0 AppleWebKit/537.36 (KHTML, like Gecko; compatible; ClaudeBot/1.0; +claudebot@anthropic.com)"
185.21.40.28 - - [26/Jul/2026:00:51:29 +0200] "POST /wp-cron.php?doing_wp_cron=1785019889.1272330284118652343750 HTTP/1.1" 200 474 "-" "Fu37im2LQ9Nf"
216.73.217.117 - - [26/Jul/2026:00:51:28 +0200] "GET /dp/55b8645d5573879 HTTP/2" 404 12541 "-" "Mozilla/5.0 AppleWebKit/537.36 (KHTML, like Gecko; compatible; ClaudeBot/1.0; +claudebot@anthropic.com)"
216.73.217.117 - - [26/Jul/2026:00:51:31 +0200] "GET /dp/71cc0500256631 HTTP/2" 404 12526 "-" "Mozilla/5.0 AppleWebKit/537.36 (KHTML, like Gecko; compatible; ClaudeBot/1.0; +claudebot@anthropic.com)"
216.73.217.117 - - [26/Jul/2026:00:51:35 +0200] "GET /dp/338ed772621100 HTTP/2" 404 12540 "-" "Mozilla/5.0 AppleWebKit/537.36 (KHTML, like Gecko; compatible; ClaudeBot/1.0; +claudebot@anthropic.com)"
216.73.217.117 - - [26/Jul/2026:00:51:38 +0200] "GET /dp/f25d04914329915 HTTP/2" 404 12539 "-" "Mozilla/5.0 AppleWebKit/537.36 (KHTML, like Gecko; compatible; ClaudeBot/1.0; +claudebot@anthropic.com)"
216.73.217.117 - - [26/Jul/2026:00:51:41 +0200] "GET /dp/0584dc5b2710256 HTTP/2" 404 12541 "-" "Mozilla/5.0 AppleWebKit/537.36 (KHTML, like Gecko; compatible; ClaudeBot/1.0; +claudebot@anthropic.com)"
216.73.217.117 - - [26/Jul/2026:00:51:44 +0200] "GET /dp/26c50ca85464847 HTTP/2" 404 12542 "-" "Mozilla/5.0 AppleWebKit/537.36 (KHTML, like Gecko; compatible; ClaudeBot/1.0; +claudebot@anthropic.com)"
216.73.217.117 - - [26/Jul/2026:00:51:47 +0200] "GET /dp/cf7455b92271738 HTTP/2" 404 12540 "-" "Mozilla/5.0 AppleWebKit/537.36 (KHTML, like Gecko; compatible; ClaudeBot/1.0; +claudebot@anthropic.com)"
216.73.217.117 - - [26/Jul/2026:00:51:51 +0200] "GET /dp/3609e1295531426 HTTP/2" 404 12541 "-" "Mozilla/5.0 AppleWebKit/537.36 (KHTML, like Gecko; compatible; ClaudeBot/1.0; +claudebot@anthropic.com)"
216.73.217.117 - - [26/Jul/2026:00:51:54 +0200] "GET /dp/053686595136991 HTTP/2" 404 12540 "-" "Mozilla/5.0 AppleWebKit/537.36 (KHTML, like Gecko; compatible; ClaudeBot/1.0; +claudebot@anthropic.com)"
170.106.37.134 - - [26/Jul/2026:00:51:55 +0200] "GET /wp-content/uploads/complianz/css/banner- HTTP/1.1" 404 14769 "-" "Mozilla/5.0 (iPhone; CPU iPhone OS 13_2_3 like Mac OS X) AppleWebKit/605.1.15 (KHTML, like Gecko) Version/13.0.3 Mobile/15E148 Safari/604.1"
216.73.217.117 - - [26/Jul/2026:00:51:57 +0200] "GET /dp/5170299e4837727 HTTP/2" 404 12539 "-" "Mozilla/5.0 AppleWebKit/537.36 (KHTML, like Gecko; compatible; ClaudeBot/1.0; +claudebot@anthropic.com)"
216.73.217.117 - - [26/Jul/2026:00:52:00 +0200] "GET /dp/7131f86d3675287 HTTP/2" 404 12539 "-" "Mozilla/5.0 AppleWebKit/537.36 (KHTML, like Gecko; compatible; ClaudeBot/1.0; +claudebot@anthropic.com)"
216.73.217.117 - - [26/Jul/2026:00:52:03 +0200] "GET /dp/362ac8355154723 HTTP/2" 404 12540 "-" "Mozilla/5.0 AppleWebKit/537.36 (KHTML, like Gecko; compatible; ClaudeBot/1.0; +claudebot@anthropic.com)"
216.73.217.117 - - [26/Jul/2026:00:52:09 +0200] "GET /dp/e1b9c843713777 HTTP/2" 404 12538 "-" "Mozilla/5.0 AppleWebKit/537.36 (KHTML, like Gecko; compatible; ClaudeBot/1.0; +claudebot@anthropic.com)"
216.73.217.117 - - [26/Jul/2026:00:52:11 +0200] "GET /dp/cb7288172318637 HTTP/2" 404 12539 "-" "Mozilla/5.0 AppleWebKit/537.36 (KHTML, like Gecko; compatible; ClaudeBot/1.0; +claudebot@anthropic.com)"
216.73.217.117 - - [26/Jul/2026:00:52:14 +0200] "GET /dp/648cd232841316 HTTP/2" 404 12541 "-" "Mozilla/5.0 AppleWebKit/537.36 (KHTML, like Gecko; compatible; ClaudeBot/1.0; +claudebot@anthropic.com)"
216.73.217.117 - - [26/Jul/2026:00:52:17 +0200] "GET /dp/1d3083265790159 HTTP/2" 404 12541 "-" "Mozilla/5.0 AppleWebKit/537.36 (KHTML, like Gecko; compatible; ClaudeBot/1.0; +claudebot@anthropic.com)"
185.21.40.28 - - [26/Jul/2026:00:52:23 +0200] "POST /wp-cron.php?doing_wp_cron=1785019943.5223019123077392578125 HTTP/1.1" 200 474 "-" "s5AmVHJUcCMA"
216.73.217.117 - - [26/Jul/2026:00:52:22 +0200] "GET /dp/162234862321310 HTTP/2" 404 12541 "-" "Mozilla/5.0 AppleWebKit/537.36 (KHTML, like Gecko; compatible; ClaudeBot/1.0; +claudebot@anthropic.com)"
216.73.217.117 - - [26/Jul/2026:00:52:24 +0200] "GET /dp/5753c1c01234470 HTTP/2" 404 12527 "-" "Mozilla/5.0 AppleWebKit/537.36 (KHTML, like Gecko; compatible; ClaudeBot/1.0; +claudebot@anthropic.com)"
185.21.40.28 - - [26/Jul/2026:00:52:28 +0200] "POST /wp-cron.php?doing_wp_cron=1785019948.6162359714508056640625 HTTP/1.1" 200 474 "-" "uDe7LYVqZZ8O"
216.73.217.117 - - [26/Jul/2026:00:52:27 +0200] "GET /dp/c76851455602730 HTTP/2" 404 12541 "-" "Mozilla/5.0 AppleWebKit/537.36 (KHTML, like Gecko; compatible; ClaudeBot/1.0; +claudebot@anthropic.com)"
216.73.217.117 - - [26/Jul/2026:00:52:30 +0200] "GET /dp/42583b5f3472743 HTTP/2" 404 12539 "-" "Mozilla/5.0 AppleWebKit/537.36 (KHTML, like Gecko; compatible; ClaudeBot/1.0; +claudebot@anthropic.com)"
216.73.217.117 - - [26/Jul/2026:00:52:34 +0200] "GET /dp/817901d92629082 HTTP/2" 404 12542 "-" "Mozilla/5.0 AppleWebKit/537.36 (KHTML, like Gecko; compatible; ClaudeBot/1.0; +claudebot@anthropic.com)"
216.73.217.117 - - [26/Jul/2026:00:52:37 +0200] "GET /dp/a57384134758262 HTTP/2" 404 12540 "-" "Mozilla/5.0 AppleWebKit/537.36 (KHTML, like Gecko; compatible; ClaudeBot/1.0; +claudebot@anthropic.com)"
216.73.217.117 - - [26/Jul/2026:00:52:40 +0200] "GET /dp/a1580934685114 HTTP/2" 404 12540 "-" "Mozilla/5.0 AppleWebKit/537.36 (KHTML, like Gecko; compatible; ClaudeBot/1.0; +claudebot@anthropic.com)"
216.73.217.117 - - [26/Jul/2026:00:52:43 +0200] "GET /dp/b884682f1597497 HTTP/2" 404 12540 "-" "Mozilla/5.0 AppleWebKit/537.36 (KHTML, like Gecko; compatible; ClaudeBot/1.0; +claudebot@anthropic.com)"
216.73.217.117 - - [26/Jul/2026:00:52:48 +0200] "GET /dp/069a54025840918 HTTP/2" 404 12542 "-" "Mozilla/5.0 AppleWebKit/537.36 (KHTML, like Gecko; compatible; ClaudeBot/1.0; +claudebot@anthropic.com)"
216.73.217.117 - - [26/Jul/2026:00:52:51 +0200] "GET /dp/351850295630860 HTTP/2" 404 12540 "-" "Mozilla/5.0 AppleWebKit/537.36 (KHTML, like Gecko; compatible; ClaudeBot/1.0; +claudebot@anthropic.com)"
216.73.217.117 - - [26/Jul/2026:00:52:54 +0200] "GET /dp/721e40ec3265234 HTTP/2" 404 12541 "-" "Mozilla/5.0 AppleWebKit/537.36 (KHTML, like Gecko; compatible; ClaudeBot/1.0; +claudebot@anthropic.com)"
216.73.217.117 - - [26/Jul/2026:00:52:57 +0200] "GET /dp/e18599005050177 HTTP/2" 404 12540 "-" "Mozilla/5.0 AppleWebKit/537.36 (KHTML, like Gecko; compatible; ClaudeBot/1.0; +claudebot@anthropic.com)"
216.73.217.117 - - [26/Jul/2026:00:53:02 +0200] "GET /dp/14b0b001861049 HTTP/2" 404 12541 "-" "Mozilla/5.0 AppleWebKit/537.36 (KHTML, like Gecko; compatible; ClaudeBot/1.0; +claudebot@anthropic.com)"
66.249.70.101 - - [26/Jul/2026:00:53:04 +0200] "GET /dp/966b4b245377651 HTTP/1.1" 404 13220 "-" "Mozilla/5.0 (Linux; Android 6.0.1; Nexus 5X Build/MMB29P) AppleWebKit/537.36 (KHTML, like Gecko) Chrome/150.0.7871.128 Mobile Safari/537.36 (compatible; GoogleOther)"
216.73.217.117 - - [26/Jul/2026:00:53:04 +0200] "GET /dp/988b0250357450 HTTP/2" 404 12541 "-" "Mozilla/5.0 AppleWebKit/537.36 (KHTML, like Gecko; compatible; ClaudeBot/1.0; +claudebot@anthropic.com)"
216.73.217.117 - - [26/Jul/2026:00:53:07 +0200] "GET /dp/f45173a84257026 HTTP/2" 404 12540 "-" "Mozilla/5.0 AppleWebKit/537.36 (KHTML, like Gecko; compatible; ClaudeBot/1.0; +claudebot@anthropic.com)"
216.73.217.117 - - [26/Jul/2026:00:53:10 +0200] "GET /dp/15e47124189155 HTTP/2" 404 12540 "-" "Mozilla/5.0 AppleWebKit/537.36 (KHTML, like Gecko; compatible; ClaudeBot/1.0; +claudebot@anthropic.com)"
185.21.40.28 - - [26/Jul/2026:00:53:20 +0200] "POST /wp-cron.php?doing_wp_cron=1785020000.1465680599212646484375 HTTP/1.1" 200 474 "-" "as1735psLOum"
216.73.217.117 - - [26/Jul/2026:00:53:19 +0200] "GET /dp/eed766174938847 HTTP/2" 404 12541 "-" "Mozilla/5.0 AppleWebKit/537.36 (KHTML, like Gecko; compatible; ClaudeBot/1.0; +claudebot@anthropic.com)"
216.73.217.117 - - [26/Jul/2026:00:53:21 +0200] "GET /dp/4565e54b1398042 HTTP/2" 404 12541 "-" "Mozilla/5.0 AppleWebKit/537.36 (KHTML, like Gecko; compatible; ClaudeBot/1.0; +claudebot@anthropic.com)"
216.73.217.117 - - [26/Jul/2026:00:53:24 +0200] "GET /dp/9a9737293371546 HTTP/2" 404 12541 "-" "Mozilla/5.0 AppleWebKit/537.36 (KHTML, like Gecko; compatible; ClaudeBot/1.0; +claudebot@anthropic.com)"
185.21.40.28 - - [26/Jul/2026:00:53:28 +0200] "POST /wp-cron.php?doing_wp_cron=1785020008.6666560173034667968750 HTTP/1.1" 200 474 "-" "LOF3nEivaQJc"
216.73.217.117 - - [26/Jul/2026:00:53:27 +0200] "GET /dp/2b544e075157456 HTTP/2" 404 12541 "-" "Mozilla/5.0 AppleWebKit/537.36 (KHTML, like Gecko; compatible; ClaudeBot/1.0; +claudebot@anthropic.com)"
216.73.217.117 - - [26/Jul/2026:00:53:30 +0200] "GET /dp/e1b93a581147551 HTTP/2" 404 12542 "-" "Mozilla/5.0 AppleWebKit/537.36 (KHTML, like Gecko; compatible; ClaudeBot/1.0; +claudebot@anthropic.com)"
216.73.217.117 - - [26/Jul/2026:00:53:33 +0200] "GET /dp/44cfe51b1167627 HTTP/2" 404 12541 "-" "Mozilla/5.0 AppleWebKit/537.36 (KHTML, like Gecko; compatible; ClaudeBot/1.0; +claudebot@anthropic.com)"
216.73.217.117 - - [26/Jul/2026:00:53:36 +0200] "GET /dp/1cc17921446954 HTTP/2" 404 12539 "-" "Mozilla/5.0 AppleWebKit/537.36 (KHTML, like Gecko; compatible; ClaudeBot/1.0; +claudebot@anthropic.com)"
216.73.217.117 - - [26/Jul/2026:00:53:42 +0200] "GET /dp/a00175172950243 HTTP/2" 404 12541 "-" "Mozilla/5.0 AppleWebKit/537.36 (KHTML, like Gecko; compatible; ClaudeBot/1.0; +claudebot@anthropic.com)"
216.73.217.117 - - [26/Jul/2026:00:53:45 +0200] "GET /dp/93a1c3021482576 HTTP/2" 404 12541 "-" "Mozilla/5.0 AppleWebKit/537.36 (KHTML, like Gecko; compatible; ClaudeBot/1.0; +claudebot@anthropic.com)"
216.73.217.117 - - [26/Jul/2026:00:53:48 +0200] "GET /dp/3567c4943252264 HTTP/2" 404 12542 "-" "Mozilla/5.0 AppleWebKit/537.36 (KHTML, like Gecko; compatible; ClaudeBot/1.0; +claudebot@anthropic.com)"
216.73.217.117 - - [26/Jul/2026:00:53:51 +0200] "GET /dp/e03b66003573633 HTTP/2" 404 12540 "-" "Mozilla/5.0 AppleWebKit/537.36 (KHTML, like Gecko; compatible; ClaudeBot/1.0; +claudebot@anthropic.com)"
216.73.217.117 - - [26/Jul/2026:00:53:54 +0200] "GET /dp/7171c6e21608374 HTTP/2" 404 12525 "-" "Mozilla/5.0 AppleWebKit/537.36 (KHTML, like Gecko; compatible; ClaudeBot/1.0; +claudebot@anthropic.com)"
216.73.217.117 - - [26/Jul/2026:00:53:57 +0200] "GET /dp/0630af3b4857690 HTTP/2" 404 12540 "-" "Mozilla/5.0 AppleWebKit/537.36 (KHTML, like Gecko; compatible; ClaudeBot/1.0; +claudebot@anthropic.com)"
216.73.217.117 - - [26/Jul/2026:00:54:00 +0200] "GET /dp/92bb25783649229 HTTP/2" 404 12525 "-" "Mozilla/5.0 AppleWebKit/537.36 (KHTML, like Gecko; compatible; ClaudeBot/1.0; +claudebot@anthropic.com)"
216.73.217.117 - - [26/Jul/2026:00:54:03 +0200] "GET /dp/54ce50871224045 HTTP/2" 404 12541 "-" "Mozilla/5.0 AppleWebKit/537.36 (KHTML, like Gecko; compatible; ClaudeBot/1.0; +claudebot@anthropic.com)"
216.73.217.117 - - [26/Jul/2026:00:54:06 +0200] "GET /dp/238f11e64133894 HTTP/2" 404 12527 "-" "Mozilla/5.0 AppleWebKit/537.36 (KHTML, like Gecko; compatible; ClaudeBot/1.0; +claudebot@anthropic.com)"
216.73.217.117 - - [26/Jul/2026:00:54:09 +0200] "GET /dp/a63d966a4732618 HTTP/2" 404 12539 "-" "Mozilla/5.0 AppleWebKit/537.36 (KHTML, like Gecko; compatible; ClaudeBot/1.0; +claudebot@anthropic.com)"
216.73.217.117 - - [26/Jul/2026:00:54:12 +0200] "GET /dp/c14b917b3965314 HTTP/2" 404 12540 "-" "Mozilla/5.0 AppleWebKit/537.36 (KHTML, like Gecko; compatible; ClaudeBot/1.0; +claudebot@anthropic.com)"
216.73.217.117 - - [26/Jul/2026:00:54:16 +0200] "GET /dp/54216201999324 HTTP/2" 404 12540 "-" "Mozilla/5.0 AppleWebKit/537.36 (KHTML, like Gecko; compatible; ClaudeBot/1.0; +claudebot@anthropic.com)"
216.73.217.117 - - [26/Jul/2026:00:54:18 +0200] "GET /dp/6b0730692194758 HTTP/2" 404 12541 "-" "Mozilla/5.0 AppleWebKit/537.36 (KHTML, like Gecko; compatible; ClaudeBot/1.0; +claudebot@anthropic.com)"
185.21.40.28 - - [26/Jul/2026:00:54:22 +0200] "POST /wp-cron.php?doing_wp_cron=1785020062.8610448837280273437500 HTTP/1.1" 200 474 "-" "iMqasBvDasKz"
216.73.217.117 - - [26/Jul/2026:00:54:21 +0200] "GET /dp/811c7f45476021 HTTP/2" 404 12541 "-" "Mozilla/5.0 AppleWebKit/537.36 (KHTML, like Gecko; compatible; ClaudeBot/1.0; +claudebot@anthropic.com)"
216.73.217.117 - - [26/Jul/2026:00:54:24 +0200] "GET /dp/8706282d3943548 HTTP/2" 404 12537 "-" "Mozilla/5.0 AppleWebKit/537.36 (KHTML, like Gecko; compatible; ClaudeBot/1.0; +claudebot@anthropic.com)"
185.21.40.28 - - [26/Jul/2026:00:54:28 +0200] "POST /wp-cron.php?doing_wp_cron=1785020068.6910769939422607421875 HTTP/1.1" 200 474 "-" "aMrcI1S5KEjX"
216.73.217.117 - - [26/Jul/2026:00:54:27 +0200] "GET /dp/7f6777005218734 HTTP/2" 404 12541 "-" "Mozilla/5.0 AppleWebKit/537.36 (KHTML, like Gecko; compatible; ClaudeBot/1.0; +claudebot@anthropic.com)"
216.73.217.117 - - [26/Jul/2026:00:54:30 +0200] "GET /dp/19ccd1923665616 HTTP/2" 404 12539 "-" "Mozilla/5.0 AppleWebKit/537.36 (KHTML, like Gecko; compatible; ClaudeBot/1.0; +claudebot@anthropic.com)"
216.73.217.117 - - [26/Jul/2026:00:54:33 +0200] "GET /dp/00845973911694 HTTP/2" 404 12540 "-" "Mozilla/5.0 AppleWebKit/537.36 (KHTML, like Gecko; compatible; ClaudeBot/1.0; +claudebot@anthropic.com)"
185.21.40.28 - - [26/Jul/2026:00:54:38 +0200] "POST /wp-cron.php?doing_wp_cron=1785020078.0835120677947998046875 HTTP/1.1" 200 474 "-" "uuacmx5ho7iC"
216.73.217.117 - - [26/Jul/2026:00:54:36 +0200] "GET /dp/28e100774211623 HTTP/2" 404 12541 "-" "Mozilla/5.0 AppleWebKit/537.36 (KHTML, like Gecko; compatible; ClaudeBot/1.0; +claudebot@anthropic.com)"
216.73.217.117 - - [26/Jul/2026:00:54:39 +0200] "GET /dp/9127a791667745 HTTP/2" 404 12526 "-" "Mozilla/5.0 AppleWebKit/537.36 (KHTML, like Gecko; compatible; ClaudeBot/1.0; +claudebot@anthropic.com)"
216.73.217.117 - - [26/Jul/2026:00:54:42 +0200] "GET /dp/b137f0ad3213716 HTTP/2" 404 12540 "-" "Mozilla/5.0 AppleWebKit/537.36 (KHTML, like Gecko; compatible; ClaudeBot/1.0; +claudebot@anthropic.com)"
216.73.217.117 - - [26/Jul/2026:00:54:45 +0200] "GET /dp/c8f460223084413 HTTP/2" 404 12540 "-" "Mozilla/5.0 AppleWebKit/537.36 (KHTML, like Gecko; compatible; ClaudeBot/1.0; +claudebot@anthropic.com)"
216.73.217.117 - - [26/Jul/2026:00:54:48 +0200] "GET /dp/282b61042165397 HTTP/2" 404 12542 "-" "Mozilla/5.0 AppleWebKit/537.36 (KHTML, like Gecko; compatible; ClaudeBot/1.0; +claudebot@anthropic.com)"
216.73.217.117 - - [26/Jul/2026:00:54:51 +0200] "GET /dp/a72b06222370850 HTTP/2" 404 12540 "-" "Mozilla/5.0 AppleWebKit/537.36 (KHTML, like Gecko; compatible; ClaudeBot/1.0; +claudebot@anthropic.com)"
216.73.217.117 - - [26/Jul/2026:00:54:54 +0200] "GET /dp/4b3738844132048 HTTP/2" 404 12540 "-" "Mozilla/5.0 AppleWebKit/537.36 (KHTML, like Gecko; compatible; ClaudeBot/1.0; +claudebot@anthropic.com)"
216.73.217.117 - - [26/Jul/2026:00:54:57 +0200] "GET /dp/364ef15a3537695 HTTP/2" 404 12540 "-" "Mozilla/5.0 AppleWebKit/537.36 (KHTML, like Gecko; compatible; ClaudeBot/1.0; +claudebot@anthropic.com)"
185.21.40.28 - - [26/Jul/2026:00:55:03 +0200] "POST /wp-cron.php?doing_wp_cron=1785020103.2292549610137939453125 HTTP/1.1" 200 474 "-" "NfQzoqSRoSGo"
216.73.217.117 - - [26/Jul/2026:00:55:01 +0200] "GET /dp/ad3439e13165246 HTTP/2" 404 12541 "-" "Mozilla/5.0 AppleWebKit/537.36 (KHTML, like Gecko; compatible; ClaudeBot/1.0; +claudebot@anthropic.com)"
216.73.217.117 - - [26/Jul/2026:00:55:04 +0200] "GET /dp/64be55e53028938 HTTP/2" 404 12524 "-" "Mozilla/5.0 AppleWebKit/537.36 (KHTML, like Gecko; compatible; ClaudeBot/1.0; +claudebot@anthropic.com)"
216.73.217.117 - - [26/Jul/2026:00:55:07 +0200] "GET /dp/ad2718175855173 HTTP/2" 404 12542 "-" "Mozilla/5.0 AppleWebKit/537.36 (KHTML, like Gecko; compatible; ClaudeBot/1.0; +claudebot@anthropic.com)"
216.73.217.117 - - [26/Jul/2026:00:55:10 +0200] "GET /dp/4839e4084947303 HTTP/2" 404 12539 "-" "Mozilla/5.0 AppleWebKit/537.36 (KHTML, like Gecko; compatible; ClaudeBot/1.0; +claudebot@anthropic.com)"
216.73.217.117 - - [26/Jul/2026:00:55:13 +0200] "GET /dp/ad834ef43251513 HTTP/2" 404 12540 "-" "Mozilla/5.0 AppleWebKit/537.36 (KHTML, like Gecko; compatible; ClaudeBot/1.0; +claudebot@anthropic.com)"
216.73.217.117 - - [26/Jul/2026:00:55:16 +0200] "GET /dp/62f1145e3080627 HTTP/2" 404 12540 "-" "Mozilla/5.0 AppleWebKit/537.36 (KHTML, like Gecko; compatible; ClaudeBot/1.0; +claudebot@anthropic.com)"
185.21.40.28 - - [26/Jul/2026:00:55:20 +0200] "POST /wp-cron.php?doing_wp_cron=1785020120.7280299663543701171875 HTTP/1.1" 200 474 "-" "p5lJx4Vma6TU"
216.73.217.117 - - [26/Jul/2026:00:55:19 +0200] "GET /dp/721d58292107091 HTTP/2" 404 12540 "-" "Mozilla/5.0 AppleWebKit/537.36 (KHTML, like Gecko; compatible; ClaudeBot/1.0; +claudebot@anthropic.com)"
216.73.217.117 - - [26/Jul/2026:00:55:25 +0200] "GET /dp/b29841115592899 HTTP/2" 404 12539 "-" "Mozilla/5.0 AppleWebKit/537.36 (KHTML, like Gecko; compatible; ClaudeBot/1.0; +claudebot@anthropic.com)"
