43.167.245.18 - - [26/Jul/2026:03:50:14 +0200] "GET /steering-group/ HTTP/1.1" 200 19194 "-" "Mozilla/5.0 (iPhone; CPU iPhone OS 13_2_3 like Mac OS X) AppleWebKit/605.1.15 (KHTML, like Gecko) Version/13.0.3 Mobile/15E148 Safari/604.1"
185.21.40.28 - - [26/Jul/2026:03:50:39 +0200] "POST /wp-cron.php?doing_wp_cron=1785030639.4009990692138671875000 HTTP/1.1" 200 474 "-" "zLvofgW5D0GI"
66.249.70.101 - - [26/Jul/2026:03:50:37 +0200] "GET /dp/23f008d54584310 HTTP/1.1" 404 13394 "-" "Mozilla/5.0 (Linux; Android 6.0.1; Nexus 5X Build/MMB29P) AppleWebKit/537.36 (KHTML, like Gecko) Chrome/150.0.7871.128 Mobile Safari/537.36 (compatible; GoogleOther)"
185.21.40.28 - - [26/Jul/2026:03:53:56 +0200] "POST /wp-cron.php?doing_wp_cron=1785030836.9163670539855957031250 HTTP/1.1" 200 474 "-" "SEwQGKhaHkpt"
45.130.83.179 - - [26/Jul/2026:03:53:50 +0200] "POST /wp-login.php HTTP/1.1" 200 18675 "-" "Mozilla/5.0"
66.249.70.100 - - [26/Jul/2026:03:54:07 +0200] "GET /dp/464f42c7433890 HTTP/1.1" 404 13235 "-" "Mozilla/5.0 (Linux; Android 6.0.1; Nexus 5X Build/MMB29P) AppleWebKit/537.36 (KHTML, like Gecko) Chrome/150.0.7871.128 Mobile Safari/537.36 (compatible; GoogleOther)"
66.198.225.19 - - [26/Jul/2026:03:54:59 +0200] "GET /?wpanel=1&a=ping HTTP/1.1" 200 905 "-" "WPanel/1.0"
185.21.40.28 - - [26/Jul/2026:03:55:39 +0200] "POST /wp-cron.php?doing_wp_cron=1785030939.7546610832214355468750 HTTP/1.1" 200 474 "-" "ZFlYGewlqI11"
66.249.70.101 - - [26/Jul/2026:03:55:38 +0200] "GET /dp/4ad150894949211 HTTP/1.1" 404 13393 "-" "Mozilla/5.0 (Linux; Android 6.0.1; Nexus 5X Build/MMB29P) AppleWebKit/537.36 (KHTML, like Gecko) Chrome/150.0.7871.128 Mobile Safari/537.36 (compatible; GoogleOther)"
185.21.40.28 - - [26/Jul/2026:03:58:17 +0200] "POST /wp-cron.php?doing_wp_cron=1785031097.4714090824127197265625 HTTP/1.1" 200 474 "-" "uBfj3CkgTjvg"
66.249.70.100 - - [26/Jul/2026:03:58:11 +0200] "GET /dp/833ee4e23529643 HTTP/1.1" 404 13394 "-" "Mozilla/5.0 (Linux; Android 6.0.1; Nexus 5X Build/MMB29P) AppleWebKit/537.36 (KHTML, like Gecko) Chrome/150.0.7871.128 Mobile Safari/537.36 (compatible; GoogleOther)"
185.21.40.28 - - [26/Jul/2026:03:58:50 +0200] "POST /wp-cron.php?doing_wp_cron=1785031130.3747251033782958984375 HTTP/1.1" 200 474 "-" "7OnG09HziWv6"
66.249.70.101 - - [26/Jul/2026:03:58:49 +0200] "GET /dp/a01208452114523 HTTP/1.1" 404 13394 "-" "Mozilla/5.0 (Linux; Android 6.0.1; Nexus 5X Build/MMB29P) AppleWebKit/537.36 (KHTML, like Gecko) Chrome/150.0.7871.128 Mobile Safari/537.36 (compatible; GoogleOther)"
185.21.40.28 - - [26/Jul/2026:04:02:04 +0200] "POST /wp-cron.php?doing_wp_cron=1785031324.2513630390167236328125 HTTP/1.1" 200 474 "-" "nuI6LszzPt40"
170.106.197.109 - - [26/Jul/2026:04:01:58 +0200] "GET /xmlrpc.php?rsd HTTP/1.1" 200 984 "-" "Mozilla/5.0 (iPhone; CPU iPhone OS 13_2_3 like Mac OS X) AppleWebKit/605.1.15 (KHTML, like Gecko) Version/13.0.3 Mobile/15E148 Safari/604.1"
185.21.40.28 - - [26/Jul/2026:04:02:05 +0200] "POST /wp-cron.php?doing_wp_cron=1785031325.7323379516601562500000 HTTP/1.1" 200 474 "-" "pL1FxUwQx2LS"
66.249.70.100 - - [26/Jul/2026:04:01:58 +0200] "GET /dp/a4a4344a5797368 HTTP/1.1" 404 13394 "-" "Mozilla/5.0 (Linux; Android 6.0.1; Nexus 5X Build/MMB29P) AppleWebKit/537.36 (KHTML, like Gecko) Chrome/150.0.7871.128 Mobile Safari/537.36 (compatible; GoogleOther)"
52.232.35.131 - - [26/Jul/2026:04:02:36 +0200] "GET /wp-login.php HTTP/2" 200 4465 "-" "Mozilla/5.0 (Windows NT 10.0; Win64; x64) AppleWebKit/537.36 (KHTML, like Gecko) Chrome/150.0.0.0 Safari/537.36"
52.232.35.131 - - [26/Jul/2026:04:02:37 +0200] "POST /wp-login.php HTTP/2" 200 4588 "https://nordisk-netvaerk-neurorehab.com/wp-login.php" "Mozilla/5.0 (Windows NT 10.0; Win64; x64) AppleWebKit/537.36 (KHTML, like Gecko) Chrome/150.0.0.0 Safari/537.36"
66.198.225.19 - - [26/Jul/2026:04:03:16 +0200] "GET /?wpanel=1&a=ping HTTP/1.1" 200 905 "-" "WPanel/1.0"
216.73.216.53 - - [26/Jul/2026:04:03:44 +0200] "GET /robots.txt HTTP/2" 200 97 "-" "Mozilla/5.0 AppleWebKit/537.36 (KHTML, like Gecko; compatible; ClaudeBot/1.0; +claudebot@anthropic.com)"
185.21.40.28 - - [26/Jul/2026:04:03:46 +0200] "POST /wp-cron.php?doing_wp_cron=1785031426.4216549396514892578125 HTTP/1.1" 200 474 "-" "cnR8C4gcLqLE"
216.73.216.53 - - [26/Jul/2026:04:03:44 +0200] "GET /dp/914e59014270739 HTTP/2" 404 12543 "-" "Mozilla/5.0 AppleWebKit/537.36 (KHTML, like Gecko; compatible; ClaudeBot/1.0; +claudebot@anthropic.com)"
185.21.40.28 - - [26/Jul/2026:04:03:46 +0200] "POST /wp-cron.php?doing_wp_cron=1785031426.7324399948120117187500 HTTP/1.1" 200 474 "-" "DopRGqIweBzb"
141.148.219.117 - - [26/Jul/2026:04:03:44 +0200] "GET / HTTP/1.1" 200 20245 "-" "Mozilla/5.0 (iPhone; CPU iPhone OS 17_5 like Mac OS X) Mobile/15E148 Safari/604.1"
141.148.219.117 - - [26/Jul/2026:04:03:47 +0200] "GET /wp-json/batch/v1 HTTP/1.1" 404 854 "-" "Mozilla/5.0 (X11; Linux x86_64) AppleWebKit/537.36 (KHTML, like Gecko) Chrome/125.0.0.0 Safari/537.36"
141.148.219.117 - - [26/Jul/2026:04:03:48 +0200] "GET /?rest_route=/batch/v1 HTTP/1.1" 404 854 "-" "Mozilla/5.0 (X11; Linux x86_64) AppleWebKit/537.36 (KHTML, like Gecko) Chrome/125.0.0.0 Safari/537.36"
66.249.70.102 - - [26/Jul/2026:04:03:53 +0200] "GET /dp/d37402c95262267 HTTP/1.1" 404 13394 "-" "Mozilla/5.0 (Linux; Android 6.0.1; Nexus 5X Build/MMB29P) AppleWebKit/537.36 (KHTML, like Gecko) Chrome/150.0.7871.128 Mobile Safari/537.36 (compatible; GoogleOther)"
185.21.40.28 - - [26/Jul/2026:04:04:36 +0200] "POST /wp-cron.php?doing_wp_cron=1785031476.0058879852294921875000 HTTP/1.1" 200 474 "-" "H9xW1WWVq9aC"
216.73.217.134 - - [26/Jul/2026:04:04:34 +0200] "GET /dp/d454334e5804849 HTTP/2" 404 12543 "-" "Mozilla/5.0 AppleWebKit/537.36 (KHTML, like Gecko; compatible; ClaudeBot/1.0; +claudebot@anthropic.com)"
216.73.217.134 - - [26/Jul/2026:04:05:00 +0200] "GET /dp/974e41433284733 HTTP/2" 404 12541 "-" "Mozilla/5.0 AppleWebKit/537.36 (KHTML, like Gecko; compatible; ClaudeBot/1.0; +claudebot@anthropic.com)"
185.21.40.28 - - [26/Jul/2026:04:05:04 +0200] "POST /wp-cron.php?doing_wp_cron=1785031504.8583230972290039062500 HTTP/1.1" 200 474 "-" "md5HWGBPZiKf"
216.73.217.134 - - [26/Jul/2026:04:05:02 +0200] "GET /dp/599094b91610396 HTTP/2" 404 12543 "-" "Mozilla/5.0 AppleWebKit/537.36 (KHTML, like Gecko; compatible; ClaudeBot/1.0; +claudebot@anthropic.com)"
66.198.225.19 - - [26/Jul/2026:04:08:36 +0200] "GET /?wpanel=1&a=ping HTTP/1.1" 200 905 "-" "WPanel/1.0"
185.21.40.28 - - [26/Jul/2026:04:11:51 +0200] "POST /wp-cron.php?doing_wp_cron=1785031911.1432590484619140625000 HTTP/1.1" 200 474 "-" "RcmcmQMWJC9R"
66.249.70.101 - - [26/Jul/2026:04:11:45 +0200] "GET /dp/d15182d3739162 HTTP/1.1" 404 13394 "-" "Mozilla/5.0 (Linux; Android 6.0.1; Nexus 5X Build/MMB29P) AppleWebKit/537.36 (KHTML, like Gecko) Chrome/150.0.7871.128 Mobile Safari/537.36 (compatible; GoogleOther)"
43.159.140.236 - - [26/Jul/2026:04:11:48 +0200] "GET /privacy-policy/ HTTP/1.1" 200 14723 "-" "Mozilla/5.0 (iPhone; CPU iPhone OS 13_2_3 like Mac OS X) AppleWebKit/605.1.15 (KHTML, like Gecko) Version/13.0.3 Mobile/15E148 Safari/604.1"
185.21.40.28 - - [26/Jul/2026:04:14:24 +0200] "POST /wp-cron.php?doing_wp_cron=1785032064.3713550567626953125000 HTTP/1.1" 200 474 "-" "ouk7arkn4n24"
66.249.70.101 - - [26/Jul/2026:04:14:17 +0200] "GET /dp/504ad686584544 HTTP/1.1" 404 13394 "-" "Mozilla/5.0 (Linux; Android 6.0.1; Nexus 5X Build/MMB29P) AppleWebKit/537.36 (KHTML, like Gecko) Chrome/150.0.7871.128 Mobile Safari/537.36 (compatible; GoogleOther)"
66.198.225.19 - - [26/Jul/2026:04:15:39 +0200] "GET /?wpanel=1&a=ping HTTP/1.1" 200 905 "-" "WPanel/1.0"
185.21.40.28 - - [26/Jul/2026:04:17:10 +0200] "POST /wp-cron.php?doing_wp_cron=1785032229.9791269302368164062500 HTTP/1.1" 200 474 "-" "VXnY8Asl0M3j"
66.249.70.102 - - [26/Jul/2026:04:17:02 +0200] "GET /dp/9d8120514231130 HTTP/1.1" 404 13394 "-" "Mozilla/5.0 (Linux; Android 6.0.1; Nexus 5X Build/MMB29P) AppleWebKit/537.36 (KHTML, like Gecko) Chrome/150.0.7871.128 Mobile Safari/537.36 (compatible; GoogleOther)"
47.128.27.36 - - [26/Jul/2026:04:18:33 +0200] "GET /robots.txt HTTP/1.1" 301 1214 "-" "Mozilla/5.0 (Linux; Android 5.0) AppleWebKit/537.36 (KHTML, like Gecko) Mobile Safari/537.36 (compatible; Bytespider; spider-feedback@bytedance.com)"
47.128.27.36 - - [26/Jul/2026:04:18:35 +0200] "GET /robots.txt HTTP/1.1" 200 548 "-" "Mozilla/5.0 (Linux; Android 5.0) AppleWebKit/537.36 (KHTML, like Gecko) Mobile Safari/537.36 (compatible; Bytespider; spider-feedback@bytedance.com)"
66.198.225.19 - - [26/Jul/2026:04:21:00 +0200] "GET /?wpanel=1&a=ping HTTP/1.1" 200 905 "-" "WPanel/1.0"
185.21.40.28 - - [26/Jul/2026:04:21:09 +0200] "POST /wp-cron.php?doing_wp_cron=1785032469.3322489261627197265625 HTTP/1.1" 200 474 "-" "FUjdqUR5ywVq"
49.51.166.228 - - [26/Jul/2026:04:21:01 +0200] "GET /wp-json/wp/v2/pages/3 HTTP/1.1" 200 3459 "-" "Mozilla/5.0 (iPhone; CPU iPhone OS 13_2_3 like Mac OS X) AppleWebKit/605.1.15 (KHTML, like Gecko) Version/13.0.3 Mobile/15E148 Safari/604.1"
185.21.40.28 - - [26/Jul/2026:04:21:44 +0200] "POST /wp-cron.php?doing_wp_cron=1785032504.0816769599914550781250 HTTP/1.1" 200 474 "-" "zyHOTgQcKdPW"
66.249.70.102 - - [26/Jul/2026:04:21:42 +0200] "GET /dp/72725f461017344 HTTP/1.1" 404 13393 "-" "Mozilla/5.0 (Linux; Android 6.0.1; Nexus 5X Build/MMB29P) AppleWebKit/537.36 (KHTML, like Gecko) Chrome/150.0.7871.128 Mobile Safari/537.36 (compatible; GoogleOther)"
185.21.40.28 - - [26/Jul/2026:04:24:03 +0200] "POST /wp-cron.php?doing_wp_cron=1785032643.1827869415283203125000 HTTP/1.1" 200 474 "-" "1W7eaegER7qB"
66.249.70.102 - - [26/Jul/2026:04:23:56 +0200] "GET /dp/083563651393694 HTTP/1.1" 404 13394 "-" "Mozilla/5.0 (Linux; Android 6.0.1; Nexus 5X Build/MMB29P) AppleWebKit/537.36 (KHTML, like Gecko) Chrome/150.0.7871.128 Mobile Safari/537.36 (compatible; GoogleOther)"
185.21.40.28 - - [26/Jul/2026:04:26:48 +0200] "POST /wp-cron.php?doing_wp_cron=1785032807.9751420021057128906250 HTTP/1.1" 200 474 "-" "wrhdA3YT1Gvx"
45.130.83.170 - - [26/Jul/2026:04:26:40 +0200] "POST /wp-login.php HTTP/1.1" 200 18675 "-" "Mozilla/5.0"
66.198.225.19 - - [26/Jul/2026:04:27:39 +0200] "GET /?wpanel=1&a=ping HTTP/1.1" 200 905 "-" "WPanel/1.0"
185.21.40.28 - - [26/Jul/2026:04:27:55 +0200] "POST /wp-cron.php?doing_wp_cron=1785032875.5128688812255859375000 HTTP/1.1" 200 474 "-" "HCwNtWNoWme1"
57.141.0.71 - - [26/Jul/2026:04:27:51 +0200] "GET /dp/378166162780774 HTTP/2" 404 56744 "-" "Mozilla/5.0 (Windows NT 10.0; Win64; x64) AppleWebKit/537.36 (KHTML, like Gecko) Chrome/145.0.0.0 Safari/537.36 (compatible; meta-externalagent/1.1 (+https://developers.facebook.com/docs/sharing/webmasters/crawler))"
185.21.40.28 - - [26/Jul/2026:04:29:22 +0200] "POST /wp-cron.php?doing_wp_cron=1785032962.5733120441436767578125 HTTP/1.1" 200 474 "-" "3NaTzl3i9wlh"
66.249.70.102 - - [26/Jul/2026:04:29:15 +0200] "GET /dp/92a544e64092245 HTTP/1.1" 404 13394 "-" "Mozilla/5.0 (Linux; Android 6.0.1; Nexus 5X Build/MMB29P) AppleWebKit/537.36 (KHTML, like Gecko) Chrome/150.0.7871.128 Mobile Safari/537.36 (compatible; GoogleOther)"
185.21.40.28 - - [26/Jul/2026:04:31:00 +0200] "POST /wp-cron.php?doing_wp_cron=1785033060.2415480613708496093750 HTTP/1.1" 200 474 "-" "4XCjwsIv23fu"
216.73.216.226 - - [26/Jul/2026:04:30:55 +0200] "GET /sitemap.xml HTTP/2" 301 109 "-" "Mozilla/5.0 AppleWebKit/537.36 (KHTML, like Gecko; compatible; ClaudeBot/1.0; +claudebot@anthropic.com)"
216.73.216.226 - - [26/Jul/2026:04:31:00 +0200] "GET /sitemap_index.xml HTTP/2" 200 382 "https://nordisk-netvaerk-neurorehab.com/sitemap.xml" "Mozilla/5.0 AppleWebKit/537.36 (KHTML, like Gecko; compatible; ClaudeBot/1.0; +claudebot@anthropic.com)"
185.21.40.28 - - [26/Jul/2026:04:31:59 +0200] "POST /wp-cron.php?doing_wp_cron=1785033119.0949020385742187500000 HTTP/1.1" 200 474 "-" "KXjD0KxgYl1D"
188.120.119.131 - - [26/Jul/2026:04:31:58 +0200] "POST /xmlrpc.php HTTP/1.1" 200 1089 "-" "Jetpack/12.5; WordPress/6.1; http://site72777936.com"
188.120.119.131 - - [26/Jul/2026:04:32:08 +0200] "POST /xmlrpc.php HTTP/1.1" 200 911 "-" "Jetpack by WordPress.com (Jetpack 12.5; WordPress 6.4)"
185.21.40.28 - - [26/Jul/2026:04:32:31 +0200] "POST /wp-cron.php?doing_wp_cron=1785033151.6945610046386718750000 HTTP/1.1" 200 474 "-" "uXezwtrGmsrV"
43.159.143.190 - - [26/Jul/2026:04:32:29 +0200] "GET / HTTP/1.1" 200 20247 "http://www.nordisk-netvaerk-neurorehab.com" "Mozilla/5.0 (iPhone; CPU iPhone OS 13_2_3 like Mac OS X) AppleWebKit/605.1.15 (KHTML, like Gecko) Version/13.0.3 Mobile/15E148 Safari/604.1"
43.166.240.231 - - [26/Jul/2026:04:32:53 +0200] "GET /privacy-policy/embed/ HTTP/1.1" 200 7722 "-" "Mozilla/5.0 (iPhone; CPU iPhone OS 13_2_3 like Mac OS X) AppleWebKit/605.1.15 (KHTML, like Gecko) Version/13.0.3 Mobile/15E148 Safari/604.1"
185.21.40.28 - - [26/Jul/2026:04:33:30 +0200] "POST /wp-cron.php?doing_wp_cron=1785033210.7794189453125000000000 HTTP/1.1" 200 474 "-" "Cl4sOydU0jk7"
66.249.70.101 - - [26/Jul/2026:04:33:29 +0200] "GET /dp/5d4453791545118 HTTP/1.1" 404 13394 "-" "Mozilla/5.0 (Linux; Android 6.0.1; Nexus 5X Build/MMB29P) AppleWebKit/537.36 (KHTML, like Gecko) Chrome/150.0.7871.128 Mobile Safari/537.36 (compatible; GoogleOther)"
66.198.225.19 - - [26/Jul/2026:04:37:10 +0200] "GET /?wpanel=1&a=ping HTTP/1.1" 200 905 "-" "WPanel/1.0"
185.21.40.28 - - [26/Jul/2026:04:38:46 +0200] "POST /wp-cron.php?doing_wp_cron=1785033526.1657269001007080078125 HTTP/1.1" 200 474 "-" "ti7xgm34Z7Sy"
159.223.177.192 - - [26/Jul/2026:04:38:40 +0200] "GET /wp-includes/core.php HTTP/1.1" 404 14829 "-" "Mozlila/5.0 (Linux; Android 7.0; SM-G892A Bulid/NRD90M; wv) AppleWebKit/537.36 (KHTML, like Gecko) Version/4.0 Chrome/60.0.3112.107 Moblie Safari/537.36"
66.249.70.102 - - [26/Jul/2026:04:39:00 +0200] "GET /dp/a9603c4e4188329 HTTP/1.1" 404 13394 "-" "Mozilla/5.0 (Linux; Android 6.0.1; Nexus 5X Build/MMB29P) AppleWebKit/537.36 (KHTML, like Gecko) Chrome/150.0.7871.128 Mobile Safari/537.36 (compatible; GoogleOther)"
66.198.225.19 - - [26/Jul/2026:04:39:04 +0200] "GET /?wpanel=1&a=ping HTTP/1.1" 200 905 "-" "WPanel/1.0"
185.21.40.28 - - [26/Jul/2026:04:39:33 +0200] "POST /wp-cron.php?doing_wp_cron=1785033573.6217610836029052734375 HTTP/1.1" 200 474 "-" "o7R0flJHEzWm"
66.249.70.100 - - [26/Jul/2026:04:39:32 +0200] "GET /dp/4eb3d3881416669 HTTP/1.1" 404 13393 "-" "Mozilla/5.0 (Linux; Android 6.0.1; Nexus 5X Build/MMB29P) AppleWebKit/537.36 (KHTML, like Gecko) Chrome/150.0.7871.128 Mobile Safari/537.36 (compatible; GoogleOther)"
185.21.40.28 - - [26/Jul/2026:04:42:13 +0200] "POST /wp-cron.php?doing_wp_cron=1785033733.6332290172576904296875 HTTP/1.1" 200 474 "-" "SFXnLO5MoVDR"
43.167.232.38 - - [26/Jul/2026:04:42:06 +0200] "GET /nordic-network-for-neurorehabilitation-meeting-2022/ HTTP/1.1" 200 17979 "-" "Mozilla/5.0 (iPhone; CPU iPhone OS 13_2_3 like Mac OS X) AppleWebKit/605.1.15 (KHTML, like Gecko) Version/13.0.3 Mobile/15E148 Safari/604.1"
185.21.40.28 - - [26/Jul/2026:04:42:20 +0200] "POST /wp-cron.php?doing_wp_cron=1785033740.0106360912322998046875 HTTP/1.1" 200 474 "-" "IbE9n8pYHmsp"
188.120.119.131 - - [26/Jul/2026:04:42:19 +0200] "POST /xmlrpc.php HTTP/1.1" 200 1089 "-" "WordPress.com; https://wordpress.com"
185.21.40.28 - - [26/Jul/2026:04:42:30 +0200] "POST /wp-cron.php?doing_wp_cron=1785033750.1052958965301513671875 HTTP/1.1" 200 474 "-" "Nga8HjplpUgO"
188.120.119.131 - - [26/Jul/2026:04:42:29 +0200] "POST /xmlrpc.php HTTP/1.1" 200 911 "-" "WordPress.com; https://wordpress.com"
66.249.70.100 - - [26/Jul/2026:04:42:43 +0200] "GET /dp/797913255797411 HTTP/1.1" 404 13394 "-" "Mozilla/5.0 (Linux; Android 6.0.1; Nexus 5X Build/MMB29P) AppleWebKit/537.36 (KHTML, like Gecko) Chrome/150.0.7871.128 Mobile Safari/537.36 (compatible; GoogleOther)"
185.21.40.28 - - [26/Jul/2026:04:43:56 +0200] "POST /wp-cron.php?doing_wp_cron=1785033836.1545119285583496093750 HTTP/1.1" 200 474 "-" "tUKXXnLdtjWa"
66.249.70.101 - - [26/Jul/2026:04:43:53 +0200] "GET /dp/d0663ac95595776 HTTP/1.1" 404 13394 "-" "Mozilla/5.0 (Linux; Android 6.0.1; Nexus 5X Build/MMB29P) AppleWebKit/537.36 (KHTML, like Gecko) Chrome/150.0.7871.128 Mobile Safari/537.36 (compatible; GoogleOther)"
185.21.40.28 - - [26/Jul/2026:04:46:14 +0200] "POST /wp-cron.php?doing_wp_cron=1785033974.2972679138183593750000 HTTP/1.1" 200 474 "-" "oCQHXjGJrbG3"
66.249.70.101 - - [26/Jul/2026:04:46:06 +0200] "GET /dp/095861704009892 HTTP/1.1" 404 13393 "-" "Mozilla/5.0 (Linux; Android 6.0.1; Nexus 5X Build/MMB29P) AppleWebKit/537.36 (KHTML, like Gecko) Chrome/150.0.7871.128 Mobile Safari/537.36 (compatible; GoogleOther)"
185.21.40.28 - - [26/Jul/2026:04:46:55 +0200] "POST /wp-cron.php?doing_wp_cron=1785034015.5871179103851318359375 HTTP/1.1" 200 474 "-" "L1ZxBg9GoRsT"
3.75.46.110 - - [26/Jul/2026:04:46:55 +0200] "GET /wp-login.php HTTP/1.1" 200 18337 "-" "check_http/v2.4.0 (monitoring-plugins 2.4.0)"
3.75.46.110 - - [26/Jul/2026:04:47:14 +0200] "GET / HTTP/1.1" 200 89204 "-" "check_http/v2.4.0 (monitoring-plugins 2.4.0)"
185.21.40.28 - - [26/Jul/2026:04:47:34 +0200] "POST /wp-cron.php?doing_wp_cron=1785034054.5207979679107666015625 HTTP/1.1" 200 474 "-" "Qn2cQnI9LqN7"
66.249.70.102 - - [26/Jul/2026:04:47:33 +0200] "GET /dp/fd94e8693359729 HTTP/1.1" 404 13394 "-" "Mozilla/5.0 (Linux; Android 6.0.1; Nexus 5X Build/MMB29P) AppleWebKit/537.36 (KHTML, like Gecko) Chrome/150.0.7871.128 Mobile Safari/537.36 (compatible; GoogleOther)"
3.75.46.110 - - [26/Jul/2026:04:47:34 +0200] "GET / HTTP/1.1" 200 89204 "-" "check_http/v2.4.0 (monitoring-plugins 2.4.0)"
185.21.40.28 - - [26/Jul/2026:04:50:04 +0200] "POST /wp-cron.php?doing_wp_cron=1785034204.8914599418640136718750 HTTP/1.1" 200 474 "-" "x4Jc3qZLpvV4"
66.249.70.101 - - [26/Jul/2026:04:49:56 +0200] "GET /dp/e9759b473157385 HTTP/1.1" 404 13394 "-" "Mozilla/5.0 (Linux; Android 6.0.1; Nexus 5X Build/MMB29P) AppleWebKit/537.36 (KHTML, like Gecko) Chrome/150.0.7871.128 Mobile Safari/537.36 (compatible; GoogleOther)"
66.198.225.19 - - [26/Jul/2026:04:50:29 +0200] "GET /?wpanel=1&a=ping HTTP/1.1" 200 905 "-" "WPanel/1.0"
185.21.40.28 - - [26/Jul/2026:04:52:07 +0200] "POST /wp-cron.php?doing_wp_cron=1785034327.0772030353546142578125 HTTP/1.1" 200 474 "-" "XSX8k4BpKHCg"
43.131.36.84 - - [26/Jul/2026:04:51:56 +0200] "GET /rehabilitation-units/ HTTP/1.1" 200 26808 "-" "Mozilla/5.0 (iPhone; CPU iPhone OS 13_2_3 like Mac OS X) AppleWebKit/605.1.15 (KHTML, like Gecko) Version/13.0.3 Mobile/15E148 Safari/604.1"
185.21.40.28 - - [26/Jul/2026:04:52:28 +0200] "POST /wp-cron.php?doing_wp_cron=1785034348.4467079639434814453125 HTTP/1.1" 200 474 "-" "VefNEiwnC3P1"
66.249.70.101 - - [26/Jul/2026:04:52:26 +0200] "GET /dp/833c57d73949711 HTTP/1.1" 404 13394 "-" "Mozilla/5.0 (Linux; Android 6.0.1; Nexus 5X Build/MMB29P) AppleWebKit/537.36 (KHTML, like Gecko) Chrome/150.0.7871.128 Mobile Safari/537.36 (compatible; GoogleOther)"
188.120.119.131 - - [26/Jul/2026:04:52:39 +0200] "POST /xmlrpc.php HTTP/1.1" 200 1089 "-" "Jetpack/12.5; WordPress/6.3; http://site45117481.com"
188.120.119.131 - - [26/Jul/2026:04:52:50 +0200] "POST /xmlrpc.php HTTP/1.1" 200 911 "-" "WordPress.com; https://wordpress.com"
185.21.40.28 - - [26/Jul/2026:04:54:10 +0200] "POST /wp-cron.php?doing_wp_cron=1785034450.5400860309600830078125 HTTP/1.1" 200 474 "-" "5vP0y9CvrcCI"
66.249.70.101 - - [26/Jul/2026:04:54:04 +0200] "GET /dp/753518db4024304 HTTP/1.1" 404 13394 "-" "Mozilla/5.0 (Linux; Android 6.0.1; Nexus 5X Build/MMB29P) AppleWebKit/537.36 (KHTML, like Gecko) Chrome/150.0.7871.128 Mobile Safari/537.36 (compatible; GoogleOther)"
57.141.0.61 - - [26/Jul/2026:04:54:16 +0200] "GET /dp/d851824f2345400 HTTP/2" 404 56744 "-" "Mozilla/5.0 (Windows NT 10.0; Win64; x64) AppleWebKit/537.36 (KHTML, like Gecko) Chrome/145.0.0.0 Safari/537.36 (compatible; meta-externalagent/1.1 (+https://developers.facebook.com/docs/sharing/webmasters/crawler))"
185.21.40.28 - - [26/Jul/2026:04:56:13 +0200] "POST /wp-cron.php?doing_wp_cron=1785034573.6510920524597167968750 HTTP/1.1" 200 474 "-" "vshuX3Zq7Rno"
66.249.70.102 - - [26/Jul/2026:04:56:08 +0200] "GET /dp/0a4cb2b53814204 HTTP/1.1" 404 13394 "-" "Mozilla/5.0 (Linux; Android 6.0.1; Nexus 5X Build/MMB29P) AppleWebKit/537.36 (KHTML, like Gecko) Chrome/150.0.7871.128 Mobile Safari/537.36 (compatible; GoogleOther)"
66.198.225.19 - - [26/Jul/2026:04:56:39 +0200] "GET /?wpanel=1&a=ping HTTP/1.1" 200 905 "-" "WPanel/1.0"
185.21.40.28 - - [26/Jul/2026:04:59:33 +0200] "POST /wp-cron.php?doing_wp_cron=1785034773.1534140110015869140625 HTTP/1.1" 200 474 "-" "PNGAIxDE3Wrx"
45.130.83.156 - - [26/Jul/2026:04:59:26 +0200] "POST /wp-login.php HTTP/1.1" 200 18675 "-" "Mozilla/5.0"
185.21.40.28 - - [26/Jul/2026:04:59:55 +0200] "POST /wp-cron.php?doing_wp_cron=1785034795.6888880729675292968750 HTTP/1.1" 200 474 "-" "5VICx1Dx1B9B"
66.249.70.102 - - [26/Jul/2026:04:59:53 +0200] "GET /dp/2c871869231202 HTTP/1.1" 404 13394 "-" "Mozilla/5.0 (Linux; Android 6.0.1; Nexus 5X Build/MMB29P) AppleWebKit/537.36 (KHTML, like Gecko) Chrome/150.0.7871.128 Mobile Safari/537.36 (compatible; GoogleOther)"
185.21.40.28 - - [26/Jul/2026:05:02:22 +0200] "POST /wp-cron.php?doing_wp_cron=1785034942.8576800823211669921875 HTTP/1.1" 200 474 "-" "eLzTaLZAQtET"
43.153.96.79 - - [26/Jul/2026:05:02:16 +0200] "GET /xmlrpc.php HTTP/1.1" 405 795 "-" "Mozilla/5.0 (iPhone; CPU iPhone OS 13_2_3 like Mac OS X) AppleWebKit/605.1.15 (KHTML, like Gecko) Version/13.0.3 Mobile/15E148 Safari/604.1"
185.21.40.28 - - [26/Jul/2026:05:02:31 +0200] "POST /wp-cron.php?doing_wp_cron=1785034950.9844141006469726562500 HTTP/1.1" 200 474 "-" "CMtcbSfX19xN"
66.249.70.101 - - [26/Jul/2026:05:02:28 +0200] "GET /dp/c4390d985658090 HTTP/1.1" 404 13394 "-" "Mozilla/5.0 (Linux; Android 6.0.1; Nexus 5X Build/MMB29P) AppleWebKit/537.36 (KHTML, like Gecko) Chrome/150.0.7871.128 Mobile Safari/537.36 (compatible; GoogleOther)"
66.198.225.19 - - [26/Jul/2026:05:06:30 +0200] "GET /?wpanel=1&a=ping HTTP/1.1" 200 905 "-" "WPanel/1.0"
66.198.225.19 - - [26/Jul/2026:05:07:49 +0200] "GET /?wpanel=1&a=ping HTTP/1.1" 200 905 "-" "WPanel/1.0"
192.250.229.184 - - [26/Jul/2026:05:10:05 +0200] "GET /wp-login.php HTTP/2" 200 0 "-" "Mozilla/5.0 (Windows NT 10.0; Win64; x64) AppleWebKit/537.36 (KHTML, like Gecko) Chrome/150.0.0.0 Safari/537.36"
185.21.40.28 - - [26/Jul/2026:05:11:08 +0200] "POST /wp-cron.php?doing_wp_cron=1785035468.1825709342956542968750 HTTP/1.1" 200 474 "-" "S5arYN1YzQIM"
43.134.91.35 - - [26/Jul/2026:05:11:01 +0200] "GET /documents/ HTTP/1.1" 200 15730 "-" "Mozilla/5.0 (iPhone; CPU iPhone OS 13_2_3 like Mac OS X) AppleWebKit/605.1.15 (KHTML, like Gecko) Version/13.0.3 Mobile/15E148 Safari/604.1"
185.21.40.28 - - [26/Jul/2026:05:12:09 +0200] "POST /wp-cron.php?doing_wp_cron=1785035529.1934680938720703125000 HTTP/1.1" 200 474 "-" "UjqqwexsAxWe"
66.249.70.102 - - [26/Jul/2026:05:12:07 +0200] "GET /dp/0c27f1014155270 HTTP/1.1" 404 13387 "-" "Mozilla/5.0 (Linux; Android 6.0.1; Nexus 5X Build/MMB29P) AppleWebKit/537.36 (KHTML, like Gecko) Chrome/150.0.7871.128 Mobile Safari/537.36 (compatible; GoogleOther)"
185.21.40.28 - - [26/Jul/2026:05:14:05 +0200] "POST /wp-cron.php?doing_wp_cron=1785035645.7453639507293701171875 HTTP/1.1" 200 474 "-" "vzBnbNjI0Nm2"
66.249.70.102 - - [26/Jul/2026:05:13:59 +0200] "GET /dp/573d067e3660863 HTTP/1.1" 404 13394 "-" "Mozilla/5.0 (Linux; Android 6.0.1; Nexus 5X Build/MMB29P) AppleWebKit/537.36 (KHTML, like Gecko) Chrome/150.0.7871.128 Mobile Safari/537.36 (compatible; GoogleOther)"
185.21.40.28 - - [26/Jul/2026:05:14:32 +0200] "POST /wp-cron.php?doing_wp_cron=1785035672.0793199539184570312500 HTTP/1.1" 200 474 "-" "kVZUG5Z1Aazz"
66.249.70.100 - - [26/Jul/2026:05:14:30 +0200] "GET /dp/86859f4a2354530 HTTP/1.1" 404 13393 "-" "Mozilla/5.0 (Linux; Android 6.0.1; Nexus 5X Build/MMB29P) AppleWebKit/537.36 (KHTML, like Gecko) Chrome/150.0.7871.128 Mobile Safari/537.36 (compatible; GoogleOther)"
185.21.40.28 - - [26/Jul/2026:05:16:32 +0200] "POST /wp-cron.php?doing_wp_cron=1785035792.3194510936737060546875 HTTP/1.1" 200 474 "-" "Lby4hjcNwgdU"
66.249.70.100 - - [26/Jul/2026:05:16:23 +0200] "GET /dp/5f7be1411476287 HTTP/1.1" 404 13394 "-" "Mozilla/5.0 (Linux; Android 6.0.1; Nexus 5X Build/MMB29P) AppleWebKit/537.36 (KHTML, like Gecko) Chrome/150.0.7871.128 Mobile Safari/537.36 (compatible; GoogleOther)"
185.21.40.28 - - [26/Jul/2026:05:18:33 +0200] "POST /wp-cron.php?doing_wp_cron=1785035913.3844349384307861328125 HTTP/1.1" 200 474 "-" "EjSaXsITVHRT"
66.249.70.101 - - [26/Jul/2026:05:18:24 +0200] "GET /dp/f7048b2e3878606 HTTP/1.1" 404 13394 "-" "Mozilla/5.0 (Linux; Android 6.0.1; Nexus 5X Build/MMB29P) AppleWebKit/537.36 (KHTML, like Gecko) Chrome/150.0.7871.128 Mobile Safari/537.36 (compatible; GoogleOther)"
66.249.70.102 - - [26/Jul/2026:05:19:14 +0200] "GET /dp/8071bb514751397 HTTP/1.1" 404 13236 "-" "Mozilla/5.0 (Linux; Android 6.0.1; Nexus 5X Build/MMB29P) AppleWebKit/537.36 (KHTML, like Gecko) Chrome/150.0.7871.128 Mobile Safari/537.36 (compatible; GoogleOther)"
66.198.225.19 - - [26/Jul/2026:05:19:27 +0200] "GET /?wpanel=1&a=ping HTTP/1.1" 200 905 "-" "WPanel/1.0"
185.21.40.28 - - [26/Jul/2026:05:21:10 +0200] "POST /wp-cron.php?doing_wp_cron=1785036070.5043940544128417968750 HTTP/1.1" 200 474 "-" "s2hKNu0vU9Kq"
43.135.211.148 - - [26/Jul/2026:05:21:03 +0200] "GET /nordic-network-for-neurorehabilitation-meeting-2025/ HTTP/1.1" 200 17300 "-" "Mozilla/5.0 (iPhone; CPU iPhone OS 13_2_3 like Mac OS X) AppleWebKit/605.1.15 (KHTML, like Gecko) Version/13.0.3 Mobile/15E148 Safari/604.1"
185.21.40.28 - - [26/Jul/2026:05:24:33 +0200] "POST /wp-cron.php?doing_wp_cron=1785036273.3932681083679199218750 HTTP/1.1" 200 474 "-" "yeqEJDXmtVkj"
57.141.0.52 - - [26/Jul/2026:05:24:30 +0200] "GET /dp/831670302981382 HTTP/2" 404 56744 "-" "Mozilla/5.0 (Windows NT 10.0; Win64; x64) AppleWebKit/537.36 (KHTML, like Gecko) Chrome/145.0.0.0 Safari/537.36 (compatible; meta-externalagent/1.1 (+https://developers.facebook.com/docs/sharing/webmasters/crawler))"
185.21.40.28 - - [26/Jul/2026:05:24:33 +0200] "POST /wp-cron.php?doing_wp_cron=1785036273.3938848972320556640625 HTTP/1.1" 200 474 "-" "45fBFDVGkCaN"
66.249.70.100 - - [26/Jul/2026:05:24:19 +0200] "GET /dp/da7649911984136 HTTP/1.1" 404 13394 "-" "Mozilla/5.0 (Linux; Android 6.0.1; Nexus 5X Build/MMB29P) AppleWebKit/537.36 (KHTML, like Gecko) Chrome/150.0.7871.128 Mobile Safari/537.36 (compatible; GoogleOther)"
195.63.17.163 - - [26/Jul/2026:05:27:37 +0200] "GET /wp-content/plugins/skyqsfm/index.php?watchx=true HTTP/2" 403 26 "https://nordisk-netvaerk-neurorehab.com/wp-content/plugins/skyqsfm/index.php?watchx=true" "Mozilla/5.0 (Windows NT 10.0; Win64; x64) AppleWebKit/537.36 (KHTML, like Gecko) Chrome/119.0.0.0 Safari/537.36"
66.198.225.19 - - [26/Jul/2026:05:28:43 +0200] "GET /?wpanel=1&a=ping HTTP/1.1" 200 905 "-" "WPanel/1.0"
185.21.40.28 - - [26/Jul/2026:05:30:24 +0200] "POST /wp-cron.php?doing_wp_cron=1785036624.2698578834533691406250 HTTP/1.1" 200 474 "-" "zElfSMkpDYFy"
66.249.70.100 - - [26/Jul/2026:05:30:14 +0200] "GET /dp/655cf9c51518112 HTTP/1.1" 404 13394 "-" "Mozilla/5.0 (Linux; Android 6.0.1; Nexus 5X Build/MMB29P) AppleWebKit/537.36 (KHTML, like Gecko) Chrome/150.0.7871.128 Mobile Safari/537.36 (compatible; GoogleOther)"
66.198.225.19 - - [26/Jul/2026:05:30:57 +0200] "GET /?wpanel=1&a=ping HTTP/1.1" 200 905 "-" "WPanel/1.0"
185.21.40.28 - - [26/Jul/2026:05:32:16 +0200] "POST /wp-cron.php?doing_wp_cron=1785036736.7367830276489257812500 HTTP/1.1" 200 474 "-" "YhWm3TyG9Zpo"
45.130.83.152 - - [26/Jul/2026:05:32:11 +0200] "POST /wp-login.php HTTP/1.1" 200 18675 "-" "Mozilla/5.0"
185.21.40.28 - - [26/Jul/2026:05:32:29 +0200] "POST /wp-cron.php?doing_wp_cron=1785036749.2414300441741943359375 HTTP/1.1" 200 474 "-" "ijxWbB9zlD7a"
66.249.70.100 - - [26/Jul/2026:05:32:25 +0200] "GET /dp/c6de77821866172 HTTP/1.1" 404 13394 "-" "Mozilla/5.0 (Linux; Android 6.0.1; Nexus 5X Build/MMB29P) AppleWebKit/537.36 (KHTML, like Gecko) Chrome/150.0.7871.128 Mobile Safari/537.36 (compatible; GoogleOther)"
43.162.103.213 - - [26/Jul/2026:05:33:28 +0200] "GET /wp-content/uploads/Bodil-Eskesen-Danmark-1-768x512.webp HTTP/1.1" 200 44340 "-" "Mozilla/5.0 (iPhone; CPU iPhone OS 13_2_3 like Mac OS X) AppleWebKit/605.1.15 (KHTML, like Gecko) Version/13.0.3 Mobile/15E148 Safari/604.1"
66.198.225.19 - - [26/Jul/2026:05:35:38 +0200] "GET /?wpanel=1&a=ping HTTP/1.1" 200 905 "-" "WPanel/1.0"
66.198.225.19 - - [26/Jul/2026:05:39:19 +0200] "GET /?wpanel=1&a=ping HTTP/1.1" 200 905 "-" "WPanel/1.0"
167.86.107.171 - - [26/Jul/2026:05:41:27 +0200] "GET /wp-admin/css/ HTTP/1.1" 404 411 "binance.com" "Mozilla/5.0 (Windows NT 10.0; Win64; x64) AppleWebKit/537.36 (KHTML, like Gecko) Chrome/90.0.4430.85 Safari/537.36"
66.198.225.19 - - [26/Jul/2026:05:41:26 +0200] "GET /?wpanel=1&a=ping HTTP/1.1" 200 905 "-" "WPanel/1.0"
185.21.40.28 - - [26/Jul/2026:05:41:39 +0200] "POST /wp-cron.php?doing_wp_cron=1785037299.0949521064758300781250 HTTP/1.1" 200 474 "-" "4PVyN0lAMOsD"
167.86.107.171 - - [26/Jul/2026:05:41:34 +0200] "GET /.well-known/ HTTP/1.1" 404 14827 "binance.com" "Mozilla/5.0 (Windows NT 10.0; Win64; x64) AppleWebKit/537.36 (KHTML, like Gecko) Chrome/90.0.4430.85 Safari/537.36"
167.86.107.171 - - [26/Jul/2026:05:41:44 +0200] "GET /sites/default/files/ HTTP/1.1" 404 14611 "binance.com" "Mozilla/5.0 (Windows NT 10.0; Win64; x64) AppleWebKit/537.36 (KHTML, like Gecko) Chrome/90.0.4430.85 Safari/537.36"
167.86.107.171 - - [26/Jul/2026:05:41:50 +0200] "GET /admin/controller/extension/extension/ HTTP/1.1" 404 14773 "binance.com" "Mozilla/5.0 (Windows NT 10.0; Win64; x64) AppleWebKit/537.36 (KHTML, like Gecko) Chrome/90.0.4430.85 Safari/537.36"
167.86.107.171 - - [26/Jul/2026:05:41:56 +0200] "GET /uploads/ HTTP/1.1" 404 14667 "binance.com" "Mozilla/5.0 (Windows NT 10.0; Win64; x64) AppleWebKit/537.36 (KHTML, like Gecko) Chrome/90.0.4430.85 Safari/537.36"
167.86.107.171 - - [26/Jul/2026:05:42:04 +0200] "GET /images/ HTTP/1.1" 404 411 "binance.com" "Mozilla/5.0 (Windows NT 10.0; Win64; x64) AppleWebKit/537.36 (KHTML, like Gecko) Chrome/90.0.4430.85 Safari/537.36"
167.86.107.171 - - [26/Jul/2026:05:42:16 +0200] "GET /files/ HTTP/1.1" 404 14666 "binance.com" "Mozilla/5.0 (Windows NT 10.0; Win64; x64) AppleWebKit/537.36 (KHTML, like Gecko) Chrome/90.0.4430.85 Safari/537.36"
43.153.49.151 - - [26/Jul/2026:05:42:17 +0200] "GET /nordic-network-for-neurorehabilitation-meeting-2022/ HTTP/1.1" 200 17815 "-" "Mozilla/5.0 (iPhone; CPU iPhone OS 13_2_3 like Mac OS X) AppleWebKit/605.1.15 (KHTML, like Gecko) Version/13.0.3 Mobile/15E148 Safari/604.1"
185.21.40.28 - - [26/Jul/2026:05:42:58 +0200] "POST /wp-cron.php?doing_wp_cron=1785037378.5505819320678710937500 HTTP/1.1" 200 474 "-" "7pYNRWQt87CB"
57.141.0.5 - - [26/Jul/2026:05:42:57 +0200] "GET /dp/290f65c83048603 HTTP/2" 404 56744 "-" "Mozilla/5.0 (Windows NT 10.0; Win64; x64) AppleWebKit/537.36 (KHTML, like Gecko) Chrome/145.0.0.0 Safari/537.36 (compatible; meta-externalagent/1.1 (+https://developers.facebook.com/docs/sharing/webmasters/crawler))"
66.198.225.19 - - [26/Jul/2026:05:46:10 +0200] "GET /?wpanel=1&a=ping HTTP/1.1" 200 905 "-" "WPanel/1.0"
185.21.40.28 - - [26/Jul/2026:05:52:11 +0200] "POST /wp-cron.php?doing_wp_cron=1785037931.6452980041503906250000 HTTP/1.1" 200 474 "-" "WK6zu2ggulxj"
48.214.54.32 - - [26/Jul/2026:05:52:05 +0200] "GET /wp-login.php HTTP/1.1" 200 6192 "-" "Mozilla/5.0 (X11; Linux x86_64) AppleWebKit/537.36 (KHTML, like Gecko) Chrome/120.0.0.0 Safari/537.36"
185.21.40.28 - - [26/Jul/2026:05:52:12 +0200] "POST /wp-cron.php?doing_wp_cron=1785037932.9009459018707275390625 HTTP/1.1" 200 474 "-" "9m1giVmWXXHj"
43.153.71.12 - - [26/Jul/2026:05:52:05 +0200] "GET /nordic-network-for-neurorehabilitation-meeting-2025/ HTTP/1.1" 200 17302 "-" "Mozilla/5.0 (iPhone; CPU iPhone OS 13_2_3 like Mac OS X) AppleWebKit/605.1.15 (KHTML, like Gecko) Version/13.0.3 Mobile/15E148 Safari/604.1"
66.198.225.19 - - [26/Jul/2026:05:55:40 +0200] "GET /?wpanel=1&a=ping HTTP/1.1" 200 905 "-" "WPanel/1.0"
66.198.225.19 - - [26/Jul/2026:05:57:23 +0200] "GET /?wpanel=1&a=ping HTTP/1.1" 200 905 "-" "WPanel/1.0"
185.21.40.28 - - [26/Jul/2026:06:00:33 +0200] "POST /wp-cron.php?doing_wp_cron=1785038433.4039978981018066406250 HTTP/1.1" 200 474 "-" "ZLRC1axnVdwG"
66.249.70.100 - - [26/Jul/2026:06:00:22 +0200] "GET /dp/71455154419438 HTTP/1.1" 404 13394 "-" "Mozilla/5.0 (Linux; Android 6.0.1; Nexus 5X Build/MMB29P) AppleWebKit/537.36 (KHTML, like Gecko) Chrome/150.0.7871.128 Mobile Safari/537.36 (compatible; GoogleOther)"
185.21.40.28 - - [26/Jul/2026:06:01:44 +0200] "POST /wp-cron.php?doing_wp_cron=1785038504.3457379341125488281250 HTTP/1.1" 200 474 "-" "k4NV2NyBP5za"
43.166.250.187 - - [26/Jul/2026:06:01:41 +0200] "GET /wp-json/wp/v2/posts/2128 HTTP/1.1" 200 5879 "-" "Mozilla/5.0 (iPhone; CPU iPhone OS 13_2_3 like Mac OS X) AppleWebKit/605.1.15 (KHTML, like Gecko) Version/13.0.3 Mobile/15E148 Safari/604.1"
92.222.104.215 - - [26/Jul/2026:06:03:37 +0200] "GET /robots.txt HTTP/2" 200 97 "-" "Mozilla/5.0 (compatible; AhrefsBot/7.0; +http://ahrefs.com/robot/)"
185.21.40.28 - - [26/Jul/2026:06:03:51 +0200] "POST /wp-cron.php?doing_wp_cron=1785038631.8063869476318359375000 HTTP/1.1" 200 474 "-" "0iO58OJdr9Kt"
5.39.1.244 - - [26/Jul/2026:06:03:41 +0200] "GET / HTTP/2" 200 16721 "-" "Mozilla/5.0 (compatible; AhrefsBot/7.0; +http://ahrefs.com/robot/)"
66.249.70.101 - - [26/Jul/2026:06:03:57 +0200] "GET /dp/22440d0b2143231 HTTP/1.1" 404 13394 "-" "Mozilla/5.0 (Linux; Android 6.0.1; Nexus 5X Build/MMB29P) AppleWebKit/537.36 (KHTML, like Gecko) Chrome/150.0.7871.128 Mobile Safari/537.36 (compatible; GoogleOther)"
66.198.225.19 - - [26/Jul/2026:06:04:01 +0200] "GET /?wpanel=1&a=ping HTTP/1.1" 200 905 "-" "WPanel/1.0"
51.68.247.207 - - [26/Jul/2026:06:04:54 +0200] "GET /wp-content/uploads/elementor/css/post-1070.css?ver=1785006626 HTTP/2" 200 1546 "-" "Mozilla/5.0 (compatible; AhrefsBot/7.0; +http://ahrefs.com/robot/)"
37.59.204.152 - - [26/Jul/2026:06:04:55 +0200] "GET /wp-content/plugins/elementor/assets/lib/swiper/v8/css/swiper.min.css?ver=8.4.5 HTTP/2" 200 4248 "-" "Mozilla/5.0 (compatible; AhrefsBot/7.0; +http://ahrefs.com/robot/)"
5.39.1.234 - - [26/Jul/2026:06:04:55 +0200] "GET /wp-content/plugins/elementor/assets/css/conditionals/e-swiper.min.css?ver=4.0.7 HTTP/2" 200 699 "-" "Mozilla/5.0 (compatible; AhrefsBot/7.0; +http://ahrefs.com/robot/)"
92.222.104.212 - - [26/Jul/2026:06:04:57 +0200] "GET /wp-content/uploads/elementor/css/post-1045.css?ver=1785005506 HTTP/2" 200 1253 "-" "Mozilla/5.0 (compatible; AhrefsBot/7.0; +http://ahrefs.com/robot/)"
51.68.247.202 - - [26/Jul/2026:06:04:58 +0200] "GET /wp-content/uploads/elementor/css/post-1051.css?ver=1785005506 HTTP/2" 200 1543 "-" "Mozilla/5.0 (compatible; AhrefsBot/7.0; +http://ahrefs.com/robot/)"
92.222.104.207 - - [26/Jul/2026:06:05:00 +0200] "GET /wp-content/plugins/elementor-pro/assets/css/widget-loop-carousel.min.css?ver=4.0.4 HTTP/2" 200 1244 "-" "Mozilla/5.0 (compatible; AhrefsBot/7.0; +http://ahrefs.com/robot/)"
37.59.204.149 - - [26/Jul/2026:06:05:00 +0200] "GET /wp-content/uploads/elementor/css/post-1041.css?ver=1785005506 HTTP/2" 200 925 "-" "Mozilla/5.0 (compatible; AhrefsBot/7.0; +http://ahrefs.com/robot/)"
185.21.40.28 - - [26/Jul/2026:06:05:05 +0200] "POST /wp-cron.php?doing_wp_cron=1785038704.9945819377899169921875 HTTP/1.1" 200 474 "-" "nt1AHAorcsUu"
45.130.83.170 - - [26/Jul/2026:06:05:02 +0200] "POST /wp-login.php HTTP/1.1" 200 18675 "-" "Mozilla/5.0"
185.21.40.28 - - [26/Jul/2026:06:05:21 +0200] "POST /wp-cron.php?doing_wp_cron=1785038721.2664151191711425781250 HTTP/1.1" 200 474 "-" "8Fv6pBx3E9BC"
66.249.70.101 - - [26/Jul/2026:06:05:19 +0200] "GET /dp/e12226983875521 HTTP/1.1" 404 13393 "-" "Mozilla/5.0 (Linux; Android 6.0.1; Nexus 5X Build/MMB29P) AppleWebKit/537.36 (KHTML, like Gecko) Chrome/150.0.7871.128 Mobile Safari/537.36 (compatible; GoogleOther)"
185.21.40.28 - - [26/Jul/2026:06:07:37 +0200] "POST /wp-cron.php?doing_wp_cron=1785038856.9744849205017089843750 HTTP/1.1" 200 474 "-" "k7BSsvGT6JoI"
43.140.247.223 - - [26/Jul/2026:06:07:32 +0200] "GET / HTTP/1.1" 200 20246 "http://www.nordisk-netvaerk-neurorehab.com" "Mozilla/5.0 (iPhone; CPU iPhone OS 13_2_3 like Mac OS X) AppleWebKit/605.1.15 (KHTML, like Gecko) Version/13.0.3 Mobile/15E148 Safari/604.1"
185.21.40.28 - - [26/Jul/2026:06:11:04 +0200] "POST /wp-cron.php?doing_wp_cron=1785039064.0422360897064208984375 HTTP/1.1" 200 474 "-" "x2F87Kfb0jiy"
43.165.174.53 - - [26/Jul/2026:06:10:56 +0200] "GET /?p=2128 HTTP/1.1" 301 759 "-" "Mozilla/5.0 (iPhone; CPU iPhone OS 13_2_3 like Mac OS X) AppleWebKit/605.1.15 (KHTML, like Gecko) Version/13.0.3 Mobile/15E148 Safari/604.1"
43.165.174.53 - - [26/Jul/2026:06:11:06 +0200] "GET /nordic-network-for-neurorehabilitation-meeting-2025/ HTTP/1.1" 200 17138 "https://nordisk-netvaerk-neurorehab.com/?p=2128" "Mozilla/5.0 (iPhone; CPU iPhone OS 13_2_3 like Mac OS X) AppleWebKit/605.1.15 (KHTML, like Gecko) Version/13.0.3 Mobile/15E148 Safari/604.1"
185.21.40.28 - - [26/Jul/2026:06:13:15 +0200] "POST /wp-cron.php?doing_wp_cron=1785039195.1181190013885498046875 HTTP/1.1" 200 474 "-" "cuGIZx7VwOQr"
66.249.70.101 - - [26/Jul/2026:06:13:08 +0200] "GET /dp/575433405190800 HTTP/1.1" 404 13394 "-" "Mozilla/5.0 (Linux; Android 6.0.1; Nexus 5X Build/MMB29P) AppleWebKit/537.36 (KHTML, like Gecko) Chrome/150.0.7871.128 Mobile Safari/537.36 (compatible; GoogleOther)"
179.65.207.99 - - [26/Jul/2026:06:15:42 +0200] "POST /xmlrpc.php HTTP/1.1" 200 0 "-" "Mozilla/5.0 (X11; Ubuntu; Linux x86_64; x64) AppleWebKit/537.36 (KHTML, like Gecko) Edge/80.0.0.0 Safari/537.36"
66.198.225.19 - - [26/Jul/2026:06:16:16 +0200] "GET /?wpanel=1&a=ping HTTP/1.1" 200 905 "-" "WPanel/1.0"
66.198.225.19 - - [26/Jul/2026:06:17:05 +0200] "GET /?wpanel=1&a=ping HTTP/1.1" 200 905 "-" "WPanel/1.0"
40.77.167.30 - - [26/Jul/2026:06:18:44 +0200] "GET /rehabilitation-units/ HTTP/2" 200 26528 "-" "Mozilla/5.0 AppleWebKit/537.36 (KHTML, like Gecko; compatible; bingbot/2.0; +http://www.bing.com/bingbot.htm) Chrome/116.0.1938.76 Safari/537.36"
43.134.94.96 - - [26/Jul/2026:06:21:14 +0200] "GET /wp-content/uploads/NNN_program-2025_181125.pdf HTTP/1.1" 200 73116 "-" "Mozilla/5.0 (iPhone; CPU iPhone OS 13_2_3 like Mac OS X) AppleWebKit/605.1.15 (KHTML, like Gecko) Version/13.0.3 Mobile/15E148 Safari/604.1"
185.21.40.28 - - [26/Jul/2026:06:23:06 +0200] "POST /wp-cron.php?doing_wp_cron=1785039786.5891849994659423828125 HTTP/1.1" 200 474 "-" "RR5FrUTX9CSu"
66.249.70.100 - - [26/Jul/2026:06:22:58 +0200] "GET /dp/55c367ee5436338 HTTP/1.1" 404 13394 "-" "Mozilla/5.0 (Linux; Android 6.0.1; Nexus 5X Build/MMB29P) AppleWebKit/537.36 (KHTML, like Gecko) Chrome/150.0.7871.128 Mobile Safari/537.36 (compatible; GoogleOther)"
66.198.225.19 - - [26/Jul/2026:06:23:55 +0200] "GET /?wpanel=1&a=ping HTTP/1.1" 200 905 "-" "WPanel/1.0"
185.21.40.28 - - [26/Jul/2026:06:25:25 +0200] "POST /wp-cron.php?doing_wp_cron=1785039925.2613821029663085937500 HTTP/1.1" 200 474 "-" "6UpHfOu1hBQt"
62.60.130.230 - - [26/Jul/2026:06:25:20 +0200] "POST /?rest_route=/batch/v1 HTTP/1.1" 207 976 "-" "Mozilla/5.0"
62.60.130.230 - - [26/Jul/2026:06:25:25 +0200] "POST /?rest_route=/batch/v1 HTTP/1.1" 207 581749 "-" "Mozilla/5.0"
185.21.40.28 - - [26/Jul/2026:06:25:30 +0200] "POST /wp-cron.php?doing_wp_cron=1785039930.7098670005798339843750 HTTP/1.1" 200 474 "-" "jWfMAz4KZEpx"
62.60.130.230 - - [26/Jul/2026:06:25:29 +0200] "POST /wp-json/batch/v1 HTTP/1.1" 207 976 "-" "Mozilla/5.0"
62.60.130.230 - - [26/Jul/2026:06:25:30 +0200] "POST /wp-json/batch/v1 HTTP/1.1" 207 581749 "-" "Mozilla/5.0"
216.73.216.64 - - [26/Jul/2026:06:25:34 +0200] "GET /robots.txt HTTP/2" 200 97 "-" "Mozilla/5.0 AppleWebKit/537.36 (KHTML, like Gecko; compatible; ClaudeBot/1.0; +claudebot@anthropic.com)"
216.73.216.64 - - [26/Jul/2026:06:25:35 +0200] "GET /sitemap.xml HTTP/2" 301 109 "-" "Mozilla/5.0 AppleWebKit/537.36 (KHTML, like Gecko; compatible; ClaudeBot/1.0; +claudebot@anthropic.com)"
216.73.216.64 - - [26/Jul/2026:06:25:35 +0200] "GET /sitemap_index.xml HTTP/2" 200 382 "https://nordisk-netvaerk-neurorehab.com/sitemap.xml" "Mozilla/5.0 AppleWebKit/537.36 (KHTML, like Gecko; compatible; ClaudeBot/1.0; +claudebot@anthropic.com)"
185.21.40.28 - - [26/Jul/2026:06:27:43 +0200] "POST /wp-cron.php?doing_wp_cron=1785040063.2140209674835205078125 HTTP/1.1" 200 474 "-" "hFnBwxjbxJ4B"
66.249.70.102 - - [26/Jul/2026:06:27:36 +0200] "GET /dp/8f6558753715335 HTTP/1.1" 404 13378 "-" "Mozilla/5.0 (Linux; Android 6.0.1; Nexus 5X Build/MMB29P) AppleWebKit/537.36 (KHTML, like Gecko) Chrome/150.0.7871.128 Mobile Safari/537.36 (compatible; GoogleOther)"
185.21.40.28 - - [26/Jul/2026:06:29:43 +0200] "POST /wp-cron.php?doing_wp_cron=1785040183.4693720340728759765625 HTTP/1.1" 200 474 "-" "7BggFIlJ9e0w"
66.249.70.100 - - [26/Jul/2026:06:29:40 +0200] "GET /dp/e8159f69718473 HTTP/1.1" 404 13394 "-" "Mozilla/5.0 (Linux; Android 6.0.1; Nexus 5X Build/MMB29P) AppleWebKit/537.36 (KHTML, like Gecko) Chrome/150.0.7871.128 Mobile Safari/537.36 (compatible; GoogleOther)"
185.21.40.28 - - [26/Jul/2026:06:32:09 +0200] "POST /wp-cron.php?doing_wp_cron=1785040329.2608311176300048828125 HTTP/1.1" 200 474 "-" "tt3ew6KxbFbC"
43.153.71.132 - - [26/Jul/2026:06:32:03 +0200] "GET /wp-json/oembed/1.0/embed?url=https%3A%2F%2Fnordisk-netvaerk-neurorehab.com%2Fnordic-network-for-neurorehabilitation-meeting-2022%2F&format=xml HTTP/1.1" 200 2484 "-" "Mozilla/5.0 (iPhone; CPU iPhone OS 13_2_3 like Mac OS X) AppleWebKit/605.1.15 (KHTML, like Gecko) Version/13.0.3 Mobile/15E148 Safari/604.1"
156.253.14.14 - - [26/Jul/2026:06:35:33 +0200] "GET /sxallsitemap.xml HTTP/2" 200 13701 "-" "req/v3 (https://github.com/imroc/req)"
156.253.14.14 - - [26/Jul/2026:06:35:35 +0200] "GET /allsitemap.xml HTTP/2" 200 13869 "-" "req/v3 (https://github.com/imroc/req)"
66.198.225.19 - - [26/Jul/2026:06:35:31 +0200] "GET /?wpanel=1&a=ping HTTP/1.1" 200 905 "-" "WPanel/1.0"