185.21.40.28 - - [25/Jul/2026:21:05:07 +0200] "POST /wp-cron.php?doing_wp_cron=1785006307.2374129295349121093750 HTTP/1.1" 200 474 "-" "z3dJoTaApEmy"
216.73.217.117 - - [25/Jul/2026:21:05:14 +0200] "GET /dp/98f236621444512 HTTP/2" 404 12540 "-" "Mozilla/5.0 AppleWebKit/537.36 (KHTML, like Gecko; compatible; ClaudeBot/1.0; +claudebot@anthropic.com)"
185.21.40.28 - - [25/Jul/2026:21:05:27 +0200] "POST /wp-cron.php?doing_wp_cron=1785006327.1182489395141601562500 HTTP/1.1" 200 474 "-" "XYdX2HFhBwZy"
216.73.217.117 - - [25/Jul/2026:21:05:24 +0200] "GET /dp/d165421c4437526 HTTP/2" 404 12531 "-" "Mozilla/5.0 AppleWebKit/537.36 (KHTML, like Gecko; compatible; ClaudeBot/1.0; +claudebot@anthropic.com)"
216.73.217.117 - - [25/Jul/2026:21:05:34 +0200] "GET /dp/3557d2694271995 HTTP/2" 404 12539 "-" "Mozilla/5.0 AppleWebKit/537.36 (KHTML, like Gecko; compatible; ClaudeBot/1.0; +claudebot@anthropic.com)"
36.37.165.188 - - [25/Jul/2026:21:05:34 +0200] "GET /sftp-config.json HTTP/2" 404 12540 "-" "Mozilla/5.0 (Windows NT 10.0; Win64; x64) AppleWebKit/537.36 (KHTML, like Gecko) Chrome/150.0.0.0 Safari/537.36"
36.37.165.188 - - [25/Jul/2026:21:05:39 +0200] "GET /wp-includes/css/dist/block-library/style.min.css?ver=6.9.4 HTTP/2" 200 14889 "https://nordisk-netvaerk-neurorehab.com/sftp-config.json" "Mozilla/5.0 (Windows NT 10.0; Win64; x64) AppleWebKit/537.36 (KHTML, like Gecko) Chrome/150.0.0.0 Safari/537.36"
36.37.165.188 - - [25/Jul/2026:21:05:39 +0200] "GET /wp-content/plugins/honeypot/includes/css/wpa.css?ver=2.3.04 HTTP/2" 200 249 "https://nordisk-netvaerk-neurorehab.com/sftp-config.json" "Mozilla/5.0 (Windows NT 10.0; Win64; x64) AppleWebKit/537.36 (KHTML, like Gecko) Chrome/150.0.0.0 Safari/537.36"
36.37.165.188 - - [25/Jul/2026:21:05:39 +0200] "GET /wp-content/plugins/complianz-gdpr/assets/css/cookieblocker.min.css?ver=1778071862 HTTP/2" 200 615 "https://nordisk-netvaerk-neurorehab.com/sftp-config.json" "Mozilla/5.0 (Windows NT 10.0; Win64; x64) AppleWebKit/537.36 (KHTML, like Gecko) Chrome/150.0.0.0 Safari/537.36"
36.37.165.188 - - [25/Jul/2026:21:05:46 +0200] "GET /wp-content/themes/hello-elementor/assets/css/reset.css?ver=3.4.7 HTTP/3" 200 1581 "https://nordisk-netvaerk-neurorehab.com/sftp-config.json" "Mozilla/5.0 (Windows NT 10.0; Win64; x64) AppleWebKit/537.36 (KHTML, like Gecko) Chrome/150.0.0.0 Safari/537.36"
36.37.165.188 - - [25/Jul/2026:21:05:46 +0200] "GET /wp-content/themes/hello-elementor/assets/css/theme.css?ver=3.4.7 HTTP/3" 200 1126 "https://nordisk-netvaerk-neurorehab.com/sftp-config.json" "Mozilla/5.0 (Windows NT 10.0; Win64; x64) AppleWebKit/537.36 (KHTML, like Gecko) Chrome/150.0.0.0 Safari/537.36"
36.37.165.188 - - [25/Jul/2026:21:05:46 +0200] "GET /wp-content/themes/hello-elementor/assets/css/header-footer.css?ver=3.4.7 HTTP/3" 200 1261 "https://nordisk-netvaerk-neurorehab.com/sftp-config.json" "Mozilla/5.0 (Windows NT 10.0; Win64; x64) AppleWebKit/537.36 (KHTML, like Gecko) Chrome/150.0.0.0 Safari/537.36"
216.73.217.117 - - [25/Jul/2026:21:05:44 +0200] "GET /dp/12549f964294847 HTTP/2" 404 12540 "-" "Mozilla/5.0 AppleWebKit/537.36 (KHTML, like Gecko; compatible; ClaudeBot/1.0; +claudebot@anthropic.com)"
66.198.225.19 - - [25/Jul/2026:21:05:45 +0200] "GET /?wpanel=1&a=ping HTTP/1.1" 200 905 "-" "WPanel/1.0"
36.37.165.188 - - [25/Jul/2026:21:05:47 +0200] "GET /wp-content/plugins/elementor/assets/css/frontend.min.css?ver=4.0.7 HTTP/3" 200 6613 "https://nordisk-netvaerk-neurorehab.com/sftp-config.json" "Mozilla/5.0 (Windows NT 10.0; Win64; x64) AppleWebKit/537.36 (KHTML, like Gecko) Chrome/150.0.0.0 Safari/537.36"
36.37.165.188 - - [25/Jul/2026:21:05:47 +0200] "GET /wp-content/plugins/elementor/assets/css/widget-image.min.css?ver=4.0.7 HTTP/3" 200 96 "https://nordisk-netvaerk-neurorehab.com/sftp-config.json" "Mozilla/5.0 (Windows NT 10.0; Win64; x64) AppleWebKit/537.36 (KHTML, like Gecko) Chrome/150.0.0.0 Safari/537.36"
36.37.165.188 - - [25/Jul/2026:21:05:47 +0200] "GET /wp-content/plugins/elementor-pro/assets/css/widget-nav-menu.min.css?ver=4.0.4 HTTP/3" 200 3241 "https://nordisk-netvaerk-neurorehab.com/sftp-config.json" "Mozilla/5.0 (Windows NT 10.0; Win64; x64) AppleWebKit/537.36 (KHTML, like Gecko) Chrome/150.0.0.0 Safari/537.36"
36.37.165.188 - - [25/Jul/2026:21:05:48 +0200] "GET /wp-content/plugins/elementor-pro/assets/css/modules/sticky.min.css?ver=4.0.4 HTTP/3" 200 162 "https://nordisk-netvaerk-neurorehab.com/sftp-config.json" "Mozilla/5.0 (Windows NT 10.0; Win64; x64) AppleWebKit/537.36 (KHTML, like Gecko) Chrome/150.0.0.0 Safari/537.36"
36.37.165.188 - - [25/Jul/2026:21:05:48 +0200] "GET /wp-content/plugins/elementor/assets/css/widget-icon-list.min.css?ver=4.0.7 HTTP/3" 200 928 "https://nordisk-netvaerk-neurorehab.com/sftp-config.json" "Mozilla/5.0 (Windows NT 10.0; Win64; x64) AppleWebKit/537.36 (KHTML, like Gecko) Chrome/150.0.0.0 Safari/537.36"
36.37.165.188 - - [25/Jul/2026:21:05:48 +0200] "GET /wp-content/plugins/elementor/assets/css/widget-heading.min.css?ver=4.0.7 HTTP/3" 200 126 "https://nordisk-netvaerk-neurorehab.com/sftp-config.json" "Mozilla/5.0 (Windows NT 10.0; Win64; x64) AppleWebKit/537.36 (KHTML, like Gecko) Chrome/150.0.0.0 Safari/537.36"
36.37.165.188 - - [25/Jul/2026:21:05:48 +0200] "GET /wp-content/plugins/elementor/assets/lib/animations/styles/slideInUp.min.css?ver=4.0.7 HTTP/3" 200 146 "https://nordisk-netvaerk-neurorehab.com/sftp-config.json" "Mozilla/5.0 (Windows NT 10.0; Win64; x64) AppleWebKit/537.36 (KHTML, like Gecko) Chrome/150.0.0.0 Safari/537.36"
36.37.165.188 - - [25/Jul/2026:21:05:48 +0200] "GET /wp-content/plugins/elementor/assets/lib/eicons/css/elementor-icons.min.css?ver=5.48.0 HTTP/3" 200 4087 "https://nordisk-netvaerk-neurorehab.com/sftp-config.json" "Mozilla/5.0 (Windows NT 10.0; Win64; x64) AppleWebKit/537.36 (KHTML, like Gecko) Chrome/150.0.0.0 Safari/537.36"
36.37.165.188 - - [25/Jul/2026:21:05:49 +0200] "GET /wp-content/uploads/elementor/css/post-1041.css?ver=1785005506 HTTP/3" 200 925 "https://nordisk-netvaerk-neurorehab.com/sftp-config.json" "Mozilla/5.0 (Windows NT 10.0; Win64; x64) AppleWebKit/537.36 (KHTML, like Gecko) Chrome/150.0.0.0 Safari/537.36"
36.37.165.188 - - [25/Jul/2026:21:05:49 +0200] "GET /wp-content/plugins/elementor/assets/lib/font-awesome/css/v4-shims.min.css?ver=4.0.7 HTTP/3" 200 3987 "https://nordisk-netvaerk-neurorehab.com/sftp-config.json" "Mozilla/5.0 (Windows NT 10.0; Win64; x64) AppleWebKit/537.36 (KHTML, like Gecko) Chrome/150.0.0.0 Safari/537.36"
36.37.165.188 - - [25/Jul/2026:21:05:49 +0200] "GET /wp-content/plugins/elementor/assets/lib/font-awesome/css/all.min.css?ver=4.0.7 HTTP/3" 200 12380 "https://nordisk-netvaerk-neurorehab.com/sftp-config.json" "Mozilla/5.0 (Windows NT 10.0; Win64; x64) AppleWebKit/537.36 (KHTML, like Gecko) Chrome/150.0.0.0 Safari/537.36"
36.37.165.188 - - [25/Jul/2026:21:05:49 +0200] "GET /wp-content/uploads/elementor/css/post-1051.css?ver=1785005506 HTTP/3" 200 1543 "https://nordisk-netvaerk-neurorehab.com/sftp-config.json" "Mozilla/5.0 (Windows NT 10.0; Win64; x64) AppleWebKit/537.36 (KHTML, like Gecko) Chrome/150.0.0.0 Safari/537.36"
36.37.165.188 - - [25/Jul/2026:21:05:50 +0200] "GET /wp-content/plugins/aveo-elementor/content/dynamic-tags/scroll-to-top/scroll-to-top.css?ver=1778071857 HTTP/3" 200 37 "https://nordisk-netvaerk-neurorehab.com/sftp-config.json" "Mozilla/5.0 (Windows NT 10.0; Win64; x64) AppleWebKit/537.36 (KHTML, like Gecko) Chrome/150.0.0.0 Safari/537.36"
36.37.165.188 - - [25/Jul/2026:21:05:50 +0200] "GET /wp-content/uploads/elementor/css/post-1045.css?ver=1785005506 HTTP/3" 200 1253 "https://nordisk-netvaerk-neurorehab.com/sftp-config.json" "Mozilla/5.0 (Windows NT 10.0; Win64; x64) AppleWebKit/537.36 (KHTML, like Gecko) Chrome/150.0.0.0 Safari/537.36"
36.37.165.188 - - [25/Jul/2026:21:05:50 +0200] "GET /wp-content/uploads/elementor/css/post-1060.css?ver=1785005506 HTTP/3" 200 1097 "https://nordisk-netvaerk-neurorehab.com/sftp-config.json" "Mozilla/5.0 (Windows NT 10.0; Win64; x64) AppleWebKit/537.36 (KHTML, like Gecko) Chrome/150.0.0.0 Safari/537.36"
36.37.165.188 - - [25/Jul/2026:21:05:50 +0200] "GET /wp-content/themes/aveo-child/style.css?ver=1.0 HTTP/3" 200 161 "https://nordisk-netvaerk-neurorehab.com/sftp-config.json" "Mozilla/5.0 (Windows NT 10.0; Win64; x64) AppleWebKit/537.36 (KHTML, like Gecko) Chrome/150.0.0.0 Safari/537.36"
36.37.165.188 - - [25/Jul/2026:21:05:50 +0200] "GET /wp-content/uploads/elementor/google-fonts/css/poppins.css?ver=1751966186 HTTP/3" 200 791 "https://nordisk-netvaerk-neurorehab.com/sftp-config.json" "Mozilla/5.0 (Windows NT 10.0; Win64; x64) AppleWebKit/537.36 (KHTML, like Gecko) Chrome/150.0.0.0 Safari/537.36"
36.37.165.188 - - [25/Jul/2026:21:05:51 +0200] "GET /wp-includes/js/jquery/jquery.min.js?ver=3.7.1 HTTP/3" 200 29744 "https://nordisk-netvaerk-neurorehab.com/sftp-config.json" "Mozilla/5.0 (Windows NT 10.0; Win64; x64) AppleWebKit/537.36 (KHTML, like Gecko) Chrome/150.0.0.0 Safari/537.36"
36.37.165.188 - - [25/Jul/2026:21:05:51 +0200] "GET /wp-includes/js/jquery/jquery-migrate.min.js?ver=3.4.1 HTTP/3" 200 4678 "https://nordisk-netvaerk-neurorehab.com/sftp-config.json" "Mozilla/5.0 (Windows NT 10.0; Win64; x64) AppleWebKit/537.36 (KHTML, like Gecko) Chrome/150.0.0.0 Safari/537.36"
36.37.165.188 - - [25/Jul/2026:21:05:51 +0200] "GET /wp-content/plugins/elementor/assets/lib/font-awesome/js/v4-shims.min.js?ver=4.0.7 HTTP/3" 200 4042 "https://nordisk-netvaerk-neurorehab.com/sftp-config.json" "Mozilla/5.0 (Windows NT 10.0; Win64; x64) AppleWebKit/537.36 (KHTML, like Gecko) Chrome/150.0.0.0 Safari/537.36"
36.37.165.188 - - [25/Jul/2026:21:05:52 +0200] "GET /wp-content/uploads/primary_charcoal-web.svg HTTP/3" 200 4101 "https://nordisk-netvaerk-neurorehab.com/sftp-config.json" "Mozilla/5.0 (Windows NT 10.0; Win64; x64) AppleWebKit/537.36 (KHTML, like Gecko) Chrome/150.0.0.0 Safari/537.36"
36.37.165.188 - - [25/Jul/2026:21:05:52 +0200] "GET /wp-content/plugins/honeypot/includes/js/wpa.js?ver=2.3.04 HTTP/3" 200 1766 "https://nordisk-netvaerk-neurorehab.com/sftp-config.json" "Mozilla/5.0 (Windows NT 10.0; Win64; x64) AppleWebKit/537.36 (KHTML, like Gecko) Chrome/150.0.0.0 Safari/537.36"
36.37.165.188 - - [25/Jul/2026:21:05:52 +0200] "GET /wp-content/plugins/elementor/assets/js/webpack.runtime.min.js?ver=4.0.7 HTTP/3" 200 2280 "https://nordisk-netvaerk-neurorehab.com/sftp-config.json" "Mozilla/5.0 (Windows NT 10.0; Win64; x64) AppleWebKit/537.36 (KHTML, like Gecko) Chrome/150.0.0.0 Safari/537.36"
36.37.165.188 - - [25/Jul/2026:21:05:52 +0200] "GET /wp-content/plugins/elementor/assets/js/frontend-modules.min.js?ver=4.0.7 HTTP/3" 200 15445 "https://nordisk-netvaerk-neurorehab.com/sftp-config.json" "Mozilla/5.0 (Windows NT 10.0; Win64; x64) AppleWebKit/537.36 (KHTML, like Gecko) Chrome/150.0.0.0 Safari/537.36"
36.37.165.188 - - [25/Jul/2026:21:05:53 +0200] "GET /wp-includes/js/jquery/ui/core.min.js?ver=1.13.3 HTTP/3" 200 6812 "https://nordisk-netvaerk-neurorehab.com/sftp-config.json" "Mozilla/5.0 (Windows NT 10.0; Win64; x64) AppleWebKit/537.36 (KHTML, like Gecko) Chrome/150.0.0.0 Safari/537.36"
36.37.165.188 - - [25/Jul/2026:21:05:53 +0200] "GET /wp-content/plugins/elementor/assets/js/frontend.min.js?ver=4.0.7 HTTP/3" 200 10050 "https://nordisk-netvaerk-neurorehab.com/sftp-config.json" "Mozilla/5.0 (Windows NT 10.0; Win64; x64) AppleWebKit/537.36 (KHTML, like Gecko) Chrome/150.0.0.0 Safari/537.36"
36.37.165.188 - - [25/Jul/2026:21:05:54 +0200] "GET /wp-content/plugins/elementor-pro/assets/lib/smartmenus/jquery.smartmenus.min.js?ver=1.2.1 HTTP/3" 200 6867 "https://nordisk-netvaerk-neurorehab.com/sftp-config.json" "Mozilla/5.0 (Windows NT 10.0; Win64; x64) AppleWebKit/537.36 (KHTML, like Gecko) Chrome/150.0.0.0 Safari/537.36"
36.37.165.188 - - [25/Jul/2026:21:05:54 +0200] "GET /wp-content/plugins/elementor-pro/assets/lib/sticky/jquery.sticky.min.js?ver=4.0.4 HTTP/3" 200 1442 "https://nordisk-netvaerk-neurorehab.com/sftp-config.json" "Mozilla/5.0 (Windows NT 10.0; Win64; x64) AppleWebKit/537.36 (KHTML, like Gecko) Chrome/150.0.0.0 Safari/537.36"
36.37.165.188 - - [25/Jul/2026:21:05:55 +0200] "GET /wp-content/plugins/aveo-elementor/content/dynamic-tags/go-back/go-back.js?ver=1778071857 HTTP/3" 200 383 "https://nordisk-netvaerk-neurorehab.com/sftp-config.json" "Mozilla/5.0 (Windows NT 10.0; Win64; x64) AppleWebKit/537.36 (KHTML, like Gecko) Chrome/150.0.0.0 Safari/537.36"
36.37.165.188 - - [25/Jul/2026:21:05:55 +0200] "GET /wp-content/plugins/elementor-pro/assets/js/webpack-pro.runtime.min.js?ver=4.0.4 HTTP/3" 200 2611 "https://nordisk-netvaerk-neurorehab.com/sftp-config.json" "Mozilla/5.0 (Windows NT 10.0; Win64; x64) AppleWebKit/537.36 (KHTML, like Gecko) Chrome/150.0.0.0 Safari/537.36"
36.37.165.188 - - [25/Jul/2026:21:05:55 +0200] "GET /wp-includes/js/dist/hooks.min.js?ver=dd5603f07f9220ed27f1 HTTP/3" 200 1852 "https://nordisk-netvaerk-neurorehab.com/sftp-config.json" "Mozilla/5.0 (Windows NT 10.0; Win64; x64) AppleWebKit/537.36 (KHTML, like Gecko) Chrome/150.0.0.0 Safari/537.36"
36.37.165.188 - - [25/Jul/2026:21:05:55 +0200] "GET /wp-includes/js/dist/i18n.min.js?ver=c26c3dc7bed366793375 HTTP/3" 200 2119 "https://nordisk-netvaerk-neurorehab.com/sftp-config.json" "Mozilla/5.0 (Windows NT 10.0; Win64; x64) AppleWebKit/537.36 (KHTML, like Gecko) Chrome/150.0.0.0 Safari/537.36"
36.37.165.188 - - [25/Jul/2026:21:05:57 +0200] "GET /wp-content/plugins/elementor-pro/assets/js/frontend.min.js?ver=4.0.4 HTTP/3" 200 6191 "https://nordisk-netvaerk-neurorehab.com/sftp-config.json" "Mozilla/5.0 (Windows NT 10.0; Win64; x64) AppleWebKit/537.36 (KHTML, like Gecko) Chrome/150.0.0.0 Safari/537.36"
36.37.165.188 - - [25/Jul/2026:21:05:57 +0200] "GET /wp-content/plugins/elementor-pro/assets/js/elements-handlers.min.js?ver=4.0.4 HTTP/3" 200 10079 "https://nordisk-netvaerk-neurorehab.com/sftp-config.json" "Mozilla/5.0 (Windows NT 10.0; Win64; x64) AppleWebKit/537.36 (KHTML, like Gecko) Chrome/150.0.0.0 Safari/537.36"
36.37.165.188 - - [25/Jul/2026:21:05:58 +0200] "GET /wp-content/plugins/complianz-gdpr/cookiebanner/js/complianz.min.js?ver=1778071862 HTTP/3" 200 10477 "https://nordisk-netvaerk-neurorehab.com/sftp-config.json" "Mozilla/5.0 (Windows NT 10.0; Win64; x64) AppleWebKit/537.36 (KHTML, like Gecko) Chrome/150.0.0.0 Safari/537.36"
36.37.165.188 - - [25/Jul/2026:21:05:58 +0200] "GET /wp-content/uploads/elementor/google-fonts/fonts/poppins-pxieyp8kv8jhgfvrjjfecg.woff2 HTTP/3" 200 7884 "https://nordisk-netvaerk-neurorehab.com/wp-content/uploads/elementor/google-fonts/css/poppins.css?ver=1751966186" "Mozilla/5.0 (Windows NT 10.0; Win64; x64) AppleWebKit/537.36 (KHTML, like Gecko) Chrome/150.0.0.0 Safari/537.36"
36.37.165.188 - - [25/Jul/2026:21:05:58 +0200] "GET /wp-content/uploads/elementor/google-fonts/fonts/poppins-pxibyp8kv8jhgfvrlgt9z1xlfq.woff2 HTTP/3" 200 7748 "https://nordisk-netvaerk-neurorehab.com/wp-content/uploads/elementor/google-fonts/css/poppins.css?ver=1751966186" "Mozilla/5.0 (Windows NT 10.0; Win64; x64) AppleWebKit/537.36 (KHTML, like Gecko) Chrome/150.0.0.0 Safari/537.36"
36.37.165.188 - - [25/Jul/2026:21:06:01 +0200] "GET /wp-content/uploads/complianz/css/banner-1-optout.css?v=31 HTTP/3" 200 2705 "https://nordisk-netvaerk-neurorehab.com/sftp-config.json" "Mozilla/5.0 (Windows NT 10.0; Win64; x64) AppleWebKit/537.36 (KHTML, like Gecko) Chrome/150.0.0.0 Safari/537.36"
36.37.165.188 - - [25/Jul/2026:21:06:01 +0200] "GET /wp-content/plugins/elementor/assets/js/shared-frontend-handlers.03caa53373b56d3bab67.bundle.min.js HTTP/3" 200 2511 "https://nordisk-netvaerk-neurorehab.com/sftp-config.json" "Mozilla/5.0 (Windows NT 10.0; Win64; x64) AppleWebKit/537.36 (KHTML, like Gecko) Chrome/150.0.0.0 Safari/537.36"
216.73.217.117 - - [25/Jul/2026:21:06:00 +0200] "GET /dp/2f0181872938040 HTTP/2" 404 12539 "-" "Mozilla/5.0 AppleWebKit/537.36 (KHTML, like Gecko; compatible; ClaudeBot/1.0; +claudebot@anthropic.com)"
36.37.165.188 - - [25/Jul/2026:21:06:02 +0200] "GET /wp-content/plugins/elementor-pro/assets/js/nav-menu.3afa8f5eb1fef7c22561.bundle.min.js HTTP/3" 200 1720 "https://nordisk-netvaerk-neurorehab.com/sftp-config.json" "Mozilla/5.0 (Windows NT 10.0; Win64; x64) AppleWebKit/537.36 (KHTML, like Gecko) Chrome/150.0.0.0 Safari/537.36"
36.37.165.188 - - [25/Jul/2026:21:06:03 +0200] "GET /wp-content/plugins/elementor/assets/js/text-editor.45609661e409413f1cef.bundle.min.js HTTP/3" 200 592 "https://nordisk-netvaerk-neurorehab.com/sftp-config.json" "Mozilla/5.0 (Windows NT 10.0; Win64; x64) AppleWebKit/537.36 (KHTML, like Gecko) Chrome/150.0.0.0 Safari/537.36"
36.37.165.188 - - [25/Jul/2026:21:06:03 +0200] "GET /wp-includes/js/wp-emoji-release.min.js?ver=6.9.4 HTTP/3" 200 4949 "https://nordisk-netvaerk-neurorehab.com/sftp-config.json" "Mozilla/5.0 (Windows NT 10.0; Win64; x64) AppleWebKit/537.36 (KHTML, like Gecko) Chrome/150.0.0.0 Safari/537.36"
36.37.165.188 - - [25/Jul/2026:21:05:58 +0200] "GET /wp-content/uploads/Skaermbillede-2024-11-06-kl.-12.15.01.png HTTP/3" 200 373999 "https://nordisk-netvaerk-neurorehab.com/wp-content/uploads/elementor/css/post-1060.css?ver=1785005506" "Mozilla/5.0 (Windows NT 10.0; Win64; x64) AppleWebKit/537.36 (KHTML, like Gecko) Chrome/150.0.0.0 Safari/537.36"
36.37.165.188 - - [25/Jul/2026:21:06:03 +0200] "GET /1106520_1080p_detail_1280x720/ HTTP/3" 301 127 "https://nordisk-netvaerk-neurorehab.com/sftp-config.json" "Mozilla/5.0 (Windows NT 10.0; Win64; x64) AppleWebKit/537.36 (KHTML, like Gecko) Chrome/150.0.0.0 Safari/537.36"
216.73.217.117 - - [25/Jul/2026:21:06:09 +0200] "GET /dp/7281a2845099391 HTTP/2" 404 12537 "-" "Mozilla/5.0 AppleWebKit/537.36 (KHTML, like Gecko; compatible; ClaudeBot/1.0; +claudebot@anthropic.com)"
185.21.40.28 - - [25/Jul/2026:21:06:28 +0200] "POST /wp-cron.php?doing_wp_cron=1785006388.7688848972320556640625 HTTP/1.1" 200 474 "-" "GJ1EfyJd212D"
216.73.217.117 - - [25/Jul/2026:21:06:26 +0200] "GET /dp/104837a4738258 HTTP/2" 404 12540 "-" "Mozilla/5.0 AppleWebKit/537.36 (KHTML, like Gecko; compatible; ClaudeBot/1.0; +claudebot@anthropic.com)"
36.37.165.188 - - [25/Jul/2026:21:06:33 +0200] "GET /sftp-config.json HTTP/3" 404 12527 "-" "Mozilla/5.0 (Windows NT 10.0; Win64; x64) AppleWebKit/537.36 (KHTML, like Gecko) Chrome/150.0.0.0 Safari/537.36"
36.37.165.188 - - [25/Jul/2026:21:06:36 +0200] "GET /wp-content/uploads/Skaermbillede-2024-11-06-kl.-12.15.01.png HTTP/3" 206 1 "https://nordisk-netvaerk-neurorehab.com/wp-content/uploads/elementor/css/post-1060.css?ver=1785005506" "Mozilla/5.0 (Windows NT 10.0; Win64; x64) AppleWebKit/537.36 (KHTML, like Gecko) Chrome/150.0.0.0 Safari/537.36"
216.73.217.117 - - [25/Jul/2026:21:06:36 +0200] "GET /dp/3d513b992308850 HTTP/2" 404 12541 "-" "Mozilla/5.0 AppleWebKit/537.36 (KHTML, like Gecko; compatible; ClaudeBot/1.0; +claudebot@anthropic.com)"
36.37.165.188 - - [25/Jul/2026:21:06:37 +0200] "GET /wp-content/uploads/Skaermbillede-2024-11-06-kl.-12.15.01.png HTTP/3" 206 306970 "https://nordisk-netvaerk-neurorehab.com/wp-content/uploads/elementor/css/post-1060.css?ver=1785005506" "Mozilla/5.0 (Windows NT 10.0; Win64; x64) AppleWebKit/537.36 (KHTML, like Gecko) Chrome/150.0.0.0 Safari/537.36"
216.73.217.117 - - [25/Jul/2026:21:06:47 +0200] "GET /dp/9cff11373668392 HTTP/2" 404 12539 "-" "Mozilla/5.0 AppleWebKit/537.36 (KHTML, like Gecko; compatible; ClaudeBot/1.0; +claudebot@anthropic.com)"
36.37.165.188 - - [25/Jul/2026:21:06:52 +0200] "GET /favicon.ico HTTP/3" 404 26 "https://nordisk-netvaerk-neurorehab.com/sftp-config.json" "Mozilla/5.0 (Windows NT 10.0; Win64; x64) AppleWebKit/537.36 (KHTML, like Gecko) Chrome/150.0.0.0 Safari/537.36"
36.37.165.188 - - [25/Jul/2026:21:06:51 +0200] "GET /1106520_1080p_detail_1280x720/ HTTP/3" 301 127 "https://nordisk-netvaerk-neurorehab.com/sftp-config.json" "Mozilla/5.0 (Windows NT 10.0; Win64; x64) AppleWebKit/537.36 (KHTML, like Gecko) Chrome/150.0.0.0 Safari/537.36"
216.73.217.117 - - [25/Jul/2026:21:06:56 +0200] "GET /dp/45a804864141744 HTTP/2" 404 12540 "-" "Mozilla/5.0 AppleWebKit/537.36 (KHTML, like Gecko; compatible; ClaudeBot/1.0; +claudebot@anthropic.com)"
36.37.165.188 - - [25/Jul/2026:21:06:53 +0200] "GET /wp-content/uploads/1106520_1080p_Detail_1280x720.mp4 HTTP/3" 206 871736 "https://nordisk-netvaerk-neurorehab.com/sftp-config.json" "Mozilla/5.0 (Windows NT 10.0; Win64; x64) AppleWebKit/537.36 (KHTML, like Gecko) Chrome/150.0.0.0 Safari/537.36"
216.73.217.117 - - [25/Jul/2026:21:07:09 +0200] "GET /dp/781723a44473142 HTTP/2" 404 12541 "-" "Mozilla/5.0 AppleWebKit/537.36 (KHTML, like Gecko; compatible; ClaudeBot/1.0; +claudebot@anthropic.com)"
185.21.40.28 - - [25/Jul/2026:21:07:20 +0200] "POST /wp-cron.php?doing_wp_cron=1785006440.6231620311737060546875 HTTP/1.1" 200 474 "-" "zjTgcGJjzKz3"
216.73.217.117 - - [25/Jul/2026:21:07:19 +0200] "GET /dp/55bd16874221388 HTTP/2" 404 12541 "-" "Mozilla/5.0 AppleWebKit/537.36 (KHTML, like Gecko; compatible; ClaudeBot/1.0; +claudebot@anthropic.com)"
185.21.40.28 - - [25/Jul/2026:21:07:31 +0200] "POST /wp-cron.php?doing_wp_cron=1785006451.2544920444488525390625 HTTP/1.1" 200 474 "-" "XbPaiHXQTG0Y"
216.73.217.117 - - [25/Jul/2026:21:07:29 +0200] "GET /dp/902063823690508 HTTP/2" 404 12541 "-" "Mozilla/5.0 AppleWebKit/537.36 (KHTML, like Gecko; compatible; ClaudeBot/1.0; +claudebot@anthropic.com)"
216.73.217.117 - - [25/Jul/2026:21:07:44 +0200] "GET /dp/437a128c3711484 HTTP/2" 404 12539 "-" "Mozilla/5.0 AppleWebKit/537.36 (KHTML, like Gecko; compatible; ClaudeBot/1.0; +claudebot@anthropic.com)"
216.73.217.117 - - [25/Jul/2026:21:07:54 +0200] "GET /dp/2e6585f75665345 HTTP/2" 404 12542 "-" "Mozilla/5.0 AppleWebKit/537.36 (KHTML, like Gecko; compatible; ClaudeBot/1.0; +claudebot@anthropic.com)"
216.73.217.117 - - [25/Jul/2026:21:08:05 +0200] "GET /dp/83d146625240558 HTTP/2" 404 12541 "-" "Mozilla/5.0 AppleWebKit/537.36 (KHTML, like Gecko; compatible; ClaudeBot/1.0; +claudebot@anthropic.com)"
216.73.217.117 - - [25/Jul/2026:21:08:14 +0200] "GET /dp/5005d4632931380 HTTP/2" 404 12539 "-" "Mozilla/5.0 AppleWebKit/537.36 (KHTML, like Gecko; compatible; ClaudeBot/1.0; +claudebot@anthropic.com)"
185.21.40.28 - - [25/Jul/2026:21:08:26 +0200] "POST /wp-cron.php?doing_wp_cron=1785006506.9323599338531494140625 HTTP/1.1" 200 474 "-" "CxRvuvNOLKZg"
216.73.217.117 - - [25/Jul/2026:21:08:25 +0200] "GET /dp/5cdb872e214150 HTTP/2" 404 12541 "-" "Mozilla/5.0 AppleWebKit/537.36 (KHTML, like Gecko; compatible; ClaudeBot/1.0; +claudebot@anthropic.com)"
216.73.217.117 - - [25/Jul/2026:21:08:34 +0200] "GET /dp/762914791871937 HTTP/2" 404 12540 "-" "Mozilla/5.0 AppleWebKit/537.36 (KHTML, like Gecko; compatible; ClaudeBot/1.0; +claudebot@anthropic.com)"
216.73.217.117 - - [25/Jul/2026:21:08:48 +0200] "GET /dp/979055c65330348 HTTP/2" 404 12539 "-" "Mozilla/5.0 AppleWebKit/537.36 (KHTML, like Gecko; compatible; ClaudeBot/1.0; +claudebot@anthropic.com)"
216.73.217.117 - - [25/Jul/2026:21:09:07 +0200] "GET /dp/811249901175133 HTTP/2" 404 12541 "-" "Mozilla/5.0 AppleWebKit/537.36 (KHTML, like Gecko; compatible; ClaudeBot/1.0; +claudebot@anthropic.com)"
216.73.217.117 - - [25/Jul/2026:21:09:16 +0200] "GET /dp/848577933203678 HTTP/2" 404 12541 "-" "Mozilla/5.0 AppleWebKit/537.36 (KHTML, like Gecko; compatible; ClaudeBot/1.0; +claudebot@anthropic.com)"
185.21.40.28 - - [25/Jul/2026:21:09:28 +0200] "POST /wp-cron.php?doing_wp_cron=1785006568.0257151126861572265625 HTTP/1.1" 200 474 "-" "7DP3aD97P8ep"
216.73.217.117 - - [25/Jul/2026:21:09:26 +0200] "GET /dp/9123452b2435571 HTTP/2" 404 12541 "-" "Mozilla/5.0 AppleWebKit/537.36 (KHTML, like Gecko; compatible; ClaudeBot/1.0; +claudebot@anthropic.com)"
185.21.40.28 - - [25/Jul/2026:21:09:38 +0200] "POST /wp-cron.php?doing_wp_cron=1785006578.2131090164184570312500 HTTP/1.1" 200 474 "-" "5in2qe18ScJI"
216.73.217.117 - - [25/Jul/2026:21:09:36 +0200] "GET /dp/1064630b3912951 HTTP/2" 404 12542 "-" "Mozilla/5.0 AppleWebKit/537.36 (KHTML, like Gecko; compatible; ClaudeBot/1.0; +claudebot@anthropic.com)"
216.73.217.117 - - [25/Jul/2026:21:09:46 +0200] "GET /dp/1ca8b0232517220 HTTP/2" 404 12541 "-" "Mozilla/5.0 AppleWebKit/537.36 (KHTML, like Gecko; compatible; ClaudeBot/1.0; +claudebot@anthropic.com)"
216.73.217.117 - - [25/Jul/2026:21:09:56 +0200] "GET /dp/410e58984531299 HTTP/2" 404 12540 "-" "Mozilla/5.0 AppleWebKit/537.36 (KHTML, like Gecko; compatible; ClaudeBot/1.0; +claudebot@anthropic.com)"
185.21.40.28 - - [25/Jul/2026:21:10:12 +0200] "POST /wp-cron.php?doing_wp_cron=1785006612.4284210205078125000000 HTTP/1.1" 200 474 "-" "Q32yg02KidIt"
216.73.217.117 - - [25/Jul/2026:21:10:11 +0200] "GET /dp/c04761202469317 HTTP/2" 404 12541 "-" "Mozilla/5.0 AppleWebKit/537.36 (KHTML, like Gecko; compatible; ClaudeBot/1.0; +claudebot@anthropic.com)"
185.21.40.28 - - [25/Jul/2026:21:10:23 +0200] "POST /wp-cron.php?doing_wp_cron=1785006622.9661281108856201171875 HTTP/1.1" 200 474 "-" "h6qQjZabWWlh"
216.73.217.117 - - [25/Jul/2026:21:10:20 +0200] "GET /dp/380792162108427 HTTP/2" 404 12526 "-" "Mozilla/5.0 AppleWebKit/537.36 (KHTML, like Gecko; compatible; ClaudeBot/1.0; +claudebot@anthropic.com)"
185.21.40.28 - - [25/Jul/2026:21:10:27 +0200] "POST /wp-cron.php?doing_wp_cron=1785006627.5529980659484863281250 HTTP/1.1" 200 474 "-" "ahKeifu4oU2m"
109.172.91.206 - - [25/Jul/2026:21:10:25 +0200] "GET / HTTP/1.0" 200 89331 "https://nordisk-netvaerk-neurorehab.com/" "Mozilla/5.0 (Windows NT 10.0; Win64; x64) AppleWebKit/537.36 (KHTML, like Gecko) Chrome/130.0.0.0 Safari/537.36 CCleaner/130.0.0.0"
216.73.217.117 - - [25/Jul/2026:21:10:31 +0200] "GET /dp/266368223324782 HTTP/2" 404 12525 "-" "Mozilla/5.0 AppleWebKit/537.36 (KHTML, like Gecko; compatible; ClaudeBot/1.0; +claudebot@anthropic.com)"
216.73.217.117 - - [25/Jul/2026:21:10:40 +0200] "GET /dp/26d207612777141 HTTP/2" 404 12526 "-" "Mozilla/5.0 AppleWebKit/537.36 (KHTML, like Gecko; compatible; ClaudeBot/1.0; +claudebot@anthropic.com)"
216.73.217.117 - - [25/Jul/2026:21:10:51 +0200] "GET /dp/a52428572206303 HTTP/2" 404 12539 "-" "Mozilla/5.0 AppleWebKit/537.36 (KHTML, like Gecko; compatible; ClaudeBot/1.0; +claudebot@anthropic.com)"
185.21.40.28 - - [25/Jul/2026:21:11:02 +0200] "POST /wp-cron.php?doing_wp_cron=1785006662.9062929153442382812500 HTTP/1.1" 200 474 "-" "pdpdX7gTgVrX"
216.73.217.117 - - [25/Jul/2026:21:11:00 +0200] "GET /dp/329211535108304 HTTP/2" 404 12541 "-" "Mozilla/5.0 AppleWebKit/537.36 (KHTML, like Gecko; compatible; ClaudeBot/1.0; +claudebot@anthropic.com)"
185.21.40.28 - - [25/Jul/2026:21:11:20 +0200] "POST /wp-cron.php?doing_wp_cron=1785006680.0878911018371582031250 HTTP/1.1" 200 474 "-" "nxhQjlCduSBb"
216.73.217.117 - - [25/Jul/2026:21:11:18 +0200] "GET /dp/715629165618823 HTTP/2" 404 12532 "-" "Mozilla/5.0 AppleWebKit/537.36 (KHTML, like Gecko; compatible; ClaudeBot/1.0; +claudebot@anthropic.com)"
185.21.40.28 - - [25/Jul/2026:21:11:29 +0200] "POST /wp-cron.php?doing_wp_cron=1785006689.0324649810791015625000 HTTP/1.1" 200 474 "-" "lJaPC3RJykU5"
216.73.217.117 - - [25/Jul/2026:21:11:28 +0200] "GET /dp/1b7654603189419 HTTP/2" 404 12541 "-" "Mozilla/5.0 AppleWebKit/537.36 (KHTML, like Gecko; compatible; ClaudeBot/1.0; +claudebot@anthropic.com)"
216.73.217.117 - - [25/Jul/2026:21:11:38 +0200] "GET /dp/999663324611852 HTTP/2" 404 12539 "-" "Mozilla/5.0 AppleWebKit/537.36 (KHTML, like Gecko; compatible; ClaudeBot/1.0; +claudebot@anthropic.com)"
216.73.217.117 - - [25/Jul/2026:21:11:55 +0200] "GET /dp/14b291261211976 HTTP/2" 404 12539 "-" "Mozilla/5.0 AppleWebKit/537.36 (KHTML, like Gecko; compatible; ClaudeBot/1.0; +claudebot@anthropic.com)"
216.73.217.117 - - [25/Jul/2026:21:12:04 +0200] "GET /dp/358025053520341 HTTP/2" 404 12541 "-" "Mozilla/5.0 AppleWebKit/537.36 (KHTML, like Gecko; compatible; ClaudeBot/1.0; +claudebot@anthropic.com)"
216.73.217.117 - - [25/Jul/2026:21:12:15 +0200] "GET /dp/091026594864391 HTTP/2" 404 12539 "-" "Mozilla/5.0 AppleWebKit/537.36 (KHTML, like Gecko; compatible; ClaudeBot/1.0; +claudebot@anthropic.com)"
185.21.40.28 - - [25/Jul/2026:21:12:25 +0200] "POST /wp-cron.php?doing_wp_cron=1785006745.6750171184539794921875 HTTP/1.1" 200 474 "-" "EOZmT2wxVFA3"
216.73.217.117 - - [25/Jul/2026:21:12:24 +0200] "GET /dp/383976c44823190 HTTP/2" 404 12540 "-" "Mozilla/5.0 AppleWebKit/537.36 (KHTML, like Gecko; compatible; ClaudeBot/1.0; +claudebot@anthropic.com)"
185.21.40.28 - - [25/Jul/2026:21:12:36 +0200] "POST /wp-cron.php?doing_wp_cron=1785006756.6274139881134033203125 HTTP/1.1" 200 474 "-" "KPidx7o9fAXC"
216.73.217.117 - - [25/Jul/2026:21:12:35 +0200] "GET /dp/205612122692284 HTTP/2" 404 12541 "-" "Mozilla/5.0 AppleWebKit/537.36 (KHTML, like Gecko; compatible; ClaudeBot/1.0; +claudebot@anthropic.com)"
216.73.217.117 - - [25/Jul/2026:21:12:50 +0200] "GET /dp/253893155278112 HTTP/2" 404 12539 "-" "Mozilla/5.0 AppleWebKit/537.36 (KHTML, like Gecko; compatible; ClaudeBot/1.0; +claudebot@anthropic.com)"
216.73.217.117 - - [25/Jul/2026:21:12:59 +0200] "GET /dp/5957a3164511139 HTTP/2" 404 12539 "-" "Mozilla/5.0 AppleWebKit/537.36 (KHTML, like Gecko; compatible; ClaudeBot/1.0; +claudebot@anthropic.com)"
216.73.217.117 - - [25/Jul/2026:21:13:10 +0200] "GET /dp/158440693891494 HTTP/2" 404 12541 "-" "Mozilla/5.0 AppleWebKit/537.36 (KHTML, like Gecko; compatible; ClaudeBot/1.0; +claudebot@anthropic.com)"
185.21.40.28 - - [25/Jul/2026:21:13:21 +0200] "POST /wp-cron.php?doing_wp_cron=1785006800.9939939975738525390625 HTTP/1.1" 200 474 "-" "KFPxgRjKQU6c"
216.73.217.117 - - [25/Jul/2026:21:13:19 +0200] "GET /dp/941710904111584 HTTP/2" 404 12540 "-" "Mozilla/5.0 AppleWebKit/537.36 (KHTML, like Gecko; compatible; ClaudeBot/1.0; +claudebot@anthropic.com)"
185.21.40.28 - - [25/Jul/2026:21:13:33 +0200] "POST /wp-cron.php?doing_wp_cron=1785006813.6173779964447021484375 HTTP/1.1" 200 474 "-" "nV41KaFtw5pR"
216.73.217.117 - - [25/Jul/2026:21:13:32 +0200] "GET /dp/320e74f94737616 HTTP/2" 404 12541 "-" "Mozilla/5.0 AppleWebKit/537.36 (KHTML, like Gecko; compatible; ClaudeBot/1.0; +claudebot@anthropic.com)"
216.73.217.117 - - [25/Jul/2026:21:13:41 +0200] "GET /dp/507419201914877 HTTP/2" 404 12539 "-" "Mozilla/5.0 AppleWebKit/537.36 (KHTML, like Gecko; compatible; ClaudeBot/1.0; +claudebot@anthropic.com)"
216.73.217.117 - - [25/Jul/2026:21:13:55 +0200] "GET /dp/c32755244406458 HTTP/2" 404 12540 "-" "Mozilla/5.0 AppleWebKit/537.36 (KHTML, like Gecko; compatible; ClaudeBot/1.0; +claudebot@anthropic.com)"
216.73.217.117 - - [25/Jul/2026:21:14:08 +0200] "GET /dp/634634452341549 HTTP/2" 404 12540 "-" "Mozilla/5.0 AppleWebKit/537.36 (KHTML, like Gecko; compatible; ClaudeBot/1.0; +claudebot@anthropic.com)"
216.73.217.117 - - [25/Jul/2026:21:14:18 +0200] "GET /sitemap.xml HTTP/2" 301 109 "-" "Mozilla/5.0 AppleWebKit/537.36 (KHTML, like Gecko; compatible; ClaudeBot/1.0; +claudebot@anthropic.com)"
185.21.40.28 - - [25/Jul/2026:21:14:20 +0200] "POST /wp-cron.php?doing_wp_cron=1785006860.1761679649353027343750 HTTP/1.1" 200 474 "-" "zDa5It0ew3zi"
216.73.217.117 - - [25/Jul/2026:21:14:19 +0200] "GET /sitemap_index.xml HTTP/2" 200 382 "https://nordisk-netvaerk-neurorehab.com/sitemap.xml" "Mozilla/5.0 AppleWebKit/537.36 (KHTML, like Gecko; compatible; ClaudeBot/1.0; +claudebot@anthropic.com)"
185.21.40.28 - - [25/Jul/2026:21:14:30 +0200] "POST /wp-cron.php?doing_wp_cron=1785006870.5091199874877929687500 HTTP/1.1" 200 474 "-" "k920GhHsJc7O"
216.73.217.117 - - [25/Jul/2026:21:14:28 +0200] "GET / HTTP/2" 200 16720 "-" "Mozilla/5.0 AppleWebKit/537.36 (KHTML, like Gecko; compatible; ClaudeBot/1.0; +claudebot@anthropic.com)"
185.21.40.28 - - [25/Jul/2026:21:14:39 +0200] "POST /wp-cron.php?doing_wp_cron=1785006879.9362039566040039062500 HTTP/1.1" 200 474 "-" "K16XPHSgrbmp"
216.73.217.117 - - [25/Jul/2026:21:14:38 +0200] "GET /dp/437647184953747 HTTP/2" 404 12541 "-" "Mozilla/5.0 AppleWebKit/537.36 (KHTML, like Gecko; compatible; ClaudeBot/1.0; +claudebot@anthropic.com)"
216.73.217.117 - - [25/Jul/2026:21:14:51 +0200] "GET /dp/799919344495664 HTTP/2" 404 12540 "-" "Mozilla/5.0 AppleWebKit/537.36 (KHTML, like Gecko; compatible; ClaudeBot/1.0; +claudebot@anthropic.com)"
216.73.217.117 - - [25/Jul/2026:21:15:22 +0200] "GET /dp/448662b12178991 HTTP/2" 404 12540 "-" "Mozilla/5.0 AppleWebKit/537.36 (KHTML, like Gecko; compatible; ClaudeBot/1.0; +claudebot@anthropic.com)"
216.73.217.117 - - [25/Jul/2026:21:15:36 +0200] "GET /dp/503336602779886 HTTP/2" 404 12540 "-" "Mozilla/5.0 AppleWebKit/537.36 (KHTML, like Gecko; compatible; ClaudeBot/1.0; +claudebot@anthropic.com)"
216.73.217.117 - - [25/Jul/2026:21:15:49 +0200] "GET /dp/432d11604821102 HTTP/2" 404 12523 "-" "Mozilla/5.0 AppleWebKit/537.36 (KHTML, like Gecko; compatible; ClaudeBot/1.0; +claudebot@anthropic.com)"
216.73.217.117 - - [25/Jul/2026:21:16:00 +0200] "GET /dp/882591322003152 HTTP/2" 404 12539 "-" "Mozilla/5.0 AppleWebKit/537.36 (KHTML, like Gecko; compatible; ClaudeBot/1.0; +claudebot@anthropic.com)"
206.0.90.163 - - [25/Jul/2026:21:18:12 +0200] "GET /wp-content/uploads/2019/11/Form%C3%A5lsbeskrivelseV2-okt2019.pdf HTTP/2" 301 795 "-" "Mozilla/5.0 (Macintosh; Intel Mac OS X 10_15_7) AppleWebKit/537.36 (KHTML, like Gecko) Chrome/146.0.0.0 Safari/537.36"
66.198.225.19 - - [25/Jul/2026:21:19:02 +0200] "GET /?wpanel=1&a=ping HTTP/1.1" 200 905 "-" "WPanel/1.0"
185.21.40.28 - - [25/Jul/2026:21:23:45 +0200] "POST /wp-cron.php?doing_wp_cron=1785007425.6619529724121093750000 HTTP/1.1" 200 474 "-" "CKm1lTt3rNWS"
216.73.217.117 - - [25/Jul/2026:21:23:38 +0200] "GET /dp/c3bd2c944392323 HTTP/2" 404 12541 "-" "Mozilla/5.0 AppleWebKit/537.36 (KHTML, like Gecko; compatible; ClaudeBot/1.0; +claudebot@anthropic.com)"
216.73.217.117 - - [25/Jul/2026:21:23:47 +0200] "GET /dp/d4769a054843130 HTTP/2" 404 12540 "-" "Mozilla/5.0 AppleWebKit/537.36 (KHTML, like Gecko; compatible; ClaudeBot/1.0; +claudebot@anthropic.com)"
216.73.217.117 - - [25/Jul/2026:21:23:58 +0200] "GET /dp/563bcb003468098 HTTP/2" 404 12535 "-" "Mozilla/5.0 AppleWebKit/537.36 (KHTML, like Gecko; compatible; ClaudeBot/1.0; +claudebot@anthropic.com)"
216.73.217.117 - - [25/Jul/2026:21:24:07 +0200] "GET /dp/7153e1cd2404157 HTTP/2" 404 12540 "-" "Mozilla/5.0 AppleWebKit/537.36 (KHTML, like Gecko; compatible; ClaudeBot/1.0; +claudebot@anthropic.com)"
216.73.217.117 - - [25/Jul/2026:21:24:18 +0200] "GET /dp/40c9d76d4632497 HTTP/2" 404 12540 "-" "Mozilla/5.0 AppleWebKit/537.36 (KHTML, like Gecko; compatible; ClaudeBot/1.0; +claudebot@anthropic.com)"
185.21.40.28 - - [25/Jul/2026:21:24:28 +0200] "POST /wp-cron.php?doing_wp_cron=1785007468.8116900920867919921875 HTTP/1.1" 200 474 "-" "7VXwHk0OIphf"
216.73.217.117 - - [25/Jul/2026:21:24:27 +0200] "GET /dp/c280764e3420162 HTTP/2" 404 12540 "-" "Mozilla/5.0 AppleWebKit/537.36 (KHTML, like Gecko; compatible; ClaudeBot/1.0; +claudebot@anthropic.com)"
185.21.40.28 - - [25/Jul/2026:21:24:48 +0200] "POST /wp-cron.php?doing_wp_cron=1785007488.7562348842620849609375 HTTP/1.1" 200 474 "-" "D3BSByUR3E2c"
216.73.217.117 - - [25/Jul/2026:21:24:46 +0200] "GET /dp/db98a5651381680 HTTP/2" 404 12540 "-" "Mozilla/5.0 AppleWebKit/537.36 (KHTML, like Gecko; compatible; ClaudeBot/1.0; +claudebot@anthropic.com)"
216.73.217.117 - - [25/Jul/2026:21:24:54 +0200] "GET /dp/b3e1772f4953173 HTTP/2" 404 12539 "-" "Mozilla/5.0 AppleWebKit/537.36 (KHTML, like Gecko; compatible; ClaudeBot/1.0; +claudebot@anthropic.com)"
185.21.40.28 - - [25/Jul/2026:21:25:06 +0200] "POST /wp-cron.php?doing_wp_cron=1785007506.2840230464935302734375 HTTP/1.1" 200 474 "-" "treVtztULv2S"
216.73.217.117 - - [25/Jul/2026:21:25:04 +0200] "GET /dp/63e07d635281096 HTTP/2" 404 12540 "-" "Mozilla/5.0 AppleWebKit/537.36 (KHTML, like Gecko; compatible; ClaudeBot/1.0; +claudebot@anthropic.com)"
196.83.25.122 - - [25/Jul/2026:21:25:11 +0200] "POST /xmlrpc.php HTTP/1.1" 200 1089 "-" "WordPress.com; https://wordpress.com"
216.73.217.117 - - [25/Jul/2026:21:25:14 +0200] "GET /dp/bb83c317778759 HTTP/2" 404 12540 "-" "Mozilla/5.0 AppleWebKit/537.36 (KHTML, like Gecko; compatible; ClaudeBot/1.0; +claudebot@anthropic.com)"
185.21.40.28 - - [25/Jul/2026:21:25:22 +0200] "POST /wp-cron.php?doing_wp_cron=1785007522.4004919528961181640625 HTTP/1.1" 200 474 "-" "WlWnom9IwNWN"
196.83.25.122 - - [25/Jul/2026:21:25:21 +0200] "POST /xmlrpc.php HTTP/1.1" 200 911 "-" "WordPress.com; https://wordpress.com"
216.73.217.117 - - [25/Jul/2026:21:25:24 +0200] "GET /dp/031ef1d9616456 HTTP/2" 404 12540 "-" "Mozilla/5.0 AppleWebKit/537.36 (KHTML, like Gecko; compatible; ClaudeBot/1.0; +claudebot@anthropic.com)"
185.21.40.28 - - [25/Jul/2026:21:25:32 +0200] "POST /wp-cron.php?doing_wp_cron=1785007532.9439098834991455078125 HTTP/1.1" 200 474 "-" "ecF048OtN4TE"
196.83.25.122 - - [25/Jul/2026:21:25:32 +0200] "POST /xmlrpc.php HTTP/1.1" 200 911 "-" "Jetpack/12.0; WordPress/6.1; http://site66738586.com"
216.73.217.117 - - [25/Jul/2026:21:25:34 +0200] "GET /dp/5bc672c23372893 HTTP/2" 404 12540 "-" "Mozilla/5.0 AppleWebKit/537.36 (KHTML, like Gecko; compatible; ClaudeBot/1.0; +claudebot@anthropic.com)"
196.83.25.122 - - [25/Jul/2026:21:25:42 +0200] "POST /xmlrpc.php HTTP/1.1" 200 911 "-" "Jetpack by WordPress.com (Jetpack 13.0; WordPress 6.2)"
216.73.217.117 - - [25/Jul/2026:21:25:48 +0200] "GET /dp/70d80cd44101597 HTTP/2" 404 12539 "-" "Mozilla/5.0 AppleWebKit/537.36 (KHTML, like Gecko; compatible; ClaudeBot/1.0; +claudebot@anthropic.com)"
196.83.25.122 - - [25/Jul/2026:21:25:53 +0200] "POST /xmlrpc.php HTTP/1.1" 200 911 "-" "Jetpack by WordPress.com"
216.73.217.117 - - [25/Jul/2026:21:25:54 +0200] "GET /dp/a3cf0580443972 HTTP/2" 404 12524 "-" "Mozilla/5.0 AppleWebKit/537.36 (KHTML, like Gecko; compatible; ClaudeBot/1.0; +claudebot@anthropic.com)"
216.73.217.117 - - [25/Jul/2026:21:26:09 +0200] "GET /dp/72d99d3b514190 HTTP/2" 404 12540 "-" "Mozilla/5.0 AppleWebKit/537.36 (KHTML, like Gecko; compatible; ClaudeBot/1.0; +claudebot@anthropic.com)"
185.21.40.28 - - [25/Jul/2026:21:26:19 +0200] "POST /wp-cron.php?doing_wp_cron=1785007579.1606180667877197265625 HTTP/1.1" 200 474 "-" "0hgtbe1ou8b7"
216.73.217.117 - - [25/Jul/2026:21:26:18 +0200] "GET /dp/61491ff01804972 HTTP/2" 404 12535 "-" "Mozilla/5.0 AppleWebKit/537.36 (KHTML, like Gecko; compatible; ClaudeBot/1.0; +claudebot@anthropic.com)"
66.249.70.102 - - [25/Jul/2026:21:26:18 +0200] "GET /contents/event/kansyasai/ HTTP/1.1" 200 27002 "-" "Mozilla/5.0 (Linux; Android 6.0.1; Nexus 5X Build/MMB29P) AppleWebKit/537.36 (KHTML, like Gecko) Chrome/150.0.7871.128 Mobile Safari/537.36 (compatible; Googlebot/2.1; +http://www.google.com/bot.html)"
185.21.40.28 - - [25/Jul/2026:21:26:31 +0200] "POST /wp-cron.php?doing_wp_cron=1785007591.4782030582427978515625 HTTP/1.1" 200 474 "-" "GhAinDjDTOD4"
216.73.217.117 - - [25/Jul/2026:21:26:30 +0200] "GET /dp/7e0420b35609036 HTTP/2" 404 12541 "-" "Mozilla/5.0 AppleWebKit/537.36 (KHTML, like Gecko; compatible; ClaudeBot/1.0; +claudebot@anthropic.com)"
216.73.217.117 - - [25/Jul/2026:21:26:37 +0200] "GET /dp/958cb4d6788770 HTTP/2" 404 12533 "-" "Mozilla/5.0 AppleWebKit/537.36 (KHTML, like Gecko; compatible; ClaudeBot/1.0; +claudebot@anthropic.com)"
216.73.217.117 - - [25/Jul/2026:21:26:48 +0200] "GET /dp/e020d698950560 HTTP/2" 404 12540 "-" "Mozilla/5.0 AppleWebKit/537.36 (KHTML, like Gecko; compatible; ClaudeBot/1.0; +claudebot@anthropic.com)"
216.73.217.117 - - [25/Jul/2026:21:26:57 +0200] "GET /dp/fb55a8913067768 HTTP/2" 404 12540 "-" "Mozilla/5.0 AppleWebKit/537.36 (KHTML, like Gecko; compatible; ClaudeBot/1.0; +claudebot@anthropic.com)"
216.73.217.117 - - [25/Jul/2026:21:27:13 +0200] "GET /dp/8799a5e72479729 HTTP/2" 404 12539 "-" "Mozilla/5.0 AppleWebKit/537.36 (KHTML, like Gecko; compatible; ClaudeBot/1.0; +claudebot@anthropic.com)"
185.21.40.28 - - [25/Jul/2026:21:27:24 +0200] "POST /wp-cron.php?doing_wp_cron=1785007644.3120799064636230468750 HTTP/1.1" 200 474 "-" "ieNxJJvADAld"
216.73.217.117 - - [25/Jul/2026:21:27:22 +0200] "GET /dp/b7087a8d4460981 HTTP/2" 404 12540 "-" "Mozilla/5.0 AppleWebKit/537.36 (KHTML, like Gecko; compatible; ClaudeBot/1.0; +claudebot@anthropic.com)"
185.21.40.28 - - [25/Jul/2026:21:27:35 +0200] "POST /wp-cron.php?doing_wp_cron=1785007655.7545299530029296875000 HTTP/1.1" 200 474 "-" "MJexyCfPM0S5"
216.73.217.117 - - [25/Jul/2026:21:27:34 +0200] "GET /dp/3498ea895335513 HTTP/2" 404 12542 "-" "Mozilla/5.0 AppleWebKit/537.36 (KHTML, like Gecko; compatible; ClaudeBot/1.0; +claudebot@anthropic.com)"
216.73.217.117 - - [25/Jul/2026:21:27:42 +0200] "GET /dp/38fe03555475726 HTTP/2" 404 12541 "-" "Mozilla/5.0 AppleWebKit/537.36 (KHTML, like Gecko; compatible; ClaudeBot/1.0; +claudebot@anthropic.com)"
216.73.217.117 - - [25/Jul/2026:21:27:54 +0200] "GET /dp/fa2746013352953 HTTP/2" 404 12539 "-" "Mozilla/5.0 AppleWebKit/537.36 (KHTML, like Gecko; compatible; ClaudeBot/1.0; +claudebot@anthropic.com)"
216.73.217.117 - - [25/Jul/2026:21:28:02 +0200] "GET /dp/0a11a7ba558003 HTTP/2" 404 12540 "-" "Mozilla/5.0 AppleWebKit/537.36 (KHTML, like Gecko; compatible; ClaudeBot/1.0; +claudebot@anthropic.com)"
66.198.225.19 - - [25/Jul/2026:21:28:06 +0200] "GET /?wpanel=1&a=ping HTTP/1.1" 200 905 "-" "WPanel/1.0"
216.73.217.117 - - [25/Jul/2026:21:28:14 +0200] "GET /dp/58021ba8558331 HTTP/2" 404 12539 "-" "Mozilla/5.0 AppleWebKit/537.36 (KHTML, like Gecko; compatible; ClaudeBot/1.0; +claudebot@anthropic.com)"
185.21.40.28 - - [25/Jul/2026:21:28:26 +0200] "POST /wp-cron.php?doing_wp_cron=1785007706.8899641036987304687500 HTTP/1.1" 200 474 "-" "4RAiZKCCooYd"
216.73.217.117 - - [25/Jul/2026:21:28:25 +0200] "GET /dp/728f1bdf3480309 HTTP/2" 404 12541 "-" "Mozilla/5.0 AppleWebKit/537.36 (KHTML, like Gecko; compatible; ClaudeBot/1.0; +claudebot@anthropic.com)"
216.73.217.117 - - [25/Jul/2026:21:28:34 +0200] "GET /dp/2930dfe32347870 HTTP/2" 404 12540 "-" "Mozilla/5.0 AppleWebKit/537.36 (KHTML, like Gecko; compatible; ClaudeBot/1.0; +claudebot@anthropic.com)"
216.73.217.117 - - [25/Jul/2026:21:28:45 +0200] "GET /dp/c797d9d03736449 HTTP/2" 404 12540 "-" "Mozilla/5.0 AppleWebKit/537.36 (KHTML, like Gecko; compatible; ClaudeBot/1.0; +claudebot@anthropic.com)"
216.73.217.117 - - [25/Jul/2026:21:28:54 +0200] "GET /dp/ea784f283682421 HTTP/2" 404 12539 "-" "Mozilla/5.0 AppleWebKit/537.36 (KHTML, like Gecko; compatible; ClaudeBot/1.0; +claudebot@anthropic.com)"
216.73.217.117 - - [25/Jul/2026:21:29:05 +0200] "GET /dp/c5c58fd74015228 HTTP/2" 404 12541 "-" "Mozilla/5.0 AppleWebKit/537.36 (KHTML, like Gecko; compatible; ClaudeBot/1.0; +claudebot@anthropic.com)"
216.73.217.117 - - [25/Jul/2026:21:29:14 +0200] "GET /dp/987ce767318079 HTTP/2" 404 12540 "-" "Mozilla/5.0 AppleWebKit/537.36 (KHTML, like Gecko; compatible; ClaudeBot/1.0; +claudebot@anthropic.com)"
185.21.40.28 - - [25/Jul/2026:21:29:28 +0200] "POST /wp-cron.php?doing_wp_cron=1785007768.8873980045318603515625 HTTP/1.1" 200 474 "-" "us373F84VXRd"
216.73.217.117 - - [25/Jul/2026:21:29:27 +0200] "GET /dp/074a03fd3559753 HTTP/2" 404 12541 "-" "Mozilla/5.0 AppleWebKit/537.36 (KHTML, like Gecko; compatible; ClaudeBot/1.0; +claudebot@anthropic.com)"
216.73.217.117 - - [25/Jul/2026:21:29:34 +0200] "GET /dp/783b13eb4777440 HTTP/2" 404 12533 "-" "Mozilla/5.0 AppleWebKit/537.36 (KHTML, like Gecko; compatible; ClaudeBot/1.0; +claudebot@anthropic.com)"
185.21.40.28 - - [25/Jul/2026:21:29:49 +0200] "POST /wp-cron.php?doing_wp_cron=1785007789.3199150562286376953125 HTTP/1.1" 200 474 "-" "2yqammsEBXmu"
216.73.217.117 - - [25/Jul/2026:21:29:48 +0200] "GET /dp/f6170e155124156 HTTP/2" 404 12535 "-" "Mozilla/5.0 AppleWebKit/537.36 (KHTML, like Gecko; compatible; ClaudeBot/1.0; +claudebot@anthropic.com)"
216.73.217.117 - - [25/Jul/2026:21:29:59 +0200] "GET /dp/0fde1c7c5522782 HTTP/2" 404 12541 "-" "Mozilla/5.0 AppleWebKit/537.36 (KHTML, like Gecko; compatible; ClaudeBot/1.0; +claudebot@anthropic.com)"
185.21.40.28 - - [25/Jul/2026:21:30:09 +0200] "POST /wp-cron.php?doing_wp_cron=1785007808.9834721088409423828125 HTTP/1.1" 200 474 "-" "mNnNIGjjm1lN"
216.73.217.117 - - [25/Jul/2026:21:30:06 +0200] "GET /dp/0925e82a5816047 HTTP/2" 404 12541 "-" "Mozilla/5.0 AppleWebKit/537.36 (KHTML, like Gecko; compatible; ClaudeBot/1.0; +claudebot@anthropic.com)"
216.73.217.117 - - [25/Jul/2026:21:30:17 +0200] "GET /dp/f25982431606306 HTTP/2" 404 12540 "-" "Mozilla/5.0 AppleWebKit/537.36 (KHTML, like Gecko; compatible; ClaudeBot/1.0; +claudebot@anthropic.com)"
185.21.40.28 - - [25/Jul/2026:21:30:28 +0200] "POST /wp-cron.php?doing_wp_cron=1785007828.1741139888763427734375 HTTP/1.1" 200 474 "-" "8JYuAy4etjYT"
216.73.217.117 - - [25/Jul/2026:21:30:26 +0200] "GET /dp/379515af3142995 HTTP/2" 404 12541 "-" "Mozilla/5.0 AppleWebKit/537.36 (KHTML, like Gecko; compatible; ClaudeBot/1.0; +claudebot@anthropic.com)"
216.73.217.117 - - [25/Jul/2026:21:30:36 +0200] "GET /dp/31f04b7b5639386 HTTP/2" 404 12540 "-" "Mozilla/5.0 AppleWebKit/537.36 (KHTML, like Gecko; compatible; ClaudeBot/1.0; +claudebot@anthropic.com)"
216.73.217.117 - - [25/Jul/2026:21:30:46 +0200] "GET /dp/088555093125276 HTTP/2" 404 12540 "-" "Mozilla/5.0 AppleWebKit/537.36 (KHTML, like Gecko; compatible; ClaudeBot/1.0; +claudebot@anthropic.com)"
216.73.217.117 - - [25/Jul/2026:21:30:56 +0200] "GET /dp/cd4196515726635 HTTP/2" 404 12539 "-" "Mozilla/5.0 AppleWebKit/537.36 (KHTML, like Gecko; compatible; ClaudeBot/1.0; +claudebot@anthropic.com)"
216.73.217.117 - - [25/Jul/2026:21:31:06 +0200] "GET /dp/d0256b6c2434277 HTTP/2" 404 12539 "-" "Mozilla/5.0 AppleWebKit/537.36 (KHTML, like Gecko; compatible; ClaudeBot/1.0; +claudebot@anthropic.com)"
185.21.40.28 - - [25/Jul/2026:21:31:20 +0200] "POST /wp-cron.php?doing_wp_cron=1785007880.0162210464477539062500 HTTP/1.1" 200 474 "-" "bmjiTkRs5nzT"
216.73.217.117 - - [25/Jul/2026:21:31:18 +0200] "GET /dp/9dcab0795714262 HTTP/2" 404 12540 "-" "Mozilla/5.0 AppleWebKit/537.36 (KHTML, like Gecko; compatible; ClaudeBot/1.0; +claudebot@anthropic.com)"
185.21.40.28 - - [25/Jul/2026:21:31:29 +0200] "POST /wp-cron.php?doing_wp_cron=1785007889.5815770626068115234375 HTTP/1.1" 200 474 "-" "tA8T1fawJoKz"
216.73.217.117 - - [25/Jul/2026:21:31:28 +0200] "GET /dp/ecf769891899860 HTTP/2" 404 12540 "-" "Mozilla/5.0 AppleWebKit/537.36 (KHTML, like Gecko; compatible; ClaudeBot/1.0; +claudebot@anthropic.com)"
216.73.217.117 - - [25/Jul/2026:21:31:38 +0200] "GET /dp/7b6be8322020776 HTTP/2" 404 12540 "-" "Mozilla/5.0 AppleWebKit/537.36 (KHTML, like Gecko; compatible; ClaudeBot/1.0; +claudebot@anthropic.com)"
216.73.217.117 - - [25/Jul/2026:21:31:48 +0200] "GET /dp/e5e603783273586 HTTP/2" 404 12540 "-" "Mozilla/5.0 AppleWebKit/537.36 (KHTML, like Gecko; compatible; ClaudeBot/1.0; +claudebot@anthropic.com)"
216.73.217.117 - - [25/Jul/2026:21:31:59 +0200] "GET /dp/ef455b901513796 HTTP/2" 404 12539 "-" "Mozilla/5.0 AppleWebKit/537.36 (KHTML, like Gecko; compatible; ClaudeBot/1.0; +claudebot@anthropic.com)"
216.73.217.117 - - [25/Jul/2026:21:32:08 +0200] "GET /dp/7f5c04214744383 HTTP/2" 404 12540 "-" "Mozilla/5.0 AppleWebKit/537.36 (KHTML, like Gecko; compatible; ClaudeBot/1.0; +claudebot@anthropic.com)"
216.73.217.117 - - [25/Jul/2026:21:32:18 +0200] "GET /dp/916b9c281147868 HTTP/2" 404 12541 "-" "Mozilla/5.0 AppleWebKit/537.36 (KHTML, like Gecko; compatible; ClaudeBot/1.0; +claudebot@anthropic.com)"
185.21.40.28 - - [25/Jul/2026:21:32:29 +0200] "POST /wp-cron.php?doing_wp_cron=1785007949.9346039295196533203125 HTTP/1.1" 200 474 "-" "0kuHD6VxVMCo"
216.73.217.117 - - [25/Jul/2026:21:32:28 +0200] "GET /dp/2b406f531343007 HTTP/2" 404 12540 "-" "Mozilla/5.0 AppleWebKit/537.36 (KHTML, like Gecko; compatible; ClaudeBot/1.0; +claudebot@anthropic.com)"
216.73.217.117 - - [25/Jul/2026:21:32:38 +0200] "GET /dp/0848d7445348417 HTTP/2" 404 12525 "-" "Mozilla/5.0 AppleWebKit/537.36 (KHTML, like Gecko; compatible; ClaudeBot/1.0; +claudebot@anthropic.com)"
216.73.217.117 - - [25/Jul/2026:21:32:48 +0200] "GET /dp/a177a1e11547352 HTTP/2" 404 12532 "-" "Mozilla/5.0 AppleWebKit/537.36 (KHTML, like Gecko; compatible; ClaudeBot/1.0; +claudebot@anthropic.com)"
216.73.217.117 - - [25/Jul/2026:21:32:58 +0200] "GET /dp/855b91051624385 HTTP/2" 404 12540 "-" "Mozilla/5.0 AppleWebKit/537.36 (KHTML, like Gecko; compatible; ClaudeBot/1.0; +claudebot@anthropic.com)"
216.73.217.117 - - [25/Jul/2026:21:33:10 +0200] "GET /dp/5334745a1583387 HTTP/2" 404 12540 "-" "Mozilla/5.0 AppleWebKit/537.36 (KHTML, like Gecko; compatible; ClaudeBot/1.0; +claudebot@anthropic.com)"
185.21.40.28 - - [25/Jul/2026:21:33:21 +0200] "POST /wp-cron.php?doing_wp_cron=1785008001.4780950546264648437500 HTTP/1.1" 200 474 "-" "cRt5S7E6CYlp"
216.73.217.117 - - [25/Jul/2026:21:33:19 +0200] "GET /dp/eac7606e5187402 HTTP/2" 404 12541 "-" "Mozilla/5.0 AppleWebKit/537.36 (KHTML, like Gecko; compatible; ClaudeBot/1.0; +claudebot@anthropic.com)"
185.21.40.28 - - [25/Jul/2026:21:33:32 +0200] "POST /wp-cron.php?doing_wp_cron=1785008012.1347019672393798828125 HTTP/1.1" 200 474 "-" "OxLvgxaFt38X"
216.73.217.117 - - [25/Jul/2026:21:33:30 +0200] "GET /dp/882e375a1298911 HTTP/2" 404 12541 "-" "Mozilla/5.0 AppleWebKit/537.36 (KHTML, like Gecko; compatible; ClaudeBot/1.0; +claudebot@anthropic.com)"
216.73.217.117 - - [25/Jul/2026:21:33:39 +0200] "GET /dp/5964f1f0843272 HTTP/2" 404 12525 "-" "Mozilla/5.0 AppleWebKit/537.36 (KHTML, like Gecko; compatible; ClaudeBot/1.0; +claudebot@anthropic.com)"
216.73.217.117 - - [25/Jul/2026:21:33:50 +0200] "GET /dp/f5b712433958911 HTTP/2" 404 12539 "-" "Mozilla/5.0 AppleWebKit/537.36 (KHTML, like Gecko; compatible; ClaudeBot/1.0; +claudebot@anthropic.com)"
185.21.40.28 - - [25/Jul/2026:21:34:01 +0200] "POST /wp-cron.php?doing_wp_cron=1785008041.6937379837036132812500 HTTP/1.1" 200 474 "-" "alD2Y8vgh8Nv"
216.73.217.117 - - [25/Jul/2026:21:33:59 +0200] "GET /dp/f115398d5520086 HTTP/2" 404 12540 "-" "Mozilla/5.0 AppleWebKit/537.36 (KHTML, like Gecko; compatible; ClaudeBot/1.0; +claudebot@anthropic.com)"
216.73.217.117 - - [25/Jul/2026:21:34:10 +0200] "GET /dp/412091dd2348620 HTTP/2" 404 12526 "-" "Mozilla/5.0 AppleWebKit/537.36 (KHTML, like Gecko; compatible; ClaudeBot/1.0; +claudebot@anthropic.com)"
185.21.40.28 - - [25/Jul/2026:21:34:23 +0200] "POST /wp-cron.php?doing_wp_cron=1785008063.0067489147186279296875 HTTP/1.1" 200 474 "-" "FmRapNLNrqa0"
