185.21.40.28 - - [26/Jul/2026:01:47:36 +0200] "POST /wp-cron.php?doing_wp_cron=1785023256.6279640197753906250000 HTTP/1.1" 200 474 "-" "dshgYLHlEH6k"
140.174.186.101 - - [26/Jul/2026:01:47:32 +0200] "POST /wp-json/batch/v1 HTTP/2" 207 580828 "-" "Mozilla/5.0 (Windows NT 10.0; Win64; x64) AppleWebKit/537.36 (KHTML, like Gecko) Chrome/149.0.0.0 Safari/537.36"
140.174.186.101 - - [26/Jul/2026:01:47:42 +0200] "POST /wp-json/batch/v1 HTTP/2" 207 3336 "-" "Mozilla/5.0 (Windows NT 10.0; Win64; x64) AppleWebKit/537.36 (KHTML, like Gecko) Chrome/149.0.0.0 Safari/537.36"
216.73.216.213 - - [26/Jul/2026:01:47:45 +0200] "GET /dp/8890341b1605406 HTTP/2" 404 12541 "-" "Mozilla/5.0 AppleWebKit/537.36 (KHTML, like Gecko; compatible; ClaudeBot/1.0; +claudebot@anthropic.com)"
216.73.216.213 - - [26/Jul/2026:01:47:47 +0200] "GET /dp/270f10a65493054 HTTP/2" 404 12540 "-" "Mozilla/5.0 AppleWebKit/537.36 (KHTML, like Gecko; compatible; ClaudeBot/1.0; +claudebot@anthropic.com)"
216.73.216.213 - - [26/Jul/2026:01:47:50 +0200] "GET /dp/7278e4a41626120 HTTP/2" 404 12541 "-" "Mozilla/5.0 AppleWebKit/537.36 (KHTML, like Gecko; compatible; ClaudeBot/1.0; +claudebot@anthropic.com)"
216.73.216.213 - - [26/Jul/2026:01:47:53 +0200] "GET /dp/6d8fd4101555450 HTTP/2" 404 12541 "-" "Mozilla/5.0 AppleWebKit/537.36 (KHTML, like Gecko; compatible; ClaudeBot/1.0; +claudebot@anthropic.com)"
216.73.216.213 - - [26/Jul/2026:01:47:56 +0200] "GET /dp/8d518168724543 HTTP/2" 404 12542 "-" "Mozilla/5.0 AppleWebKit/537.36 (KHTML, like Gecko; compatible; ClaudeBot/1.0; +claudebot@anthropic.com)"
140.174.186.101 - - [26/Jul/2026:01:47:43 +0200] "POST /wp-json/batch/v1 HTTP/2" 200 0 "-" "Mozilla/5.0 (Macintosh; Intel Mac OS X 10_15_7) AppleWebKit/537.36 (KHTML, like Gecko) Chrome/149.0.0.0 Safari/537.36"
216.73.216.213 - - [26/Jul/2026:01:48:03 +0200] "GET /dp/5d1715284333259 HTTP/2" 404 12542 "-" "Mozilla/5.0 AppleWebKit/537.36 (KHTML, like Gecko; compatible; ClaudeBot/1.0; +claudebot@anthropic.com)"
216.73.216.213 - - [26/Jul/2026:01:48:05 +0200] "GET /dp/5207027b4724725 HTTP/2" 404 12525 "-" "Mozilla/5.0 AppleWebKit/537.36 (KHTML, like Gecko; compatible; ClaudeBot/1.0; +claudebot@anthropic.com)"
216.73.216.213 - - [26/Jul/2026:01:48:08 +0200] "GET /dp/399251b62463665 HTTP/2" 404 12540 "-" "Mozilla/5.0 AppleWebKit/537.36 (KHTML, like Gecko; compatible; ClaudeBot/1.0; +claudebot@anthropic.com)"
216.73.216.213 - - [26/Jul/2026:01:48:11 +0200] "GET /dp/705683571655057 HTTP/2" 404 12541 "-" "Mozilla/5.0 AppleWebKit/537.36 (KHTML, like Gecko; compatible; ClaudeBot/1.0; +claudebot@anthropic.com)"
216.73.216.213 - - [26/Jul/2026:01:48:18 +0200] "GET /dp/f42864744328380 HTTP/2" 404 12541 "-" "Mozilla/5.0 AppleWebKit/537.36 (KHTML, like Gecko; compatible; ClaudeBot/1.0; +claudebot@anthropic.com)"
185.21.40.28 - - [26/Jul/2026:01:48:22 +0200] "POST /wp-cron.php?doing_wp_cron=1785023302.1310260295867919921875 HTTP/1.1" 200 474 "-" "0iVVIQjhOTVA"
216.73.216.213 - - [26/Jul/2026:01:48:21 +0200] "GET /dp/66596e512532106 HTTP/2" 404 12527 "-" "Mozilla/5.0 AppleWebKit/537.36 (KHTML, like Gecko; compatible; ClaudeBot/1.0; +claudebot@anthropic.com)"
216.73.216.213 - - [26/Jul/2026:01:48:24 +0200] "GET /dp/278078332541045 HTTP/2" 404 12541 "-" "Mozilla/5.0 AppleWebKit/537.36 (KHTML, like Gecko; compatible; ClaudeBot/1.0; +claudebot@anthropic.com)"
185.21.40.28 - - [26/Jul/2026:01:48:26 +0200] "POST /wp-cron.php?doing_wp_cron=1785023306.5817260742187500000000 HTTP/1.1" 200 474 "-" "0VuJzsi95swv"
216.73.216.213 - - [26/Jul/2026:01:48:27 +0200] "GET /dp/a54326214451009 HTTP/2" 404 12541 "-" "Mozilla/5.0 AppleWebKit/537.36 (KHTML, like Gecko; compatible; ClaudeBot/1.0; +claudebot@anthropic.com)"
216.73.216.213 - - [26/Jul/2026:01:48:32 +0200] "GET /dp/c45416653312577 HTTP/2" 404 12541 "-" "Mozilla/5.0 AppleWebKit/537.36 (KHTML, like Gecko; compatible; ClaudeBot/1.0; +claudebot@anthropic.com)"
216.73.216.213 - - [26/Jul/2026:01:48:34 +0200] "GET /dp/49948114678350 HTTP/2" 404 12541 "-" "Mozilla/5.0 AppleWebKit/537.36 (KHTML, like Gecko; compatible; ClaudeBot/1.0; +claudebot@anthropic.com)"
216.73.216.213 - - [26/Jul/2026:01:48:37 +0200] "GET /dp/561406483954266 HTTP/2" 404 12541 "-" "Mozilla/5.0 AppleWebKit/537.36 (KHTML, like Gecko; compatible; ClaudeBot/1.0; +claudebot@anthropic.com)"
216.73.216.213 - - [26/Jul/2026:01:48:40 +0200] "GET /dp/c61f67601685489 HTTP/2" 404 12543 "-" "Mozilla/5.0 AppleWebKit/537.36 (KHTML, like Gecko; compatible; ClaudeBot/1.0; +claudebot@anthropic.com)"
216.73.216.213 - - [26/Jul/2026:01:48:46 +0200] "GET /dp/6a81b2402327019 HTTP/2" 404 12541 "-" "Mozilla/5.0 AppleWebKit/537.36 (KHTML, like Gecko; compatible; ClaudeBot/1.0; +claudebot@anthropic.com)"
216.73.216.213 - - [26/Jul/2026:01:48:49 +0200] "GET /dp/88572e78482160 HTTP/2" 404 12540 "-" "Mozilla/5.0 AppleWebKit/537.36 (KHTML, like Gecko; compatible; ClaudeBot/1.0; +claudebot@anthropic.com)"
216.73.216.213 - - [26/Jul/2026:01:48:52 +0200] "GET /dp/f27528545568750 HTTP/2" 404 12539 "-" "Mozilla/5.0 AppleWebKit/537.36 (KHTML, like Gecko; compatible; ClaudeBot/1.0; +claudebot@anthropic.com)"
216.73.216.213 - - [26/Jul/2026:01:48:55 +0200] "GET /dp/1059439c5554496 HTTP/2" 404 12539 "-" "Mozilla/5.0 AppleWebKit/537.36 (KHTML, like Gecko; compatible; ClaudeBot/1.0; +claudebot@anthropic.com)"
216.73.217.31 - - [26/Jul/2026:01:49:21 +0200] "GET /dp/060871084760547 HTTP/2" 404 12539 "-" "Mozilla/5.0 AppleWebKit/537.36 (KHTML, like Gecko; compatible; ClaudeBot/1.0; +claudebot@anthropic.com)"
216.73.217.31 - - [26/Jul/2026:01:49:23 +0200] "GET /dp/6a5320033354107 HTTP/2" 404 12536 "-" "Mozilla/5.0 AppleWebKit/537.36 (KHTML, like Gecko; compatible; ClaudeBot/1.0; +claudebot@anthropic.com)"
185.21.40.28 - - [26/Jul/2026:01:49:27 +0200] "POST /wp-cron.php?doing_wp_cron=1785023367.4371109008789062500000 HTTP/1.1" 200 474 "-" "jwRyerL2S2IB"
216.73.217.31 - - [26/Jul/2026:01:49:26 +0200] "GET /dp/50ac9e452084199 HTTP/2" 404 12542 "-" "Mozilla/5.0 AppleWebKit/537.36 (KHTML, like Gecko; compatible; ClaudeBot/1.0; +claudebot@anthropic.com)"
216.73.217.31 - - [26/Jul/2026:01:49:29 +0200] "GET /dp/794fc2193847705 HTTP/2" 404 12541 "-" "Mozilla/5.0 AppleWebKit/537.36 (KHTML, like Gecko; compatible; ClaudeBot/1.0; +claudebot@anthropic.com)"
185.21.40.28 - - [26/Jul/2026:01:49:37 +0200] "POST /wp-cron.php?doing_wp_cron=1785023377.7237410545349121093750 HTTP/1.1" 200 474 "-" "rJeSXuYpcqX5"
185.21.40.28 - - [26/Jul/2026:01:49:37 +0200] "POST /wp-cron.php?doing_wp_cron=1785023377.7196319103240966796875 HTTP/1.1" 200 474 "-" "FsRuEU2j3lD1"
216.73.217.31 - - [26/Jul/2026:01:49:36 +0200] "GET /dp/593477114239303 HTTP/2" 404 12543 "-" "Mozilla/5.0 AppleWebKit/537.36 (KHTML, like Gecko; compatible; ClaudeBot/1.0; +claudebot@anthropic.com)"
66.249.70.102 - - [26/Jul/2026:01:49:36 +0200] "GET /dp/546999143715982 HTTP/1.1" 404 13394 "-" "Mozilla/5.0 (Linux; Android 6.0.1; Nexus 5X Build/MMB29P) AppleWebKit/537.36 (KHTML, like Gecko) Chrome/150.0.7871.128 Mobile Safari/537.36 (compatible; GoogleOther)"
216.73.217.31 - - [26/Jul/2026:01:49:39 +0200] "GET /dp/616766281247336 HTTP/2" 404 12542 "-" "Mozilla/5.0 AppleWebKit/537.36 (KHTML, like Gecko; compatible; ClaudeBot/1.0; +claudebot@anthropic.com)"
216.73.217.31 - - [26/Jul/2026:01:49:42 +0200] "GET /dp/213f906a1441651 HTTP/2" 404 12541 "-" "Mozilla/5.0 AppleWebKit/537.36 (KHTML, like Gecko; compatible; ClaudeBot/1.0; +claudebot@anthropic.com)"
216.73.217.31 - - [26/Jul/2026:01:49:45 +0200] "GET /dp/664c95814047268 HTTP/2" 404 12542 "-" "Mozilla/5.0 AppleWebKit/537.36 (KHTML, like Gecko; compatible; ClaudeBot/1.0; +claudebot@anthropic.com)"
216.73.217.31 - - [26/Jul/2026:01:49:50 +0200] "GET /dp/4a2712603567138 HTTP/2" 404 12542 "-" "Mozilla/5.0 AppleWebKit/537.36 (KHTML, like Gecko; compatible; ClaudeBot/1.0; +claudebot@anthropic.com)"
216.73.217.31 - - [26/Jul/2026:01:49:52 +0200] "GET /dp/3c2731172540043 HTTP/2" 404 12542 "-" "Mozilla/5.0 AppleWebKit/537.36 (KHTML, like Gecko; compatible; ClaudeBot/1.0; +claudebot@anthropic.com)"
216.73.217.31 - - [26/Jul/2026:01:49:55 +0200] "GET /dp/a73786492150838 HTTP/2" 404 12541 "-" "Mozilla/5.0 AppleWebKit/537.36 (KHTML, like Gecko; compatible; ClaudeBot/1.0; +claudebot@anthropic.com)"
216.73.217.31 - - [26/Jul/2026:01:49:58 +0200] "GET /dp/15b423814966119 HTTP/2" 404 12540 "-" "Mozilla/5.0 AppleWebKit/537.36 (KHTML, like Gecko; compatible; ClaudeBot/1.0; +claudebot@anthropic.com)"
185.21.40.28 - - [26/Jul/2026:01:50:05 +0200] "POST /wp-cron.php?doing_wp_cron=1785023405.8321299552917480468750 HTTP/1.1" 200 474 "-" "LapV0o4xDKkH"
216.73.217.31 - - [26/Jul/2026:01:50:04 +0200] "GET /dp/635380604197978 HTTP/2" 404 12541 "-" "Mozilla/5.0 AppleWebKit/537.36 (KHTML, like Gecko; compatible; ClaudeBot/1.0; +claudebot@anthropic.com)"
216.73.217.31 - - [26/Jul/2026:01:50:07 +0200] "GET /dp/366581052006810 HTTP/2" 404 12539 "-" "Mozilla/5.0 AppleWebKit/537.36 (KHTML, like Gecko; compatible; ClaudeBot/1.0; +claudebot@anthropic.com)"
216.73.217.31 - - [26/Jul/2026:01:50:10 +0200] "GET /dp/827139502476970 HTTP/2" 404 12539 "-" "Mozilla/5.0 AppleWebKit/537.36 (KHTML, like Gecko; compatible; ClaudeBot/1.0; +claudebot@anthropic.com)"
216.73.217.31 - - [26/Jul/2026:01:50:13 +0200] "GET /dp/6339b3311541051 HTTP/2" 404 12539 "-" "Mozilla/5.0 AppleWebKit/537.36 (KHTML, like Gecko; compatible; ClaudeBot/1.0; +claudebot@anthropic.com)"
185.21.40.28 - - [26/Jul/2026:01:52:01 +0200] "POST /wp-cron.php?doing_wp_cron=1785023521.4319279193878173828125 HTTP/1.1" 200 474 "-" "hUCuFayfEzCO"
66.249.70.101 - - [26/Jul/2026:01:51:56 +0200] "GET /dp/497db3971246089 HTTP/1.1" 404 13391 "-" "Mozilla/5.0 (Linux; Android 6.0.1; Nexus 5X Build/MMB29P) AppleWebKit/537.36 (KHTML, like Gecko) Chrome/150.0.7871.128 Mobile Safari/537.36 (compatible; GoogleOther)"
43.130.174.37 - - [26/Jul/2026:01:52:08 +0200] "GET /comments/feed/ HTTP/1.1" 200 1223 "-" "Mozilla/5.0 (iPhone; CPU iPhone OS 13_2_3 like Mac OS X) AppleWebKit/605.1.15 (KHTML, like Gecko) Version/13.0.3 Mobile/15E148 Safari/604.1"
185.21.40.28 - - [26/Jul/2026:01:54:47 +0200] "POST /wp-cron.php?doing_wp_cron=1785023687.8711740970611572265625 HTTP/1.1" 200 474 "-" "pF7Sf7y2HvLQ"
66.249.70.102 - - [26/Jul/2026:01:54:42 +0200] "GET /dp/966c3b183676250 HTTP/1.1" 404 13391 "-" "Mozilla/5.0 (Linux; Android 6.0.1; Nexus 5X Build/MMB29P) AppleWebKit/537.36 (KHTML, like Gecko) Chrome/150.0.7871.128 Mobile Safari/537.36 (compatible; GoogleOther)"
66.198.225.19 - - [26/Jul/2026:01:56:27 +0200] "GET /?wpanel=1&a=ping HTTP/1.1" 200 905 "-" "WPanel/1.0"
185.21.40.28 - - [26/Jul/2026:01:58:59 +0200] "POST /wp-cron.php?doing_wp_cron=1785023939.2696509361267089843750 HTTP/1.1" 200 474 "-" "i6ELjFQ7r4Wp"
66.249.70.100 - - [26/Jul/2026:01:58:53 +0200] "GET /dp/fbe077ae5187088 HTTP/1.1" 404 13393 "-" "Mozilla/5.0 (Linux; Android 6.0.1; Nexus 5X Build/MMB29P) AppleWebKit/537.36 (KHTML, like Gecko) Chrome/150.0.7871.128 Mobile Safari/537.36 (compatible; GoogleOther)"
185.21.40.28 - - [26/Jul/2026:02:00:55 +0200] "POST /wp-cron.php?doing_wp_cron=1785024055.2704908847808837890625 HTTP/1.1" 200 474 "-" "ugRa53saMVmA"
211.21.61.225 - - [26/Jul/2026:02:00:51 +0200] "GET /wp-login.php HTTP/2" 200 4467 "-" "Mozilla/5.0 (Windows NT 10.0; Win64; x64) AppleWebKit/537.36 (KHTML, like Gecko) Chrome/150.0.0.0 Safari/537.36"
211.21.61.225 - - [26/Jul/2026:02:00:56 +0200] "POST /wp-login.php HTTP/2" 200 4587 "https://nordisk-netvaerk-neurorehab.com/wp-login.php" "Mozilla/5.0 (Windows NT 10.0; Win64; x64) AppleWebKit/537.36 (KHTML, like Gecko) Chrome/150.0.0.0 Safari/537.36"
185.21.40.28 - - [26/Jul/2026:02:02:36 +0200] "POST /wp-cron.php?doing_wp_cron=1785024156.9620308876037597656250 HTTP/1.1" 200 474 "-" "gPOTbImwGT7s"
66.249.70.100 - - [26/Jul/2026:02:02:33 +0200] "GET /dp/224190583770162 HTTP/1.1" 404 13394 "-" "Mozilla/5.0 (Linux; Android 6.0.1; Nexus 5X Build/MMB29P) AppleWebKit/537.36 (KHTML, like Gecko) Chrome/150.0.7871.128 Mobile Safari/537.36 (compatible; GoogleOther)"
170.106.180.246 - - [26/Jul/2026:02:02:36 +0200] "GET /wp-json/oembed/1.0/embed?url=https%3A%2F%2Fnordisk-netvaerk-neurorehab.com%2Faim%2F HTTP/1.1" 200 2364 "-" "Mozilla/5.0 (iPhone; CPU iPhone OS 13_2_3 like Mac OS X) AppleWebKit/605.1.15 (KHTML, like Gecko) Version/13.0.3 Mobile/15E148 Safari/604.1"
185.21.40.28 - - [26/Jul/2026:02:03:40 +0200] "POST /wp-cron.php?doing_wp_cron=1785024220.4038650989532470703125 HTTP/1.1" 200 474 "-" "gAxmhhGXDDzr"
66.249.70.102 - - [26/Jul/2026:02:03:39 +0200] "GET /dp/149e5a983346243 HTTP/1.1" 404 13393 "-" "Mozilla/5.0 (Linux; Android 6.0.1; Nexus 5X Build/MMB29P) AppleWebKit/537.36 (KHTML, like Gecko) Chrome/150.0.7871.128 Mobile Safari/537.36 (compatible; GoogleOther)"
185.21.40.28 - - [26/Jul/2026:02:04:39 +0200] "POST /wp-cron.php?doing_wp_cron=1785024279.7244899272918701171875 HTTP/1.1" 200 474 "-" "W5rRTRCrufvY"
136.144.33.89 - - [26/Jul/2026:02:04:38 +0200] "POST /wp-login.php HTTP/1.1" 200 6199 "-" "Mozilla/5.0 (Windows NT 10.0; Win64; x64) AppleWebKit/537.36 Chrome/129.0.0.0 Safari/537.36"
66.198.225.19 - - [26/Jul/2026:02:07:25 +0200] "GET /?wpanel=1&a=ping HTTP/1.1" 200 905 "-" "WPanel/1.0"
185.21.40.28 - - [26/Jul/2026:02:11:26 +0200] "POST /wp-cron.php?doing_wp_cron=1785024686.1775329113006591796875 HTTP/1.1" 200 474 "-" "w6Ob94AQxdT5"
185.21.40.28 - - [26/Jul/2026:02:11:26 +0200] "POST /wp-cron.php?doing_wp_cron=1785024686.1772980690002441406250 HTTP/1.1" 200 474 "-" "5dJ1cDSFVjaw"
57.141.0.59 - - [26/Jul/2026:02:11:23 +0200] "GET /dp/358288b62633798 HTTP/2" 404 56744 "-" "Mozilla/5.0 (Windows NT 10.0; Win64; x64) AppleWebKit/537.36 (KHTML, like Gecko) Chrome/145.0.0.0 Safari/537.36 (compatible; meta-externalagent/1.1 (+https://developers.facebook.com/docs/sharing/webmasters/crawler))"
57.141.0.33 - - [26/Jul/2026:02:11:20 +0200] "GET /dp/230806545733489 HTTP/2" 404 56744 "-" "Mozilla/5.0 (Windows NT 10.0; Win64; x64) AppleWebKit/537.36 (KHTML, like Gecko) Chrome/145.0.0.0 Safari/537.36 Edg/145.0.0.0 (compatible; meta-externalagent/1.1 (+https://developers.facebook.com/docs/sharing/webmasters/crawler))"
185.21.40.28 - - [26/Jul/2026:02:12:16 +0200] "POST /wp-cron.php?doing_wp_cron=1785024736.1738700866699218750000 HTTP/1.1" 200 474 "-" "DOAVzvzRI8ep"
43.135.185.59 - - [26/Jul/2026:02:12:15 +0200] "GET /feed/ HTTP/1.1" 200 5479 "-" "Mozilla/5.0 (iPhone; CPU iPhone OS 13_2_3 like Mac OS X) AppleWebKit/605.1.15 (KHTML, like Gecko) Version/13.0.3 Mobile/15E148 Safari/604.1"
66.198.225.19 - - [26/Jul/2026:02:15:10 +0200] "GET /?wpanel=1&a=ping HTTP/1.1" 200 905 "-" "WPanel/1.0"
185.21.40.28 - - [26/Jul/2026:02:15:48 +0200] "POST /wp-cron.php?doing_wp_cron=1785024948.1616060733795166015625 HTTP/1.1" 200 474 "-" "UptW7gD7sU7V"
45.130.83.155 - - [26/Jul/2026:02:15:44 +0200] "POST /wp-login.php HTTP/1.1" 200 18675 "-" "Mozilla/5.0"
66.249.70.96 - - [26/Jul/2026:02:15:44 +0200] "GET /dp/d878fc864568435 HTTP/1.1" 404 13236 "-" "Mozilla/5.0 (Linux; Android 6.0.1; Nexus 5X Build/MMB29P) AppleWebKit/537.36 (KHTML, like Gecko) Chrome/150.0.7871.128 Mobile Safari/537.36 (compatible; GoogleOther)"
66.198.225.19 - - [26/Jul/2026:02:15:55 +0200] "GET /?wpanel=1&a=ping HTTP/1.1" 200 905 "-" "WPanel/1.0"
216.73.217.31 - - [26/Jul/2026:02:20:06 +0200] "GET /dp/9469e8391843379 HTTP/2" 200 0 "-" "Mozilla/5.0 AppleWebKit/537.36 (KHTML, like Gecko; compatible; ClaudeBot/1.0; +claudebot@anthropic.com)"
185.21.40.28 - - [26/Jul/2026:02:20:15 +0200] "POST /wp-cron.php?doing_wp_cron=1785025215.9273500442504882812500 HTTP/1.1" 200 474 "-" "5C9pvDgoMZXa"
185.21.40.28 - - [26/Jul/2026:02:20:22 +0200] "POST /wp-cron.php?doing_wp_cron=1785025222.8856759071350097656250 HTTP/1.1" 200 474 "-" "EwB7IsRDfSl0"
66.249.70.109 - - [26/Jul/2026:02:20:21 +0200] "GET /dp/8135f5f61893136 HTTP/1.1" 404 13394 "-" "Mozilla/5.0 (Linux; Android 6.0.1; Nexus 5X Build/MMB29P) AppleWebKit/537.36 (KHTML, like Gecko) Chrome/150.0.7871.128 Mobile Safari/537.36 (compatible; GoogleOther)"
185.21.40.28 - - [26/Jul/2026:02:21:18 +0200] "POST /wp-cron.php?doing_wp_cron=1785025278.3962121009826660156250 HTTP/1.1" 200 474 "-" "CPtZ21As3Xmh"
216.73.217.31 - - [26/Jul/2026:02:21:16 +0200] "GET /dp/17779a502465882 HTTP/2" 404 12542 "-" "Mozilla/5.0 AppleWebKit/537.36 (KHTML, like Gecko; compatible; ClaudeBot/1.0; +claudebot@anthropic.com)"
185.21.40.28 - - [26/Jul/2026:02:22:58 +0200] "POST /wp-cron.php?doing_wp_cron=1785025378.7966339588165283203125 HTTP/1.1" 200 474 "-" "UTYakSdn2oc0"
43.134.163.229 - - [26/Jul/2026:02:22:52 +0200] "GET /wp-json/wp/v2/pages/1070 HTTP/1.1" 200 8579 "-" "Mozilla/5.0 (iPhone; CPU iPhone OS 13_2_3 like Mac OS X) AppleWebKit/605.1.15 (KHTML, like Gecko) Version/13.0.3 Mobile/15E148 Safari/604.1"
216.73.216.213 - - [26/Jul/2026:02:23:26 +0200] "GET /robots.txt HTTP/2" 200 97 "-" "Mozilla/5.0 AppleWebKit/537.36 (KHTML, like Gecko; compatible; ClaudeBot/1.0; +claudebot@anthropic.com)"
185.21.40.28 - - [26/Jul/2026:02:23:27 +0200] "POST /wp-cron.php?doing_wp_cron=1785025407.6654310226440429687500 HTTP/1.1" 200 474 "-" "vEMCS68Q5e7c"
216.73.216.213 - - [26/Jul/2026:02:23:26 +0200] "GET /dp/8b2571c65233026 HTTP/2" 404 12543 "-" "Mozilla/5.0 AppleWebKit/537.36 (KHTML, like Gecko; compatible; ClaudeBot/1.0; +claudebot@anthropic.com)"
216.73.216.213 - - [26/Jul/2026:02:23:51 +0200] "GET /dp/72b82473505111 HTTP/2" 404 12542 "-" "Mozilla/5.0 AppleWebKit/537.36 (KHTML, like Gecko; compatible; ClaudeBot/1.0; +claudebot@anthropic.com)"
216.73.216.213 - - [26/Jul/2026:02:23:54 +0200] "GET /dp/10e392814839408 HTTP/2" 404 12543 "-" "Mozilla/5.0 AppleWebKit/537.36 (KHTML, like Gecko; compatible; ClaudeBot/1.0; +claudebot@anthropic.com)"
216.73.216.213 - - [26/Jul/2026:02:23:56 +0200] "GET /dp/143156963500971 HTTP/2" 404 12541 "-" "Mozilla/5.0 AppleWebKit/537.36 (KHTML, like Gecko; compatible; ClaudeBot/1.0; +claudebot@anthropic.com)"
185.21.40.28 - - [26/Jul/2026:02:24:39 +0200] "POST /wp-cron.php?doing_wp_cron=1785025479.2811110019683837890625 HTTP/1.1" 200 474 "-" "ioYPvxxV6nI9"
66.249.70.96 - - [26/Jul/2026:02:24:38 +0200] "GET /dp/f63338251008079 HTTP/1.1" 404 13394 "-" "Mozilla/5.0 (Linux; Android 6.0.1; Nexus 5X Build/MMB29P) AppleWebKit/537.36 (KHTML, like Gecko) Chrome/150.0.7871.128 Mobile Safari/537.36 (compatible; GoogleOther)"
216.73.217.85 - - [26/Jul/2026:02:24:41 +0200] "GET /dp/611d01271172265 HTTP/2" 404 12540 "-" "Mozilla/5.0 AppleWebKit/537.36 (KHTML, like Gecko; compatible; ClaudeBot/1.0; +claudebot@anthropic.com)"
216.73.217.85 - - [26/Jul/2026:02:24:44 +0200] "GET /dp/9110704c5476530 HTTP/2" 404 12536 "-" "Mozilla/5.0 AppleWebKit/537.36 (KHTML, like Gecko; compatible; ClaudeBot/1.0; +claudebot@anthropic.com)"
216.73.217.65 - - [26/Jul/2026:02:24:58 +0200] "GET /dp/b38f70405054108 HTTP/2" 404 12536 "-" "Mozilla/5.0 AppleWebKit/537.36 (KHTML, like Gecko; compatible; ClaudeBot/1.0; +claudebot@anthropic.com)"
185.21.40.28 - - [26/Jul/2026:02:25:20 +0200] "POST /wp-cron.php?doing_wp_cron=1785025520.5264589786529541015625 HTTP/1.1" 200 474 "-" "7aqN85bgUnsF"
216.73.217.65 - - [26/Jul/2026:02:25:19 +0200] "GET /dp/3cf600122506251 HTTP/2" 404 12534 "-" "Mozilla/5.0 AppleWebKit/537.36 (KHTML, like Gecko; compatible; ClaudeBot/1.0; +claudebot@anthropic.com)"
185.21.40.28 - - [26/Jul/2026:02:25:40 +0200] "POST /wp-cron.php?doing_wp_cron=1785025540.1971690654754638671875 HTTP/1.1" 200 474 "-" "PQQfPMjyELjr"
216.73.217.65 - - [26/Jul/2026:02:25:39 +0200] "GET /dp/8483c3372334196 HTTP/2" 404 12542 "-" "Mozilla/5.0 AppleWebKit/537.36 (KHTML, like Gecko; compatible; ClaudeBot/1.0; +claudebot@anthropic.com)"
216.73.217.65 - - [26/Jul/2026:02:25:47 +0200] "GET /dp/90253f55615371 HTTP/2" 404 12543 "-" "Mozilla/5.0 AppleWebKit/537.36 (KHTML, like Gecko; compatible; ClaudeBot/1.0; +claudebot@anthropic.com)"
216.73.217.65 - - [26/Jul/2026:02:25:55 +0200] "GET /dp/e23248835704649 HTTP/2" 404 12541 "-" "Mozilla/5.0 AppleWebKit/537.36 (KHTML, like Gecko; compatible; ClaudeBot/1.0; +claudebot@anthropic.com)"
66.249.70.110 - - [26/Jul/2026:02:26:00 +0200] "GET /dp/dc9902194795065 HTTP/1.1" 404 13235 "-" "Mozilla/5.0 (Linux; Android 6.0.1; Nexus 5X Build/MMB29P) AppleWebKit/537.36 (KHTML, like Gecko) Chrome/150.0.7871.128 Mobile Safari/537.36 (compatible; GoogleOther)"
216.73.217.65 - - [26/Jul/2026:02:26:07 +0200] "GET /dp/3b63700c5799536 HTTP/2" 404 12541 "-" "Mozilla/5.0 AppleWebKit/537.36 (KHTML, like Gecko; compatible; ClaudeBot/1.0; +claudebot@anthropic.com)"
216.73.217.65 - - [26/Jul/2026:02:26:12 +0200] "GET /dp/ba49703a5625086 HTTP/2" 404 12541 "-" "Mozilla/5.0 AppleWebKit/537.36 (KHTML, like Gecko; compatible; ClaudeBot/1.0; +claudebot@anthropic.com)"
185.21.40.28 - - [26/Jul/2026:02:26:53 +0200] "POST /wp-cron.php?doing_wp_cron=1785025613.2928960323333740234375 HTTP/1.1" 200 474 "-" "HR46yvc4EP4M"
216.73.217.31 - - [26/Jul/2026:02:26:52 +0200] "GET /dp/70f1385c5721374 HTTP/2" 404 12543 "-" "Mozilla/5.0 AppleWebKit/537.36 (KHTML, like Gecko; compatible; ClaudeBot/1.0; +claudebot@anthropic.com)"
216.73.217.31 - - [26/Jul/2026:02:26:58 +0200] "GET /dp/43a534615374247 HTTP/2" 404 12542 "-" "Mozilla/5.0 AppleWebKit/537.36 (KHTML, like Gecko; compatible; ClaudeBot/1.0; +claudebot@anthropic.com)"
185.21.40.28 - - [26/Jul/2026:02:27:22 +0200] "POST /wp-cron.php?doing_wp_cron=1785025642.2845070362091064453125 HTTP/1.1" 200 474 "-" "MoYbbjm8VIjD"
216.73.217.31 - - [26/Jul/2026:02:27:21 +0200] "GET /dp/65c067704148910 HTTP/2" 404 12542 "-" "Mozilla/5.0 AppleWebKit/537.36 (KHTML, like Gecko; compatible; ClaudeBot/1.0; +claudebot@anthropic.com)"
66.198.225.19 - - [26/Jul/2026:02:27:42 +0200] "GET /?wpanel=1&a=ping HTTP/1.1" 200 905 "-" "WPanel/1.0"
185.21.40.28 - - [26/Jul/2026:02:27:44 +0200] "POST /wp-cron.php?doing_wp_cron=1785025664.0613451004028320312500 HTTP/1.1" 200 474 "-" "b5BuzFlohcz4"
216.73.217.31 - - [26/Jul/2026:02:27:43 +0200] "GET /dp/7862207855698 HTTP/2" 404 12540 "-" "Mozilla/5.0 AppleWebKit/537.36 (KHTML, like Gecko; compatible; ClaudeBot/1.0; +claudebot@anthropic.com)"
216.73.217.31 - - [26/Jul/2026:02:28:17 +0200] "GET /dp/f8173f00922485 HTTP/2" 404 12543 "-" "Mozilla/5.0 AppleWebKit/537.36 (KHTML, like Gecko; compatible; ClaudeBot/1.0; +claudebot@anthropic.com)"
185.21.40.28 - - [26/Jul/2026:02:28:21 +0200] "POST /wp-cron.php?doing_wp_cron=1785025701.2341129779815673828125 HTTP/1.1" 200 474 "-" "0Q53GUbeCHSc"
216.73.217.31 - - [26/Jul/2026:02:28:20 +0200] "GET /dp/93368b305012750 HTTP/2" 404 12542 "-" "Mozilla/5.0 AppleWebKit/537.36 (KHTML, like Gecko; compatible; ClaudeBot/1.0; +claudebot@anthropic.com)"
185.21.40.28 - - [26/Jul/2026:02:28:40 +0200] "POST /wp-cron.php?doing_wp_cron=1785025720.5201389789581298828125 HTTP/1.1" 200 474 "-" "Q76lbV6Z787C"
66.249.70.110 - - [26/Jul/2026:02:28:39 +0200] "GET /dp/f923d7043822835 HTTP/1.1" 404 13392 "-" "Mozilla/5.0 (Linux; Android 6.0.1; Nexus 5X Build/MMB29P) AppleWebKit/537.36 (KHTML, like Gecko) Chrome/150.0.7871.128 Mobile Safari/537.36 (compatible; GoogleOther)"
216.73.217.31 - - [26/Jul/2026:02:28:41 +0200] "GET /dp/20da6c852673054 HTTP/2" 404 12527 "-" "Mozilla/5.0 AppleWebKit/537.36 (KHTML, like Gecko; compatible; ClaudeBot/1.0; +claudebot@anthropic.com)"
216.73.217.85 - - [26/Jul/2026:02:29:13 +0200] "GET /dp/28454d773241339 HTTP/2" 404 12543 "-" "Mozilla/5.0 AppleWebKit/537.36 (KHTML, like Gecko; compatible; ClaudeBot/1.0; +claudebot@anthropic.com)"
66.198.225.19 - - [26/Jul/2026:02:32:06 +0200] "GET /?wpanel=1&a=ping HTTP/1.1" 200 905 "-" "WPanel/1.0"
216.73.217.173 - - [26/Jul/2026:02:32:03 +0200] "GET /dp/36691bf34011732 HTTP/2" 200 0 "-" "Mozilla/5.0 AppleWebKit/537.36 (KHTML, like Gecko; compatible; ClaudeBot/1.0; +claudebot@anthropic.com)"
185.21.40.28 - - [26/Jul/2026:02:32:12 +0200] "POST /wp-cron.php?doing_wp_cron=1785025932.7091569900512695312500 HTTP/1.1" 200 474 "-" "ADL780ukHxPb"
185.21.40.28 - - [26/Jul/2026:02:32:45 +0200] "POST /wp-cron.php?doing_wp_cron=1785025965.0139789581298828125000 HTTP/1.1" 200 474 "-" "AcsHQrpeRiit"
43.153.15.51 - - [26/Jul/2026:02:32:43 +0200] "GET /wp-json/oembed/1.0/embed?url=https%3A%2F%2Fnordisk-netvaerk-neurorehab.com%2F HTTP/1.1" 200 2364 "-" "Mozilla/5.0 (iPhone; CPU iPhone OS 13_2_3 like Mac OS X) AppleWebKit/605.1.15 (KHTML, like Gecko) Version/13.0.3 Mobile/15E148 Safari/604.1"
216.73.217.31 - - [26/Jul/2026:02:32:48 +0200] "GET /dp/c68221205424550 HTTP/2" 404 12541 "-" "Mozilla/5.0 AppleWebKit/537.36 (KHTML, like Gecko; compatible; ClaudeBot/1.0; +claudebot@anthropic.com)"
216.73.217.31 - - [26/Jul/2026:02:33:14 +0200] "GET /dp/4ac424483951931 HTTP/2" 404 12543 "-" "Mozilla/5.0 AppleWebKit/537.36 (KHTML, like Gecko; compatible; ClaudeBot/1.0; +claudebot@anthropic.com)"
216.73.217.31 - - [26/Jul/2026:02:33:17 +0200] "GET /dp/100d42692653229 HTTP/2" 404 12541 "-" "Mozilla/5.0 AppleWebKit/537.36 (KHTML, like Gecko; compatible; ClaudeBot/1.0; +claudebot@anthropic.com)"
116.76.194.117 - - [26/Jul/2026:02:33:59 +0200] "GET /robots.txt HTTP/1.1" 200 548 "-" "Mozilla/5.0 (Windows NT 10.0; Win64; x64) AppleWebKit/537.36 (KHTML, like Gecko) Chrome/67.0.3080.53 Safari/537.36 Edge/18.18362"
185.21.40.28 - - [26/Jul/2026:02:34:59 +0200] "POST /wp-cron.php?doing_wp_cron=1785026099.3938059806823730468750 HTTP/1.1" 200 474 "-" "REWZ3pGp6pyy"
216.73.217.31 - - [26/Jul/2026:02:34:52 +0200] "GET /dp/379544012232180 HTTP/2" 404 12535 "-" "Mozilla/5.0 AppleWebKit/537.36 (KHTML, like Gecko; compatible; ClaudeBot/1.0; +claudebot@anthropic.com)"
216.73.217.31 - - [26/Jul/2026:02:35:01 +0200] "GET /dp/57a83c641774371 HTTP/2" 404 12540 "-" "Mozilla/5.0 AppleWebKit/537.36 (KHTML, like Gecko; compatible; ClaudeBot/1.0; +claudebot@anthropic.com)"
185.21.40.28 - - [26/Jul/2026:02:35:05 +0200] "POST /wp-cron.php?doing_wp_cron=1785026105.1106660366058349609375 HTTP/1.1" 200 474 "-" "8p9YxisWKmtL"
216.73.217.31 - - [26/Jul/2026:02:35:04 +0200] "GET /dp/832716044195166 HTTP/2" 404 12543 "-" "Mozilla/5.0 AppleWebKit/537.36 (KHTML, like Gecko; compatible; ClaudeBot/1.0; +claudebot@anthropic.com)"
216.73.217.31 - - [26/Jul/2026:02:35:07 +0200] "GET /dp/00815525270466 HTTP/2" 404 12541 "-" "Mozilla/5.0 AppleWebKit/537.36 (KHTML, like Gecko; compatible; ClaudeBot/1.0; +claudebot@anthropic.com)"
216.73.217.31 - - [26/Jul/2026:02:35:10 +0200] "GET /dp/534961dc1420033 HTTP/2" 404 12541 "-" "Mozilla/5.0 AppleWebKit/537.36 (KHTML, like Gecko; compatible; ClaudeBot/1.0; +claudebot@anthropic.com)"
185.21.40.28 - - [26/Jul/2026:02:35:55 +0200] "POST /wp-cron.php?doing_wp_cron=1785026155.5894880294799804687500 HTTP/1.1" 200 474 "-" "ZGGJRZKDqoka"
216.73.217.31 - - [26/Jul/2026:02:35:54 +0200] "GET /dp/21324d734039824 HTTP/2" 404 12543 "-" "Mozilla/5.0 AppleWebKit/537.36 (KHTML, like Gecko; compatible; ClaudeBot/1.0; +claudebot@anthropic.com)"
66.198.225.19 - - [26/Jul/2026:02:39:28 +0200] "GET /?wpanel=1&a=ping HTTP/1.1" 200 905 "-" "WPanel/1.0"
185.21.40.28 - - [26/Jul/2026:02:42:13 +0200] "POST /wp-cron.php?doing_wp_cron=1785026533.6638031005859375000000 HTTP/1.1" 200 474 "-" "UhAOvqqIIy7N"
170.106.35.137 - - [26/Jul/2026:02:42:07 +0200] "GET /privacy-policy/ HTTP/1.1" 200 14893 "-" "Mozilla/5.0 (iPhone; CPU iPhone OS 13_2_3 like Mac OS X) AppleWebKit/605.1.15 (KHTML, like Gecko) Version/13.0.3 Mobile/15E148 Safari/604.1"
74.208.9.170 - - [26/Jul/2026:02:43:42 +0200] "GET /wp-login.php HTTP/2" 200 0 "-" "Mozilla/5.0 (Windows NT 10.0; Win64; x64) AppleWebKit/537.36 (KHTML, like Gecko) Chrome/150.0.0.0 Safari/537.36"
185.21.40.28 - - [26/Jul/2026:02:45:24 +0200] "POST /wp-cron.php?doing_wp_cron=1785026724.3807070255279541015625 HTTP/1.1" 200 474 "-" "i6AiNtdhHfxy"
66.249.70.110 - - [26/Jul/2026:02:45:15 +0200] "GET /dp/90dc73535676835 HTTP/1.1" 404 13392 "-" "Mozilla/5.0 (Linux; Android 6.0.1; Nexus 5X Build/MMB29P) AppleWebKit/537.36 (KHTML, like Gecko) Chrome/150.0.7871.128 Mobile Safari/537.36 (compatible; GoogleOther)"
185.21.40.28 - - [26/Jul/2026:02:48:35 +0200] "POST /wp-cron.php?doing_wp_cron=1785026915.7213320732116699218750 HTTP/1.1" 200 474 "-" "TGIuEs0xo8sW"
45.92.229.236 - - [26/Jul/2026:02:48:27 +0200] "POST /wp-login.php HTTP/1.1" 200 18675 "-" "Mozilla/5.0"
66.198.225.19 - - [26/Jul/2026:02:51:16 +0200] "GET /?wpanel=1&a=ping HTTP/1.1" 200 905 "-" "WPanel/1.0"
43.159.35.188 - - [26/Jul/2026:02:52:01 +0200] "GET /wp-content/uploads/Bodil-Eskesen-Danmark-1-300x200.webp HTTP/1.1" 200 9598 "-" "Mozilla/5.0 (iPhone; CPU iPhone OS 13_2_3 like Mac OS X) AppleWebKit/605.1.15 (KHTML, like Gecko) Version/13.0.3 Mobile/15E148 Safari/604.1"
185.21.40.28 - - [26/Jul/2026:02:53:12 +0200] "POST /wp-cron.php?doing_wp_cron=1785027192.8636250495910644531250 HTTP/1.1" 200 474 "-" "OqY3SNmToUOq"
66.249.70.109 - - [26/Jul/2026:02:53:04 +0200] "GET /dp/046575923926319 HTTP/1.1" 404 13394 "-" "Mozilla/5.0 (Linux; Android 6.0.1; Nexus 5X Build/MMB29P) AppleWebKit/537.36 (KHTML, like Gecko) Chrome/150.0.7871.128 Mobile Safari/537.36 (compatible; GoogleOther)"
66.198.225.19 - - [26/Jul/2026:02:56:27 +0200] "GET /?wpanel=1&a=ping HTTP/1.1" 200 905 "-" "WPanel/1.0"
185.21.40.28 - - [26/Jul/2026:02:59:50 +0200] "POST /wp-cron.php?doing_wp_cron=1785027590.4724469184875488281250 HTTP/1.1" 200 474 "-" "5kdQJdAs3G5E"
66.249.70.110 - - [26/Jul/2026:02:59:44 +0200] "GET /dp/9a63a8203360958 HTTP/1.1" 404 13386 "-" "Mozilla/5.0 (Linux; Android 6.0.1; Nexus 5X Build/MMB29P) AppleWebKit/537.36 (KHTML, like Gecko) Chrome/150.0.7871.128 Mobile Safari/537.36 (compatible; GoogleOther)"
185.21.40.28 - - [26/Jul/2026:03:00:41 +0200] "POST /wp-cron.php?doing_wp_cron=1785027641.2121379375457763671875 HTTP/1.1" 200 474 "-" "iXyY9QZ46Vww"
66.249.70.96 - - [26/Jul/2026:03:00:39 +0200] "GET /dp/13b7530c2022279 HTTP/1.1" 404 13394 "-" "Mozilla/5.0 (Linux; Android 6.0.1; Nexus 5X Build/MMB29P) AppleWebKit/537.36 (KHTML, like Gecko) Chrome/150.0.7871.128 Mobile Safari/537.36 (compatible; GoogleOther)"
66.198.225.19 - - [26/Jul/2026:03:01:54 +0200] "GET /?wpanel=1&a=ping HTTP/1.1" 200 905 "-" "WPanel/1.0"
43.135.138.128 - - [26/Jul/2026:03:01:58 +0200] "GET /wp-content/uploads/Bodil-Eskesen-Danmark-1.webp HTTP/1.1" 200 291026 "-" "Mozilla/5.0 (iPhone; CPU iPhone OS 13_2_3 like Mac OS X) AppleWebKit/605.1.15 (KHTML, like Gecko) Version/13.0.3 Mobile/15E148 Safari/604.1"
66.198.225.19 - - [26/Jul/2026:03:05:04 +0200] "GET /?wpanel=1&a=ping HTTP/1.1" 200 905 "-" "WPanel/1.0"
57.141.0.33 - - [26/Jul/2026:03:10:31 +0200] "GET /dp/48b947c23245724 HTTP/2" 404 56744 "-" "Mozilla/5.0 (Windows NT 10.0; Win64; x64) AppleWebKit/537.36 (KHTML, like Gecko) Chrome/145.0.0.0 Safari/537.36 (compatible; meta-externalagent/1.1 (+https://developers.facebook.com/docs/sharing/webmasters/crawler))"
57.141.0.67 - - [26/Jul/2026:03:10:35 +0200] "GET /dp/54e786683422539 HTTP/2" 404 56743 "-" "Mozilla/5.0 (Windows NT 10.0; Win64; x64) AppleWebKit/537.36 (KHTML, like Gecko) Chrome/145.0.0.0 Safari/537.36 (compatible; meta-externalagent/1.1 (+https://developers.facebook.com/docs/sharing/webmasters/crawler))"
185.21.40.28 - - [26/Jul/2026:03:10:40 +0200] "POST /wp-cron.php?doing_wp_cron=1785028240.3700959682464599609375 HTTP/1.1" 200 474 "-" "KKoedh1v6u3o"
57.141.0.66 - - [26/Jul/2026:03:10:33 +0200] "GET /dp/d65889443388062 HTTP/2" 404 56744 "-" "Mozilla/5.0 (Windows NT 10.0; Win64; x64) AppleWebKit/537.36 (KHTML, like Gecko) Chrome/145.0.0.0 Safari/537.36 (compatible; meta-externalagent/1.1 (+https://developers.facebook.com/docs/sharing/webmasters/crawler))"
43.135.133.241 - - [26/Jul/2026:03:12:19 +0200] "GET /wp-content/uploads/Bodil-Eskesen-Danmark-1-1024x683.webp HTTP/1.1" 200 74331 "-" "Mozilla/5.0 (iPhone; CPU iPhone OS 13_2_3 like Mac OS X) AppleWebKit/605.1.15 (KHTML, like Gecko) Version/13.0.3 Mobile/15E148 Safari/604.1"
185.21.40.28 - - [26/Jul/2026:03:13:24 +0200] "POST /wp-cron.php?doing_wp_cron=1785028404.5487289428710937500000 HTTP/1.1" 200 474 "-" "gR8tekakPhHF"
216.73.217.117 - - [26/Jul/2026:03:13:18 +0200] "GET /dp/e0448d841310779 HTTP/2" 404 12543 "-" "Mozilla/5.0 AppleWebKit/537.36 (KHTML, like Gecko; compatible; ClaudeBot/1.0; +claudebot@anthropic.com)"
185.21.40.28 - - [26/Jul/2026:03:13:27 +0200] "POST /wp-cron.php?doing_wp_cron=1785028407.8760468959808349609375 HTTP/1.1" 200 474 "-" "Bi7j8ssUnaQd"
216.73.217.117 - - [26/Jul/2026:03:13:27 +0200] "GET /dp/2407a66f1045582 HTTP/2" 404 12543 "-" "Mozilla/5.0 AppleWebKit/537.36 (KHTML, like Gecko; compatible; ClaudeBot/1.0; +claudebot@anthropic.com)"
216.73.217.117 - - [26/Jul/2026:03:13:30 +0200] "GET /dp/c3041cd54561080 HTTP/2" 404 12526 "-" "Mozilla/5.0 AppleWebKit/537.36 (KHTML, like Gecko; compatible; ClaudeBot/1.0; +claudebot@anthropic.com)"
216.73.217.117 - - [26/Jul/2026:03:13:33 +0200] "GET /dp/204487e53431201 HTTP/2" 404 12541 "-" "Mozilla/5.0 AppleWebKit/537.36 (KHTML, like Gecko; compatible; ClaudeBot/1.0; +claudebot@anthropic.com)"
216.73.217.117 - - [26/Jul/2026:03:13:40 +0200] "GET /dp/a947d9744609770 HTTP/2" 404 12542 "-" "Mozilla/5.0 AppleWebKit/537.36 (KHTML, like Gecko; compatible; ClaudeBot/1.0; +claudebot@anthropic.com)"
216.73.217.117 - - [26/Jul/2026:03:13:42 +0200] "GET /dp/6582021583577 HTTP/2" 404 12541 "-" "Mozilla/5.0 AppleWebKit/537.36 (KHTML, like Gecko; compatible; ClaudeBot/1.0; +claudebot@anthropic.com)"
216.73.217.117 - - [26/Jul/2026:03:13:45 +0200] "GET /dp/283a3917464309 HTTP/2" 404 12540 "-" "Mozilla/5.0 AppleWebKit/537.36 (KHTML, like Gecko; compatible; ClaudeBot/1.0; +claudebot@anthropic.com)"
216.73.217.117 - - [26/Jul/2026:03:13:48 +0200] "GET /dp/7d0f7f324117085 HTTP/2" 404 12543 "-" "Mozilla/5.0 AppleWebKit/537.36 (KHTML, like Gecko; compatible; ClaudeBot/1.0; +claudebot@anthropic.com)"
216.73.217.117 - - [26/Jul/2026:03:13:54 +0200] "GET /dp/b251c6502821793 HTTP/2" 404 12543 "-" "Mozilla/5.0 AppleWebKit/537.36 (KHTML, like Gecko; compatible; ClaudeBot/1.0; +claudebot@anthropic.com)"
216.73.217.117 - - [26/Jul/2026:03:13:57 +0200] "GET /dp/57e4f0513474887 HTTP/2" 404 12543 "-" "Mozilla/5.0 AppleWebKit/537.36 (KHTML, like Gecko; compatible; ClaudeBot/1.0; +claudebot@anthropic.com)"
216.73.217.117 - - [26/Jul/2026:03:14:00 +0200] "GET /dp/54d424d32848514 HTTP/2" 404 12541 "-" "Mozilla/5.0 AppleWebKit/537.36 (KHTML, like Gecko; compatible; ClaudeBot/1.0; +claudebot@anthropic.com)"
216.73.217.117 - - [26/Jul/2026:03:14:03 +0200] "GET /dp/125ef2062363286 HTTP/2" 404 12542 "-" "Mozilla/5.0 AppleWebKit/537.36 (KHTML, like Gecko; compatible; ClaudeBot/1.0; +claudebot@anthropic.com)"
66.198.225.19 - - [26/Jul/2026:03:14:09 +0200] "GET /?wpanel=1&a=ping HTTP/1.1" 200 905 "-" "WPanel/1.0"
216.73.216.15 - - [26/Jul/2026:03:14:15 +0200] "GET /dp/5f5f29651273428 HTTP/2" 404 12543 "-" "Mozilla/5.0 AppleWebKit/537.36 (KHTML, like Gecko; compatible; ClaudeBot/1.0; +claudebot@anthropic.com)"
216.73.216.15 - - [26/Jul/2026:03:14:18 +0200] "GET /dp/1fadf43f3269605 HTTP/2" 404 12540 "-" "Mozilla/5.0 AppleWebKit/537.36 (KHTML, like Gecko; compatible; ClaudeBot/1.0; +claudebot@anthropic.com)"
185.21.40.28 - - [26/Jul/2026:03:14:22 +0200] "POST /wp-cron.php?doing_wp_cron=1785028462.3810999393463134765625 HTTP/1.1" 200 474 "-" "bUoS8tVUn7Rp"
216.73.216.15 - - [26/Jul/2026:03:14:21 +0200] "GET /dp/e937356238849 HTTP/2" 404 12543 "-" "Mozilla/5.0 AppleWebKit/537.36 (KHTML, like Gecko; compatible; ClaudeBot/1.0; +claudebot@anthropic.com)"
216.73.216.15 - - [26/Jul/2026:03:14:24 +0200] "GET /dp/119b7e8d2133815 HTTP/2" 404 12541 "-" "Mozilla/5.0 AppleWebKit/537.36 (KHTML, like Gecko; compatible; ClaudeBot/1.0; +claudebot@anthropic.com)"
185.21.40.28 - - [26/Jul/2026:03:14:31 +0200] "POST /wp-cron.php?doing_wp_cron=1785028471.7219409942626953125000 HTTP/1.1" 200 474 "-" "OhK6Bnc8O0jw"
216.73.216.15 - - [26/Jul/2026:03:14:30 +0200] "GET /dp/727115e75405159 HTTP/2" 404 12543 "-" "Mozilla/5.0 AppleWebKit/537.36 (KHTML, like Gecko; compatible; ClaudeBot/1.0; +claudebot@anthropic.com)"
216.73.216.15 - - [26/Jul/2026:03:14:32 +0200] "GET /dp/481e0e905724205 HTTP/2" 404 12541 "-" "Mozilla/5.0 AppleWebKit/537.36 (KHTML, like Gecko; compatible; ClaudeBot/1.0; +claudebot@anthropic.com)"
185.21.40.28 - - [26/Jul/2026:03:14:36 +0200] "POST /wp-cron.php?doing_wp_cron=1785028476.6891279220581054687500 HTTP/1.1" 200 474 "-" "E9tF3FGMdGTQ"
216.73.216.15 - - [26/Jul/2026:03:14:35 +0200] "GET /dp/bd066aa12811424 HTTP/2" 404 12542 "-" "Mozilla/5.0 AppleWebKit/537.36 (KHTML, like Gecko; compatible; ClaudeBot/1.0; +claudebot@anthropic.com)"
216.73.216.15 - - [26/Jul/2026:03:14:38 +0200] "GET /dp/013370843654429 HTTP/2" 404 12544 "-" "Mozilla/5.0 AppleWebKit/537.36 (KHTML, like Gecko; compatible; ClaudeBot/1.0; +claudebot@anthropic.com)"
216.73.216.15 - - [26/Jul/2026:03:14:44 +0200] "GET /dp/945f67611091641 HTTP/2" 404 12542 "-" "Mozilla/5.0 AppleWebKit/537.36 (KHTML, like Gecko; compatible; ClaudeBot/1.0; +claudebot@anthropic.com)"
216.73.216.15 - - [26/Jul/2026:03:14:46 +0200] "GET /dp/4602d137262528 HTTP/2" 404 12541 "-" "Mozilla/5.0 AppleWebKit/537.36 (KHTML, like Gecko; compatible; ClaudeBot/1.0; +claudebot@anthropic.com)"
216.73.216.15 - - [26/Jul/2026:03:14:49 +0200] "GET /dp/0286a65d3745218 HTTP/2" 404 12536 "-" "Mozilla/5.0 AppleWebKit/537.36 (KHTML, like Gecko; compatible; ClaudeBot/1.0; +claudebot@anthropic.com)"
216.73.216.15 - - [26/Jul/2026:03:14:52 +0200] "GET /dp/f44558261858401 HTTP/2" 404 12541 "-" "Mozilla/5.0 AppleWebKit/537.36 (KHTML, like Gecko; compatible; ClaudeBot/1.0; +claudebot@anthropic.com)"
216.73.216.241 - - [26/Jul/2026:03:15:00 +0200] "GET /dp/173f97094985161 HTTP/2" 404 12526 "-" "Mozilla/5.0 AppleWebKit/537.36 (KHTML, like Gecko; compatible; ClaudeBot/1.0; +claudebot@anthropic.com)"
185.21.40.28 - - [26/Jul/2026:03:15:06 +0200] "POST /wp-cron.php?doing_wp_cron=1785028506.7663209438323974609375 HTTP/1.1" 200 474 "-" "WNUZT7eMY0FA"
216.73.216.241 - - [26/Jul/2026:03:15:05 +0200] "GET /dp/b9ec21733141938 HTTP/2" 404 12543 "-" "Mozilla/5.0 AppleWebKit/537.36 (KHTML, like Gecko; compatible; ClaudeBot/1.0; +claudebot@anthropic.com)"
216.73.216.241 - - [26/Jul/2026:03:15:10 +0200] "GET /dp/b26043371554300 HTTP/2" 404 12541 "-" "Mozilla/5.0 AppleWebKit/537.36 (KHTML, like Gecko; compatible; ClaudeBot/1.0; +claudebot@anthropic.com)"
216.73.216.241 - - [26/Jul/2026:03:15:13 +0200] "GET /dp/ef4055215496768 HTTP/2" 404 12541 "-" "Mozilla/5.0 AppleWebKit/537.36 (KHTML, like Gecko; compatible; ClaudeBot/1.0; +claudebot@anthropic.com)"
216.73.216.241 - - [26/Jul/2026:03:15:16 +0200] "GET /dp/6017934f2576592 HTTP/2" 404 12540 "-" "Mozilla/5.0 AppleWebKit/537.36 (KHTML, like Gecko; compatible; ClaudeBot/1.0; +claudebot@anthropic.com)"
185.21.40.28 - - [26/Jul/2026:03:15:27 +0200] "POST /wp-cron.php?doing_wp_cron=1785028527.4901480674743652343750 HTTP/1.1" 200 474 "-" "M6BpOgMN7LLa"
216.73.216.241 - - [26/Jul/2026:03:15:25 +0200] "GET /dp/9b1f89222481476 HTTP/2" 404 12543 "-" "Mozilla/5.0 AppleWebKit/537.36 (KHTML, like Gecko; compatible; ClaudeBot/1.0; +claudebot@anthropic.com)"
216.73.216.241 - - [26/Jul/2026:03:15:27 +0200] "GET /dp/18e614201420778 HTTP/2" 404 12541 "-" "Mozilla/5.0 AppleWebKit/537.36 (KHTML, like Gecko; compatible; ClaudeBot/1.0; +claudebot@anthropic.com)"
216.73.216.241 - - [26/Jul/2026:03:15:30 +0200] "GET /dp/099a7a392282040 HTTP/2" 404 12541 "-" "Mozilla/5.0 AppleWebKit/537.36 (KHTML, like Gecko; compatible; ClaudeBot/1.0; +claudebot@anthropic.com)"
216.73.216.241 - - [26/Jul/2026:03:15:40 +0200] "GET /dp/218d533c4780661 HTTP/2" 404 12542 "-" "Mozilla/5.0 AppleWebKit/537.36 (KHTML, like Gecko; compatible; ClaudeBot/1.0; +claudebot@anthropic.com)"
216.73.216.241 - - [26/Jul/2026:03:15:43 +0200] "GET /dp/596336032132758 HTTP/2" 404 12541 "-" "Mozilla/5.0 AppleWebKit/537.36 (KHTML, like Gecko; compatible; ClaudeBot/1.0; +claudebot@anthropic.com)"
216.73.216.241 - - [26/Jul/2026:03:15:46 +0200] "GET /dp/3a8074ac3722819 HTTP/2" 404 12540 "-" "Mozilla/5.0 AppleWebKit/537.36 (KHTML, like Gecko; compatible; ClaudeBot/1.0; +claudebot@anthropic.com)"
216.73.216.241 - - [26/Jul/2026:03:16:11 +0200] "GET /dp/4b8447992466288 HTTP/2" 404 12542 "-" "Mozilla/5.0 AppleWebKit/537.36 (KHTML, like Gecko; compatible; ClaudeBot/1.0; +claudebot@anthropic.com)"
216.73.216.241 - - [26/Jul/2026:03:16:14 +0200] "GET /dp/9c5a022d4281412 HTTP/2" 404 12541 "-" "Mozilla/5.0 AppleWebKit/537.36 (KHTML, like Gecko; compatible; ClaudeBot/1.0; +claudebot@anthropic.com)"
216.73.216.241 - - [26/Jul/2026:03:16:17 +0200] "GET /dp/05466d6e171243 HTTP/2" 404 12541 "-" "Mozilla/5.0 AppleWebKit/537.36 (KHTML, like Gecko; compatible; ClaudeBot/1.0; +claudebot@anthropic.com)"
185.21.40.28 - - [26/Jul/2026:03:16:23 +0200] "POST /wp-cron.php?doing_wp_cron=1785028583.0834701061248779296875 HTTP/1.1" 200 474 "-" "WgmScX9NJik7"
216.73.216.241 - - [26/Jul/2026:03:16:22 +0200] "GET /dp/64ab78702420162 HTTP/2" 404 12543 "-" "Mozilla/5.0 AppleWebKit/537.36 (KHTML, like Gecko; compatible; ClaudeBot/1.0; +claudebot@anthropic.com)"
216.73.216.241 - - [26/Jul/2026:03:16:25 +0200] "GET /dp/97b7f4393290061 HTTP/2" 404 12536 "-" "Mozilla/5.0 AppleWebKit/537.36 (KHTML, like Gecko; compatible; ClaudeBot/1.0; +claudebot@anthropic.com)"
185.21.40.28 - - [26/Jul/2026:03:16:45 +0200] "POST /wp-cron.php?doing_wp_cron=1785028605.5638189315795898437500 HTTP/1.1" 200 474 "-" "gLejDdSGdvPd"
216.73.217.117 - - [26/Jul/2026:03:16:43 +0200] "GET /dp/134d1767564775 HTTP/2" 404 12542 "-" "Mozilla/5.0 AppleWebKit/537.36 (KHTML, like Gecko; compatible; ClaudeBot/1.0; +claudebot@anthropic.com)"
216.73.217.117 - - [26/Jul/2026:03:16:46 +0200] "GET /dp/d277b2495472524 HTTP/2" 404 12541 "-" "Mozilla/5.0 AppleWebKit/537.36 (KHTML, like Gecko; compatible; ClaudeBot/1.0; +claudebot@anthropic.com)"
216.73.217.117 - - [26/Jul/2026:03:17:06 +0200] "GET /dp/8aa647083624485 HTTP/2" 404 12543 "-" "Mozilla/5.0 AppleWebKit/537.36 (KHTML, like Gecko; compatible; ClaudeBot/1.0; +claudebot@anthropic.com)"
216.73.217.117 - - [26/Jul/2026:03:17:09 +0200] "GET /dp/5f90f4663193023 HTTP/2" 404 12543 "-" "Mozilla/5.0 AppleWebKit/537.36 (KHTML, like Gecko; compatible; ClaudeBot/1.0; +claudebot@anthropic.com)"
110.249.201.118 - - [26/Jul/2026:03:17:15 +0200] "GET /robots.txt HTTP/1.1" 200 548 "-" "Mozilla/5.0 (Linux; Android 5.0) AppleWebKit/537.36 (KHTML, like Gecko) Mobile Safari/537.36 (compatible; Bytespider; https://zhanzhang.toutiao.com/)"
191.195.50.247 - - [26/Jul/2026:03:17:44 +0200] "GET /wp-content/uploads/Psychopharmacological-treatment-of-agitation-caused-by-brain-injury-okt-2021_TS.pdf HTTP/2" 200 140362 "-" "Mozilla/5.0 (Linux; Android 6.0; Nexus 5 Build/MRA58N) AppleWebKit/537.36 (KHTML, like Gecko) Chrome/43.0.8873.1352 Mobile Safari/537.36"
185.21.40.28 - - [26/Jul/2026:03:18:40 +0200] "POST /wp-cron.php?doing_wp_cron=1785028720.1563630104064941406250 HTTP/1.1" 200 474 "-" "huoT8BU6h42l"
66.249.70.100 - - [26/Jul/2026:03:18:34 +0200] "GET /dp/c7b9311d149178 HTTP/1.1" 404 13394 "-" "Mozilla/5.0 (Linux; Android 6.0.1; Nexus 5X Build/MMB29P) AppleWebKit/537.36 (KHTML, like Gecko) Chrome/150.0.7871.128 Mobile Safari/537.36 (compatible; GoogleOther)"
185.21.40.28 - - [26/Jul/2026:03:19:45 +0200] "POST /wp-cron.php?doing_wp_cron=1785028785.7467870712280273437500 HTTP/1.1" 200 474 "-" "YWpHclUc0nv6"
54.173.131.118 - - [26/Jul/2026:03:19:44 +0200] "GET / HTTP/1.1" 200 20247 "-" "Mozilla/5.0 (Windows NT 10.0; Win64; x64) AppleWebKit/537.36 (KHTML, like Gecko) Chrome/120.0.0.0 Safari/537.36"
185.21.40.28 - - [26/Jul/2026:03:21:17 +0200] "POST /wp-cron.php?doing_wp_cron=1785028877.4697289466857910156250 HTTP/1.1" 200 474 "-" "ZRCfglfOQ2Ic"
45.92.229.234 - - [26/Jul/2026:03:21:14 +0200] "POST /wp-login.php HTTP/1.1" 200 18675 "-" "Mozilla/5.0"
185.21.40.28 - - [26/Jul/2026:03:21:30 +0200] "POST /wp-cron.php?doing_wp_cron=1785028890.7883760929107666015625 HTTP/1.1" 200 474 "-" "5N8PY9M9Ctmm"
43.167.239.66 - - [26/Jul/2026:03:21:29 +0200] "GET /?p=3 HTTP/1.1" 301 834 "-" "Mozilla/5.0 (iPhone; CPU iPhone OS 13_2_3 like Mac OS X) AppleWebKit/605.1.15 (KHTML, like Gecko) Version/13.0.3 Mobile/15E148 Safari/604.1"
43.167.239.66 - - [26/Jul/2026:03:21:34 +0200] "GET /privacy-policy/ HTTP/1.1" 200 14893 "https://nordisk-netvaerk-neurorehab.com/?p=3" "Mozilla/5.0 (iPhone; CPU iPhone OS 13_2_3 like Mac OS X) AppleWebKit/605.1.15 (KHTML, like Gecko) Version/13.0.3 Mobile/15E148 Safari/604.1"
216.73.217.117 - - [26/Jul/2026:03:21:59 +0200] "GET /sitemap.xml HTTP/2" 301 109 "-" "Mozilla/5.0 AppleWebKit/537.36 (KHTML, like Gecko; compatible; ClaudeBot/1.0; +claudebot@anthropic.com)"
216.73.217.117 - - [26/Jul/2026:03:22:00 +0200] "GET /sitemap_index.xml HTTP/2" 200 382 "https://nordisk-netvaerk-neurorehab.com/sitemap.xml" "Mozilla/5.0 AppleWebKit/537.36 (KHTML, like Gecko; compatible; ClaudeBot/1.0; +claudebot@anthropic.com)"
66.198.225.19 - - [26/Jul/2026:03:22:24 +0200] "GET /?wpanel=1&a=ping HTTP/1.1" 200 905 "-" "WPanel/1.0"
185.21.40.28 - - [26/Jul/2026:03:24:27 +0200] "POST /wp-cron.php?doing_wp_cron=1785029067.1255619525909423828125 HTTP/1.1" 200 474 "-" "J4OOe3ejg0tD"
66.249.70.100 - - [26/Jul/2026:03:24:22 +0200] "GET /dp/c36544d51877319 HTTP/1.1" 404 13394 "-" "Mozilla/5.0 (Linux; Android 6.0.1; Nexus 5X Build/MMB29P) AppleWebKit/537.36 (KHTML, like Gecko) Chrome/150.0.7871.128 Mobile Safari/537.36 (compatible; GoogleOther)"
185.21.40.28 - - [26/Jul/2026:03:25:12 +0200] "POST /wp-cron.php?doing_wp_cron=1785029112.8199930191040039062500 HTTP/1.1" 200 474 "-" "oTUKdkyV1Iix"
57.141.0.61 - - [26/Jul/2026:03:25:10 +0200] "GET /dp/48f880252990686 HTTP/2" 404 56744 "-" "Mozilla/5.0 (Windows NT 10.0; Win64; x64) AppleWebKit/537.36 (KHTML, like Gecko) Chrome/145.0.0.0 Safari/537.36 (compatible; meta-externalagent/1.1 (+https://developers.facebook.com/docs/sharing/webmasters/crawler))"
66.198.225.19 - - [26/Jul/2026:03:27:36 +0200] "GET /?wpanel=1&a=ping HTTP/1.1" 200 905 "-" "WPanel/1.0"
185.21.40.28 - - [26/Jul/2026:03:32:00 +0200] "POST /wp-cron.php?doing_wp_cron=1785029520.7969889640808105468750 HTTP/1.1" 200 474 "-" "BxgoElZA9Cp8"
49.51.183.84 - - [26/Jul/2026:03:31:55 +0200] "GET /wp-json/oembed/1.0/embed?url=https%3A%2F%2Fnordisk-netvaerk-neurorehab.com%2Fprivacy-policy%2F&format=xml HTTP/1.1" 200 2086 "-" "Mozilla/5.0 (iPhone; CPU iPhone OS 13_2_3 like Mac OS X) AppleWebKit/605.1.15 (KHTML, like Gecko) Version/13.0.3 Mobile/15E148 Safari/604.1"
185.21.40.28 - - [26/Jul/2026:03:32:29 +0200] "POST /wp-cron.php?doing_wp_cron=1785029549.5685989856719970703125 HTTP/1.1" 200 474 "-" "SzMDprT7NiIL"
66.249.70.100 - - [26/Jul/2026:03:32:27 +0200] "GET /dp/025997775138651 HTTP/1.1" 404 13394 "-" "Mozilla/5.0 (Linux; Android 6.0.1; Nexus 5X Build/MMB29P) AppleWebKit/537.36 (KHTML, like Gecko) Chrome/150.0.7871.128 Mobile Safari/537.36 (compatible; GoogleOther)"
85.122.114.193 - - [26/Jul/2026:03:33:26 +0200] "GET /wp-content/plugins/xnjuseb/index.php HTTP/2" 403 26 "-" "-"
185.21.40.28 - - [26/Jul/2026:03:35:08 +0200] "POST /wp-cron.php?doing_wp_cron=1785029708.8144268989562988281250 HTTP/1.1" 200 474 "-" "F4G3H2kZJ3Xp"
66.249.70.102 - - [26/Jul/2026:03:34:59 +0200] "GET /dp/33b23804299295 HTTP/1.1" 404 13388 "-" "Mozilla/5.0 (Linux; Android 6.0.1; Nexus 5X Build/MMB29P) AppleWebKit/537.36 (KHTML, like Gecko) Chrome/150.0.7871.128 Mobile Safari/537.36 (compatible; GoogleOther)"
156.253.14.14 - - [26/Jul/2026:03:35:20 +0200] "GET /sxallsitemap.xml HTTP/2" 200 13706 "-" "req/v3 (https://github.com/imroc/req)"
156.253.14.14 - - [26/Jul/2026:03:35:22 +0200] "GET /allsitemap.xml HTTP/2" 200 13703 "-" "req/v3 (https://github.com/imroc/req)"
66.198.225.19 - - [26/Jul/2026:03:36:22 +0200] "GET /?wpanel=1&a=ping HTTP/1.1" 200 905 "-" "WPanel/1.0"
66.198.225.19 - - [26/Jul/2026:03:39:40 +0200] "GET /?wpanel=1&a=ping HTTP/1.1" 200 905 "-" "WPanel/1.0"
185.21.40.28 - - [26/Jul/2026:03:41:26 +0200] "POST /wp-cron.php?doing_wp_cron=1785030086.3755240440368652343750 HTTP/1.1" 200 474 "-" "5WBwcxbobTWo"
43.134.15.174 - - [26/Jul/2026:03:41:22 +0200] "GET /wp-json/oembed/1.0/embed?url=https%3A%2F%2Fnordisk-netvaerk-neurorehab.com%2Fprivacy-policy%2F HTTP/1.1" 200 2074 "-" "Mozilla/5.0 (iPhone; CPU iPhone OS 13_2_3 like Mac OS X) AppleWebKit/605.1.15 (KHTML, like Gecko) Version/13.0.3 Mobile/15E148 Safari/604.1"
66.198.225.19 - - [26/Jul/2026:03:44:40 +0200] "GET /?wpanel=1&a=ping HTTP/1.1" 200 905 "-" "WPanel/1.0"
185.21.40.28 - - [26/Jul/2026:03:45:21 +0200] "POST /wp-cron.php?doing_wp_cron=1785030321.1492400169372558593750 HTTP/1.1" 200 474 "-" "iu4KwOp9iUqw"
43.134.62.67 - - [26/Jul/2026:03:45:16 +0200] "GET / HTTP/1.1" 200 20248 "http://nordisk-netvaerk-neurorehab.com" "Mozilla/5.0 (iPhone; CPU iPhone OS 13_2_3 like Mac OS X) AppleWebKit/605.1.15 (KHTML, like Gecko) Version/13.0.3 Mobile/15E148 Safari/604.1"
66.249.70.102 - - [26/Jul/2026:03:45:23 +0200] "GET /dp/30fa370a2504327 HTTP/1.1" 404 13236 "-" "Mozilla/5.0 (Linux; Android 6.0.1; Nexus 5X Build/MMB29P) AppleWebKit/537.36 (KHTML, like Gecko) Chrome/150.0.7871.128 Mobile Safari/537.36 (compatible; GoogleOther)"
66.198.225.19 - - [26/Jul/2026:03:45:26 +0200] "GET /?wpanel=1&a=ping HTTP/1.1" 200 905 "-" "WPanel/1.0"
185.21.40.28 - - [26/Jul/2026:03:47:54 +0200] "POST /wp-cron.php?doing_wp_cron=1785030474.7588920593261718750000 HTTP/1.1" 200 474 "-" "hBwzY9dlAJO5"
66.249.70.102 - - [26/Jul/2026:03:47:47 +0200] "GET /dp/200023f94286905 HTTP/1.1" 404 13392 "-" "Mozilla/5.0 (Linux; Android 6.0.1; Nexus 5X Build/MMB29P) AppleWebKit/537.36 (KHTML, like Gecko) Chrome/150.0.7871.128 Mobile Safari/537.36 (compatible; GoogleOther)"
185.21.40.28 - - [26/Jul/2026:03:49:31 +0200] "POST /wp-cron.php?doing_wp_cron=1785030571.2184739112854003906250 HTTP/1.1" 200 474 "-" "dqRBMr37JbT9"
66.249.70.102 - - [26/Jul/2026:03:49:25 +0200] "GET /dp/e838a6015193863 HTTP/1.1" 404 13394 "-" "Mozilla/5.0 (Linux; Android 6.0.1; Nexus 5X Build/MMB29P) AppleWebKit/537.36 (KHTML, like Gecko) Chrome/150.0.7871.128 Mobile Safari/537.36 (compatible; GoogleOther)"
185.21.40.28 - - [26/Jul/2026:03:50:16 +0200] "POST /wp-cron.php?doing_wp_cron=1785030616.4769890308380126953125 HTTP/1.1" 200 474 "-" "GPYzBjJ2usyy"
