57.141.0.3 - - [27/Jul/2026:11:52:19 +0200] "GET /dp/87918d015676102 HTTP/2" 200 43843 "-" "Mozilla/5.0 (Windows NT 10.0; Win64; x64) AppleWebKit/537.36 (KHTML, like Gecko) Chrome/145.0.0.0 Safari/537.36 (compatible; meta-externalagent/1.1 (+https://developers.facebook.com/docs/sharing/webmasters/crawler))"
74.7.227.156 - - [27/Jul/2026:11:52:20 +0200] "GET /index.php?loknya=/var/www/vhosts/nordisk-netvaerk-neurorehab.com/lscache/e/1 HTTP/2" 200 2004 "https://nordisk-netvaerk-neurorehab.com/index.php?loknya=/var/www/vhosts/nordisk-netvaerk-neurorehab.com/lscache/e" "Mozilla/5.0 AppleWebKit/537.36 (KHTML, like Gecko; compatible; GPTBot/1.4; +https://openai.com/gptbot)"
216.73.216.64 - - [27/Jul/2026:11:52:21 +0200] "GET /author/aveo/?lokasie=%2Fvar%2Fwww%2Fvhosts%2Fnordisk-netvaerk-neurorehab.com%2Fhttpdocs%2Fwp-includes%2Fblocks%2F%2Fpost-date.php&loknya=%2Fvar%2Fwww%2Fvhosts%2Fnordisk-netvaerk-neurorehab.com%2Fhttpdocs%2Fwp-includes%2Fblocks%2F HTTP/2" 200 3033 "-" "Mozilla/5.0 AppleWebKit/537.36 (KHTML, like Gecko; compatible; ClaudeBot/1.0; +claudebot@anthropic.com)"
57.141.0.54 - - [27/Jul/2026:11:52:22 +0200] "GET /dp/337202723413543 HTTP/2" 200 43844 "-" "Mozilla/5.0 (Windows NT 10.0; Win64; x64) AppleWebKit/537.36 (KHTML, like Gecko) Chrome/145.0.0.0 Safari/537.36 (compatible; meta-externalagent/1.1 (+https://developers.facebook.com/docs/sharing/webmasters/crawler))"
57.141.0.48 - - [27/Jul/2026:11:52:22 +0200] "GET /dp/457618133405526 HTTP/2" 200 43844 "-" "Mozilla/5.0 (Windows NT 10.0; Win64; x64) AppleWebKit/537.36 (KHTML, like Gecko) Chrome/145.0.0.0 Safari/537.36 (compatible; meta-externalagent/1.1 (+https://developers.facebook.com/docs/sharing/webmasters/crawler))"
57.141.0.63 - - [27/Jul/2026:11:52:22 +0200] "GET /dp/e91c5641519948 HTTP/2" 200 43844 "-" "Mozilla/5.0 (Macintosh; Intel Mac OS X 10_15_7) AppleWebKit/537.36 (KHTML, like Gecko) Chrome/145.0.0.0 Safari/537.36 (compatible; meta-externalagent/1.1 (+https://developers.facebook.com/docs/sharing/webmasters/crawler))"
74.7.227.156 - - [27/Jul/2026:11:52:23 +0200] "GET /index.php?loknya=/var/www/vhosts/nordisk-netvaerk-neurorehab.com/lscache/e/2 HTTP/2" 200 2007 "https://nordisk-netvaerk-neurorehab.com/index.php?loknya=/var/www/vhosts/nordisk-netvaerk-neurorehab.com/lscache/e" "Mozilla/5.0 AppleWebKit/537.36 (KHTML, like Gecko; compatible; GPTBot/1.4; +https://openai.com/gptbot)"
57.141.0.28 - - [27/Jul/2026:11:52:25 +0200] "GET /dp/1096a1612578583 HTTP/2" 200 43844 "-" "Mozilla/5.0 (Windows NT 10.0; Win64; x64) AppleWebKit/537.36 (KHTML, like Gecko) Chrome/145.0.0.0 Safari/537.36 (compatible; meta-externalagent/1.1 (+https://developers.facebook.com/docs/sharing/webmasters/crawler))"
57.141.0.61 - - [27/Jul/2026:11:52:26 +0200] "GET /dp/c038050a4069678 HTTP/2" 200 43844 "-" "Mozilla/5.0 (Windows NT 10.0; Win64; x64) AppleWebKit/537.36 (KHTML, like Gecko) Chrome/145.0.0.0 Safari/537.36 (compatible; meta-externalagent/1.1 (+https://developers.facebook.com/docs/sharing/webmasters/crawler))"
74.7.227.156 - - [27/Jul/2026:11:52:27 +0200] "GET /index.php?loknya=/var/www/vhosts/nordisk-netvaerk-neurorehab.com/lscache/e/8 HTTP/2" 200 2009 "https://nordisk-netvaerk-neurorehab.com/index.php?loknya=/var/www/vhosts/nordisk-netvaerk-neurorehab.com/lscache/e" "Mozilla/5.0 AppleWebKit/537.36 (KHTML, like Gecko; compatible; GPTBot/1.4; +https://openai.com/gptbot)"
216.73.216.64 - - [27/Jul/2026:11:52:28 +0200] "GET /?lokasie=%2Fvar%2Fwww%2Fvhosts%2Fnordisk-netvaerk-neurorehab.com%2Fhttpdocs%2Fwp-includes%2Fblocks%2Fparagraph%2Fstyle.min.css&loknya=%2Fvar%2Fwww%2Fvhosts%2Fnordisk-netvaerk-neurorehab.com%2Fhttpdocs%2Fwp-includes%2Fblocks%2Fparagraph HTTP/2" 200 1933 "-" "Mozilla/5.0 AppleWebKit/537.36 (KHTML, like Gecko; compatible; ClaudeBot/1.0; +claudebot@anthropic.com)"
57.141.0.43 - - [27/Jul/2026:11:52:29 +0200] "GET /dp/99695cc32690195 HTTP/2" 200 43844 "-" "Mozilla/5.0 (Windows NT 10.0; Win64; x64) AppleWebKit/537.36 (KHTML, like Gecko) Chrome/145.0.0.0 Safari/537.36 (compatible; meta-externalagent/1.1 (+https://developers.facebook.com/docs/sharing/webmasters/crawler))"
74.7.227.156 - - [27/Jul/2026:11:52:29 +0200] "GET /index.php?loknya=/var/www/vhosts/nordisk-netvaerk-neurorehab.com/lscache/c/7 HTTP/2" 200 2032 "https://nordisk-netvaerk-neurorehab.com/index.php?loknya=/var/www/vhosts/nordisk-netvaerk-neurorehab.com/lscache/c" "Mozilla/5.0 AppleWebKit/537.36 (KHTML, like Gecko; compatible; GPTBot/1.4; +https://openai.com/gptbot)"
101.33.81.73 - - [27/Jul/2026:11:52:30 +0200] "GET /?loknya=/var/www/vhosts/nordisk-netvaerk-neurorehab.com/httpdocs/wp-includes/ HTTP/1.1" 200 17153 "-" "Mozilla/5.0 (iPhone; CPU iPhone OS 13_2_3 like Mac OS X) AppleWebKit/605.1.15 (KHTML, like Gecko) Version/13.0.3 Mobile/15E148 Safari/604.1"
216.73.216.64 - - [27/Jul/2026:11:52:32 +0200] "GET /?lokasie=%2Fvar%2Fwww%2Fvhosts%2Fnordisk-netvaerk-neurorehab.com%2Fhttpdocs%2Fwp-admin%2Fimages%2Fbrowser.png&loknya=%2Fvar%2Fwww%2Fvhosts%2Fnordisk-netvaerk-neurorehab.com%2Fhttpdocs%2Fwp-admin%2Fimages HTTP/2" 200 37456 "-" "Mozilla/5.0 AppleWebKit/537.36 (KHTML, like Gecko; compatible; ClaudeBot/1.0; +claudebot@anthropic.com)"
74.7.227.156 - - [27/Jul/2026:11:52:32 +0200] "GET /index.php?loknya=/var/www/vhosts/nordisk-netvaerk-neurorehab.om/lsahe/ HTTP/2" 200 1875 "https://nordisk-netvaerk-neurorehab.com/index.php?loknya=/var/www/vhosts/nordisk-netvaerk-neurorehab.com/lscache/c" "Mozilla/5.0 AppleWebKit/537.36 (KHTML, like Gecko; compatible; GPTBot/1.4; +https://openai.com/gptbot)"
57.141.0.38 - - [27/Jul/2026:11:52:33 +0200] "GET /dp/b01531944466303 HTTP/2" 200 43844 "-" "Mozilla/5.0 (Windows NT 10.0; Win64; x64) AppleWebKit/537.36 (KHTML, like Gecko) Chrome/145.0.0.0 Safari/537.36 (compatible; meta-externalagent/1.1 (+https://developers.facebook.com/docs/sharing/webmasters/crawler))"
74.7.227.156 - - [27/Jul/2026:11:52:36 +0200] "GET /index.php?loknya=/var/www/vhosts/nordisk-netvaerk-neurorehab.com/lscache/e/4 HTTP/2" 200 2038 "https://nordisk-netvaerk-neurorehab.com/index.php?loknya=/var/www/vhosts/nordisk-netvaerk-neurorehab.com/lscache/e" "Mozilla/5.0 AppleWebKit/537.36 (KHTML, like Gecko; compatible; GPTBot/1.4; +https://openai.com/gptbot)"
74.7.227.156 - - [27/Jul/2026:11:52:39 +0200] "GET /index.php?loknya=/var/www/vhosts/nordisk-netvaerk-neurorehab.com/lscache/e/7 HTTP/2" 200 2006 "https://nordisk-netvaerk-neurorehab.com/index.php?loknya=/var/www/vhosts/nordisk-netvaerk-neurorehab.com/lscache/e" "Mozilla/5.0 AppleWebKit/537.36 (KHTML, like Gecko; compatible; GPTBot/1.4; +https://openai.com/gptbot)"
216.73.216.64 - - [27/Jul/2026:11:52:39 +0200] "GET /?lokasie=%2Fvar%2Fwww%2Fvhosts%2Fnordisk-netvaerk-neurorehab.com%2Fhttpdocs%2Fwp-admin%2Fimages%2Fresize-rtl.gif&loknya=%2Fvar%2Fwww%2Fvhosts%2Fnordisk-netvaerk-neurorehab.com%2Fhttpdocs%2Fwp-admin%2Fimages HTTP/2" 200 1740 "-" "Mozilla/5.0 AppleWebKit/537.36 (KHTML, like Gecko; compatible; ClaudeBot/1.0; +claudebot@anthropic.com)"
74.7.227.156 - - [27/Jul/2026:11:52:42 +0200] "GET /index.php?loknya=/var/www/vhosts/nordisk-netvaerk-neurorehab.com/lscache/e/9 HTTP/2" 200 2041 "https://nordisk-netvaerk-neurorehab.com/index.php?loknya=/var/www/vhosts/nordisk-netvaerk-neurorehab.com/lscache/e" "Mozilla/5.0 AppleWebKit/537.36 (KHTML, like Gecko; compatible; GPTBot/1.4; +https://openai.com/gptbot)"
74.7.227.156 - - [27/Jul/2026:11:52:45 +0200] "GET /index.php?loknya=/var/www/vhosts/nordisk-netvaerk-neurorehab.com/lscache/e/3 HTTP/2" 200 2006 "https://nordisk-netvaerk-neurorehab.com/index.php?loknya=/var/www/vhosts/nordisk-netvaerk-neurorehab.com/lscache/e" "Mozilla/5.0 AppleWebKit/537.36 (KHTML, like Gecko; compatible; GPTBot/1.4; +https://openai.com/gptbot)"
216.73.216.64 - - [27/Jul/2026:11:52:46 +0200] "GET /?lokasie=%2Fvar%2Fwww%2Fvhosts%2Fnordisk-netvaerk-neurorehab.com%2Fhttpdocs%2Fwp-admin%2Fimages%2Fbrowser-rtl.png&loknya=%2Fvar%2Fwww%2Fvhosts%2Fnordisk-netvaerk-neurorehab.com%2Fhttpdocs%2Fwp-admin%2Fimages HTTP/2" 200 37079 "-" "Mozilla/5.0 AppleWebKit/537.36 (KHTML, like Gecko; compatible; ClaudeBot/1.0; +claudebot@anthropic.com)"
57.141.0.55 - - [27/Jul/2026:11:52:46 +0200] "GET /dp/a57dcab34178872 HTTP/2" 200 43844 "-" "Mozilla/5.0 (Windows NT 10.0; Win64; x64) AppleWebKit/537.36 (KHTML, like Gecko) Chrome/145.0.0.0 Safari/537.36 (compatible; meta-externalagent/1.1 (+https://developers.facebook.com/docs/sharing/webmasters/crawler))"
57.141.0.52 - - [27/Jul/2026:11:52:47 +0200] "GET /dp/634600853982570?loknya=/var/www/vhosts HTTP/2" 200 5336 "-" "Mozilla/5.0 (Windows NT 10.0; Win64; x64) AppleWebKit/537.36 (KHTML, like Gecko) Chrome/145.0.0.0 Safari/537.36 (compatible; meta-externalagent/1.1 (+https://developers.facebook.com/docs/sharing/webmasters/crawler))"
74.7.227.156 - - [27/Jul/2026:11:52:48 +0200] "GET /index.php?loknya=/var/www/vhosts/nordisk-netvaerk-neurorehab.com/lscache/e/5 HTTP/2" 200 2036 "https://nordisk-netvaerk-neurorehab.com/index.php?loknya=/var/www/vhosts/nordisk-netvaerk-neurorehab.com/lscache/e" "Mozilla/5.0 AppleWebKit/537.36 (KHTML, like Gecko; compatible; GPTBot/1.4; +https://openai.com/gptbot)"
57.141.0.9 - - [27/Jul/2026:11:52:49 +0200] "GET /dp/6f0292112687583 HTTP/2" 200 43843 "-" "Mozilla/5.0 (Windows NT 10.0; Win64; x64) AppleWebKit/537.36 (KHTML, like Gecko) Chrome/145.0.0.0 Safari/537.36 (compatible; meta-externalagent/1.1 (+https://developers.facebook.com/docs/sharing/webmasters/crawler))"
74.7.227.156 - - [27/Jul/2026:11:52:52 +0200] "GET /index.php?loknya=/var/www/vhosts/nordisk-netvaerk-neuroreha.com/ HTTP/2" 200 1854 "https://nordisk-netvaerk-neurorehab.com/index.php?loknya=/var/www/vhosts/nordisk-netvaerk-neuroreha.com/lscache/" "Mozilla/5.0 AppleWebKit/537.36 (KHTML, like Gecko; compatible; GPTBot/1.4; +https://openai.com/gptbot)"
57.141.0.45 - - [27/Jul/2026:11:52:52 +0200] "GET /dp/0465a8701968191?loknya=/var/www/vhosts HTTP/2" 200 5336 "-" "Mozilla/5.0 (Windows NT 10.0; Win64; x64) AppleWebKit/537.36 (KHTML, like Gecko) Chrome/145.0.0.0 Safari/537.36 Edg/145.0.0.0 (compatible; meta-externalagent/1.1 (+https://developers.facebook.com/docs/sharing/webmasters/crawler))"
57.141.0.52 - - [27/Jul/2026:11:52:52 +0200] "GET /dp/5e17395f31987?lokasie=/var/www/vhosts/nordisk-netvaerk-neurorehab.com/httpdocs/license.txt&loknya=/var/www/vhosts/nordisk-netvaerk-neurorehab.com/httpdocs HTTP/2" 200 24545 "-" "Mozilla/5.0 (Windows NT 10.0; Win64; x64) AppleWebKit/537.36 (KHTML, like Gecko) Chrome/145.0.0.0 Safari/537.36 (compatible; meta-externalagent/1.1 (+https://developers.facebook.com/docs/sharing/webmasters/crawler))"
216.73.216.64 - - [27/Jul/2026:11:52:53 +0200] "GET /?lokasie=%2Fvar%2Fwww%2Fvhosts%2Fnordisk-netvaerk-neurorehab.com%2F.ssh%2Fid_rsa&loknya=%2Fvar%2Fwww%2Fvhosts%2Fnordisk-netvaerk-neurorehab.com%2F.ssh HTTP/2" 200 4181 "-" "Mozilla/5.0 AppleWebKit/537.36 (KHTML, like Gecko; compatible; ClaudeBot/1.0; +claudebot@anthropic.com)"
57.141.0.59 - - [27/Jul/2026:11:52:54 +0200] "GET /dp/0465a8701968191?lokasie=/var/www/vhosts/nordisk-netvaerk-neurorehab.com/httpdocs/wp-links-opml.php&loknya=/var/www/vhosts/nordisk-netvaerk-neurorehab.com/httpdocs HTTP/2" 200 7518 "-" "Mozilla/5.0 (Macintosh; Intel Mac OS X 10_15_7) AppleWebKit/537.36 (KHTML, like Gecko) Chrome/145.0.0.0 Safari/537.36 (compatible; meta-externalagent/1.1 (+https://developers.facebook.com/docs/sharing/webmasters/crawler))"
74.7.227.156 - - [27/Jul/2026:11:52:55 +0200] "GET /index.php?loknya=/var/www/vhosts/nordisk-ntvark-nurorhab.com/lscach/ HTTP/2" 200 1877 "https://nordisk-netvaerk-neurorehab.com/index.php?loknya=/var/www/vhosts/nordisk-netvaerk-neurorehab.com/lscache/e" "Mozilla/5.0 AppleWebKit/537.36 (KHTML, like Gecko; compatible; GPTBot/1.4; +https://openai.com/gptbot)"
57.141.0.68 - - [27/Jul/2026:11:52:55 +0200] "GET /dp/0465a8701968191?loknya=/var/www/vhosts/nordisk-netvaerk-neurorehab.com/httpdocs/wp-includes HTTP/2" 200 444763 "-" "Mozilla/5.0 (Windows NT 10.0; Win64; x64) AppleWebKit/537.36 (KHTML, like Gecko) Chrome/145.0.0.0 Safari/537.36 (compatible; meta-externalagent/1.1 (+https://developers.facebook.com/docs/sharing/webmasters/crawler))"
57.141.0.61 - - [27/Jul/2026:11:52:56 +0200] "GET /dp/5e17395f31987?lokasie=/var/www/vhosts/nordisk-netvaerk-neurorehab.com/httpdocs/xmlrpc.php&loknya=/var/www/vhosts/nordisk-netvaerk-neurorehab.com/httpdocs HTTP/2" 200 8335 "-" "Mozilla/5.0 (Macintosh; Intel Mac OS X 10_15_7) AppleWebKit/537.36 (KHTML, like Gecko) Chrome/145.0.0.0 Safari/537.36 (compatible; meta-externalagent/1.1 (+https://developers.facebook.com/docs/sharing/webmasters/crawler))"
57.141.0.8 - - [27/Jul/2026:11:52:57 +0200] "GET /dp/5e17395f31987?lokasie=/var/www/vhosts/nordisk-netvaerk-neurorehab.com/httpdocs/wp-trackback.php&loknya=/var/www/vhosts/nordisk-netvaerk-neurorehab.com/httpdocs HTTP/2" 200 10577 "-" "Mozilla/5.0 (Windows NT 10.0; Win64; x64) AppleWebKit/537.36 (KHTML, like Gecko) Chrome/145.0.0.0 Safari/537.36 (compatible; meta-externalagent/1.1 (+https://developers.facebook.com/docs/sharing/webmasters/crawler))"
57.141.0.43 - - [27/Jul/2026:11:52:57 +0200] "GET /dp/86a465651951047 HTTP/2" 200 43844 "-" "Mozilla/5.0 (Windows NT 10.0; Win64; x64) AppleWebKit/537.36 (KHTML, like Gecko) Chrome/145.0.0.0 Safari/537.36 (compatible; meta-externalagent/1.1 (+https://developers.facebook.com/docs/sharing/webmasters/crawler))"
74.7.227.156 - - [27/Jul/2026:11:52:58 +0200] "GET /index.php?loknya=/var/www/vhosts/nordisk-netvaerk-neurorehab.com/lscache/ HTTP/2" 200 2491 "https://nordisk-netvaerk-neurorehab.com/index.php?loknya=/var/www/vhosts/nordisk-netvaerk-neurorehab.com/lscache/priv" "Mozilla/5.0 AppleWebKit/537.36 (KHTML, like Gecko; compatible; GPTBot/1.4; +https://openai.com/gptbot)"
216.73.216.64 - - [27/Jul/2026:11:53:00 +0200] "GET /?lokasie=%2Fvar%2Fwww%2Fvhosts%2Fnordisk-netvaerk-neurorehab.com%2Fhttpdocs%2Fwp-admin%2Fimages%2Fsort-2x.gif&loknya=%2Fvar%2Fwww%2Fvhosts%2Fnordisk-netvaerk-neurorehab.com%2Fhttpdocs%2Fwp-admin%2Fimages HTTP/2" 200 1782 "-" "Mozilla/5.0 AppleWebKit/537.36 (KHTML, like Gecko; compatible; ClaudeBot/1.0; +claudebot@anthropic.com)"
57.141.0.27 - - [27/Jul/2026:11:53:00 +0200] "GET /dp/2045f940620752 HTTP/2" 200 43844 "-" "Mozilla/5.0 (Macintosh; Intel Mac OS X 10_15_7) AppleWebKit/537.36 (KHTML, like Gecko) Chrome/145.0.0.0 Safari/537.36 (compatible; meta-externalagent/1.1 (+https://developers.facebook.com/docs/sharing/webmasters/crawler))"
74.7.227.156 - - [27/Jul/2026:11:53:01 +0200] "GET /index.php?loknya=/var/www/vhosts/nordisk-netvaerk-neurorehab.com/lscache/e/8/c HTTP/2" 200 1898 "https://nordisk-netvaerk-neurorehab.com/index.php?loknya=/var/www/vhosts/nordisk-netvaerk-neurorehab.com/lscache/e/8" "Mozilla/5.0 AppleWebKit/537.36 (KHTML, like Gecko; compatible; GPTBot/1.4; +https://openai.com/gptbot)"
216.73.216.64 - - [27/Jul/2026:11:53:03 +0200] "GET /author/aveo/?loknya=%2Fvar%2Fwww%2Fvhosts%2Fnordisk-netvaerk-neurorehab.com%2Flscache%2F8%2F8 HTTP/2" 200 2016 "-" "Mozilla/5.0 AppleWebKit/537.36 (KHTML, like Gecko; compatible; ClaudeBot/1.0; +claudebot@anthropic.com)"
74.7.227.156 - - [27/Jul/2026:11:53:04 +0200] "GET /index.php?loknya=/var/www/vhosts/nordisk-netvaerk-neurorehab.com/lscache/c/7/a HTTP/2" 200 1899 "https://nordisk-netvaerk-neurorehab.com/index.php?loknya=/var/www/vhosts/nordisk-netvaerk-neurorehab.com/lscache/c/7" "Mozilla/5.0 AppleWebKit/537.36 (KHTML, like Gecko; compatible; GPTBot/1.4; +https://openai.com/gptbot)"
74.7.227.156 - - [27/Jul/2026:11:53:07 +0200] "GET /index.php?loknya=/var/www/vhosts/nordisk-netvaerk-neurorehab.om/ HTTP/2" 200 1854 "https://nordisk-netvaerk-neurorehab.com/index.php?loknya=/var/www/vhosts/nordisk-netvaerk-neurorehab.om/lsahe/" "Mozilla/5.0 AppleWebKit/537.36 (KHTML, like Gecko; compatible; GPTBot/1.4; +https://openai.com/gptbot)"
216.73.216.64 - - [27/Jul/2026:11:53:09 +0200] "GET /author/aveo/?loknya=%2Fvar%2Fwww%2Fvhosts%2Fnordisk-netvaerk-neurorehab.com%2Flscache%2F4%2F1 HTTP/2" 200 2086 "-" "Mozilla/5.0 AppleWebKit/537.36 (KHTML, like Gecko; compatible; ClaudeBot/1.0; +claudebot@anthropic.com)"
74.7.227.156 - - [27/Jul/2026:11:53:11 +0200] "GET /index.php?loknya=/var/www/vhosts/nordisk-netvaerk-neurorehab.om/lsahe HTTP/2" 200 1877 "https://nordisk-netvaerk-neurorehab.com/index.php?loknya=/var/www/vhosts/nordisk-netvaerk-neurorehab.om/lsahe/" "Mozilla/5.0 AppleWebKit/537.36 (KHTML, like Gecko; compatible; GPTBot/1.4; +https://openai.com/gptbot)"
74.7.227.156 - - [27/Jul/2026:11:53:14 +0200] "GET /index.php?loknya=/var/www/vhosts/nordisk-netvaerk-neurorehab.com/lscache/e/7/7 HTTP/2" 200 1898 "https://nordisk-netvaerk-neurorehab.com/index.php?loknya=/var/www/vhosts/nordisk-netvaerk-neurorehab.com/lscache/e/7" "Mozilla/5.0 AppleWebKit/537.36 (KHTML, like Gecko; compatible; GPTBot/1.4; +https://openai.com/gptbot)"
57.141.0.51 - - [27/Jul/2026:11:53:14 +0200] "GET /dp/e216ec611467126 HTTP/2" 200 43844 "-" "Mozilla/5.0 (Windows NT 10.0; Win64; x64) AppleWebKit/537.36 (KHTML, like Gecko) Chrome/145.0.0.0 Safari/537.36 (compatible; meta-externalagent/1.1 (+https://developers.facebook.com/docs/sharing/webmasters/crawler))"
216.73.216.64 - - [27/Jul/2026:11:53:16 +0200] "GET /author/aveo/?loknya=%2Fvar%2Fwww%2Fvhosts%2Fnordisk-netvaerk-neurorehab.com%2Flscache%2F9%2F8 HTTP/2" 200 2064 "-" "Mozilla/5.0 AppleWebKit/537.36 (KHTML, like Gecko; compatible; ClaudeBot/1.0; +claudebot@anthropic.com)"
74.7.227.156 - - [27/Jul/2026:11:53:17 +0200] "GET /index.php?loknya=/vr/www/vhosts/nordisk-netverk-neurorehb.com/lscche/ HTTP/2" 200 1872 "https://nordisk-netvaerk-neurorehab.com/index.php?loknya=/var/www/vhosts/nordisk-netvaerk-neurorehab.com/lscache/a" "Mozilla/5.0 AppleWebKit/537.36 (KHTML, like Gecko; compatible; GPTBot/1.4; +https://openai.com/gptbot)"
74.7.227.156 - - [27/Jul/2026:11:53:20 +0200] "GET /index.php?loknya=/var/www/vhosts/nordisk-netvaerk-neurorehab.com/lscache/e/3/e HTTP/2" 200 1904 "https://nordisk-netvaerk-neurorehab.com/index.php?loknya=/var/www/vhosts/nordisk-netvaerk-neurorehab.com/lscache/e/3" "Mozilla/5.0 AppleWebKit/537.36 (KHTML, like Gecko; compatible; GPTBot/1.4; +https://openai.com/gptbot)"
57.141.0.53 - - [27/Jul/2026:11:53:21 +0200] "GET /dp/e30f1a895071186 HTTP/2" 200 43844 "-" "Mozilla/5.0 (Windows NT 10.0; Win64; x64) AppleWebKit/537.36 (KHTML, like Gecko) Chrome/144.0.0.0 Safari/537.36 Edg/144.0.0.0 (compatible; meta-externalagent/1.1 (+https://developers.facebook.com/docs/sharing/webmasters/crawler))"
216.73.216.64 - - [27/Jul/2026:11:53:23 +0200] "GET /author/aveo/?loknya=%2Fvar%2Fwww%2Fvhosts%2Fnordisk-netvaerk-neurorehab.com%2Flscache%2F8%2F9 HTTP/2" 200 2047 "-" "Mozilla/5.0 AppleWebKit/537.36 (KHTML, like Gecko; compatible; ClaudeBot/1.0; +claudebot@anthropic.com)"
57.141.0.63 - - [27/Jul/2026:11:53:23 +0200] "GET /dp/e322d3275123207 HTTP/2" 200 43844 "-" "Mozilla/5.0 (Windows NT 10.0; Win64; x64) AppleWebKit/537.36 (KHTML, like Gecko) Chrome/145.0.0.0 Safari/537.36 (compatible; meta-externalagent/1.1 (+https://developers.facebook.com/docs/sharing/webmasters/crawler))"
74.7.227.156 - - [27/Jul/2026:11:53:24 +0200] "GET /index.php?loknya=/var/www/vhosts/nordisk-netvaerk-neurorehab.om HTTP/2" 200 1860 "https://nordisk-netvaerk-neurorehab.com/index.php?loknya=/var/www/vhosts/nordisk-netvaerk-neurorehab.om/lsahe/" "Mozilla/5.0 AppleWebKit/537.36 (KHTML, like Gecko; compatible; GPTBot/1.4; +https://openai.com/gptbot)"
57.141.0.53 - - [27/Jul/2026:11:53:25 +0200] "GET /dp/39739a1f1735786 HTTP/2" 200 43844 "-" "Mozilla/5.0 (Macintosh; Intel Mac OS X 10_15_7) AppleWebKit/537.36 (KHTML, like Gecko) Chrome/145.0.0.0 Safari/537.36 (compatible; meta-externalagent/1.1 (+https://developers.facebook.com/docs/sharing/webmasters/crawler))"
74.7.227.156 - - [27/Jul/2026:11:53:26 +0200] "GET /index.php?loknya=/var/www/vhosts/nordisk-netvaerk-neurorehab.com/.cagefs/var/php HTTP/2" 200 2024 "https://nordisk-netvaerk-neurorehab.com/index.php?loknya=/var/www/vhosts/nordisk-netvaerk-neurorehab.com/.cagefs/var" "Mozilla/5.0 AppleWebKit/537.36 (KHTML, like Gecko; compatible; GPTBot/1.4; +https://openai.com/gptbot)"
74.7.227.156 - - [27/Jul/2026:11:53:30 +0200] "GET /index.php?loknya=/var/www/vhosts/nordisk-ntvark-nurorhab.com HTTP/2" 200 1865 "https://nordisk-netvaerk-neurorehab.com/index.php?loknya=/var/www/vhosts/nordisk-ntvark-nurorhab.com/lscach/" "Mozilla/5.0 AppleWebKit/537.36 (KHTML, like Gecko; compatible; GPTBot/1.4; +https://openai.com/gptbot)"
57.141.0.68 - - [27/Jul/2026:11:53:32 +0200] "GET /dp/68c5a2b04533553 HTTP/2" 200 43844 "-" "Mozilla/5.0 (Windows NT 10.0; Win64; x64) AppleWebKit/537.36 (KHTML, like Gecko) Chrome/145.0.0.0 Safari/537.36 (compatible; meta-externalagent/1.1 (+https://developers.facebook.com/docs/sharing/webmasters/crawler))"
57.141.0.13 - - [27/Jul/2026:11:53:32 +0200] "GET /dp/9b443fe35016795 HTTP/2" 200 43844 "-" "Mozilla/5.0 (Windows NT 10.0; Win64; x64) AppleWebKit/537.36 (KHTML, like Gecko) Chrome/145.0.0.0 Safari/537.36 (compatible; meta-externalagent/1.1 (+https://developers.facebook.com/docs/sharing/webmasters/crawler))"
216.73.216.64 - - [27/Jul/2026:11:53:32 +0200] "GET /author/aveo/?lokasie=%2Fvar%2Fwww%2Fvhosts%2Fnordisk-netvaerk-neurorehab.com%2Fhttpdocs%2Fwp-content%2Fuploads%2F%2FGoeteborg-1024x676.png&loknya=%2Fvar%2Fwww%2Fvhosts%2Fnordisk-netvaerk-neurorehab.com%2Fhttpdocs%2Fwp-content%2Fuploads%2F HTTP/2" 200 430593 "-" "Mozilla/5.0 AppleWebKit/537.36 (KHTML, like Gecko; compatible; ClaudeBot/1.0; +claudebot@anthropic.com)"
74.7.227.156 - - [27/Jul/2026:11:53:33 +0200] "GET /index.php?loknya=/var/www/vhosts/nordisk-ntvark-nurorhab.com/ HTTP/2" 200 1865 "https://nordisk-netvaerk-neurorehab.com/index.php?loknya=/var/www/vhosts/nordisk-ntvark-nurorhab.com/lscach/" "Mozilla/5.0 AppleWebKit/537.36 (KHTML, like Gecko; compatible; GPTBot/1.4; +https://openai.com/gptbot)"
57.141.0.52 - - [27/Jul/2026:11:53:35 +0200] "GET /dp/c50d58522400651 HTTP/2" 200 43844 "-" "Mozilla/5.0 (Windows NT 10.0; Win64; x64) AppleWebKit/537.36 (KHTML, like Gecko) Chrome/145.0.0.0 Safari/537.36 (compatible; meta-externalagent/1.1 (+https://developers.facebook.com/docs/sharing/webmasters/crawler))"
74.7.227.156 - - [27/Jul/2026:11:53:36 +0200] "GET /index.php?loknya=/var/www/vhosts/nordisk-netvaerk-neurorehab.om/lsahe/e/8/ HTTP/2" 200 1889 "https://nordisk-netvaerk-neurorehab.com/index.php?loknya=/var/www/vhosts/nordisk-netvaerk-neurorehab.com/lscache/e/8/c" "Mozilla/5.0 AppleWebKit/537.36 (KHTML, like Gecko; compatible; GPTBot/1.4; +https://openai.com/gptbot)"
216.73.216.64 - - [27/Jul/2026:11:53:38 +0200] "GET /author/aveo/?lokasie=%2Fvar%2Fwww%2Fvhosts%2Fnordisk-netvaerk-neurorehab.com%2Fhttpdocs%2Fwp-content%2Fuploads%2F%2FSofie-150x150.png&loknya=%2Fvar%2Fwww%2Fvhosts%2Fnordisk-netvaerk-neurorehab.com%2Fhttpdocs%2Fwp-content%2Fuploads%2F HTTP/2" 200 15496 "-" "Mozilla/5.0 AppleWebKit/537.36 (KHTML, like Gecko; compatible; ClaudeBot/1.0; +claudebot@anthropic.com)"
57.141.0.46 - - [27/Jul/2026:11:53:39 +0200] "GET /dp/58d7b8463963432 HTTP/2" 200 43844 "-" "Mozilla/5.0 (Windows NT 10.0; Win64; x64) AppleWebKit/537.36 (KHTML, like Gecko) Chrome/145.0.0.0 Safari/537.36 (compatible; meta-externalagent/1.1 (+https://developers.facebook.com/docs/sharing/webmasters/crawler))"
74.7.227.156 - - [27/Jul/2026:11:53:39 +0200] "GET /index.php?loknya=/var/www/vhosts/nordisk-ntvark-nurorhab.com/lscach HTTP/2" 200 1880 "https://nordisk-netvaerk-neurorehab.com/index.php?loknya=/var/www/vhosts/nordisk-ntvark-nurorhab.com/lscach/" "Mozilla/5.0 AppleWebKit/537.36 (KHTML, like Gecko; compatible; GPTBot/1.4; +https://openai.com/gptbot)"
57.141.0.35 - - [27/Jul/2026:11:53:40 +0200] "GET /dp/4513015e2175330 HTTP/2" 200 43844 "-" "Mozilla/5.0 (Windows NT 10.0; Win64; x64) AppleWebKit/537.36 (KHTML, like Gecko) Chrome/145.0.0.0 Safari/537.36 (compatible; meta-externalagent/1.1 (+https://developers.facebook.com/docs/sharing/webmasters/crawler))"
57.141.0.25 - - [27/Jul/2026:11:53:41 +0200] "GET /dp/1a28931d691949 HTTP/2" 200 43844 "-" "Mozilla/5.0 (Windows NT 10.0; Win64; x64) AppleWebKit/537.36 (KHTML, like Gecko) Chrome/145.0.0.0 Safari/537.36 (compatible; meta-externalagent/1.1 (+https://developers.facebook.com/docs/sharing/webmasters/crawler))"
74.7.227.156 - - [27/Jul/2026:11:53:42 +0200] "GET /index.php?loknya=/vr/www/vhosts/nordisk-netverk-neurorehb.com/lscche/c/7/ HTTP/2" 200 1884 "https://nordisk-netvaerk-neurorehab.com/index.php?loknya=/var/www/vhosts/nordisk-netvaerk-neurorehab.com/lscache/c/7/a" "Mozilla/5.0 AppleWebKit/537.36 (KHTML, like Gecko; compatible; GPTBot/1.4; +https://openai.com/gptbot)"
216.73.216.64 - - [27/Jul/2026:11:53:45 +0200] "GET /author/aveo/?lokasie=%2Fvar%2Fwww%2Fvhosts%2Fnordisk-netvaerk-neurorehab.com%2Fhttpdocs%2Fwp-content%2Fuploads%2F%2FGoeteborg-768x507.png&loknya=%2Fvar%2Fwww%2Fvhosts%2Fnordisk-netvaerk-neurorehab.com%2Fhttpdocs%2Fwp-content%2Fuploads%2F HTTP/2" 200 246445 "-" "Mozilla/5.0 AppleWebKit/537.36 (KHTML, like Gecko; compatible; ClaudeBot/1.0; +claudebot@anthropic.com)"
74.7.227.156 - - [27/Jul/2026:11:53:45 +0200] "GET /index.php?loknya=/var/www/vhosts/nordisk-netvaerk-neuroreha.com/lscache HTTP/2" 200 1873 "https://nordisk-netvaerk-neurorehab.com/index.php?loknya=/var/www/vhosts/nordisk-netvaerk-neuroreha.com/lscache/" "Mozilla/5.0 AppleWebKit/537.36 (KHTML, like Gecko; compatible; GPTBot/1.4; +https://openai.com/gptbot)"
57.141.0.47 - - [27/Jul/2026:11:53:46 +0200] "GET /dp/c2e2c9375792161 HTTP/2" 200 43844 "-" "Mozilla/5.0 (Macintosh; Intel Mac OS X 10_15_7) AppleWebKit/537.36 (KHTML, like Gecko) Chrome/145.0.0.0 Safari/537.36 (compatible; meta-externalagent/1.1 (+https://developers.facebook.com/docs/sharing/webmasters/crawler))"
57.141.0.52 - - [27/Jul/2026:11:53:48 +0200] "GET /dp/32a684681582968 HTTP/2" 200 43844 "-" "Mozilla/5.0 (Windows NT 10.0; Win64; x64) AppleWebKit/537.36 (KHTML, like Gecko) Chrome/145.0.0.0 Safari/537.36 (compatible; meta-externalagent/1.1 (+https://developers.facebook.com/docs/sharing/webmasters/crawler))"
74.7.227.156 - - [27/Jul/2026:11:53:48 +0200] "GET /index.php?loknya=/var/www/vhosts/nordisk-netvaerk-neuroreha.com HTTP/2" 200 1860 "https://nordisk-netvaerk-neurorehab.com/index.php?loknya=/var/www/vhosts/nordisk-netvaerk-neuroreha.com/lscache/" "Mozilla/5.0 AppleWebKit/537.36 (KHTML, like Gecko; compatible; GPTBot/1.4; +https://openai.com/gptbot)"
57.141.0.43 - - [27/Jul/2026:11:53:51 +0200] "GET /dp/f61449802139255 HTTP/2" 200 43844 "-" "Mozilla/5.0 (Windows NT 10.0; Win64; x64) AppleWebKit/537.36 (KHTML, like Gecko) Chrome/145.0.0.0 Safari/537.36 (compatible; meta-externalagent/1.1 (+https://developers.facebook.com/docs/sharing/webmasters/crawler))"
74.7.227.156 - - [27/Jul/2026:11:53:52 +0200] "GET /index.php?loknya=/vr HTTP/2" 200 1815 "https://nordisk-netvaerk-neurorehab.com/index.php?loknya=/vr/www/vhosts/nordisk-netverk-neurorehb.com/lscche/" "Mozilla/5.0 AppleWebKit/537.36 (KHTML, like Gecko; compatible; GPTBot/1.4; +https://openai.com/gptbot)"
216.73.216.64 - - [27/Jul/2026:11:53:52 +0200] "GET /?lokasie=%2Fvar%2Fwww%2Fvhosts%2Fnordisk-netvaerk-neurorehab.com%2Fhttpdocs%2Fwp-includes%2Fimages%2Frss-2x.png&loknya=%2Fvar%2Fwww%2Fvhosts%2Fnordisk-netvaerk-neurorehab.com%2Fhttpdocs%2Fwp-includes%2Fimages HTTP/2" 200 3019 "-" "Mozilla/5.0 AppleWebKit/537.36 (KHTML, like Gecko; compatible; ClaudeBot/1.0; +claudebot@anthropic.com)"
57.141.0.13 - - [27/Jul/2026:11:53:52 +0200] "GET /dp/2d44c6641893854 HTTP/2" 200 43844 "-" "Mozilla/5.0 (Windows NT 10.0; Win64; x64) AppleWebKit/537.36 (KHTML, like Gecko) Chrome/145.0.0.0 Safari/537.36 (compatible; meta-externalagent/1.1 (+https://developers.facebook.com/docs/sharing/webmasters/crawler))"
74.7.227.156 - - [27/Jul/2026:11:53:55 +0200] "GET /index.php?loknya=/vr/www HTTP/2" 200 1836 "https://nordisk-netvaerk-neurorehab.com/index.php?loknya=/vr/www/vhosts/nordisk-netverk-neurorehb.com/lscche/" "Mozilla/5.0 AppleWebKit/537.36 (KHTML, like Gecko; compatible; GPTBot/1.4; +https://openai.com/gptbot)"
57.141.0.12 - - [27/Jul/2026:11:53:55 +0200] "GET /dp/b528f8172028427 HTTP/2" 200 43844 "-" "Mozilla/5.0 (Windows NT 10.0; Win64; x64) AppleWebKit/537.36 (KHTML, like Gecko) Chrome/145.0.0.0 Safari/537.36 (compatible; meta-externalagent/1.1 (+https://developers.facebook.com/docs/sharing/webmasters/crawler))"
57.141.0.29 - - [27/Jul/2026:11:53:57 +0200] "GET /dp/435399682121011 HTTP/2" 200 43844 "-" "Mozilla/5.0 (Macintosh; Intel Mac OS X 10_15_7) AppleWebKit/537.36 (KHTML, like Gecko) Chrome/145.0.0.0 Safari/537.36 (compatible; meta-externalagent/1.1 (+https://developers.facebook.com/docs/sharing/webmasters/crawler))"
74.7.227.156 - - [27/Jul/2026:11:53:58 +0200] "GET /index.php?loknya=/vr/www/vhosts HTTP/2" 200 1844 "https://nordisk-netvaerk-neurorehab.com/index.php?loknya=/vr/www/vhosts/nordisk-netverk-neurorehb.com/lscche/" "Mozilla/5.0 AppleWebKit/537.36 (KHTML, like Gecko; compatible; GPTBot/1.4; +https://openai.com/gptbot)"
216.73.216.64 - - [27/Jul/2026:11:53:59 +0200] "GET /?lokasie=%2Fvar%2Fwww%2Fvhosts%2Fnordisk-netvaerk-neurorehab.com%2Fhttpdocs%2Fwp-admin%2Fimages%2Fresize.gif&loknya=%2Fvar%2Fwww%2Fvhosts%2Fnordisk-netvaerk-neurorehab.com%2Fhttpdocs%2Fwp-admin%2Fimages HTTP/2" 200 1739 "-" "Mozilla/5.0 AppleWebKit/537.36 (KHTML, like Gecko; compatible; ClaudeBot/1.0; +claudebot@anthropic.com)"
74.7.227.156 - - [27/Jul/2026:11:54:01 +0200] "GET /index.php?loknya=/vr/www/vhosts/nordisk-netverk-neurorehb.com/lscche HTTP/2" 200 1873 "https://nordisk-netvaerk-neurorehab.com/index.php?loknya=/vr/www/vhosts/nordisk-netverk-neurorehb.com/lscche/" "Mozilla/5.0 AppleWebKit/537.36 (KHTML, like Gecko; compatible; GPTBot/1.4; +https://openai.com/gptbot)"
216.73.216.64 - - [27/Jul/2026:11:54:02 +0200] "GET /emner/past/feed/?lokasie=%2Fvar%2Fwww%2Fvhosts%2Fnordisk-netvaerk-neurorehab.com%2Fhttpdocs%2Fwp-admin%2Fterm.php&loknya=%2Fvar%2Fwww%2Fvhosts%2Fnordisk-netvaerk-neurorehab.com%2Fhttpdocs%2Fwp-admin HTTP/2" 200 2618 "-" "Mozilla/5.0 AppleWebKit/537.36 (KHTML, like Gecko; compatible; ClaudeBot/1.0; +claudebot@anthropic.com)"
74.7.227.156 - - [27/Jul/2026:11:54:04 +0200] "GET /index.php?loknya=/vr/www/vhosts/nordisk-netverk-neurorehb.com HTTP/2" 200 1860 "https://nordisk-netvaerk-neurorehab.com/index.php?loknya=/vr/www/vhosts/nordisk-netverk-neurorehb.com/lscche/" "Mozilla/5.0 AppleWebKit/537.36 (KHTML, like Gecko; compatible; GPTBot/1.4; +https://openai.com/gptbot)"
57.141.0.12 - - [27/Jul/2026:11:54:05 +0200] "GET /dp/1a8514101155469 HTTP/2" 200 43844 "-" "Mozilla/5.0 (Windows NT 10.0; Win64; x64) AppleWebKit/537.36 (KHTML, like Gecko) Chrome/145.0.0.0 Safari/537.36 (compatible; meta-externalagent/1.1 (+https://developers.facebook.com/docs/sharing/webmasters/crawler))"
74.7.227.156 - - [27/Jul/2026:11:54:07 +0200] "GET /index.php?loknya=/vr/www/vhosts/nordisk-netverk-neurorehb.com/ HTTP/2" 200 1860 "https://nordisk-netvaerk-neurorehab.com/index.php?loknya=/vr/www/vhosts/nordisk-netverk-neurorehb.com/lscche/" "Mozilla/5.0 AppleWebKit/537.36 (KHTML, like Gecko; compatible; GPTBot/1.4; +https://openai.com/gptbot)"
216.73.216.64 - - [27/Jul/2026:11:54:08 +0200] "GET /author/aveo/?lokasie=%2Fvar%2Fwww%2Fvhosts%2Fnordisk-netvaerk-neurorehab.com%2Fhttpdocs%2Fwp-content%2Fuploads%2F%2F.htaccess&loknya=%2Fvar%2Fwww%2Fvhosts%2Fnordisk-netvaerk-neurorehab.com%2Fhttpdocs%2Fwp-content%2Fuploads%2F HTTP/2" 200 1679 "-" "Mozilla/5.0 AppleWebKit/537.36 (KHTML, like Gecko; compatible; ClaudeBot/1.0; +claudebot@anthropic.com)"
74.7.227.156 - - [27/Jul/2026:11:54:11 +0200] "GET /index.php?loknya=/var/www/vhosts/nordisk-netvaerk-neurorehab.om/lsahe/e/8 HTTP/2" 200 1892 "https://nordisk-netvaerk-neurorehab.com/index.php?loknya=/var/www/vhosts/nordisk-netvaerk-neurorehab.om/lsahe/e/8/" "Mozilla/5.0 AppleWebKit/537.36 (KHTML, like Gecko; compatible; GPTBot/1.4; +https://openai.com/gptbot)"
198.244.242.166 - - [27/Jul/2026:11:54:12 +0200] "GET /dp/0dd6e72d770367 HTTP/2" 200 3015 "-" "Mozilla/5.0 (compatible; AhrefsBot/7.0; +http://ahrefs.com/robot/)"
74.7.227.156 - - [27/Jul/2026:11:54:14 +0200] "GET /index.php?loknya=/var/www/vhosts/nordisk-netvaerk-neurorehab.om/lsahe/e/ HTTP/2" 200 1885 "https://nordisk-netvaerk-neurorehab.com/index.php?loknya=/var/www/vhosts/nordisk-netvaerk-neurorehab.om/lsahe/e/8/" "Mozilla/5.0 AppleWebKit/537.36 (KHTML, like Gecko; compatible; GPTBot/1.4; +https://openai.com/gptbot)"
216.73.216.64 - - [27/Jul/2026:11:54:15 +0200] "GET /emner/past/feed/?lokasie=%2Fvar%2Fwww%2Fvhosts%2Fnordisk-netvaerk-neurorehab.com%2Fhttpdocs%2Fwp-includes%2Flink-template.php&loknya=%2Fvar%2Fwww%2Fvhosts%2Fnordisk-netvaerk-neurorehab.com%2Fhttpdocs%2Fwp-includes HTTP/2" 200 32284 "-" "Mozilla/5.0 AppleWebKit/537.36 (KHTML, like Gecko; compatible; ClaudeBot/1.0; +claudebot@anthropic.com)"
74.7.227.156 - - [27/Jul/2026:11:54:17 +0200] "GET /index.php?loknya=/var/www/vhosts/nordisk-netvaerk-neurorehab.om/lsahe/e HTTP/2" 200 1889 "https://nordisk-netvaerk-neurorehab.com/index.php?loknya=/var/www/vhosts/nordisk-netvaerk-neurorehab.om/lsahe/e/8/" "Mozilla/5.0 AppleWebKit/537.36 (KHTML, like Gecko; compatible; GPTBot/1.4; +https://openai.com/gptbot)"
57.141.0.2 - - [27/Jul/2026:11:54:19 +0200] "GET /dp/586465291791812 HTTP/2" 200 43843 "-" "Mozilla/5.0 (Windows NT 10.0; Win64; x64) AppleWebKit/537.36 (KHTML, like Gecko) Chrome/145.0.0.0 Safari/537.36 (compatible; meta-externalagent/1.1 (+https://developers.facebook.com/docs/sharing/webmasters/crawler))"
74.7.227.156 - - [27/Jul/2026:11:54:20 +0200] "GET /index.php?loknya=/vr/www/vhosts/nordisk-netverk-neurorehb.com/lscche/c/ HTTP/2" 200 1889 "https://nordisk-netvaerk-neurorehab.com/index.php?loknya=/vr/www/vhosts/nordisk-netverk-neurorehb.com/lscche/c/7/" "Mozilla/5.0 AppleWebKit/537.36 (KHTML, like Gecko; compatible; GPTBot/1.4; +https://openai.com/gptbot)"
216.73.216.64 - - [27/Jul/2026:11:54:22 +0200] "GET /?lokasie=%2Fvar%2Fwww%2Fvhosts%2Fnordisk-netvaerk-neurorehab.com%2Fhttpdocs%2Fwp-includes%2Fblocks%2Fsite-logo%2Fblock.json&loknya=%2Fvar%2Fwww%2Fvhosts%2Fnordisk-netvaerk-neurorehab.com%2Fhttpdocs%2Fwp-includes%2Fblocks%2Fsite-logo HTTP/2" 200 2294 "-" "Mozilla/5.0 AppleWebKit/537.36 (KHTML, like Gecko; compatible; ClaudeBot/1.0; +claudebot@anthropic.com)"
57.141.0.2 - - [27/Jul/2026:11:54:23 +0200] "GET /dp/7176ce151865806 HTTP/2" 200 43843 "-" "Mozilla/5.0 (Windows NT 10.0; Win64; x64) AppleWebKit/537.36 (KHTML, like Gecko) Chrome/145.0.0.0 Safari/537.36 (compatible; meta-externalagent/1.1 (+https://developers.facebook.com/docs/sharing/webmasters/crawler))"
74.7.227.156 - - [27/Jul/2026:11:54:23 +0200] "GET /index.php?loknya=/vr/www/vhosts/nordisk-netverk-neurorehb.com/lscche/c HTTP/2" 200 1892 "https://nordisk-netvaerk-neurorehab.com/index.php?loknya=/vr/www/vhosts/nordisk-netverk-neurorehb.com/lscche/c/7/" "Mozilla/5.0 AppleWebKit/537.36 (KHTML, like Gecko; compatible; GPTBot/1.4; +https://openai.com/gptbot)"
57.141.0.66 - - [27/Jul/2026:11:54:24 +0200] "GET /dp/f903a9273985046 HTTP/2" 200 43844 "-" "Mozilla/5.0 (Windows NT 10.0; Win64; x64) AppleWebKit/537.36 (KHTML, like Gecko) Chrome/145.0.0.0 Safari/537.36 (compatible; meta-externalagent/1.1 (+https://developers.facebook.com/docs/sharing/webmasters/crawler))"
57.141.0.7 - - [27/Jul/2026:11:54:26 +0200] "GET /dp/9d22ec554408880?lokasie=/var/www/vhosts/nordisk-netvaerk-neurorehab.com/httpdocs/wp-links-opml.php&loknya=/var/www/vhosts/nordisk-netvaerk-neurorehab.com/httpdocs HTTP/2" 200 7517 "-" "Mozilla/5.0 (Macintosh; Intel Mac OS X 10_15_7) AppleWebKit/537.36 (KHTML, like Gecko) Chrome/145.0.0.0 Safari/537.36 (compatible; meta-externalagent/1.1 (+https://developers.facebook.com/docs/sharing/webmasters/crawler))"
74.7.227.156 - - [27/Jul/2026:11:54:26 +0200] "GET /index.php?loknya=/vr/www/vhosts/nordisk-netverk-neurorehb.com/lscche/c/7 HTTP/2" 200 1889 "https://nordisk-netvaerk-neurorehab.com/index.php?loknya=/vr/www/vhosts/nordisk-netverk-neurorehb.com/lscche/c/7/" "Mozilla/5.0 AppleWebKit/537.36 (KHTML, like Gecko; compatible; GPTBot/1.4; +https://openai.com/gptbot)"
57.141.0.52 - - [27/Jul/2026:11:54:26 +0200] "GET /dp/0465a8701968191?loknya=/ HTTP/2" 200 5189 "-" "Mozilla/5.0 (X11; Linux x86_64) AppleWebKit/537.36 (KHTML, like Gecko) Chrome/145.0.0.0 Safari/537.36 (compatible; meta-externalagent/1.1 (+https://developers.facebook.com/docs/sharing/webmasters/crawler))"
57.141.0.44 - - [27/Jul/2026:11:54:27 +0200] "GET /dp/37411f944920616?lokasie=/var/www/vhosts/nordisk-netvaerk-neurorehab.com/httpdocs/xmlrpc.php&loknya=/var/www/vhosts/nordisk-netvaerk-neurorehab.com/httpdocs HTTP/2" 200 8335 "-" "Mozilla/5.0 (Windows NT 10.0; Win64; x64) AppleWebKit/537.36 (KHTML, like Gecko) Chrome/145.0.0.0 Safari/537.36 (compatible; meta-externalagent/1.1 (+https://developers.facebook.com/docs/sharing/webmasters/crawler))"
74.7.227.156 - - [27/Jul/2026:11:54:29 +0200] "GET /index.php?loknya=/vr/ HTTP/2" 200 1818 "https://nordisk-netvaerk-neurorehab.com/index.php?loknya=/vr/www" "Mozilla/5.0 AppleWebKit/537.36 (KHTML, like Gecko; compatible; GPTBot/1.4; +https://openai.com/gptbot)"
57.141.0.43 - - [27/Jul/2026:11:54:30 +0200] "GET /dp/0465a8701968191?lokasie=/var/www/vhosts/nordisk-netvaerk-neurorehab.com/httpdocs/readme.html&loknya=/var/www/vhosts/nordisk-netvaerk-neurorehab.com/httpdocs HTTP/2" 200 13798 "-" "Mozilla/5.0 (Windows NT 10.0; Win64; x64) AppleWebKit/537.36 (KHTML, like Gecko) Chrome/145.0.0.0 Safari/537.36 (compatible; meta-externalagent/1.1 (+https://developers.facebook.com/docs/sharing/webmasters/crawler))"
57.141.0.61 - - [27/Jul/2026:11:54:31 +0200] "GET /dp/0465a8701968191?lokasie=/var/www/vhosts/nordisk-netvaerk-neurorehab.com/httpdocs/license.txt&loknya=/var/www/vhosts/nordisk-netvaerk-neurorehab.com/httpdocs HTTP/2" 200 24545 "-" "Mozilla/5.0 (Macintosh; Intel Mac OS X 10_15_7) AppleWebKit/537.36 (KHTML, like Gecko) Chrome/145.0.0.0 Safari/537.36 (compatible; meta-externalagent/1.1 (+https://developers.facebook.com/docs/sharing/webmasters/crawler))"
216.73.216.64 - - [27/Jul/2026:11:54:32 +0200] "GET /?lokasie=%2Fvar%2Fwww%2Fvhosts%2Fnordisk-netvaerk-neurorehab.com%2Fhttpdocs%2Fwp-includes%2Fblocks%2Fcover%2Feditor.min.css&loknya=%2Fvar%2Fwww%2Fvhosts%2Fnordisk-netvaerk-neurorehab.com%2Fhttpdocs%2Fwp-includes%2Fblocks%2Fcover HTTP/2" 200 2216 "-" "Mozilla/5.0 AppleWebKit/537.36 (KHTML, like Gecko; compatible; ClaudeBot/1.0; +claudebot@anthropic.com)"
57.141.0.66 - - [27/Jul/2026:11:54:32 +0200] "GET /dp/9d22ec554408880?lokasie=/var/www/vhosts/nordisk-netvaerk-neurorehab.com/httpdocs/filefuns.php&loknya=/var/www/vhosts/nordisk-netvaerk-neurorehab.com/httpdocs HTTP/2" 200 10191 "-" "Mozilla/5.0 (Windows NT 10.0; Win64; x64) AppleWebKit/537.36 (KHTML, like Gecko) Chrome/145.0.0.0 Safari/537.36 (compatible; meta-externalagent/1.1 (+https://developers.facebook.com/docs/sharing/webmasters/crawler))"
74.7.227.156 - - [27/Jul/2026:11:54:33 +0200] "GET /index.php?loknya=/vr/www/ HTTP/2" 200 1832 "https://nordisk-netvaerk-neurorehab.com/index.php?loknya=/vr/www/vhosts" "Mozilla/5.0 AppleWebKit/537.36 (KHTML, like Gecko; compatible; GPTBot/1.4; +https://openai.com/gptbot)"
74.7.227.156 - - [27/Jul/2026:11:54:36 +0200] "GET /index.php?loknya=/var/www/vhosts/nordisk-netvaerk-neurorehab.com/lscache/e/1/2 HTTP/2" 200 1903 "https://nordisk-netvaerk-neurorehab.com/index.php?loknya=/var/www/vhosts/nordisk-netvaerk-neurorehab.com/lscache/e/1" "Mozilla/5.0 AppleWebKit/537.36 (KHTML, like Gecko; compatible; GPTBot/1.4; +https://openai.com/gptbot)"
57.141.0.63 - - [27/Jul/2026:11:54:38 +0200] "GET /dp/1354f68a4475042 HTTP/2" 200 43844 "-" "Mozilla/5.0 (Windows NT 10.0; Win64; x64) AppleWebKit/537.36 (KHTML, like Gecko) Chrome/145.0.0.0 Safari/537.36 (compatible; meta-externalagent/1.1 (+https://developers.facebook.com/docs/sharing/webmasters/crawler))"
216.73.216.64 - - [27/Jul/2026:11:54:39 +0200] "GET /author/aveo/?loknya=%2Fvar%2Fwww%2Fvhosts%2Fnordisk-netvaerk-neurorehab.com%2Fhttpdocs%2Fwp-content%2Fthemes%2Ftwentytwentyfive%2Fparts HTTP/2" 200 2348 "-" "Mozilla/5.0 AppleWebKit/537.36 (KHTML, like Gecko; compatible; ClaudeBot/1.0; +claudebot@anthropic.com)"
74.7.227.156 - - [27/Jul/2026:11:54:39 +0200] "GET /index.php?loknya=/var/www/vhosts/nordisk-netvaerk-neurorehab.com/lscache/e/4/7 HTTP/2" 200 2087 "https://nordisk-netvaerk-neurorehab.com/index.php?loknya=/var/www/vhosts/nordisk-netvaerk-neurorehab.com/lscache/e/4" "Mozilla/5.0 AppleWebKit/537.36 (KHTML, like Gecko; compatible; GPTBot/1.4; +https://openai.com/gptbot)"
74.7.227.156 - - [27/Jul/2026:11:54:42 +0200] "GET /index.php?loknya=/var/www/vhosts/nordisk-netvaerk-neurorehab.com/lscache/e/9/2 HTTP/2" 200 2085 "https://nordisk-netvaerk-neurorehab.com/index.php?loknya=/var/www/vhosts/nordisk-netvaerk-neurorehab.com/lscache/e/9" "Mozilla/5.0 AppleWebKit/537.36 (KHTML, like Gecko; compatible; GPTBot/1.4; +https://openai.com/gptbot)"
57.141.0.31 - - [27/Jul/2026:11:54:42 +0200] "GET /dp/609cdea8145519 HTTP/2" 200 43844 "-" "Mozilla/5.0 (Windows NT 10.0; Win64; x64) AppleWebKit/537.36 (KHTML, like Gecko) Chrome/145.0.0.0 Safari/537.36 (compatible; meta-externalagent/1.1 (+https://developers.facebook.com/docs/sharing/webmasters/crawler))"
74.7.227.156 - - [27/Jul/2026:11:54:45 +0200] "GET /index.php?loknya=/var/www/vhosts/nordisk-netvaerk-neurorehab.com/lscache/e/5/8 HTTP/2" 200 2085 "https://nordisk-netvaerk-neurorehab.com/index.php?loknya=/var/www/vhosts/nordisk-netvaerk-neurorehab.com/lscache/e/5" "Mozilla/5.0 AppleWebKit/537.36 (KHTML, like Gecko; compatible; GPTBot/1.4; +https://openai.com/gptbot)"
216.73.216.64 - - [27/Jul/2026:11:54:46 +0200] "GET /emner/past/feed/?lokasie=%2Fvar%2Fwww%2Fvhosts%2Fnordisk-netvaerk-neurorehab.com%2Fhttpdocs%2Fwp-admin%2Foptions-general.php&loknya=%2Fvar%2Fwww%2Fvhosts%2Fnordisk-netvaerk-neurorehab.com%2Fhttpdocs%2Fwp-admin HTTP/2" 200 8763 "-" "Mozilla/5.0 AppleWebKit/537.36 (KHTML, like Gecko; compatible; ClaudeBot/1.0; +claudebot@anthropic.com)"
57.141.0.28 - - [27/Jul/2026:11:54:45 +0200] "GET /dp/bafe60132444164 HTTP/2" 200 43844 "-" "Mozilla/5.0 (Macintosh; Intel Mac OS X 10_15_7) AppleWebKit/537.36 (KHTML, like Gecko) Chrome/145.0.0.0 Safari/537.36 (compatible; meta-externalagent/1.1 (+https://developers.facebook.com/docs/sharing/webmasters/crawler))"
57.141.0.10 - - [27/Jul/2026:11:54:48 +0200] "GET /dp/90f6b2151040523 HTTP/2" 200 43844 "-" "Mozilla/5.0 (Macintosh; Intel Mac OS X 10_15_7) AppleWebKit/537.36 (KHTML, like Gecko) Chrome/145.0.0.0 Safari/537.36 (compatible; meta-externalagent/1.1 (+https://developers.facebook.com/docs/sharing/webmasters/crawler))"
74.7.227.156 - - [27/Jul/2026:11:54:48 +0200] "GET /index.php?loknya=/var/www/vhosts/nordisk-ntvark-nurorhab.om/lsah/ HTTP/2" 200 1877 "https://nordisk-netvaerk-neurorehab.com/index.php?loknya=/var/www/vhosts/nordisk-netvaerk-neurorehab.om/lsahe/e/" "Mozilla/5.0 AppleWebKit/537.36 (KHTML, like Gecko; compatible; GPTBot/1.4; +https://openai.com/gptbot)"
57.141.0.3 - - [27/Jul/2026:11:54:51 +0200] "GET /dp/b542667c3754041 HTTP/2" 200 43843 "-" "Mozilla/5.0 (Windows NT 10.0; Win64; x64) AppleWebKit/537.36 (KHTML, like Gecko) Chrome/145.0.0.0 Safari/537.36 (compatible; meta-externalagent/1.1 (+https://developers.facebook.com/docs/sharing/webmasters/crawler))"
57.141.0.54 - - [27/Jul/2026:11:54:51 +0200] "GET /dp/4c45b0c41687297 HTTP/2" 200 43844 "-" "Mozilla/5.0 (Windows NT 10.0; Win64; x64) AppleWebKit/537.36 (KHTML, like Gecko) Chrome/145.0.0.0 Safari/537.36 (compatible; meta-externalagent/1.1 (+https://developers.facebook.com/docs/sharing/webmasters/crawler))"
74.7.227.156 - - [27/Jul/2026:11:54:52 +0200] "GET /index.php?loknya=/var/www/vhosts/nordisk-netvaerk-neurorehab.com/lscache/c/7/6 HTTP/2" 200 2080 "https://nordisk-netvaerk-neurorehab.com/index.php?loknya=/var/www/vhosts/nordisk-netvaerk-neurorehab.com/lscache/c/7" "Mozilla/5.0 AppleWebKit/537.36 (KHTML, like Gecko; compatible; GPTBot/1.4; +https://openai.com/gptbot)"
216.73.216.64 - - [27/Jul/2026:11:54:53 +0200] "GET /author/aveo/?lokasie=%2Fvar%2Fwww%2Fvhosts%2Fnordisk-netvaerk-neurorehab.com%2Fhttpdocs%2Fwp-includes%2Fblocks%2Farchives%2Fblock.json&loknya=%2Fvar%2Fwww%2Fvhosts%2Fnordisk-netvaerk-neurorehab.com%2Fhttpdocs%2Fwp-includes%2Fblocks%2Farchives HTTP/2" 200 2177 "-" "Mozilla/5.0 AppleWebKit/537.36 (KHTML, like Gecko; compatible; ClaudeBot/1.0; +claudebot@anthropic.com)"
57.141.0.1 - - [27/Jul/2026:11:54:53 +0200] "GET /dp/97de68854777254 HTTP/2" 200 43843 "-" "Mozilla/5.0 (Macintosh; Intel Mac OS X 10_15_7) AppleWebKit/537.36 (KHTML, like Gecko) Chrome/145.0.0.0 Safari/537.36 (compatible; meta-externalagent/1.1 (+https://developers.facebook.com/docs/sharing/webmasters/crawler))"
57.141.0.32 - - [27/Jul/2026:11:54:54 +0200] "GET /dp/40809baa4365125 HTTP/2" 200 43844 "-" "Mozilla/5.0 (Macintosh; Intel Mac OS X 10_15_7) AppleWebKit/537.36 (KHTML, like Gecko) Chrome/145.0.0.0 Safari/537.36 (compatible; meta-externalagent/1.1 (+https://developers.facebook.com/docs/sharing/webmasters/crawler))"
74.7.227.156 - - [27/Jul/2026:11:54:55 +0200] "GET /index.php?loknya=/vr/www/vhosts/nordisk-netverk-neurorehb.om/lshe/ HTTP/2" 200 1867 "https://nordisk-netvaerk-neurorehab.com/index.php?loknya=/vr/www/vhosts/nordisk-netverk-neurorehb.com/lscche/c/" "Mozilla/5.0 AppleWebKit/537.36 (KHTML, like Gecko; compatible; GPTBot/1.4; +https://openai.com/gptbot)"
57.141.0.59 - - [27/Jul/2026:11:54:56 +0200] "GET /dp/b6971eb81008261 HTTP/2" 200 43844 "-" "Mozilla/5.0 (Windows NT 10.0; Win64; x64) AppleWebKit/537.36 (KHTML, like Gecko) Chrome/145.0.0.0 Safari/537.36 (compatible; meta-externalagent/1.1 (+https://developers.facebook.com/docs/sharing/webmasters/crawler))"
57.141.0.42 - - [27/Jul/2026:11:54:57 +0200] "GET /dp/91bea5503241881 HTTP/2" 200 43844 "-" "Mozilla/5.0 (X11; Linux x86_64) AppleWebKit/537.36 (KHTML, like Gecko) Chrome/145.0.0.0 Safari/537.36 (compatible; meta-externalagent/1.1 (+https://developers.facebook.com/docs/sharing/webmasters/crawler))"
57.141.0.59 - - [27/Jul/2026:11:54:57 +0200] "GET /dp/3b64ed071382181 HTTP/2" 200 43844 "-" "Mozilla/5.0 (Windows NT 10.0; Win64; x64) AppleWebKit/537.36 (KHTML, like Gecko) Chrome/145.0.0.0 Safari/537.36 (compatible; meta-externalagent/1.1 (+https://developers.facebook.com/docs/sharing/webmasters/crawler))"
74.7.227.156 - - [27/Jul/2026:11:54:58 +0200] "GET /index.php?loknya=/var/www/vhosts/nordisk-netvaerk-neurorehab.com/lscache/e/9/5 HTTP/2" 200 2089 "https://nordisk-netvaerk-neurorehab.com/index.php?loknya=/var/www/vhosts/nordisk-netvaerk-neurorehab.com/lscache/e/9" "Mozilla/5.0 AppleWebKit/537.36 (KHTML, like Gecko; compatible; GPTBot/1.4; +https://openai.com/gptbot)"
216.73.216.64 - - [27/Jul/2026:11:55:00 +0200] "GET /emner/past/feed/?lokasie=%2Fvar%2Fwww%2Fvhosts%2Fnordisk-netvaerk-neurorehab.com%2Fhttpdocs%2Fwp-includes%2Fmedia-template.php&loknya=%2Fvar%2Fwww%2Fvhosts%2Fnordisk-netvaerk-neurorehab.com%2Fhttpdocs%2Fwp-includes HTTP/2" 200 15135 "-" "Mozilla/5.0 AppleWebKit/537.36 (KHTML, like Gecko; compatible; ClaudeBot/1.0; +claudebot@anthropic.com)"
74.7.227.156 - - [27/Jul/2026:11:55:01 +0200] "GET /index.php?loknya=/var/www/vhosts/nordisk-netvaerk-neurorehab.com/lscache/e/5/7 HTTP/2" 200 1904 "https://nordisk-netvaerk-neurorehab.com/index.php?loknya=/var/www/vhosts/nordisk-netvaerk-neurorehab.com/lscache/e/5" "Mozilla/5.0 AppleWebKit/537.36 (KHTML, like Gecko; compatible; GPTBot/1.4; +https://openai.com/gptbot)"
216.73.216.64 - - [27/Jul/2026:11:55:03 +0200] "GET /?lokasie=%2Fvar%2Fwww%2Fvhosts%2Fnordisk-netvaerk-neurorehab.com%2Fhttpdocs%2Fwp-includes%2F%2Fcategory.php&loknya=%2Fvar%2Fwww%2Fvhosts%2Fnordisk-netvaerk-neurorehab.com%2Fhttpdocs%2Fwp-includes%2F HTTP/2" 200 5423 "-" "Mozilla/5.0 AppleWebKit/537.36 (KHTML, like Gecko; compatible; ClaudeBot/1.0; +claudebot@anthropic.com)"
74.7.227.156 - - [27/Jul/2026:11:55:04 +0200] "GET /index.php?loknya=/var/www/vhosts/nordisk-netvaerk-neurorehab.com/lscache/e/4/1 HTTP/2" 200 1903 "https://nordisk-netvaerk-neurorehab.com/index.php?loknya=/var/www/vhosts/nordisk-netvaerk-neurorehab.com/lscache/e/4" "Mozilla/5.0 AppleWebKit/537.36 (KHTML, like Gecko; compatible; GPTBot/1.4; +https://openai.com/gptbot)"
57.141.0.41 - - [27/Jul/2026:11:55:07 +0200] "GET /dp/e71045b22978203 HTTP/2" 200 43844 "-" "Mozilla/5.0 (Macintosh; Intel Mac OS X 10_15_7) AppleWebKit/537.36 (KHTML, like Gecko) Chrome/145.0.0.0 Safari/537.36 (compatible; meta-externalagent/1.1 (+https://developers.facebook.com/docs/sharing/webmasters/crawler))"
74.7.227.156 - - [27/Jul/2026:11:55:07 +0200] "GET /index.php?loknya=/var/www/vhosts/nordisk-netvaerk-neurorehab.com/lscache/e/2/1 HTTP/2" 200 1903 "https://nordisk-netvaerk-neurorehab.com/index.php?loknya=/var/www/vhosts/nordisk-netvaerk-neurorehab.com/lscache/e/2" "Mozilla/5.0 AppleWebKit/537.36 (KHTML, like Gecko; compatible; GPTBot/1.4; +https://openai.com/gptbot)"
57.141.0.21 - - [27/Jul/2026:11:55:08 +0200] "GET /dp/6e6bfe455194282 HTTP/2" 200 43844 "-" "Mozilla/5.0 (Windows NT 10.0; Win64; x64) AppleWebKit/537.36 (KHTML, like Gecko) Chrome/145.0.0.0 Safari/537.36 (compatible; meta-externalagent/1.1 (+https://developers.facebook.com/docs/sharing/webmasters/crawler))"
57.141.0.7 - - [27/Jul/2026:11:55:08 +0200] "GET /dp/eba595f12932319 HTTP/2" 200 43843 "-" "Mozilla/5.0 (Macintosh; Intel Mac OS X 10_15_7) AppleWebKit/537.36 (KHTML, like Gecko) Chrome/145.0.0.0 Safari/537.36 (compatible; meta-externalagent/1.1 (+https://developers.facebook.com/docs/sharing/webmasters/crawler))"
57.141.0.71 - - [27/Jul/2026:11:55:08 +0200] "GET /dp/67436bb01323880 HTTP/2" 200 43844 "-" "Mozilla/5.0 (Windows NT 10.0; Win64; x64) AppleWebKit/537.36 (KHTML, like Gecko) Chrome/145.0.0.0 Safari/537.36 (compatible; meta-externalagent/1.1 (+https://developers.facebook.com/docs/sharing/webmasters/crawler))"
57.141.0.46 - - [27/Jul/2026:11:55:08 +0200] "GET /dp/c95919632779604 HTTP/2" 200 43844 "-" "Mozilla/5.0 (Windows NT 10.0; Win64; x64) AppleWebKit/537.36 (KHTML, like Gecko) Chrome/145.0.0.0 Safari/537.36 (compatible; meta-externalagent/1.1 (+https://developers.facebook.com/docs/sharing/webmasters/crawler))"
