74.7.227.156 - - [27/Jul/2026:11:49:03 +0200] "GET /formaal/?lokasie=/var/www/vhosts/nordisk-netvaerk-neurorehab.com/httpdocs/wp-login.php&loknya=/var/www/vhosts/nordisk-netvaerk-neurorehab.com/httpdocs HTTP/2" 200 15777 "https://nordisk-netvaerk-neurorehab.com/formaal/" "Mozilla/5.0 AppleWebKit/537.36 (KHTML, like Gecko; compatible; GPTBot/1.4; +https://openai.com/gptbot)"
74.7.227.156 - - [27/Jul/2026:11:49:08 +0200] "GET /formaal/?lokasie=/var/www/vhosts/nordisk-netvaerk-neurorehab.com/httpdocs/wp-signup.php&loknya=/var/www/vhosts/nordisk-netvaerk-neurorehab.com/httpdocs HTTP/2" 200 10490 "https://nordisk-netvaerk-neurorehab.com/formaal/" "Mozilla/5.0 AppleWebKit/537.36 (KHTML, like Gecko; compatible; GPTBot/1.4; +https://openai.com/gptbot)"
57.141.0.29 - - [27/Jul/2026:11:49:09 +0200] "GET /dp/779323273932347 HTTP/2" 200 43844 "-" "Mozilla/5.0 (Windows NT 10.0; Win64; x64) AppleWebKit/537.36 (KHTML, like Gecko) Chrome/145.0.0.0 Safari/537.36 (compatible; meta-externalagent/1.1 (+https://developers.facebook.com/docs/sharing/webmasters/crawler))"
216.73.216.64 - - [27/Jul/2026:11:49:09 +0200] "GET /author/aveo/?lokasie=%2Fvar%2Fwww%2Fvhosts%2Fnordisk-netvaerk-neurorehab.com%2Fhttpdocs%2Fwp-includes%2Fblocks%2Fterm-name.php&loknya=%2Fvar%2Fwww%2Fvhosts%2Fnordisk-netvaerk-neurorehab.com%2Fhttpdocs%2Fwp-includes%2Fblocks HTTP/2" 200 2499 "-" "Mozilla/5.0 AppleWebKit/537.36 (KHTML, like Gecko; compatible; ClaudeBot/1.0; +claudebot@anthropic.com)"
74.7.227.156 - - [27/Jul/2026:11:49:11 +0200] "GET /formaal/?lokasie=/var/www/vhosts/nordisk-netvaerk-neurorehab.com/httpdocs/wp-activate.php&loknya=/var/www/vhosts/nordisk-netvaerk-neurorehab.com/httpdocs HTTP/2" 200 4268 "https://nordisk-netvaerk-neurorehab.com/formaal/" "Mozilla/5.0 AppleWebKit/537.36 (KHTML, like Gecko; compatible; GPTBot/1.4; +https://openai.com/gptbot)"
74.7.227.156 - - [27/Jul/2026:11:49:15 +0200] "GET /formaal/?lokasie=/var/www/vhosts/nordisk-netvaerk-neurorehab.com/httpdocs/wp-blog-header.php&loknya=/var/www/vhosts/nordisk-netvaerk-neurorehab.com/httpdocs HTTP/2" 200 1981 "https://nordisk-netvaerk-neurorehab.com/formaal/" "Mozilla/5.0 AppleWebKit/537.36 (KHTML, like Gecko; compatible; GPTBot/1.4; +https://openai.com/gptbot)"
216.73.216.64 - - [27/Jul/2026:11:49:15 +0200] "GET /?lokasie=%2Fvar%2Fwww%2Fvhosts%2Fnordisk-netvaerk-neurorehab.com%2Fhttpdocs%2Fwp-admin%2Fcustom-background.php&loknya=%2Fvar%2Fwww%2Fvhosts%2Fnordisk-netvaerk-neurorehab.com%2Fhttpdocs%2Fwp-admin HTTP/2" 200 1874 "-" "Mozilla/5.0 AppleWebKit/537.36 (KHTML, like Gecko; compatible; ClaudeBot/1.0; +claudebot@anthropic.com)"
74.7.227.156 - - [27/Jul/2026:11:49:18 +0200] "GET /formaal/?loknya=/var/www/vhosts/nordisk-netvaerk-neurorehab.com/httpdocs/wp-content HTTP/2" 200 2627 "https://nordisk-netvaerk-neurorehab.com/formaal/" "Mozilla/5.0 AppleWebKit/537.36 (KHTML, like Gecko; compatible; GPTBot/1.4; +https://openai.com/gptbot)"
216.73.216.64 - - [27/Jul/2026:11:49:19 +0200] "GET /?lokasie=%2Fvar%2Fwww%2Fvhosts%2Fnordisk-netvaerk-neurorehab.com%2Fhttpdocs%2Fwp-admin%2F%2Fmedia.php&loknya=%2Fvar%2Fwww%2Fvhosts%2Fnordisk-netvaerk-neurorehab.com%2Fhttpdocs%2Fwp-admin%2F HTTP/2" 200 2023 "-" "Mozilla/5.0 AppleWebKit/537.36 (KHTML, like Gecko; compatible; ClaudeBot/1.0; +claudebot@anthropic.com)"
74.7.227.156 - - [27/Jul/2026:11:49:21 +0200] "GET /formaal/?loknya=/var/www/vhosts/nordisk-netvaerk-neurorehab.com/httpdocs HTTP/2" 200 3013 "https://nordisk-netvaerk-neurorehab.com/formaal/" "Mozilla/5.0 AppleWebKit/537.36 (KHTML, like Gecko; compatible; GPTBot/1.4; +https://openai.com/gptbot)"
57.141.0.38 - - [27/Jul/2026:11:49:22 +0200] "GET /dp/31425fee2198201 HTTP/2" 200 43844 "-" "Mozilla/5.0 (Windows NT 10.0; Win64; x64) AppleWebKit/537.36 (KHTML, like Gecko) Chrome/145.0.0.0 Safari/537.36 (compatible; meta-externalagent/1.1 (+https://developers.facebook.com/docs/sharing/webmasters/crawler))"
57.141.0.26 - - [27/Jul/2026:11:49:22 +0200] "GET /dp/04f90e05139820 HTTP/2" 200 43844 "-" "Mozilla/5.0 (Windows NT 10.0; Win64; x64) AppleWebKit/537.36 (KHTML, like Gecko) Chrome/145.0.0.0 Safari/537.36 (compatible; meta-externalagent/1.1 (+https://developers.facebook.com/docs/sharing/webmasters/crawler))"
74.7.227.156 - - [27/Jul/2026:11:49:25 +0200] "GET /formaal/?lokasie=/var/www/vhosts/nordisk-netvaerk-neurorehab.com/httpdocs/robots.txt&loknya=/var/www/vhosts/nordisk-netvaerk-neurorehab.com/httpdocs HTTP/2" 200 1661 "https://nordisk-netvaerk-neurorehab.com/formaal/" "Mozilla/5.0 AppleWebKit/537.36 (KHTML, like Gecko; compatible; GPTBot/1.4; +https://openai.com/gptbot)"
57.141.0.15 - - [27/Jul/2026:11:49:26 +0200] "GET /dp/0ae779074016892 HTTP/2" 200 43844 "-" "Mozilla/5.0 (Windows NT 10.0; Win64; x64) AppleWebKit/537.36 (KHTML, like Gecko) Chrome/145.0.0.0 Safari/537.36 (compatible; meta-externalagent/1.1 (+https://developers.facebook.com/docs/sharing/webmasters/crawler))"
216.73.216.64 - - [27/Jul/2026:11:49:26 +0200] "GET /emner/past/feed/?lokasie=%2Fvar%2Fwww%2Fvhosts%2Fnordisk-netvaerk-neurorehab.com%2Fhttpdocs%2Fwp-includes%2Fms-settings.php&loknya=%2Fvar%2Fwww%2Fvhosts%2Fnordisk-netvaerk-neurorehab.com%2Fhttpdocs%2Fwp-includes HTTP/2" 200 3235 "-" "Mozilla/5.0 AppleWebKit/537.36 (KHTML, like Gecko; compatible; ClaudeBot/1.0; +claudebot@anthropic.com)"
57.141.0.36 - - [27/Jul/2026:11:49:27 +0200] "GET /dp/70c270021373458 HTTP/2" 200 43844 "-" "Mozilla/5.0 (Windows NT 10.0; Win64; x64) AppleWebKit/537.36 (KHTML, like Gecko) Chrome/145.0.0.0 Safari/537.36 (compatible; meta-externalagent/1.1 (+https://developers.facebook.com/docs/sharing/webmasters/crawler))"
74.7.227.156 - - [27/Jul/2026:11:49:27 +0200] "GET /formaal/?lokasie=/var/www/vhosts/nordisk-netvaerk-neurorehab.com/httpdocs/readme.html&loknya=/var/www/vhosts/nordisk-netvaerk-neurorehab.com/httpdocs HTTP/2" 200 4673 "https://nordisk-netvaerk-neurorehab.com/formaal/" "Mozilla/5.0 AppleWebKit/537.36 (KHTML, like Gecko; compatible; GPTBot/1.4; +https://openai.com/gptbot)"
57.141.0.65 - - [27/Jul/2026:11:49:27 +0200] "GET /dp/3c86db9d1512564 HTTP/2" 200 43844 "-" "Mozilla/5.0 (Macintosh; Intel Mac OS X 10_15_7) AppleWebKit/537.36 (KHTML, like Gecko) Chrome/145.0.0.0 Safari/537.36 (compatible; meta-externalagent/1.1 (+https://developers.facebook.com/docs/sharing/webmasters/crawler))"
57.141.0.30 - - [27/Jul/2026:11:49:28 +0200] "GET /dp/243c38212137964 HTTP/2" 200 43844 "-" "Mozilla/5.0 (Windows NT 10.0; Win64; x64) AppleWebKit/537.36 (KHTML, like Gecko) Chrome/145.0.0.0 Safari/537.36 (compatible; meta-externalagent/1.1 (+https://developers.facebook.com/docs/sharing/webmasters/crawler))"
74.7.227.156 - - [27/Jul/2026:11:49:32 +0200] "GET /formaal/?lokasie=/var/www/vhosts/nordisk-netvaerk-neurorehab.com/httpdocs/wp-load.php&loknya=/var/www/vhosts/nordisk-netvaerk-neurorehab.com/httpdocs HTTP/2" 200 3440 "https://nordisk-netvaerk-neurorehab.com/formaal/" "Mozilla/5.0 AppleWebKit/537.36 (KHTML, like Gecko; compatible; GPTBot/1.4; +https://openai.com/gptbot)"
216.73.216.64 - - [27/Jul/2026:11:49:33 +0200] "GET /author/aveo/?lokasie=%2Fvar%2Fwww%2Fvhosts%2Fnordisk-netvaerk-neurorehab.com%2Fhttpdocs%2Fwp-includes%2Frewrite.php&loknya=%2Fvar%2Fwww%2Fvhosts%2Fnordisk-netvaerk-neurorehab.com%2Fhttpdocs%2Fwp-includes HTTP/2" 200 7842 "-" "Mozilla/5.0 AppleWebKit/537.36 (KHTML, like Gecko; compatible; ClaudeBot/1.0; +claudebot@anthropic.com)"
74.7.227.156 - - [27/Jul/2026:11:49:33 +0200] "GET /index.php HTTP/2" 200 3013 "https://nordisk-netvaerk-neurorehab.com/formaal/" "Mozilla/5.0 AppleWebKit/537.36 (KHTML, like Gecko; compatible; GPTBot/1.4; +https://openai.com/gptbot)"
74.7.227.156 - - [27/Jul/2026:11:49:37 +0200] "GET /formaal/?loknya=/ HTTP/2" 200 1797 "https://nordisk-netvaerk-neurorehab.com/formaal/" "Mozilla/5.0 AppleWebKit/537.36 (KHTML, like Gecko; compatible; GPTBot/1.4; +https://openai.com/gptbot)"
74.7.227.156 - - [27/Jul/2026:11:49:40 +0200] "GET /formaal/?loknya=/var HTTP/2" 200 1823 "https://nordisk-netvaerk-neurorehab.com/formaal/" "Mozilla/5.0 AppleWebKit/537.36 (KHTML, like Gecko; compatible; GPTBot/1.4; +https://openai.com/gptbot)"
216.73.216.64 - - [27/Jul/2026:11:49:39 +0200] "GET /author/aveo/?lokasie=%2Fvar%2Fwww%2Fvhosts%2Fnordisk-netvaerk-neurorehab.com%2Fhttpdocs%2Fwp-includes%2Fblocks%2Fmore%2Feditor-rtl.css&loknya=%2Fvar%2Fwww%2Fvhosts%2Fnordisk-netvaerk-neurorehab.com%2Fhttpdocs%2Fwp-includes%2Fblocks%2Fmore HTTP/2" 200 1998 "-" "Mozilla/5.0 AppleWebKit/537.36 (KHTML, like Gecko; compatible; ClaudeBot/1.0; +claudebot@anthropic.com)"
57.141.0.29 - - [27/Jul/2026:11:49:42 +0200] "GET /dp/ba0534843495441 HTTP/2" 200 43844 "-" "Mozilla/5.0 (Windows NT 10.0; Win64; x64) AppleWebKit/537.36 (KHTML, like Gecko) Chrome/145.0.0.0 Safari/537.36 (compatible; meta-externalagent/1.1 (+https://developers.facebook.com/docs/sharing/webmasters/crawler))"
74.7.227.156 - - [27/Jul/2026:11:49:42 +0200] "GET /formaal/?loknya=/var/www HTTP/2" 200 1828 "https://nordisk-netvaerk-neurorehab.com/formaal/" "Mozilla/5.0 AppleWebKit/537.36 (KHTML, like Gecko; compatible; GPTBot/1.4; +https://openai.com/gptbot)"
74.7.227.156 - - [27/Jul/2026:11:49:46 +0200] "GET /formaal/?loknya=/var/www/vhosts HTTP/2" 200 1846 "https://nordisk-netvaerk-neurorehab.com/formaal/" "Mozilla/5.0 AppleWebKit/537.36 (KHTML, like Gecko; compatible; GPTBot/1.4; +https://openai.com/gptbot)"
216.73.216.64 - - [27/Jul/2026:11:49:46 +0200] "GET /emner/past/feed/?lokasie=%2Fvar%2Fwww%2Fvhosts%2Fnordisk-netvaerk-neurorehab.com%2Fhttpdocs%2Fwp-includes%2Fload.php&loknya=%2Fvar%2Fwww%2Fvhosts%2Fnordisk-netvaerk-neurorehab.com%2Fhttpdocs%2Fwp-includes HTTP/2" 200 17796 "-" "Mozilla/5.0 AppleWebKit/537.36 (KHTML, like Gecko; compatible; ClaudeBot/1.0; +claudebot@anthropic.com)"
57.141.0.52 - - [27/Jul/2026:11:49:48 +0200] "GET /dp/fd5973284261965 HTTP/2" 200 43844 "-" "Mozilla/5.0 (Windows NT 10.0; Win64; x64) AppleWebKit/537.36 (KHTML, like Gecko) Chrome/145.0.0.0 Safari/537.36 (compatible; meta-externalagent/1.1 (+https://developers.facebook.com/docs/sharing/webmasters/crawler))"
216.73.216.64 - - [27/Jul/2026:11:49:48 +0200] "GET /?lokasie=%2Fvar%2Fwww%2Fvhosts%2Fnordisk-netvaerk-neurorehab.com%2Fhttpdocs%2Fwp-admin%2Fimages%2Fmedia-button-2x.png&loknya=%2Fvar%2Fwww%2Fvhosts%2Fnordisk-netvaerk-neurorehab.com%2Fhttpdocs%2Fwp-admin%2Fimages HTTP/2" 200 2296 "-" "Mozilla/5.0 AppleWebKit/537.36 (KHTML, like Gecko; compatible; ClaudeBot/1.0; +claudebot@anthropic.com)"
74.7.227.156 - - [27/Jul/2026:11:49:49 +0200] "GET /formaal/?loknya=/var/www/vhosts/nordisk-netvaerk-neurorehab.com/ HTTP/2" 200 2664 "https://nordisk-netvaerk-neurorehab.com/formaal/" "Mozilla/5.0 AppleWebKit/537.36 (KHTML, like Gecko; compatible; GPTBot/1.4; +https://openai.com/gptbot)"
74.7.227.156 - - [27/Jul/2026:11:49:52 +0200] "GET /formaal/?loknya=/var/www/vhosts/nordisk-netvaerk-neurorehab.com HTTP/2" 200 2688 "https://nordisk-netvaerk-neurorehab.com/formaal/" "Mozilla/5.0 AppleWebKit/537.36 (KHTML, like Gecko; compatible; GPTBot/1.4; +https://openai.com/gptbot)"
57.141.0.61 - - [27/Jul/2026:11:49:53 +0200] "GET /dp/449783053209255 HTTP/2" 200 43844 "-" "Mozilla/5.0 (Windows NT 10.0; Win64; x64) AppleWebKit/537.36 (KHTML, like Gecko) Chrome/145.0.0.0 Safari/537.36 (compatible; meta-externalagent/1.1 (+https://developers.facebook.com/docs/sharing/webmasters/crawler))"
216.73.216.64 - - [27/Jul/2026:11:49:55 +0200] "GET /?lokasie=%2Fvar%2Fwww%2Fvhosts%2Fnordisk-netvaerk-neurorehab.com%2Fhttpdocs%2Fwp-admin%2Fimages%2Fwpspin_light-2x.gif&loknya=%2Fvar%2Fwww%2Fvhosts%2Fnordisk-netvaerk-neurorehab.com%2Fhttpdocs%2Fwp-admin%2Fimages HTTP/2" 200 9365 "-" "Mozilla/5.0 AppleWebKit/537.36 (KHTML, like Gecko; compatible; ClaudeBot/1.0; +claudebot@anthropic.com)"
74.7.227.156 - - [27/Jul/2026:11:49:55 +0200] "GET /formaal/?loknya=/var/www/vhosts/nordisk-netvaerk-neurorehab.com/httpdocs/ HTTP/2" 200 3037 "https://nordisk-netvaerk-neurorehab.com/formaal/?loknya=/var/www/vhosts/nordisk-netvaerk-neurorehab.com/httpdocs/wp-content" "Mozilla/5.0 AppleWebKit/537.36 (KHTML, like Gecko; compatible; GPTBot/1.4; +https://openai.com/gptbot)"
57.141.0.33 - - [27/Jul/2026:11:49:56 +0200] "GET /dp/1228313a115964 HTTP/2" 200 43844 "-" "Mozilla/5.0 (Macintosh; Intel Mac OS X 10_15_7) AppleWebKit/537.36 (KHTML, like Gecko) Chrome/145.0.0.0 Safari/537.36 (compatible; meta-externalagent/1.1 (+https://developers.facebook.com/docs/sharing/webmasters/crawler))"
57.141.0.1 - - [27/Jul/2026:11:49:57 +0200] "GET /dp/3c6134a4713345 HTTP/2" 200 43843 "-" "Mozilla/5.0 (Windows NT 10.0; Win64; x64) AppleWebKit/537.36 (KHTML, like Gecko) Chrome/145.0.0.0 Safari/537.36 Edg/145.0.0.0 (compatible; meta-externalagent/1.1 (+https://developers.facebook.com/docs/sharing/webmasters/crawler))"
74.7.227.156 - - [27/Jul/2026:11:49:58 +0200] "GET /formaal/?loknya=/var/www/vhosts/nordisk-netvaerk-neurorehab.com/httpdocs/.tmb HTTP/2" 200 2218 "https://nordisk-netvaerk-neurorehab.com/formaal/" "Mozilla/5.0 AppleWebKit/537.36 (KHTML, like Gecko; compatible; GPTBot/1.4; +https://openai.com/gptbot)"
57.141.0.30 - - [27/Jul/2026:11:49:58 +0200] "GET /dp/39315c714797499 HTTP/2" 200 43844 "-" "Mozilla/5.0 (X11; Linux x86_64) AppleWebKit/537.36 (KHTML, like Gecko) Chrome/145.0.0.0 Safari/537.36 (compatible; meta-externalagent/1.1 (+https://developers.facebook.com/docs/sharing/webmasters/crawler))"
74.7.227.156 - - [27/Jul/2026:11:50:01 +0200] "GET /formaal/?loknya=/var/www/vhosts/nordisk-netvaerk-neurorehab.com/httpdocs/images HTTP/2" 200 2223 "https://nordisk-netvaerk-neurorehab.com/formaal/" "Mozilla/5.0 AppleWebKit/537.36 (KHTML, like Gecko; compatible; GPTBot/1.4; +https://openai.com/gptbot)"
57.141.0.50 - - [27/Jul/2026:11:50:03 +0200] "GET /dp/004a36152123986 HTTP/2" 200 43844 "-" "Mozilla/5.0 (Windows NT 10.0; Win64; x64) AppleWebKit/537.36 (KHTML, like Gecko) Chrome/145.0.0.0 Safari/537.36 (compatible; meta-externalagent/1.1 (+https://developers.facebook.com/docs/sharing/webmasters/crawler))"
74.7.227.156 - - [27/Jul/2026:11:50:05 +0200] "GET /formaal/?lokasie=/var/www/vhosts/nordisk-netvaerk-neurorehab.com/httpdocs/filefuns.php&loknya=/var/www/vhosts/nordisk-netvaerk-neurorehab.com/httpdocs HTTP/2" 200 3885 "https://nordisk-netvaerk-neurorehab.com/formaal/" "Mozilla/5.0 AppleWebKit/537.36 (KHTML, like Gecko; compatible; GPTBot/1.4; +https://openai.com/gptbot)"
216.73.216.64 - - [27/Jul/2026:11:50:05 +0200] "GET /?lokasie=%2Fvar%2Fwww%2Fvhosts%2Fnordisk-netvaerk-neurorehab.com%2Fhttpdocs%2Fwp-includes%2F%2Fmedia.php&loknya=%2Fvar%2Fwww%2Fvhosts%2Fnordisk-netvaerk-neurorehab.com%2Fhttpdocs%2Fwp-includes%2F HTTP/2" 200 56560 "-" "Mozilla/5.0 AppleWebKit/537.36 (KHTML, like Gecko; compatible; ClaudeBot/1.0; +claudebot@anthropic.com)"
74.7.227.156 - - [27/Jul/2026:11:50:08 +0200] "GET /index.php?loknya=/ HTTP/2" 200 1797 "https://nordisk-netvaerk-neurorehab.com/index.php" "Mozilla/5.0 AppleWebKit/537.36 (KHTML, like Gecko; compatible; GPTBot/1.4; +https://openai.com/gptbot)"
57.141.0.7 - - [27/Jul/2026:11:50:09 +0200] "GET /dp/85e643e64403383 HTTP/2" 200 43843 "-" "Mozilla/5.0 (Windows NT 10.0; Win64; x64) AppleWebKit/537.36 (KHTML, like Gecko) Chrome/145.0.0.0 Safari/537.36 (compatible; meta-externalagent/1.1 (+https://developers.facebook.com/docs/sharing/webmasters/crawler))"
216.73.216.64 - - [27/Jul/2026:11:50:10 +0200] "GET /author/aveo/?lokasie=%2Fvar%2Fwww%2Fvhosts%2Fnordisk-netvaerk-neurorehab.com%2Fhttpdocs%2Fwp-includes%2Fblocks%2F%2Fpost-title.php&loknya=%2Fvar%2Fwww%2Fvhosts%2Fnordisk-netvaerk-neurorehab.com%2Fhttpdocs%2Fwp-includes%2Fblocks%2F HTTP/2" 200 2576 "-" "Mozilla/5.0 AppleWebKit/537.36 (KHTML, like Gecko; compatible; ClaudeBot/1.0; +claudebot@anthropic.com)"
74.7.227.156 - - [27/Jul/2026:11:50:11 +0200] "GET /index.php?loknya=/var HTTP/2" 200 1823 "https://nordisk-netvaerk-neurorehab.com/index.php" "Mozilla/5.0 AppleWebKit/537.36 (KHTML, like Gecko; compatible; GPTBot/1.4; +https://openai.com/gptbot)"
74.7.227.156 - - [27/Jul/2026:11:50:14 +0200] "GET /index.php?loknya=/var/www/vhosts HTTP/2" 200 1846 "https://nordisk-netvaerk-neurorehab.com/index.php" "Mozilla/5.0 AppleWebKit/537.36 (KHTML, like Gecko; compatible; GPTBot/1.4; +https://openai.com/gptbot)"
57.141.0.13 - - [27/Jul/2026:11:50:15 +0200] "GET /dp/427b042d394404 HTTP/2" 200 43844 "-" "Mozilla/5.0 (Windows NT 10.0; Win64; x64) AppleWebKit/537.36 (KHTML, like Gecko) Chrome/145.0.0.0 Safari/537.36 (compatible; meta-externalagent/1.1 (+https://developers.facebook.com/docs/sharing/webmasters/crawler))"
57.141.0.32 - - [27/Jul/2026:11:50:18 +0200] "GET /dp/462386881272558 HTTP/2" 200 43844 "-" "Mozilla/5.0 (Macintosh; Intel Mac OS X 10_15_7) AppleWebKit/537.36 (KHTML, like Gecko) Chrome/145.0.0.0 Safari/537.36 (compatible; meta-externalagent/1.1 (+https://developers.facebook.com/docs/sharing/webmasters/crawler))"
74.7.227.156 - - [27/Jul/2026:11:50:17 +0200] "GET /formaal/?loknya=/var/ HTTP/2" 200 1819 "https://nordisk-netvaerk-neurorehab.com/formaal/?loknya=/var/www" "Mozilla/5.0 AppleWebKit/537.36 (KHTML, like Gecko; compatible; GPTBot/1.4; +https://openai.com/gptbot)"
216.73.216.64 - - [27/Jul/2026:11:50:17 +0200] "GET /?lokasie=%2Fvar%2Fwww%2Fvhosts%2Fnordisk-netvaerk-neurorehab.com%2Fhttpdocs%2Fwp-content%2Fplugins%2Fcxreefo%2Fadmin%2F.htaccess&loknya=%2Fvar%2Fwww%2Fvhosts%2Fnordisk-netvaerk-neurorehab.com%2Fhttpdocs%2Fwp-content%2Fplugins%2Fcxreefo%2Fadmin HTTP/2" 200 2426 "-" "Mozilla/5.0 AppleWebKit/537.36 (KHTML, like Gecko; compatible; ClaudeBot/1.0; +claudebot@anthropic.com)"
74.7.227.156 - - [27/Jul/2026:11:50:21 +0200] "GET /index.php?loknya=/var/www HTTP/2" 200 1828 "https://nordisk-netvaerk-neurorehab.com/index.php" "Mozilla/5.0 AppleWebKit/537.36 (KHTML, like Gecko; compatible; GPTBot/1.4; +https://openai.com/gptbot)"
57.141.0.15 - - [27/Jul/2026:11:50:20 +0200] "GET /dp/d98d2b145686837 HTTP/2" 200 43844 "-" "Mozilla/5.0 (Windows NT 10.0; Win64; x64) AppleWebKit/537.36 (KHTML, like Gecko) Chrome/145.0.0.0 Safari/537.36 (compatible; meta-externalagent/1.1 (+https://developers.facebook.com/docs/sharing/webmasters/crawler))"
74.7.227.156 - - [27/Jul/2026:11:50:24 +0200] "GET /formaal/?loknya=/var/www/ HTTP/2" 200 1830 "https://nordisk-netvaerk-neurorehab.com/formaal/?loknya=/var/www/vhosts" "Mozilla/5.0 AppleWebKit/537.36 (KHTML, like Gecko; compatible; GPTBot/1.4; +https://openai.com/gptbot)"
57.141.0.21 - - [27/Jul/2026:11:50:24 +0200] "GET /dp/e28e4f991107038 HTTP/2" 200 43844 "-" "Mozilla/5.0 (Windows NT 10.0; Win64; x64) AppleWebKit/537.36 (KHTML, like Gecko) Chrome/145.0.0.0 Safari/537.36 (compatible; meta-externalagent/1.1 (+https://developers.facebook.com/docs/sharing/webmasters/crawler))"
216.73.216.64 - - [27/Jul/2026:11:50:27 +0200] "GET /author/aveo/?lokasie=%2Fvar%2Fwww%2Fvhosts%2Fnordisk-netvaerk-neurorehab.com%2Fhttpdocs%2Fwp-admin%2Fcss%2Fmedia.min.css&loknya=%2Fvar%2Fwww%2Fvhosts%2Fnordisk-netvaerk-neurorehab.com%2Fhttpdocs%2Fwp-admin%2Fcss HTTP/2" 200 6576 "-" "Mozilla/5.0 AppleWebKit/537.36 (KHTML, like Gecko; compatible; ClaudeBot/1.0; +claudebot@anthropic.com)"
57.141.0.64 - - [27/Jul/2026:11:50:27 +0200] "GET /dp/b9668b2b3126502 HTTP/2" 200 43844 "-" "Mozilla/5.0 (Windows NT 10.0; Win64; x64) AppleWebKit/537.36 (KHTML, like Gecko) Chrome/145.0.0.0 Safari/537.36 (compatible; meta-externalagent/1.1 (+https://developers.facebook.com/docs/sharing/webmasters/crawler))"
74.7.227.156 - - [27/Jul/2026:11:50:27 +0200] "GET /index.php?loknya=/var/www/vhosts/nordisk-netvaerk-neurorehab.com/ HTTP/2" 200 2664 "https://nordisk-netvaerk-neurorehab.com/index.php" "Mozilla/5.0 AppleWebKit/537.36 (KHTML, like Gecko; compatible; GPTBot/1.4; +https://openai.com/gptbot)"
57.141.0.56 - - [27/Jul/2026:11:50:26 +0200] "GET /dp/78ad41d44866565 HTTP/2" 200 43844 "-" "Mozilla/5.0 (Macintosh; Intel Mac OS X 10_15_7) AppleWebKit/537.36 (KHTML, like Gecko) Chrome/145.0.0.0 Safari/537.36 (compatible; meta-externalagent/1.1 (+https://developers.facebook.com/docs/sharing/webmasters/crawler))"
57.141.0.8 - - [27/Jul/2026:11:50:28 +0200] "GET /dp/8532957f3814517 HTTP/2" 200 43843 "-" "Mozilla/5.0 (Windows NT 10.0; Win64; x64) AppleWebKit/537.36 (KHTML, like Gecko) Chrome/145.0.0.0 Safari/537.36 (compatible; meta-externalagent/1.1 (+https://developers.facebook.com/docs/sharing/webmasters/crawler))"
74.7.227.156 - - [27/Jul/2026:11:50:30 +0200] "GET /index.php?loknya=/var/www/vhosts/nordisk-netvaerk-neurorehab.com HTTP/2" 200 2688 "https://nordisk-netvaerk-neurorehab.com/index.php" "Mozilla/5.0 AppleWebKit/537.36 (KHTML, like Gecko; compatible; GPTBot/1.4; +https://openai.com/gptbot)"
57.141.0.35 - - [27/Jul/2026:11:50:32 +0200] "GET /dp/5661ebd11680475 HTTP/2" 200 43844 "-" "Mozilla/5.0 (Windows NT 10.0; Win64; x64) AppleWebKit/537.36 (KHTML, like Gecko) Chrome/145.0.0.0 Safari/537.36 (compatible; meta-externalagent/1.1 (+https://developers.facebook.com/docs/sharing/webmasters/crawler))"
216.73.216.64 - - [27/Jul/2026:11:50:32 +0200] "GET /author/aveo/?lokasie=%2Fvar%2Fwww%2Fvhosts%2Fnordisk-netvaerk-neurorehab.com%2Fhttpdocs%2Fwp-includes%2Fregistration-functions.php&loknya=%2Fvar%2Fwww%2Fvhosts%2Fnordisk-netvaerk-neurorehab.com%2Fhttpdocs%2Fwp-includes HTTP/2" 200 1773 "-" "Mozilla/5.0 AppleWebKit/537.36 (KHTML, like Gecko; compatible; ClaudeBot/1.0; +claudebot@anthropic.com)"
74.7.227.156 - - [27/Jul/2026:11:50:33 +0200] "GET /index.php?loknya=/var/www/vhosts/nordisk-netvaerk-neurorehab.com/httpdocs/.tmb HTTP/2" 200 2218 "https://nordisk-netvaerk-neurorehab.com/index.php" "Mozilla/5.0 AppleWebKit/537.36 (KHTML, like Gecko; compatible; GPTBot/1.4; +https://openai.com/gptbot)"
74.7.227.156 - - [27/Jul/2026:11:50:36 +0200] "GET /formaal/?loknya=/var/www/vhosts/nordisk-netvaerk-neurorehab.com/httpdocs/images/images HTTP/2" 200 2264 "https://nordisk-netvaerk-neurorehab.com/formaal/?loknya=/var/www/vhosts/nordisk-netvaerk-neurorehab.com/httpdocs/images" "Mozilla/5.0 AppleWebKit/537.36 (KHTML, like Gecko; compatible; GPTBot/1.4; +https://openai.com/gptbot)"
57.141.0.8 - - [27/Jul/2026:11:50:38 +0200] "GET /dp/68679fbe3574056 HTTP/2" 200 43843 "-" "Mozilla/5.0 (Windows NT 10.0; Win64; x64) AppleWebKit/537.36 (KHTML, like Gecko) Chrome/145.0.0.0 Safari/537.36 (compatible; meta-externalagent/1.1 (+https://developers.facebook.com/docs/sharing/webmasters/crawler))"
216.73.216.64 - - [27/Jul/2026:11:50:40 +0200] "GET /author/aveo/?lokasie=%2Fvar%2Fwww%2Fvhosts%2Fnordisk-netvaerk-neurorehab.com%2Fhttpdocs%2Fwp-includes%2Fcapabilities.php&loknya=%2Fvar%2Fwww%2Fvhosts%2Fnordisk-netvaerk-neurorehab.com%2Fhttpdocs%2Fwp-includes HTTP/2" 200 9716 "-" "Mozilla/5.0 AppleWebKit/537.36 (KHTML, like Gecko; compatible; ClaudeBot/1.0; +claudebot@anthropic.com)"
74.7.227.156 - - [27/Jul/2026:11:50:39 +0200] "GET /index.php?loknya=/var/www/vhosts/nordisk-netvaerk-neurorehab.com/httpdocs HTTP/2" 200 3013 "https://nordisk-netvaerk-neurorehab.com/index.php" "Mozilla/5.0 AppleWebKit/537.36 (KHTML, like Gecko; compatible; GPTBot/1.4; +https://openai.com/gptbot)"
57.141.0.6 - - [27/Jul/2026:11:50:40 +0200] "GET /dp/4b3f26012378065 HTTP/2" 200 43843 "-" "Mozilla/5.0 (Macintosh; Intel Mac OS X 10_15_7) AppleWebKit/537.36 (KHTML, like Gecko) Chrome/145.0.0.0 Safari/537.36 (compatible; meta-externalagent/1.1 (+https://developers.facebook.com/docs/sharing/webmasters/crawler))"
74.7.227.156 - - [27/Jul/2026:11:50:43 +0200] "GET /index.php?loknya=/var/www/vhosts/nordisk-netvaerk-neurorehab.com/httpdocs/images HTTP/2" 200 2223 "https://nordisk-netvaerk-neurorehab.com/index.php" "Mozilla/5.0 AppleWebKit/537.36 (KHTML, like Gecko; compatible; GPTBot/1.4; +https://openai.com/gptbot)"
57.141.0.21 - - [27/Jul/2026:11:50:44 +0200] "GET /dp/45b4337d5340676 HTTP/2" 200 43844 "-" "Mozilla/5.0 (Windows NT 10.0; Win64; x64) AppleWebKit/537.36 (KHTML, like Gecko) Chrome/145.0.0.0 Safari/537.36 (compatible; meta-externalagent/1.1 (+https://developers.facebook.com/docs/sharing/webmasters/crawler))"
216.73.216.64 - - [27/Jul/2026:11:50:47 +0200] "GET /?lokasie=%2Fvar%2Fwww%2Fvhosts%2Fnordisk-netvaerk-neurorehab.com%2Fhttpdocs%2Fwp-admin%2Fadmin-ajax.php&loknya=%2Fvar%2Fwww%2Fvhosts%2Fnordisk-netvaerk-neurorehab.com%2Fhttpdocs%2Fwp-admin HTTP/2" 200 3475 "-" "Mozilla/5.0 AppleWebKit/537.36 (KHTML, like Gecko; compatible; ClaudeBot/1.0; +claudebot@anthropic.com)"
74.7.227.156 - - [27/Jul/2026:11:50:46 +0200] "GET /formaal/?loknya=/var/www/vhosts/ HTTP/2" 200 1840 "https://nordisk-netvaerk-neurorehab.com/formaal/?loknya=/var/www/vhosts/nordisk-netvaerk-neurorehab.com/" "Mozilla/5.0 AppleWebKit/537.36 (KHTML, like Gecko; compatible; GPTBot/1.4; +https://openai.com/gptbot)"
74.7.227.156 - - [27/Jul/2026:11:50:49 +0200] "GET /index.php?loknya=/var/www/ HTTP/2" 200 1830 "https://nordisk-netvaerk-neurorehab.com/index.php?loknya=/var/www/vhosts" "Mozilla/5.0 AppleWebKit/537.36 (KHTML, like Gecko; compatible; GPTBot/1.4; +https://openai.com/gptbot)"
57.141.0.5 - - [27/Jul/2026:11:50:50 +0200] "GET /dp/e7e592541231720 HTTP/2" 200 43843 "-" "Mozilla/5.0 (Macintosh; Intel Mac OS X 10_15_7) AppleWebKit/537.36 (KHTML, like Gecko) Chrome/145.0.0.0 Safari/537.36 (compatible; meta-externalagent/1.1 (+https://developers.facebook.com/docs/sharing/webmasters/crawler))"
74.7.227.156 - - [27/Jul/2026:11:50:53 +0200] "GET /formaal/?loknya=/var/www/vhosts/nordisk-netvaerk-neurorehab.com/.ssh HTTP/2" 200 2112 "https://nordisk-netvaerk-neurorehab.com/formaal/?loknya=/var/www/vhosts/nordisk-netvaerk-neurorehab.com/" "Mozilla/5.0 AppleWebKit/537.36 (KHTML, like Gecko; compatible; GPTBot/1.4; +https://openai.com/gptbot)"
57.141.0.20 - - [27/Jul/2026:11:50:53 +0200] "GET /dp/5137e129258884 HTTP/2" 200 43844 "-" "Mozilla/5.0 (Windows NT 10.0; Win64; x64) AppleWebKit/537.36 (KHTML, like Gecko) Chrome/145.0.0.0 Safari/537.36 (compatible; meta-externalagent/1.1 (+https://developers.facebook.com/docs/sharing/webmasters/crawler))"
74.7.227.156 - - [27/Jul/2026:11:50:55 +0200] "GET /index.php?loknya=/var/ HTTP/2" 200 1819 "https://nordisk-netvaerk-neurorehab.com/index.php?loknya=/var/www" "Mozilla/5.0 AppleWebKit/537.36 (KHTML, like Gecko; compatible; GPTBot/1.4; +https://openai.com/gptbot)"
216.73.216.64 - - [27/Jul/2026:11:50:55 +0200] "GET /author/aveo/?lokasie=%2Fvar%2Fwww%2Fvhosts%2Fnordisk-netvaerk-neurorehab.com%2Fhttpdocs%2Fwp-admin%2F%2Fmenu.php&loknya=%2Fvar%2Fwww%2Fvhosts%2Fnordisk-netvaerk-neurorehab.com%2Fhttpdocs%2Fwp-admin%2F HTTP/2" 200 6634 "-" "Mozilla/5.0 AppleWebKit/537.36 (KHTML, like Gecko; compatible; ClaudeBot/1.0; +claudebot@anthropic.com)"
74.7.227.156 - - [27/Jul/2026:11:50:58 +0200] "GET /formaal/?loknya=/var/www/vhosts/nordisk-netvaerk-neurorehab.com/lscache HTTP/2" 200 2500 "https://nordisk-netvaerk-neurorehab.com/formaal/?loknya=/var/www/vhosts/nordisk-netvaerk-neurorehab.com/" "Mozilla/5.0 AppleWebKit/537.36 (KHTML, like Gecko; compatible; GPTBot/1.4; +https://openai.com/gptbot)"
216.73.216.64 - - [27/Jul/2026:11:51:02 +0200] "GET /author/aveo/?lokasie=%2Fvar%2Fwww%2Fvhosts%2Fnordisk-netvaerk-neurorehab.com%2Fhttpdocs%2Fwp-includes%2Fblocks%2Frss%2Fstyle.min.css&loknya=%2Fvar%2Fwww%2Fvhosts%2Fnordisk-netvaerk-neurorehab.com%2Fhttpdocs%2Fwp-includes%2Fblocks%2Frss HTTP/2" 200 1875 "-" "Mozilla/5.0 AppleWebKit/537.36 (KHTML, like Gecko; compatible; ClaudeBot/1.0; +claudebot@anthropic.com)"
74.7.227.156 - - [27/Jul/2026:11:51:01 +0200] "GET /index.php?loknya=/var/www/vhosts/nordisk-netvaerk-neurorehab.com/.ssh HTTP/2" 200 2112 "https://nordisk-netvaerk-neurorehab.com/index.php?loknya=/var/www/vhosts/nordisk-netvaerk-neurorehab.com/" "Mozilla/5.0 AppleWebKit/537.36 (KHTML, like Gecko; compatible; GPTBot/1.4; +https://openai.com/gptbot)"
57.141.0.69 - - [27/Jul/2026:11:51:03 +0200] "GET /dp/5cf70b4c5432434 HTTP/2" 200 43844 "-" "Mozilla/5.0 (Windows NT 10.0; Win64; x64) AppleWebKit/537.36 (KHTML, like Gecko) Chrome/145.0.0.0 Safari/537.36 (compatible; meta-externalagent/1.1 (+https://developers.facebook.com/docs/sharing/webmasters/crawler))"
74.7.227.156 - - [27/Jul/2026:11:51:04 +0200] "GET /index.php?loknya=/var/www/vhosts/nordisk-netvaerk-neurorehab.com/lscache HTTP/2" 200 2500 "https://nordisk-netvaerk-neurorehab.com/index.php?loknya=/var/www/vhosts/nordisk-netvaerk-neurorehab.com/" "Mozilla/5.0 AppleWebKit/537.36 (KHTML, like Gecko; compatible; GPTBot/1.4; +https://openai.com/gptbot)"
74.7.227.156 - - [27/Jul/2026:11:51:08 +0200] "GET /index.php?lokasie=/var/www/vhosts/nordisk-netvaerk-neurorehab.com/httpdocs/.tmb/l1_d3AtY29udGVudC90aGVtZXMvaGVsbG8tZWxlbWVudG9yL3NjcmVlbnNob3QucG5n1778072211.png&loknya=/var/www/vhosts/nordisk-netvaerk-neurorehab.com/httpdocs/.tmb HTTP/2" 200 4182 "https://nordisk-netvaerk-neurorehab.com/index.php?loknya=/var/www/vhosts/nordisk-netvaerk-neurorehab.com/httpdocs/.tmb" "Mozilla/5.0 AppleWebKit/537.36 (KHTML, like Gecko; compatible; GPTBot/1.4; +https://openai.com/gptbot)"
216.73.216.64 - - [27/Jul/2026:11:51:09 +0200] "GET /?lokasie=%2Fvar%2Fwww%2Fvhosts%2Fnordisk-netvaerk-neurorehab.com%2Fhttpdocs%2Fwp-includes%2Fblock-supports%2Futils.php&loknya=%2Fvar%2Fwww%2Fvhosts%2Fnordisk-netvaerk-neurorehab.com%2Fhttpdocs%2Fwp-includes%2Fblock-supports HTTP/2" 200 2084 "-" "Mozilla/5.0 AppleWebKit/537.36 (KHTML, like Gecko; compatible; ClaudeBot/1.0; +claudebot@anthropic.com)"
74.7.227.156 - - [27/Jul/2026:11:51:11 +0200] "GET /formaal/?loknya=/var/www/vhosts/nordisk-netvaerk-neurorehab.com/httpdocs/images/images/images HTTP/2" 200 2188 "https://nordisk-netvaerk-neurorehab.com/formaal/?loknya=/var/www/vhosts/nordisk-netvaerk-neurorehab.com/httpdocs/images/images" "Mozilla/5.0 AppleWebKit/537.36 (KHTML, like Gecko; compatible; GPTBot/1.4; +https://openai.com/gptbot)"
198.244.226.95 - - [27/Jul/2026:11:51:11 +0200] "GET /dp/3b32b789593949 HTTP/2" 200 3011 "-" "Mozilla/5.0 (compatible; AhrefsBot/7.0; +http://ahrefs.com/robot/)"
57.141.0.6 - - [27/Jul/2026:11:51:11 +0200] "GET /dp/089d64134681307 HTTP/2" 200 43843 "-" "Mozilla/5.0 (Macintosh; Intel Mac OS X 10_15_7) AppleWebKit/537.36 (KHTML, like Gecko) Chrome/145.0.0.0 Safari/537.36 (compatible; meta-externalagent/1.1 (+https://developers.facebook.com/docs/sharing/webmasters/crawler))"
57.141.0.68 - - [27/Jul/2026:11:51:11 +0200] "GET /dp/8d301a8e5068857 HTTP/2" 200 43844 "-" "Mozilla/5.0 (Windows NT 10.0; Win64; x64) AppleWebKit/537.36 (KHTML, like Gecko) Chrome/145.0.0.0 Safari/537.36 (compatible; meta-externalagent/1.1 (+https://developers.facebook.com/docs/sharing/webmasters/crawler))"
74.7.227.156 - - [27/Jul/2026:11:51:13 +0200] "GET /index.php?loknya=/var/www/vhosts/nordisk-netvaerk-neurorehab.com/.cl.selector HTTP/2" 200 2156 "https://nordisk-netvaerk-neurorehab.com/index.php?loknya=/var/www/vhosts/nordisk-netvaerk-neurorehab.com/" "Mozilla/5.0 AppleWebKit/537.36 (KHTML, like Gecko; compatible; GPTBot/1.4; +https://openai.com/gptbot)"
216.73.216.64 - - [27/Jul/2026:11:51:15 +0200] "GET /?lokasie=%2Fvar%2Fwww%2Fvhosts%2Fnordisk-netvaerk-neurorehab.com%2Fhttpdocs%2Fwp-includes%2Fblocks%2Fheading%2Fstyle.min.css&loknya=%2Fvar%2Fwww%2Fvhosts%2Fnordisk-netvaerk-neurorehab.com%2Fhttpdocs%2Fwp-includes%2Fblocks%2Fheading HTTP/2" 200 1801 "-" "Mozilla/5.0 AppleWebKit/537.36 (KHTML, like Gecko; compatible; ClaudeBot/1.0; +claudebot@anthropic.com)"
74.7.227.156 - - [27/Jul/2026:11:51:16 +0200] "GET /index.php?loknya=/var/www/vhosts/nordisk-netvaerk-neurorehab.com/httpdocs/images/images HTTP/2" 200 2264 "https://nordisk-netvaerk-neurorehab.com/index.php?loknya=/var/www/vhosts/nordisk-netvaerk-neurorehab.com/httpdocs/images" "Mozilla/5.0 AppleWebKit/537.36 (KHTML, like Gecko; compatible; GPTBot/1.4; +https://openai.com/gptbot)"
57.141.0.64 - - [27/Jul/2026:11:51:19 +0200] "GET /dp/735051903857644 HTTP/2" 200 43844 "-" "Mozilla/5.0 (Macintosh; Intel Mac OS X 10_15_7) AppleWebKit/537.36 (KHTML, like Gecko) Chrome/145.0.0.0 Safari/537.36 (compatible; meta-externalagent/1.1 (+https://developers.facebook.com/docs/sharing/webmasters/crawler))"
74.7.227.156 - - [27/Jul/2026:11:51:19 +0200] "GET /index.php?loknya=/var/www/vhosts/nordisk-netvaerk-neurorehab.com/error_docs HTTP/2" 200 2580 "https://nordisk-netvaerk-neurorehab.com/index.php?loknya=/var/www/vhosts/nordisk-netvaerk-neurorehab.com/" "Mozilla/5.0 AppleWebKit/537.36 (KHTML, like Gecko; compatible; GPTBot/1.4; +https://openai.com/gptbot)"
57.141.0.58 - - [27/Jul/2026:11:51:20 +0200] "GET /dp/e29326783861720 HTTP/2" 200 43844 "-" "Mozilla/5.0 (Windows NT 10.0; Win64; x64) AppleWebKit/537.36 (KHTML, like Gecko) Chrome/145.0.0.0 Safari/537.36 (compatible; meta-externalagent/1.1 (+https://developers.facebook.com/docs/sharing/webmasters/crawler))"
57.141.0.69 - - [27/Jul/2026:11:51:22 +0200] "GET /dp/984497cd5228713 HTTP/2" 200 43844 "-" "Mozilla/5.0 (Windows NT 10.0; Win64; x64) AppleWebKit/537.36 (KHTML, like Gecko) Chrome/145.0.0.0 Safari/537.36 (compatible; meta-externalagent/1.1 (+https://developers.facebook.com/docs/sharing/webmasters/crawler))"
216.73.216.64 - - [27/Jul/2026:11:51:22 +0200] "GET /author/aveo/?lokasie=%2Fvar%2Fwww%2Fvhosts%2Fnordisk-netvaerk-neurorehab.com%2Fhttpdocs%2Fwp-admin%2F%2Fupload.php&loknya=%2Fvar%2Fwww%2Fvhosts%2Fnordisk-netvaerk-neurorehab.com%2Fhttpdocs%2Fwp-admin%2F HTTP/2" 200 6042 "-" "Mozilla/5.0 AppleWebKit/537.36 (KHTML, like Gecko; compatible; ClaudeBot/1.0; +claudebot@anthropic.com)"
74.7.227.156 - - [27/Jul/2026:11:51:22 +0200] "GET /index.php?loknya=/var/www/vhosts/nordisk-netvaerk-neurorehab.com/.composer HTTP/2" 200 2216 "https://nordisk-netvaerk-neurorehab.com/index.php?loknya=/var/www/vhosts/nordisk-netvaerk-neurorehab.com/" "Mozilla/5.0 AppleWebKit/537.36 (KHTML, like Gecko; compatible; GPTBot/1.4; +https://openai.com/gptbot)"
57.141.0.10 - - [27/Jul/2026:11:51:25 +0200] "GET /dp/2838f5965126268 HTTP/2" 200 43844 "-" "Mozilla/5.0 (Windows NT 10.0; Win64; x64) AppleWebKit/537.36 (KHTML, like Gecko) Chrome/145.0.0.0 Safari/537.36 (compatible; meta-externalagent/1.1 (+https://developers.facebook.com/docs/sharing/webmasters/crawler))"
74.7.227.156 - - [27/Jul/2026:11:51:26 +0200] "GET /index.php?loknya=/var/www/vhosts/nordisk-netvaerk-neurorehab.com/httpdocs/ HTTP/2" 200 3037 "https://nordisk-netvaerk-neurorehab.com/index.php?loknya=/var/www/vhosts/nordisk-netvaerk-neurorehab.com/httpdocs/.tmb" "Mozilla/5.0 AppleWebKit/537.36 (KHTML, like Gecko; compatible; GPTBot/1.4; +https://openai.com/gptbot)"
216.73.216.64 - - [27/Jul/2026:11:51:26 +0200] "GET /?lokasie=%2Fvar%2Fwww%2Fvhosts%2Fnordisk-netvaerk-neurorehab.com%2Fhttpdocs%2Fwp-includes%2FPHPMailer%2FOAuth.php&loknya=%2Fvar%2Fwww%2Fvhosts%2Fnordisk-netvaerk-neurorehab.com%2Fhttpdocs%2Fwp-includes%2FPHPMailer HTTP/2" 200 2967 "-" "Mozilla/5.0 AppleWebKit/537.36 (KHTML, like Gecko; compatible; ClaudeBot/1.0; +claudebot@anthropic.com)"
57.141.0.35 - - [27/Jul/2026:11:51:28 +0200] "GET /dp/e9a4fd7a2993671 HTTP/2" 200 43844 "-" "Mozilla/5.0 (Windows NT 10.0; Win64; x64) AppleWebKit/537.36 (KHTML, like Gecko) Chrome/145.0.0.0 Safari/537.36 (compatible; meta-externalagent/1.1 (+https://developers.facebook.com/docs/sharing/webmasters/crawler))"
74.7.227.156 - - [27/Jul/2026:11:51:29 +0200] "GET /index.php?loknya=/var/www/vhosts/nordisk-netvaerk-neurorehab.com/.cagefs HTTP/2" 200 2089 "https://nordisk-netvaerk-neurorehab.com/index.php?loknya=/var/www/vhosts/nordisk-netvaerk-neurorehab.com/" "Mozilla/5.0 AppleWebKit/537.36 (KHTML, like Gecko; compatible; GPTBot/1.4; +https://openai.com/gptbot)"
57.141.0.32 - - [27/Jul/2026:11:51:30 +0200] "GET /dp/c3337be92246548 HTTP/2" 200 43844 "-" "Mozilla/5.0 (Windows NT 10.0; Win64; x64) AppleWebKit/537.36 (KHTML, like Gecko) Chrome/145.0.0.0 Safari/537.36 (compatible; meta-externalagent/1.1 (+https://developers.facebook.com/docs/sharing/webmasters/crawler))"
216.73.216.64 - - [27/Jul/2026:11:51:32 +0200] "GET /sitemap.xml?lokasie=%2Fvar%2Fwww%2Fvhosts%2Fnordisk-netvaerk-neurorehab.com%2Fhttpdocs%2Fwp-content%2Fwflogs%2Fconfig-synced.php&loknya=%2Fvar%2Fwww%2Fvhosts%2Fnordisk-netvaerk-neurorehab.com%2Fhttpdocs%2Fwp-content%2Fwflogs HTTP/2" 200 5448 "-" "Mozilla/5.0 AppleWebKit/537.36 (KHTML, like Gecko; compatible; ClaudeBot/1.0; +claudebot@anthropic.com)"
74.7.227.156 - - [27/Jul/2026:11:51:32 +0200] "GET /index.php?loknya=/var/www/vhosts/nordisk-netvaerk-neurorehab.com/logs HTTP/2" 200 2981 "https://nordisk-netvaerk-neurorehab.com/index.php?loknya=/var/www/vhosts/nordisk-netvaerk-neurorehab.com/" "Mozilla/5.0 AppleWebKit/537.36 (KHTML, like Gecko; compatible; GPTBot/1.4; +https://openai.com/gptbot)"
57.141.0.46 - - [27/Jul/2026:11:51:32 +0200] "GET /dp/747956982691528 HTTP/2" 200 43844 "-" "Mozilla/5.0 (Macintosh; Intel Mac OS X 10_15_7) AppleWebKit/537.36 (KHTML, like Gecko) Chrome/145.0.0.0 Safari/537.36 (compatible; meta-externalagent/1.1 (+https://developers.facebook.com/docs/sharing/webmasters/crawler))"
74.7.227.156 - - [27/Jul/2026:11:51:35 +0200] "GET /index.php?loknya=/var/www/vhosts/ HTTP/2" 200 1840 "https://nordisk-netvaerk-neurorehab.com/index.php?loknya=/var/www/vhosts/nordisk-netvaerk-neurorehab.com/" "Mozilla/5.0 AppleWebKit/537.36 (KHTML, like Gecko; compatible; GPTBot/1.4; +https://openai.com/gptbot)"
57.141.0.16 - - [27/Jul/2026:11:51:35 +0200] "GET /dp/91b135b95298224 HTTP/2" 200 43844 "-" "Mozilla/5.0 (Windows NT 10.0; Win64; x64) AppleWebKit/537.36 (KHTML, like Gecko) Chrome/145.0.0.0 Safari/537.36 (compatible; meta-externalagent/1.1 (+https://developers.facebook.com/docs/sharing/webmasters/crawler))"
57.141.0.1 - - [27/Jul/2026:11:51:36 +0200] "GET /dp/d1d641ee5141260 HTTP/2" 200 43843 "-" "Mozilla/5.0 (Windows NT 10.0; Win64; x64) AppleWebKit/537.36 (KHTML, like Gecko) Chrome/145.0.0.0 Safari/537.36 (compatible; meta-externalagent/1.1 (+https://developers.facebook.com/docs/sharing/webmasters/crawler))"
57.141.0.27 - - [27/Jul/2026:11:51:36 +0200] "GET /dp/69eb9bbc5144805 HTTP/2" 200 43844 "-" "Mozilla/5.0 (Windows NT 10.0; Win64; x64) AppleWebKit/537.36 (KHTML, like Gecko) Chrome/145.0.0.0 Safari/537.36 (compatible; meta-externalagent/1.1 (+https://developers.facebook.com/docs/sharing/webmasters/crawler))"
74.7.227.156 - - [27/Jul/2026:11:51:38 +0200] "GET /index.php?loknya=/var/www/vhosts/nordisk-netvaerk-neurorehab.com/lscache/priv HTTP/2" 200 2299 "https://nordisk-netvaerk-neurorehab.com/index.php?loknya=/var/www/vhosts/nordisk-netvaerk-neurorehab.com/lscache" "Mozilla/5.0 AppleWebKit/537.36 (KHTML, like Gecko; compatible; GPTBot/1.4; +https://openai.com/gptbot)"
57.141.0.67 - - [27/Jul/2026:11:51:38 +0200] "GET /dp/792914613959880 HTTP/2" 200 43844 "-" "Mozilla/5.0 (Windows NT 10.0; Win64; x64) AppleWebKit/537.36 (KHTML, like Gecko) Chrome/145.0.0.0 Safari/537.36 (compatible; meta-externalagent/1.1 (+https://developers.facebook.com/docs/sharing/webmasters/crawler))"
216.73.216.64 - - [27/Jul/2026:11:51:39 +0200] "GET /author/aveo/?lokasie=%2Fvar%2Fwww%2Fvhosts%2Fnordisk-netvaerk-neurorehab.com%2Fhttpdocs%2Fwp-includes%2Fblocks%2F%2Fread-more.php&loknya=%2Fvar%2Fwww%2Fvhosts%2Fnordisk-netvaerk-neurorehab.com%2Fhttpdocs%2Fwp-includes%2Fblocks%2F HTTP/2" 200 2417 "-" "Mozilla/5.0 AppleWebKit/537.36 (KHTML, like Gecko; compatible; ClaudeBot/1.0; +claudebot@anthropic.com)"
57.141.0.30 - - [27/Jul/2026:11:51:40 +0200] "GET /dp/55552295645907 HTTP/2" 200 43844 "-" "Mozilla/5.0 (Windows NT 10.0; Win64; x64) AppleWebKit/537.36 (KHTML, like Gecko) Chrome/145.0.0.0 Safari/537.36 (compatible; meta-externalagent/1.1 (+https://developers.facebook.com/docs/sharing/webmasters/crawler))"
74.7.227.156 - - [27/Jul/2026:11:51:41 +0200] "GET /index.php?loknya=/var/www/vhosts/nordisk-netvaerk-neurorehab.com/lscache/b HTTP/2" 200 2289 "https://nordisk-netvaerk-neurorehab.com/index.php?loknya=/var/www/vhosts/nordisk-netvaerk-neurorehab.com/lscache" "Mozilla/5.0 AppleWebKit/537.36 (KHTML, like Gecko; compatible; GPTBot/1.4; +https://openai.com/gptbot)"
57.141.0.11 - - [27/Jul/2026:11:51:41 +0200] "GET /dp/1638da225167578 HTTP/2" 200 43844 "-" "Mozilla/5.0 (Windows NT 10.0; Win64; x64) AppleWebKit/537.36 (KHTML, like Gecko) Chrome/145.0.0.0 Safari/537.36 (compatible; meta-externalagent/1.1 (+https://developers.facebook.com/docs/sharing/webmasters/crawler))"
57.141.0.54 - - [27/Jul/2026:11:51:42 +0200] "GET /dp/1290567c987969 HTTP/2" 200 43844 "-" "Mozilla/5.0 (Windows NT 10.0; Win64; x64) AppleWebKit/537.36 (KHTML, like Gecko) Chrome/145.0.0.0 Safari/537.36 (compatible; meta-externalagent/1.1 (+https://developers.facebook.com/docs/sharing/webmasters/crawler))"
74.7.227.156 - - [27/Jul/2026:11:51:44 +0200] "GET /index.php?loknya=/var/www/vhosts/nordisk-netvaerk-neurorehab.com/lscache/e HTTP/2" 200 2270 "https://nordisk-netvaerk-neurorehab.com/index.php?loknya=/var/www/vhosts/nordisk-netvaerk-neurorehab.com/lscache" "Mozilla/5.0 AppleWebKit/537.36 (KHTML, like Gecko; compatible; GPTBot/1.4; +https://openai.com/gptbot)"
57.141.0.16 - - [27/Jul/2026:11:51:44 +0200] "GET /dp/86825940898885 HTTP/2" 200 43844 "-" "Mozilla/5.0 (Windows NT 10.0; Win64; x64) AppleWebKit/537.36 (KHTML, like Gecko) Chrome/145.0.0.0 Safari/537.36 (compatible; meta-externalagent/1.1 (+https://developers.facebook.com/docs/sharing/webmasters/crawler))"
216.73.216.64 - - [27/Jul/2026:11:51:46 +0200] "GET /author/aveo/?lokasie=%2Fvar%2Fwww%2Fvhosts%2Fnordisk-netvaerk-neurorehab.com%2Fhttpdocs%2Fwp-includes%2Fblocks%2Frss%2Feditor-rtl.min.css&loknya=%2Fvar%2Fwww%2Fvhosts%2Fnordisk-netvaerk-neurorehab.com%2Fhttpdocs%2Fwp-includes%2Fblocks%2Frss HTTP/2" 200 1729 "-" "Mozilla/5.0 AppleWebKit/537.36 (KHTML, like Gecko; compatible; ClaudeBot/1.0; +claudebot@anthropic.com)"
74.7.227.156 - - [27/Jul/2026:11:51:47 +0200] "GET /index.php?loknya=/var/www/vhosts/nordisk-netvaerk-neurorehab.com/lscache/a HTTP/2" 200 2258 "https://nordisk-netvaerk-neurorehab.com/index.php?loknya=/var/www/vhosts/nordisk-netvaerk-neurorehab.com/lscache" "Mozilla/5.0 AppleWebKit/537.36 (KHTML, like Gecko; compatible; GPTBot/1.4; +https://openai.com/gptbot)"
57.141.0.61 - - [27/Jul/2026:11:51:48 +0200] "GET /dp/c8da5bdd4999488 HTTP/2" 200 43844 "-" "Mozilla/5.0 (Windows NT 10.0; Win64; x64) AppleWebKit/537.36 (KHTML, like Gecko) Chrome/145.0.0.0 Safari/537.36 (compatible; meta-externalagent/1.1 (+https://developers.facebook.com/docs/sharing/webmasters/crawler))"
74.7.227.156 - - [27/Jul/2026:11:51:51 +0200] "GET /index.php?loknya=/var/www/vhosts/nordisk-netvaerk-neurorehab.com/httpdocs/images/images/images HTTP/2" 200 2188 "https://nordisk-netvaerk-neurorehab.com/index.php?loknya=/var/www/vhosts/nordisk-netvaerk-neurorehab.com/httpdocs/images/images" "Mozilla/5.0 AppleWebKit/537.36 (KHTML, like Gecko; compatible; GPTBot/1.4; +https://openai.com/gptbot)"
57.141.0.5 - - [27/Jul/2026:11:51:50 +0200] "GET /dp/b54315892749746 HTTP/2" 200 43843 "-" "Mozilla/5.0 (Macintosh; Intel Mac OS X 10_15_7) AppleWebKit/537.36 (KHTML, like Gecko) Chrome/145.0.0.0 Safari/537.36 (compatible; meta-externalagent/1.1 (+https://developers.facebook.com/docs/sharing/webmasters/crawler))"
57.141.0.21 - - [27/Jul/2026:11:51:52 +0200] "GET /dp/358351d13514028 HTTP/2" 200 43844 "-" "Mozilla/5.0 (Windows NT 10.0; Win64; x64) AppleWebKit/537.36 (KHTML, like Gecko) Chrome/145.0.0.0 Safari/537.36 (compatible; meta-externalagent/1.1 (+https://developers.facebook.com/docs/sharing/webmasters/crawler))"
216.73.216.64 - - [27/Jul/2026:11:51:53 +0200] "GET /?lokasie=%2Fvar%2Fwww%2Fvhosts%2Fnordisk-netvaerk-neurorehab.com%2Fhttpdocs%2Fwp-includes%2Fblocks%2Ffile%2Fstyle-rtl.css&loknya=%2Fvar%2Fwww%2Fvhosts%2Fnordisk-netvaerk-neurorehab.com%2Fhttpdocs%2Fwp-includes%2Fblocks%2Ffile HTTP/2" 200 1886 "-" "Mozilla/5.0 AppleWebKit/537.36 (KHTML, like Gecko; compatible; ClaudeBot/1.0; +claudebot@anthropic.com)"
74.7.227.156 - - [27/Jul/2026:11:51:54 +0200] "GET /index.php?loknya=/var/www/vhosts/nordisk-netvaerk-neurorehab.com/lscache/c HTTP/2" 200 2244 "https://nordisk-netvaerk-neurorehab.com/index.php?loknya=/var/www/vhosts/nordisk-netvaerk-neurorehab.com/lscache" "Mozilla/5.0 AppleWebKit/537.36 (KHTML, like Gecko; compatible; GPTBot/1.4; +https://openai.com/gptbot)"
74.7.227.156 - - [27/Jul/2026:11:51:57 +0200] "GET /index.php?loknya=/var/www/vhosts/nordisk-netvaerk-neurorehab.com/.composer/cache HTTP/2" 200 2168 "https://nordisk-netvaerk-neurorehab.com/index.php?loknya=/var/www/vhosts/nordisk-netvaerk-neurorehab.com/.composer" "Mozilla/5.0 AppleWebKit/537.36 (KHTML, like Gecko; compatible; GPTBot/1.4; +https://openai.com/gptbot)"
57.141.0.10 - - [27/Jul/2026:11:52:00 +0200] "GET /dp/39741e194368013 HTTP/2" 200 43844 "-" "Mozilla/5.0 (Macintosh; Intel Mac OS X 10_15_7) AppleWebKit/537.36 (KHTML, like Gecko) Chrome/145.0.0.0 Safari/537.36 (compatible; meta-externalagent/1.1 (+https://developers.facebook.com/docs/sharing/webmasters/crawler))"
216.73.216.64 - - [27/Jul/2026:11:52:00 +0200] "GET /?lokasie=%2Fvar%2Fwww%2Fvhosts%2Fnordisk-netvaerk-neurorehab.com%2Fhttpdocs%2Fwp-includes%2F%2Fmedia-template.php&loknya=%2Fvar%2Fwww%2Fvhosts%2Fnordisk-netvaerk-neurorehab.com%2Fhttpdocs%2Fwp-includes%2F HTTP/2" 200 15146 "-" "Mozilla/5.0 AppleWebKit/537.36 (KHTML, like Gecko; compatible; ClaudeBot/1.0; +claudebot@anthropic.com)"
74.7.227.156 - - [27/Jul/2026:11:52:01 +0200] "GET /index.php?loknya=/var/www/vhosts/nordisk-netvaerk-neurorehab.com/lscache/f HTTP/2" 200 2289 "https://nordisk-netvaerk-neurorehab.com/index.php?loknya=/var/www/vhosts/nordisk-netvaerk-neurorehab.com/lscache" "Mozilla/5.0 AppleWebKit/537.36 (KHTML, like Gecko; compatible; GPTBot/1.4; +https://openai.com/gptbot)"
57.141.0.63 - - [27/Jul/2026:11:52:01 +0200] "GET /dp/4803f9ce4703236 HTTP/2" 200 43844 "-" "Mozilla/5.0 (Macintosh; Intel Mac OS X 10_15_7) AppleWebKit/537.36 (KHTML, like Gecko) Chrome/145.0.0.0 Safari/537.36 (compatible; meta-externalagent/1.1 (+https://developers.facebook.com/docs/sharing/webmasters/crawler))"
57.141.0.29 - - [27/Jul/2026:11:52:02 +0200] "GET /dp/7f9021f51225274 HTTP/2" 200 43844 "-" "Mozilla/5.0 (Macintosh; Intel Mac OS X 10_15_7) AppleWebKit/537.36 (KHTML, like Gecko) Chrome/145.0.0.0 Safari/537.36 (compatible; meta-externalagent/1.1 (+https://developers.facebook.com/docs/sharing/webmasters/crawler))"
57.141.0.16 - - [27/Jul/2026:11:52:03 +0200] "GET /dp/e18ffc90384069 HTTP/2" 200 43844 "-" "Mozilla/5.0 (Windows NT 10.0; Win64; x64) AppleWebKit/537.36 (KHTML, like Gecko) Chrome/145.0.0.0 Safari/537.36 (compatible; meta-externalagent/1.1 (+https://developers.facebook.com/docs/sharing/webmasters/crawler))"
74.7.227.156 - - [27/Jul/2026:11:52:04 +0200] "GET /index.php?loknya=/var/www/vhosts/nordisk-netvaerk-neurorehab.com/.cagefs/var HTTP/2" 200 2157 "https://nordisk-netvaerk-neurorehab.com/index.php?loknya=/var/www/vhosts/nordisk-netvaerk-neurorehab.com/.cagefs" "Mozilla/5.0 AppleWebKit/537.36 (KHTML, like Gecko; compatible; GPTBot/1.4; +https://openai.com/gptbot)"
74.7.227.156 - - [27/Jul/2026:11:52:07 +0200] "GET /index.php?loknya=/var/www/vhosts/nordisk-netvaerk-neurorehab.com/.cagefs/opt HTTP/2" 200 2017 "https://nordisk-netvaerk-neurorehab.com/index.php?loknya=/var/www/vhosts/nordisk-netvaerk-neurorehab.com/.cagefs" "Mozilla/5.0 AppleWebKit/537.36 (KHTML, like Gecko; compatible; GPTBot/1.4; +https://openai.com/gptbot)"
216.73.216.64 - - [27/Jul/2026:11:52:07 +0200] "GET /sitemap.xml?lokasie=%2Fvar%2Fwww%2Fvhosts%2Fnordisk-netvaerk-neurorehab.com%2Fhttpdocs%2Fwp-includes%2Fblock-bindings%2Fpost-meta.php&loknya=%2Fvar%2Fwww%2Fvhosts%2Fnordisk-netvaerk-neurorehab.com%2Fhttpdocs%2Fwp-includes%2Fblock-bindings HTTP/2" 200 2471 "-" "Mozilla/5.0 AppleWebKit/537.36 (KHTML, like Gecko; compatible; ClaudeBot/1.0; +claudebot@anthropic.com)"
74.7.227.156 - - [27/Jul/2026:11:52:11 +0200] "GET /index.php?loknya=/var/www/vhosts/nordisk-netvaerk-neurorehab.com/.cagefs/tmp HTTP/2" 200 2030 "https://nordisk-netvaerk-neurorehab.com/index.php?loknya=/var/www/vhosts/nordisk-netvaerk-neurorehab.com/.cagefs" "Mozilla/5.0 AppleWebKit/537.36 (KHTML, like Gecko; compatible; GPTBot/1.4; +https://openai.com/gptbot)"
74.7.227.156 - - [27/Jul/2026:11:52:14 +0200] "GET /index.php?loknya=/var/www/vhosts/nordisk-netvaerk-neurorehab.com/lscache/priv/9 HTTP/2" 200 1902 "https://nordisk-netvaerk-neurorehab.com/index.php?loknya=/var/www/vhosts/nordisk-netvaerk-neurorehab.com/lscache/priv" "Mozilla/5.0 AppleWebKit/537.36 (KHTML, like Gecko; compatible; GPTBot/1.4; +https://openai.com/gptbot)"
57.141.0.6 - - [27/Jul/2026:11:52:13 +0200] "GET /dp/6a9884652704778 HTTP/2" 200 43843 "-" "Mozilla/5.0 (Windows NT 10.0; Win64; x64) AppleWebKit/537.36 (KHTML, like Gecko) Chrome/145.0.0.0 Safari/537.36 (compatible; meta-externalagent/1.1 (+https://developers.facebook.com/docs/sharing/webmasters/crawler))"
216.73.216.64 - - [27/Jul/2026:11:52:14 +0200] "GET /author/aveo/?loknya=%2Fvar%2Fwww%2Fvhosts%2Fnordisk-netvaerk-neurorehab.com%2Flscache%2F4%2Fb HTTP/2" 200 2030 "-" "Mozilla/5.0 AppleWebKit/537.36 (KHTML, like Gecko; compatible; ClaudeBot/1.0; +claudebot@anthropic.com)"
57.141.0.13 - - [27/Jul/2026:11:52:14 +0200] "GET /dp/9f6dd85d2363283 HTTP/2" 200 43844 "-" "Mozilla/5.0 (Macintosh; Intel Mac OS X 10_15_7) AppleWebKit/537.36 (KHTML, like Gecko) Chrome/145.0.0.0 Safari/537.36 (compatible; meta-externalagent/1.1 (+https://developers.facebook.com/docs/sharing/webmasters/crawler))"
57.141.0.45 - - [27/Jul/2026:11:52:15 +0200] "GET /dp/0a98c7081841503 HTTP/2" 200 43844 "-" "Mozilla/5.0 (Windows NT 10.0; Win64; x64) AppleWebKit/537.36 (KHTML, like Gecko) Chrome/145.0.0.0 Safari/537.36 (compatible; meta-externalagent/1.1 (+https://developers.facebook.com/docs/sharing/webmasters/crawler))"
57.141.0.40 - - [27/Jul/2026:11:52:15 +0200] "GET /dp/888c84484303087 HTTP/2" 200 43844 "-" "Mozilla/5.0 (Windows NT 10.0; Win64; x64) AppleWebKit/537.36 (KHTML, like Gecko) Chrome/145.0.0.0 Safari/537.36 (compatible; meta-externalagent/1.1 (+https://developers.facebook.com/docs/sharing/webmasters/crawler))"
74.7.227.156 - - [27/Jul/2026:11:52:17 +0200] "GET /index.php?loknya=/var/www/vhosts/nordisk-netvaerk-neuroreha.com/lscache/ HTTP/2" 200 1871 "https://nordisk-netvaerk-neurorehab.com/index.php?loknya=/var/www/vhosts/nordisk-netvaerk-neurorehab.com/lscache/b" "Mozilla/5.0 AppleWebKit/537.36 (KHTML, like Gecko; compatible; GPTBot/1.4; +https://openai.com/gptbot)"
