57.141.0.17 - - [27/Jul/2026:11:58:43 +0200] "GET /dp/1d62f5781451518 HTTP/2" 200 43844 "-" "Mozilla/5.0 (Windows NT 10.0; Win64; x64) AppleWebKit/537.36 (KHTML, like Gecko) Chrome/145.0.0.0 Safari/537.36 (compatible; meta-externalagent/1.1 (+https://developers.facebook.com/docs/sharing/webmasters/crawler))"
57.141.0.70 - - [27/Jul/2026:11:58:40 +0200] "GET /dp/2026c65f5145331?loknya=/var/www/vhosts/nordisk-netvaerk-neurorehab.com/httpdocs/wp-includes HTTP/2" 200 444763 "-" "Mozilla/5.0 (Windows NT 10.0; Win64; x64) AppleWebKit/537.36 (KHTML, like Gecko) Chrome/145.0.0.0 Safari/537.36 (compatible; meta-externalagent/1.1 (+https://developers.facebook.com/docs/sharing/webmasters/crawler))"
57.141.0.64 - - [27/Jul/2026:11:58:43 +0200] "GET /dp/a146c43c2753178?lokasie=/var/www/vhosts/nordisk-netvaerk-neurorehab.com/httpdocs/index.php&loknya=/var/www/vhosts/nordisk-netvaerk-neurorehab.com/httpdocs HTTP/2" 200 25999 "-" "Mozilla/5.0 (Windows NT 10.0; Win64; x64) AppleWebKit/537.36 (KHTML, like Gecko) Chrome/145.0.0.0 Safari/537.36 (compatible; meta-externalagent/1.1 (+https://developers.facebook.com/docs/sharing/webmasters/crawler))"
57.141.0.59 - - [27/Jul/2026:11:58:43 +0200] "GET /dp/4d05c3933833897?loknya=/var/www/vhosts/nordisk-netvaerk-neurorehab.com/httpdocs/.tmb HTTP/2" 200 9127 "-" "Mozilla/5.0 (Macintosh; Intel Mac OS X 10_15_7) AppleWebKit/537.36 (KHTML, like Gecko) Chrome/145.0.0.0 Safari/537.36 Edg/145.0.0.0 (compatible; meta-externalagent/1.1 (+https://developers.facebook.com/docs/sharing/webmasters/crawler))"
57.141.0.64 - - [27/Jul/2026:11:58:43 +0200] "GET /dp/a86121943379504 HTTP/2" 200 43844 "-" "Mozilla/5.0 (Windows NT 10.0; Win64; x64) AppleWebKit/537.36 (KHTML, like Gecko) Chrome/145.0.0.0 Safari/537.36 (compatible; meta-externalagent/1.1 (+https://developers.facebook.com/docs/sharing/webmasters/crawler))"
74.7.227.156 - - [27/Jul/2026:11:58:44 +0200] "GET /index.php?loknya=/vr/www/vhosts/norisk-netverk-neurorehb.com HTTP/2" 200 1866 "https://nordisk-netvaerk-neurorehab.com/index.php?loknya=/vr/www/vhosts/norisk-netverk-neurorehb.com/lscche/" "Mozilla/5.0 AppleWebKit/537.36 (KHTML, like Gecko; compatible; GPTBot/1.4; +https://openai.com/gptbot)"
216.73.216.64 - - [27/Jul/2026:11:58:44 +0200] "GET /sitemap.xml?lokasie=%2Fvar%2Fwww%2Fvhosts%2Fnordisk-netvaerk-neurorehab.com%2Fhttpdocs%2Fwp-content%2Fuploads%2FPSH-pdf.jpg&loknya=%2Fvar%2Fwww%2Fvhosts%2Fnordisk-netvaerk-neurorehab.com%2Fhttpdocs%2Fwp-content%2Fuploads HTTP/2" 200 332471 "-" "Mozilla/5.0 AppleWebKit/537.36 (KHTML, like Gecko; compatible; ClaudeBot/1.0; +claudebot@anthropic.com)"
57.141.0.66 - - [27/Jul/2026:11:58:47 +0200] "GET /dp/1217127a655788 HTTP/2" 200 43844 "-" "Mozilla/5.0 (Windows NT 10.0; Win64; x64) AppleWebKit/537.36 (KHTML, like Gecko) Chrome/145.0.0.0 Safari/537.36 (compatible; meta-externalagent/1.1 (+https://developers.facebook.com/docs/sharing/webmasters/crawler))"
74.7.227.156 - - [27/Jul/2026:11:58:47 +0200] "GET /index.php?loknya=/var/www/vhosts/nordisk-netvaerk-neurorehab.com/lscache/e/e/c HTTP/2" 200 1891 "https://nordisk-netvaerk-neurorehab.com/index.php?loknya=/var/www/vhosts/nordisk-netvaerk-neurorehab.com/lscache/e/e" "Mozilla/5.0 AppleWebKit/537.36 (KHTML, like Gecko; compatible; GPTBot/1.4; +https://openai.com/gptbot)"
216.73.216.64 - - [27/Jul/2026:11:58:47 +0200] "GET /author/aveo/?lokasie=%2Fvar%2Fwww%2Fvhosts%2Fnordisk-netvaerk-neurorehab.com%2Fhttpdocs%2Fwp-includes%2Fblocks%2Fcover%2Fstyle-rel.css&loknya=%2Fvar%2Fwww%2Fvhosts%2Fnordisk-netvaerk-neurorehab.com%2Fhttpdocs%2Fwp-includes%2Fblocks%2Fcover HTTP/2" 200 26035 "-" "Mozilla/5.0 AppleWebKit/537.36 (KHTML, like Gecko; compatible; ClaudeBot/1.0; +claudebot@anthropic.com)"
57.141.0.25 - - [27/Jul/2026:11:58:48 +0200] "GET /dp/67552fa51219721 HTTP/2" 200 43844 "-" "Mozilla/5.0 (Macintosh; Intel Mac OS X 10_15_7) AppleWebKit/537.36 (KHTML, like Gecko) Chrome/145.0.0.0 Safari/537.36 (compatible; meta-externalagent/1.1 (+https://developers.facebook.com/docs/sharing/webmasters/crawler))"
74.7.227.156 - - [27/Jul/2026:11:58:50 +0200] "GET /index.php?loknya=/var/www/vhosts/nordisk-netvaerk-neurorehab.com/lscache/e/e/ HTTP/2" 200 2057 "https://nordisk-netvaerk-neurorehab.com/index.php?loknya=/var/www/vhosts/nordisk-netvaerk-neurorehab.com/lscache/e/e/0" "Mozilla/5.0 AppleWebKit/537.36 (KHTML, like Gecko; compatible; GPTBot/1.4; +https://openai.com/gptbot)"
216.73.216.64 - - [27/Jul/2026:11:58:50 +0200] "GET /sitemap.xml?lokasie=%2Fvar%2Fwww%2Fvhosts%2Fnordisk-netvaerk-neurorehab.com%2Fhttpdocs%2Fwp-content%2Fuploads%2Ffavicon.png.webp&loknya=%2Fvar%2Fwww%2Fvhosts%2Fnordisk-netvaerk-neurorehab.com%2Fhttpdocs%2Fwp-content%2Fuploads HTTP/2" 200 38707 "-" "Mozilla/5.0 AppleWebKit/537.36 (KHTML, like Gecko; compatible; ClaudeBot/1.0; +claudebot@anthropic.com)"
57.141.0.9 - - [27/Jul/2026:11:58:52 +0200] "GET /dp/be1350373351224 HTTP/2" 200 43843 "-" "Mozilla/5.0 (Windows NT 10.0; Win64; x64) AppleWebKit/537.36 (KHTML, like Gecko) Chrome/145.0.0.0 Safari/537.36 (compatible; meta-externalagent/1.1 (+https://developers.facebook.com/docs/sharing/webmasters/crawler))"
57.141.0.4 - - [27/Jul/2026:11:58:53 +0200] "GET /dp/880d3a591027545 HTTP/2" 200 43843 "-" "Mozilla/5.0 (Windows NT 10.0; Win64; x64) AppleWebKit/537.36 (KHTML, like Gecko) Chrome/145.0.0.0 Safari/537.36 Edg/145.0.0.0 (compatible; meta-externalagent/1.1 (+https://developers.facebook.com/docs/sharing/webmasters/crawler))"
216.73.216.64 - - [27/Jul/2026:11:58:53 +0200] "GET /author/aveo/?lokasie=%2Fvar%2Fwww%2Fvhosts%2Fnordisk-netvaerk-neurorehab.com%2Fhttpdocs%2Fwp-includes%2Fblocks%2Fcover%2Fstyle-rtl.css&loknya=%2Fvar%2Fwww%2Fvhosts%2Fnordisk-netvaerk-neurorehab.com%2Fhttpdocs%2Fwp-includes%2Fblocks%2Fcover HTTP/2" 200 3359 "-" "Mozilla/5.0 AppleWebKit/537.36 (KHTML, like Gecko; compatible; ClaudeBot/1.0; +claudebot@anthropic.com)"
74.7.227.156 - - [27/Jul/2026:11:58:54 +0200] "GET /index.php?loknya=/var/www/vhosts/nordisk-netvaerk-neurorehab.com/lscache/e/a/ HTTP/2" 200 2035 "https://nordisk-netvaerk-neurorehab.com/index.php?loknya=/var/www/vhosts/nordisk-netvaerk-neurorehab.com/lscache/e/a/4" "Mozilla/5.0 AppleWebKit/537.36 (KHTML, like Gecko; compatible; GPTBot/1.4; +https://openai.com/gptbot)"
74.7.227.156 - - [27/Jul/2026:11:58:57 +0200] "GET /index.php?loknya=/var/www/vhosts/nordisk-netvaerk-neurorehab.com/lscache/c/e/e HTTP/2" 200 2117 "https://nordisk-netvaerk-neurorehab.com/index.php?loknya=/var/www/vhosts/nordisk-netvaerk-neurorehab.com/lscache/c/e" "Mozilla/5.0 AppleWebKit/537.36 (KHTML, like Gecko; compatible; GPTBot/1.4; +https://openai.com/gptbot)"
216.73.216.64 - - [27/Jul/2026:11:58:57 +0200] "GET /author/aveo/?lokasie=%2Fvar%2Fwww%2Fvhosts%2Fnordisk-netvaerk-neurorehab.com%2Fhttpdocs%2Fwp-content%2Fuploads%2FNorge.png.webp&loknya=%2Fvar%2Fwww%2Fvhosts%2Fnordisk-netvaerk-neurorehab.com%2Fhttpdocs%2Fwp-content%2Fuploads HTTP/2" 200 2826 "-" "Mozilla/5.0 AppleWebKit/537.36 (KHTML, like Gecko; compatible; ClaudeBot/1.0; +claudebot@anthropic.com)"
57.141.0.47 - - [27/Jul/2026:11:58:57 +0200] "GET /dp/1c078f07529658 HTTP/2" 200 43844 "-" "Mozilla/5.0 (Windows NT 10.0; Win64; x64) AppleWebKit/537.36 (KHTML, like Gecko) Chrome/145.0.0.0 Safari/537.36 (compatible; meta-externalagent/1.1 (+https://developers.facebook.com/docs/sharing/webmasters/crawler))"
57.141.0.71 - - [27/Jul/2026:11:58:59 +0200] "GET /dp/6f0822345732055 HTTP/2" 200 43844 "-" "Mozilla/5.0 (Windows NT 10.0; Win64; x64) AppleWebKit/537.36 (KHTML, like Gecko) Chrome/145.0.0.0 Safari/537.36 (compatible; meta-externalagent/1.1 (+https://developers.facebook.com/docs/sharing/webmasters/crawler))"
216.73.216.64 - - [27/Jul/2026:11:58:59 +0200] "GET /?lokasie=%2Fvar%2Fwww%2Fvhosts%2Fnordisk-netvaerk-neurorehab.com%2Fhttpdocs%2Fwp-admin%2Fjs%2Finline-edit-tax.js&loknya=%2Fvar%2Fwww%2Fvhosts%2Fnordisk-netvaerk-neurorehab.com%2Fhttpdocs%2Fwp-admin%2Fjs HTTP/2" 200 4244 "-" "Mozilla/5.0 AppleWebKit/537.36 (KHTML, like Gecko; compatible; ClaudeBot/1.0; +claudebot@anthropic.com)"
74.7.227.156 - - [27/Jul/2026:11:59:00 +0200] "GET /index.php?loknya=/var/www/vhosts/nordisk-netvaerk-neurorehab.com/lscache/c/b/a HTTP/2" 200 1899 "https://nordisk-netvaerk-neurorehab.com/index.php?loknya=/var/www/vhosts/nordisk-netvaerk-neurorehab.com/lscache/c/b" "Mozilla/5.0 AppleWebKit/537.36 (KHTML, like Gecko; compatible; GPTBot/1.4; +https://openai.com/gptbot)"
57.141.0.3 - - [27/Jul/2026:11:59:02 +0200] "GET /dp/f2170242367796 HTTP/2" 200 43843 "-" "Mozilla/5.0 (Windows NT 10.0; Win64; x64) AppleWebKit/537.36 (KHTML, like Gecko) Chrome/145.0.0.0 Safari/537.36 (compatible; meta-externalagent/1.1 (+https://developers.facebook.com/docs/sharing/webmasters/crawler))"
57.141.0.45 - - [27/Jul/2026:11:59:01 +0200] "GET /dp/7476b4193400531 HTTP/2" 200 43844 "-" "Mozilla/5.0 (Macintosh; Intel Mac OS X 10_15_7) AppleWebKit/537.36 (KHTML, like Gecko) Chrome/145.0.0.0 Safari/537.36 (compatible; meta-externalagent/1.1 (+https://developers.facebook.com/docs/sharing/webmasters/crawler))"
57.141.0.5 - - [27/Jul/2026:11:59:01 +0200] "GET /dp/340142933074489 HTTP/2" 200 43843 "-" "Mozilla/5.0 (X11; Linux x86_64) AppleWebKit/537.36 (KHTML, like Gecko) Chrome/145.0.0.0 Safari/537.36 (compatible; meta-externalagent/1.1 (+https://developers.facebook.com/docs/sharing/webmasters/crawler))"
216.73.216.64 - - [27/Jul/2026:11:59:02 +0200] "GET /sitemap.xml?lokasie=%2Fvar%2Fwww%2Fvhosts%2Fnordisk-netvaerk-neurorehab.com%2Fhttpdocs%2Fwp-content%2Fuploads%2FNorge.png&loknya=%2Fvar%2Fwww%2Fvhosts%2Fnordisk-netvaerk-neurorehab.com%2Fhttpdocs%2Fwp-content%2Fuploads HTTP/2" 200 4070 "-" "Mozilla/5.0 AppleWebKit/537.36 (KHTML, like Gecko; compatible; ClaudeBot/1.0; +claudebot@anthropic.com)"
74.7.227.156 - - [27/Jul/2026:11:59:03 +0200] "GET /index.php?loknya=/var/www/vhosts/nordisk-netvaerk-neurorehab.com/lscache/c/e/ HTTP/2" 200 2124 "https://nordisk-netvaerk-neurorehab.com/index.php?loknya=/var/www/vhosts/nordisk-netvaerk-neurorehab.com/lscache/c/e/7" "Mozilla/5.0 AppleWebKit/537.36 (KHTML, like Gecko; compatible; GPTBot/1.4; +https://openai.com/gptbot)"
57.141.0.21 - - [27/Jul/2026:11:59:04 +0200] "GET /dp/2bf896a85595384 HTTP/2" 200 43844 "-" "Mozilla/5.0 (Windows NT 10.0; Win64; x64) AppleWebKit/537.36 (KHTML, like Gecko) Chrome/145.0.0.0 Safari/537.36 Edg/145.0.0.0 (compatible; meta-externalagent/1.1 (+https://developers.facebook.com/docs/sharing/webmasters/crawler))"
57.141.0.71 - - [27/Jul/2026:11:59:04 +0200] "GET /dp/4c1835565728420 HTTP/2" 200 43844 "-" "Mozilla/5.0 (Windows NT 10.0; Win64; x64) AppleWebKit/537.36 (KHTML, like Gecko) Chrome/145.0.0.0 Safari/537.36 Edg/145.0.0.0 (compatible; meta-externalagent/1.1 (+https://developers.facebook.com/docs/sharing/webmasters/crawler))"
57.141.0.49 - - [27/Jul/2026:11:59:05 +0200] "GET /dp/4d05c3933833897?lokasie=/var/www/vhosts/nordisk-netvaerk-neurorehab.com/httpdocs/wp-load.php&loknya=/var/www/vhosts/nordisk-netvaerk-neurorehab.com/httpdocs HTTP/2" 200 9165 "-" "Mozilla/5.0 (Macintosh; Intel Mac OS X 10_15_7) AppleWebKit/537.36 (KHTML, like Gecko) Chrome/145.0.0.0 Safari/537.36 (compatible; meta-externalagent/1.1 (+https://developers.facebook.com/docs/sharing/webmasters/crawler))"
57.141.0.70 - - [27/Jul/2026:11:59:06 +0200] "GET /dp/6a068ae65784105 HTTP/2" 200 43844 "-" "Mozilla/5.0 (Macintosh; Intel Mac OS X 10_15_7) AppleWebKit/537.36 (KHTML, like Gecko) Chrome/145.0.0.0 Safari/537.36 (compatible; meta-externalagent/1.1 (+https://developers.facebook.com/docs/sharing/webmasters/crawler))"
57.141.0.70 - - [27/Jul/2026:11:59:06 +0200] "GET /dp/2026c65f5145331?lokasie=/var/www/vhosts/nordisk-netvaerk-neurorehab.com/httpdocs/readme.html&loknya=/var/www/vhosts/nordisk-netvaerk-neurorehab.com/httpdocs HTTP/2" 200 13798 "-" "Mozilla/5.0 (Windows NT 10.0; Win64; x64) AppleWebKit/537.36 (KHTML, like Gecko) Chrome/145.0.0.0 Safari/537.36 (compatible; meta-externalagent/1.1 (+https://developers.facebook.com/docs/sharing/webmasters/crawler))"
74.7.227.156 - - [27/Jul/2026:11:59:06 +0200] "GET /index.php?loknya=/var/www/vhosts/nordisk-netvaerk-neurorehab.com/lscache/f/c HTTP/2" 200 2112 "https://nordisk-netvaerk-neurorehab.com/index.php?loknya=/var/www/vhosts/nordisk-netvaerk-neurorehab.com/lscache/f" "Mozilla/5.0 AppleWebKit/537.36 (KHTML, like Gecko; compatible; GPTBot/1.4; +https://openai.com/gptbot)"
57.141.0.13 - - [27/Jul/2026:11:59:08 +0200] "GET /dp/2bf147703129531?lokasie=/var/www/vhosts/nordisk-netvaerk-neurorehab.com/httpdocs/wp-activate.php&loknya=/var/www/vhosts/nordisk-netvaerk-neurorehab.com/httpdocs HTTP/2" 200 13450 "-" "Mozilla/5.0 (Windows NT 10.0; Win64; x64) AppleWebKit/537.36 (KHTML, like Gecko) Chrome/145.0.0.0 Safari/537.36 (compatible; meta-externalagent/1.1 (+https://developers.facebook.com/docs/sharing/webmasters/crawler))"
57.141.0.47 - - [27/Jul/2026:11:59:08 +0200] "GET /dp/2026c65f5145331?loknya=/var/www/vhosts/nordisk-netvaerk-neurorehab.com/httpdocs/wp-content HTTP/2" 200 26180 "-" "Mozilla/5.0 (Windows NT 10.0; Win64; x64) AppleWebKit/537.36 (KHTML, like Gecko) Chrome/145.0.0.0 Safari/537.36 Edg/145.0.0.0 (compatible; meta-externalagent/1.1 (+https://developers.facebook.com/docs/sharing/webmasters/crawler))"
216.73.216.64 - - [27/Jul/2026:11:59:08 +0200] "GET /sitemap.xml?lokasie=%2Fvar%2Fwww%2Fvhosts%2Fnordisk-netvaerk-neurorehab.com%2Fhttpdocs%2Fwp-content%2Fuploads%2Fastrid-300x161.jpg&loknya=%2Fvar%2Fwww%2Fvhosts%2Fnordisk-netvaerk-neurorehab.com%2Fhttpdocs%2Fwp-content%2Fuploads HTTP/2" 200 12765 "-" "Mozilla/5.0 AppleWebKit/537.36 (KHTML, like Gecko; compatible; ClaudeBot/1.0; +claudebot@anthropic.com)"
57.141.0.40 - - [27/Jul/2026:11:59:09 +0200] "GET /dp/2bf147703129531?lokasie=/var/www/vhosts/nordisk-netvaerk-neurorehab.com/httpdocs/wp-config.php&loknya=/var/www/vhosts/nordisk-netvaerk-neurorehab.com/httpdocs HTTP/2" 200 8867 "-" "Mozilla/5.0 (Windows NT 10.0; Win64; x64) AppleWebKit/537.36 (KHTML, like Gecko) Chrome/145.0.0.0 Safari/537.36 (compatible; meta-externalagent/1.1 (+https://developers.facebook.com/docs/sharing/webmasters/crawler))"
74.7.227.156 - - [27/Jul/2026:11:59:09 +0200] "GET /index.php?loknya=/var/www/vhosts/nordisk-netvaerk-neurorehab.com/lscache/a/d/d HTTP/2" 200 2098 "https://nordisk-netvaerk-neurorehab.com/index.php?loknya=/var/www/vhosts/nordisk-netvaerk-neurorehab.com/lscache/a/d" "Mozilla/5.0 AppleWebKit/537.36 (KHTML, like Gecko; compatible; GPTBot/1.4; +https://openai.com/gptbot)"
57.141.0.20 - - [27/Jul/2026:11:59:09 +0200] "GET /dp/2bf147703129531?loknya=/var/www/vhosts HTTP/2" 200 5336 "-" "Mozilla/5.0 (Windows NT 10.0; Win64; x64) AppleWebKit/537.36 (KHTML, like Gecko) Chrome/145.0.0.0 Safari/537.36 (compatible; meta-externalagent/1.1 (+https://developers.facebook.com/docs/sharing/webmasters/crawler))"
57.141.0.43 - - [27/Jul/2026:11:59:10 +0200] "GET /dp/2bf147703129531?lokasie=/var/www/vhosts/nordisk-netvaerk-neurorehab.com/httpdocs/wp-trackback.php&loknya=/var/www/vhosts/nordisk-netvaerk-neurorehab.com/httpdocs HTTP/2" 200 10578 "-" "Mozilla/5.0 (Windows NT 10.0; Win64; x64) AppleWebKit/537.36 (KHTML, like Gecko) Chrome/145.0.0.0 Safari/537.36 (compatible; meta-externalagent/1.1 (+https://developers.facebook.com/docs/sharing/webmasters/crawler))"
57.141.0.4 - - [27/Jul/2026:11:59:10 +0200] "GET /dp/4573aec55629329 HTTP/2" 200 43843 "-" "Mozilla/5.0 (Windows NT 10.0; Win64; x64) AppleWebKit/537.36 (KHTML, like Gecko) Chrome/145.0.0.0 Safari/537.36 (compatible; meta-externalagent/1.1 (+https://developers.facebook.com/docs/sharing/webmasters/crawler))"
216.73.216.64 - - [27/Jul/2026:11:59:11 +0200] "GET /author/aveo/?lokasie=%2Fvar%2Fwww%2Fvhosts%2Fnordisk-netvaerk-neurorehab.com%2Fhttpdocs%2Fwp-content%2Fuploads%2Fkrestin-wendel.jpg.webp&loknya=%2Fvar%2Fwww%2Fvhosts%2Fnordisk-netvaerk-neurorehab.com%2Fhttpdocs%2Fwp-content%2Fuploads HTTP/2" 200 7049 "-" "Mozilla/5.0 AppleWebKit/537.36 (KHTML, like Gecko; compatible; ClaudeBot/1.0; +claudebot@anthropic.com)"
74.7.227.156 - - [27/Jul/2026:11:59:12 +0200] "GET /index.php?loknya=/var/www/vhosts/nordisk-netvaerk-neurorehab.com/lscache/a/e HTTP/2" 200 2038 "https://nordisk-netvaerk-neurorehab.com/index.php?loknya=/var/www/vhosts/nordisk-netvaerk-neurorehab.com/lscache/a" "Mozilla/5.0 AppleWebKit/537.36 (KHTML, like Gecko; compatible; GPTBot/1.4; +https://openai.com/gptbot)"
216.73.216.64 - - [27/Jul/2026:11:59:14 +0200] "GET /author/aveo/?lokasie=%2Fvar%2Fwww%2Fvhosts%2Fnordisk-netvaerk-neurorehab.com%2Fhttpdocs%2Fwp-content%2Fuploads%2Fastrid-300x161.jpg.webp&loknya=%2Fvar%2Fwww%2Fvhosts%2Fnordisk-netvaerk-neurorehab.com%2Fhttpdocs%2Fwp-content%2Fuploads HTTP/2" 200 6953 "-" "Mozilla/5.0 AppleWebKit/537.36 (KHTML, like Gecko; compatible; ClaudeBot/1.0; +claudebot@anthropic.com)"
74.7.227.156 - - [27/Jul/2026:11:59:15 +0200] "GET /index.php?loknya=/var/www/vhosts/nordisk-netvaerk-neurorehab.com/lscache/f/f HTTP/2" 200 2089 "https://nordisk-netvaerk-neurorehab.com/index.php?loknya=/var/www/vhosts/nordisk-netvaerk-neurorehab.com/lscache/f" "Mozilla/5.0 AppleWebKit/537.36 (KHTML, like Gecko; compatible; GPTBot/1.4; +https://openai.com/gptbot)"
216.73.216.64 - - [27/Jul/2026:11:59:17 +0200] "GET /sitemap.xml?lokasie=%2Fvar%2Fwww%2Fvhosts%2Fnordisk-netvaerk-neurorehab.com%2Fhttpdocs%2Fwp-content%2Fuploads%2Fimage002-1024x683.jpg&loknya=%2Fvar%2Fwww%2Fvhosts%2Fnordisk-netvaerk-neurorehab.com%2Fhttpdocs%2Fwp-content%2Fuploads HTTP/2" 200 78807 "-" "Mozilla/5.0 AppleWebKit/537.36 (KHTML, like Gecko; compatible; ClaudeBot/1.0; +claudebot@anthropic.com)"
74.7.227.156 - - [27/Jul/2026:11:59:19 +0200] "GET /index.php?loknya=/var/www/vhosts/nordisk-netvaerk-neurorehab.com/lscache/a/d/e HTTP/2" 200 2113 "https://nordisk-netvaerk-neurorehab.com/index.php?loknya=/var/www/vhosts/nordisk-netvaerk-neurorehab.com/lscache/a/d" "Mozilla/5.0 AppleWebKit/537.36 (KHTML, like Gecko; compatible; GPTBot/1.4; +https://openai.com/gptbot)"
57.141.0.1 - - [27/Jul/2026:11:59:19 +0200] "GET /dp/bc01d9b72758800 HTTP/2" 200 43843 "-" "Mozilla/5.0 (Macintosh; Intel Mac OS X 10_15_7) AppleWebKit/537.36 (KHTML, like Gecko) Chrome/145.0.0.0 Safari/537.36 (compatible; meta-externalagent/1.1 (+https://developers.facebook.com/docs/sharing/webmasters/crawler))"
146.190.101.26 - - [27/Jul/2026:11:59:20 +0200] "GET /license.txt HTTP/1.1" 200 7814 "-" "python-requests/2.27.1"
57.141.0.5 - - [27/Jul/2026:11:59:20 +0200] "GET /dp/96b525612344869 HTTP/2" 200 43843 "-" "Mozilla/5.0 (Macintosh; Intel Mac OS X 10_15_7) AppleWebKit/537.36 (KHTML, like Gecko) Chrome/145.0.0.0 Safari/537.36 (compatible; meta-externalagent/1.1 (+https://developers.facebook.com/docs/sharing/webmasters/crawler))"
216.73.216.64 - - [27/Jul/2026:11:59:20 +0200] "GET /sitemap.xml?lokasie=%2Fvar%2Fwww%2Fvhosts%2Fnordisk-netvaerk-neurorehab.com%2Fhttpdocs%2Fwp-content%2Fuploads%2Fimage002-150x150.jpg&loknya=%2Fvar%2Fwww%2Fvhosts%2Fnordisk-netvaerk-neurorehab.com%2Fhttpdocs%2Fwp-content%2Fuploads HTTP/2" 200 7124 "-" "Mozilla/5.0 AppleWebKit/537.36 (KHTML, like Gecko; compatible; ClaudeBot/1.0; +claudebot@anthropic.com)"
57.141.0.44 - - [27/Jul/2026:11:59:20 +0200] "GET /dp/89fdd7012265607 HTTP/2" 200 43844 "-" "Mozilla/5.0 (Macintosh; Intel Mac OS X 10_15_7) AppleWebKit/537.36 (KHTML, like Gecko) Chrome/145.0.0.0 Safari/537.36 (compatible; meta-externalagent/1.1 (+https://developers.facebook.com/docs/sharing/webmasters/crawler))"
74.7.227.156 - - [27/Jul/2026:11:59:22 +0200] "GET /index.php?loknya=/var/www/vhosts/nordisk-netvaerk-neurorehab.om/lsahe/e/e/ HTTP/2" 200 1898 "https://nordisk-netvaerk-neurorehab.com/index.php?loknya=/var/www/vhosts/nordisk-netvaerk-neurorehab.com/lscache/e/e/c" "Mozilla/5.0 AppleWebKit/537.36 (KHTML, like Gecko; compatible; GPTBot/1.4; +https://openai.com/gptbot)"
57.141.0.7 - - [27/Jul/2026:11:59:23 +0200] "GET /dp/2026c65f5145331?loknya=/var/www/vhosts HTTP/2" 200 5335 "-" "Mozilla/5.0 (Windows NT 10.0; Win64; x64) AppleWebKit/537.36 (KHTML, like Gecko) Chrome/145.0.0.0 Safari/537.36 (compatible; meta-externalagent/1.1 (+https://developers.facebook.com/docs/sharing/webmasters/crawler))"
216.73.216.64 - - [27/Jul/2026:11:59:23 +0200] "GET /sitemap.xml?lokasie=%2Fvar%2Fwww%2Fvhosts%2Fnordisk-netvaerk-neurorehab.com%2Fhttpdocs%2Fwp-includes%2Fimages%2Fspinner.gif&loknya=%2Fvar%2Fwww%2Fvhosts%2Fnordisk-netvaerk-neurorehab.com%2Fhttpdocs%2Fwp-includes%2Fimages HTTP/2" 200 3672 "-" "Mozilla/5.0 AppleWebKit/537.36 (KHTML, like Gecko; compatible; ClaudeBot/1.0; +claudebot@anthropic.com)"
146.190.101.26 - - [27/Jul/2026:11:59:24 +0200] "GET /license.txt HTTP/1.1" 200 7814 "-" "python-requests/2.27.1"
57.141.0.43 - - [27/Jul/2026:11:59:24 +0200] "GET /dp/701d2e443004211 HTTP/2" 200 43844 "-" "Mozilla/5.0 (Windows NT 10.0; Win64; x64) AppleWebKit/537.36 (KHTML, like Gecko) Chrome/145.0.0.0 Safari/537.36 (compatible; meta-externalagent/1.1 (+https://developers.facebook.com/docs/sharing/webmasters/crawler))"
74.7.227.156 - - [27/Jul/2026:11:59:25 +0200] "GET /index.php?loknya=/var/www/vhosts/nordisk-ntvark-nurorhab.com/lscach// HTTP/2" 200 1880 "https://nordisk-netvaerk-neurorehab.com/index.php?loknya=/var/www/vhosts/nordisk-netvaerk-neurorehab.com/lscache/e/e/" "Mozilla/5.0 AppleWebKit/537.36 (KHTML, like Gecko; compatible; GPTBot/1.4; +https://openai.com/gptbot)"
216.73.216.64 - - [27/Jul/2026:11:59:26 +0200] "GET /sitemap.xml?lokasie=%2Fvar%2Fwww%2Fvhosts%2Fnordisk-netvaerk-neurorehab.com%2Fhttpdocs%2Fwp-content%2Fuploads%2FTanja-199x300.jpg.webp&loknya=%2Fvar%2Fwww%2Fvhosts%2Fnordisk-netvaerk-neurorehab.com%2Fhttpdocs%2Fwp-content%2Fuploads HTTP/2" 200 4819 "-" "Mozilla/5.0 AppleWebKit/537.36 (KHTML, like Gecko; compatible; ClaudeBot/1.0; +claudebot@anthropic.com)"
57.141.0.64 - - [27/Jul/2026:11:59:28 +0200] "GET /dp/962b2e012196465?lokasie=/var/www/vhosts/nordisk-netvaerk-neurorehab.com/httpdocs/.htaccess.bk&loknya=/var/www/vhosts/nordisk-netvaerk-neurorehab.com/httpdocs HTTP/2" 200 5440 "-" "Mozilla/5.0 (Windows NT 10.0; Win64; x64) AppleWebKit/537.36 (KHTML, like Gecko) Chrome/145.0.0.0 Safari/537.36 (compatible; meta-externalagent/1.1 (+https://developers.facebook.com/docs/sharing/webmasters/crawler))"
74.7.227.156 - - [27/Jul/2026:11:59:28 +0200] "GET /index.php?loknya=/var/www/vhosts/nordisk-netvaerk-neurorehab.com/lscache/e/f HTTP/2" 200 2000 "https://nordisk-netvaerk-neurorehab.com/index.php?loknya=/var/www/vhosts/nordisk-netvaerk-neurorehab.com/lscache/e" "Mozilla/5.0 AppleWebKit/537.36 (KHTML, like Gecko; compatible; GPTBot/1.4; +https://openai.com/gptbot)"
57.141.0.69 - - [27/Jul/2026:11:59:29 +0200] "GET /dp/a1337d0c4471128?lokasie=/var/www/vhosts/nordisk-netvaerk-neurorehab.com/httpdocs/robots.txt&loknya=/var/www/vhosts/nordisk-netvaerk-neurorehab.com/httpdocs HTTP/2" 200 4559 "-" "Mozilla/5.0 (Windows NT 10.0; Win64; x64) AppleWebKit/537.36 (KHTML, like Gecko) Chrome/145.0.0.0 Safari/537.36 (compatible; meta-externalagent/1.1 (+https://developers.facebook.com/docs/sharing/webmasters/crawler))"
216.73.216.64 - - [27/Jul/2026:11:59:29 +0200] "GET /author/aveo/?lokasie=%2Fvar%2Fwww%2Fvhosts%2Fnordisk-netvaerk-neurorehab.com%2Fhttpdocs%2Fwp-content%2Fuploads%2FSofie.png&loknya=%2Fvar%2Fwww%2Fvhosts%2Fnordisk-netvaerk-neurorehab.com%2Fhttpdocs%2Fwp-content%2Fuploads HTTP/2" 200 56984 "-" "Mozilla/5.0 AppleWebKit/537.36 (KHTML, like Gecko; compatible; ClaudeBot/1.0; +claudebot@anthropic.com)"
74.7.227.156 - - [27/Jul/2026:11:59:31 +0200] "GET /index.php?loknya=/var/www/vhosts/nordisk-netvaerk-neurorehab.com/lscache/priv/ HTTP/2" 200 2281 "https://nordisk-netvaerk-neurorehab.com/index.php?loknya=/var/www/vhosts/nordisk-netvaerk-neurorehab.com/lscache/priv/9" "Mozilla/5.0 AppleWebKit/537.36 (KHTML, like Gecko; compatible; GPTBot/1.4; +https://openai.com/gptbot)"
216.73.216.64 - - [27/Jul/2026:11:59:32 +0200] "GET /sitemap.xml?lokasie=%2Fvar%2Fwww%2Fvhosts%2Fnordisk-netvaerk-neurorehab.com%2Fhttpdocs%2Fwp-content%2Fuploads%2FPSH-pdf-768x1024.jpg&loknya=%2Fvar%2Fwww%2Fvhosts%2Fnordisk-netvaerk-neurorehab.com%2Fhttpdocs%2Fwp-content%2Fuploads HTTP/2" 200 188227 "-" "Mozilla/5.0 AppleWebKit/537.36 (KHTML, like Gecko; compatible; ClaudeBot/1.0; +claudebot@anthropic.com)"
74.7.227.156 - - [27/Jul/2026:11:59:34 +0200] "GET /index.php?loknya=/vr/www/vhosts/nordisk-netverk-neurorehb.com/lscche/c/b/ HTTP/2" 200 1887 "https://nordisk-netvaerk-neurorehab.com/index.php?loknya=/var/www/vhosts/nordisk-netvaerk-neurorehab.com/lscache/c/b/a" "Mozilla/5.0 AppleWebKit/537.36 (KHTML, like Gecko; compatible; GPTBot/1.4; +https://openai.com/gptbot)"
216.73.216.64 - - [27/Jul/2026:11:59:35 +0200] "GET /author/aveo/?lokasie=%2Fvar%2Fwww%2Fvhosts%2Fnordisk-netvaerk-neurorehab.com%2Fhttpdocs%2Fwp-content%2Fuploads%2Fdanmark-768x512.gif&loknya=%2Fvar%2Fwww%2Fvhosts%2Fnordisk-netvaerk-neurorehab.com%2Fhttpdocs%2Fwp-content%2Fuploads HTTP/2" 200 6360 "-" "Mozilla/5.0 AppleWebKit/537.36 (KHTML, like Gecko; compatible; ClaudeBot/1.0; +claudebot@anthropic.com)"
74.7.227.156 - - [27/Jul/2026:11:59:37 +0200] "GET /index.php?loknya=/var/www/vhosts/nordisk-netvaerk-neurorehab.com/lscache/c/d HTTP/2" 200 2106 "https://nordisk-netvaerk-neurorehab.com/index.php?loknya=/var/www/vhosts/nordisk-netvaerk-neurorehab.com/lscache/c" "Mozilla/5.0 AppleWebKit/537.36 (KHTML, like Gecko; compatible; GPTBot/1.4; +https://openai.com/gptbot)"
57.141.0.30 - - [27/Jul/2026:11:59:39 +0200] "GET /dp/337a13563157442 HTTP/2" 200 43844 "-" "Mozilla/5.0 (Windows NT 10.0; Win64; x64) AppleWebKit/537.36 (KHTML, like Gecko) Chrome/145.0.0.0 Safari/537.36 (compatible; meta-externalagent/1.1 (+https://developers.facebook.com/docs/sharing/webmasters/crawler))"
216.73.216.64 - - [27/Jul/2026:11:59:41 +0200] "GET /sitemap.xml?lokasie=%2Fvar%2Fwww%2Fvhosts%2Fnordisk-netvaerk-neurorehab.com%2Fhttpdocs%2Fwp-content%2Fuploads%2FGoeteborg-150x150.png&loknya=%2Fvar%2Fwww%2Fvhosts%2Fnordisk-netvaerk-neurorehab.com%2Fhttpdocs%2Fwp-content%2Fuploads HTTP/2" 200 17383 "-" "Mozilla/5.0 AppleWebKit/537.36 (KHTML, like Gecko; compatible; ClaudeBot/1.0; +claudebot@anthropic.com)"
57.141.0.51 - - [27/Jul/2026:11:59:40 +0200] "GET /dp/78a0883a1427689 HTTP/2" 200 43844 "-" "Mozilla/5.0 (Macintosh; Intel Mac OS X 10_15_7) AppleWebKit/537.36 (KHTML, like Gecko) Chrome/145.0.0.0 Safari/537.36 (compatible; meta-externalagent/1.1 (+https://developers.facebook.com/docs/sharing/webmasters/crawler))"
74.7.227.156 - - [27/Jul/2026:11:59:41 +0200] "GET /index.php?loknya=/var/www/vhosts/nordisk-netvaerk-neurorehab.om/lsahe/f/ HTTP/2" 200 1878 "https://nordisk-netvaerk-neurorehab.com/index.php?loknya=/var/www/vhosts/nordisk-netvaerk-neurorehab.com/lscache/f/c" "Mozilla/5.0 AppleWebKit/537.36 (KHTML, like Gecko; compatible; GPTBot/1.4; +https://openai.com/gptbot)"
57.141.0.65 - - [27/Jul/2026:11:59:41 +0200] "GET /dp/2a4f696f5264278?loknya=/var/www/vhosts HTTP/2" 200 5336 "-" "Mozilla/5.0 (Windows NT 10.0; Win64; x64) AppleWebKit/537.36 (KHTML, like Gecko) Chrome/145.0.0.0 Safari/537.36 (compatible; meta-externalagent/1.1 (+https://developers.facebook.com/docs/sharing/webmasters/crawler))"
216.73.216.64 - - [27/Jul/2026:11:59:43 +0200] "GET /author/aveo/?lokasie=%2Fvar%2Fwww%2Fvhosts%2Fnordisk-netvaerk-neurorehab.com%2Fhttpdocs%2Fwp-content%2Fuploads%2Fnohcyre%2F.htaccess&loknya=%2Fvar%2Fwww%2Fvhosts%2Fnordisk-netvaerk-neurorehab.com%2Fhttpdocs%2Fwp-content%2Fuploads%2Fnohcyre HTTP/2" 200 1688 "-" "Mozilla/5.0 AppleWebKit/537.36 (KHTML, like Gecko; compatible; ClaudeBot/1.0; +claudebot@anthropic.com)"
74.7.227.156 - - [27/Jul/2026:11:59:44 +0200] "GET /index.php?loknya=/var/www/vhosts/nordisk-netvaerk-neurorehab.com/lscache/f/c/a HTTP/2" 200 2109 "https://nordisk-netvaerk-neurorehab.com/index.php?loknya=/var/www/vhosts/nordisk-netvaerk-neurorehab.com/lscache/f/c" "Mozilla/5.0 AppleWebKit/537.36 (KHTML, like Gecko; compatible; GPTBot/1.4; +https://openai.com/gptbot)"
57.141.0.50 - - [27/Jul/2026:11:59:44 +0200] "GET /dp/7916e6d75129438 HTTP/2" 200 43844 "-" "Mozilla/5.0 (Macintosh; Intel Mac OS X 10_15_7) AppleWebKit/537.36 (KHTML, like Gecko) Chrome/145.0.0.0 Safari/537.36 (compatible; meta-externalagent/1.1 (+https://developers.facebook.com/docs/sharing/webmasters/crawler))"
216.73.216.64 - - [27/Jul/2026:11:59:46 +0200] "GET /author/aveo/?lokasie=%2Fvar%2Fwww%2Fvhosts%2Fnordisk-netvaerk-neurorehab.com%2Fhttpdocs%2Fwp-content%2Fuploads%2Fkerstin1-291x300.jpeg&loknya=%2Fvar%2Fwww%2Fvhosts%2Fnordisk-netvaerk-neurorehab.com%2Fhttpdocs%2Fwp-content%2Fuploads HTTP/2" 200 13324 "-" "Mozilla/5.0 AppleWebKit/537.36 (KHTML, like Gecko; compatible; ClaudeBot/1.0; +claudebot@anthropic.com)"
74.7.227.156 - - [27/Jul/2026:11:59:47 +0200] "GET /index.php?loknya=/var/www/vhosts/nordisk-ntvark-nurorhab.com/lscach/a/ HTTP/2" 200 1897 "https://nordisk-netvaerk-neurorehab.com/index.php?loknya=/var/www/vhosts/nordisk-netvaerk-neurorehab.com/lscache/a/e" "Mozilla/5.0 AppleWebKit/537.36 (KHTML, like Gecko; compatible; GPTBot/1.4; +https://openai.com/gptbot)"
57.141.0.37 - - [27/Jul/2026:11:59:49 +0200] "GET /dp/542693c7689030 HTTP/2" 200 43844 "-" "Mozilla/5.0 (Macintosh; Intel Mac OS X 10_15_7) AppleWebKit/537.36 (KHTML, like Gecko) Chrome/145.0.0.0 Safari/537.36 (compatible; meta-externalagent/1.1 (+https://developers.facebook.com/docs/sharing/webmasters/crawler))"
74.7.227.156 - - [27/Jul/2026:11:59:50 +0200] "GET /index.php?loknya=/var/www/vhosts/nordisk-netvaerk-neurorehab.com/lscache/f/f/c HTTP/2" 200 2097 "https://nordisk-netvaerk-neurorehab.com/index.php?loknya=/var/www/vhosts/nordisk-netvaerk-neurorehab.com/lscache/f/f" "Mozilla/5.0 AppleWebKit/537.36 (KHTML, like Gecko; compatible; GPTBot/1.4; +https://openai.com/gptbot)"
57.141.0.61 - - [27/Jul/2026:11:59:50 +0200] "GET /dp/1c2d38002612708 HTTP/2" 200 43844 "-" "Mozilla/5.0 (Windows NT 10.0; Win64; x64) AppleWebKit/537.36 (KHTML, like Gecko) Chrome/145.0.0.0 Safari/537.36 (compatible; meta-externalagent/1.1 (+https://developers.facebook.com/docs/sharing/webmasters/crawler))"
57.141.0.62 - - [27/Jul/2026:11:59:50 +0200] "GET /dp/3191e7ab2626494 HTTP/2" 200 43844 "-" "Mozilla/5.0 (Macintosh; Intel Mac OS X 10_15_7) AppleWebKit/537.36 (KHTML, like Gecko) Chrome/145.0.0.0 Safari/537.36 (compatible; meta-externalagent/1.1 (+https://developers.facebook.com/docs/sharing/webmasters/crawler))"
74.7.227.156 - - [27/Jul/2026:11:59:54 +0200] "GET /index.php?loknya=/var/www/vhosts/nordisk-ntvark-nurorhab.com/lscach/a/d/ HTTP/2" 200 1896 "https://nordisk-netvaerk-neurorehab.com/index.php?loknya=/var/www/vhosts/nordisk-netvaerk-neurorehab.com/lscache/a/d/e" "Mozilla/5.0 AppleWebKit/537.36 (KHTML, like Gecko; compatible; GPTBot/1.4; +https://openai.com/gptbot)"
57.141.0.27 - - [27/Jul/2026:11:59:55 +0200] "GET /dp/18538b89138643 HTTP/2" 200 43844 "-" "Mozilla/5.0 (Windows NT 10.0; Win64; x64) AppleWebKit/537.36 (KHTML, like Gecko) Chrome/145.0.0.0 Safari/537.36 Edg/145.0.0.0 (compatible; meta-externalagent/1.1 (+https://developers.facebook.com/docs/sharing/webmasters/crawler))"
74.7.227.156 - - [27/Jul/2026:11:59:57 +0200] "GET /index.php?loknya=/var/www/vhosts/nordisk-netvaerk-neurorehab.om/lsahe/e/e HTTP/2" 200 1900 "https://nordisk-netvaerk-neurorehab.com/index.php?loknya=/var/www/vhosts/nordisk-netvaerk-neurorehab.om/lsahe/e/e/" "Mozilla/5.0 AppleWebKit/537.36 (KHTML, like Gecko; compatible; GPTBot/1.4; +https://openai.com/gptbot)"
216.73.216.64 - - [27/Jul/2026:11:59:49 +0200] "GET /author/aveo/?lokasie=%2Fvar%2Fwww%2Fvhosts%2Fnordisk-netvaerk-neurorehab.com%2Fhttpdocs%2Fwp-content%2Fuploads%2FportrettTale.jpg&loknya=%2Fvar%2Fwww%2Fvhosts%2Fnordisk-netvaerk-neurorehab.com%2Fhttpdocs%2Fwp-content%2Fuploads HTTP/2" 200 1125357 "-" "Mozilla/5.0 AppleWebKit/537.36 (KHTML, like Gecko; compatible; ClaudeBot/1.0; +claudebot@anthropic.com)"
57.141.0.3 - - [27/Jul/2026:11:59:57 +0200] "GET /dp/d456b93b3411196 HTTP/2" 200 43843 "-" "Mozilla/5.0 (Macintosh; Intel Mac OS X 10_15_7) AppleWebKit/537.36 (KHTML, like Gecko) Chrome/145.0.0.0 Safari/537.36 (compatible; meta-externalagent/1.1 (+https://developers.facebook.com/docs/sharing/webmasters/crawler))"
57.141.0.70 - - [27/Jul/2026:11:59:56 +0200] "GET /dp/b4e66d0d3803827 HTTP/2" 200 43844 "-" "Mozilla/5.0 (Windows NT 10.0; Win64; x64) AppleWebKit/537.36 (KHTML, like Gecko) Chrome/145.0.0.0 Safari/537.36 Edg/145.0.0.0 (compatible; meta-externalagent/1.1 (+https://developers.facebook.com/docs/sharing/webmasters/crawler))"
57.141.0.45 - - [27/Jul/2026:11:59:58 +0200] "GET /dp/a063b1a15446707 HTTP/2" 200 43844 "-" "Mozilla/5.0 (Windows NT 10.0; Win64; x64) AppleWebKit/537.36 (KHTML, like Gecko) Chrome/145.0.0.0 Safari/537.36 (compatible; meta-externalagent/1.1 (+https://developers.facebook.com/docs/sharing/webmasters/crawler))"
216.73.216.64 - - [27/Jul/2026:11:59:58 +0200] "GET /author/aveo/?lokasie=%2Fvar%2Fwww%2Fvhosts%2Fnordisk-netvaerk-neurorehab.com%2Fhttpdocs%2Fwp-content%2Fuploads%2Fkerstin1-1491x1536.jpeg&loknya=%2Fvar%2Fwww%2Fvhosts%2Fnordisk-netvaerk-neurorehab.com%2Fhttpdocs%2Fwp-content%2Fuploads HTTP/2" 200 65745 "-" "Mozilla/5.0 AppleWebKit/537.36 (KHTML, like Gecko; compatible; ClaudeBot/1.0; +claudebot@anthropic.com)"
74.7.227.156 - - [27/Jul/2026:12:00:00 +0200] "GET /index.php?loknya=/var/www/vhosts/nordisk-ntvark-nurorhab.om/lsah// HTTP/2" 200 1876 "https://nordisk-netvaerk-neurorehab.com/index.php?loknya=/var/www/vhosts/nordisk-netvaerk-neurorehab.om/lsahe/e/e/" "Mozilla/5.0 AppleWebKit/537.36 (KHTML, like Gecko; compatible; GPTBot/1.4; +https://openai.com/gptbot)"
57.141.0.62 - - [27/Jul/2026:12:00:01 +0200] "GET /dp/4c6871563621422 HTTP/2" 200 43844 "-" "Mozilla/5.0 (Macintosh; Intel Mac OS X 10_15_7) AppleWebKit/537.36 (KHTML, like Gecko) Chrome/145.0.0.0 Safari/537.36 (compatible; meta-externalagent/1.1 (+https://developers.facebook.com/docs/sharing/webmasters/crawler))"
216.73.216.64 - - [27/Jul/2026:12:00:01 +0200] "GET /sitemap.xml?lokasie=%2Fvar%2Fwww%2Fvhosts%2Fnordisk-netvaerk-neurorehab.com%2Fhttpdocs%2Fwp-content%2Fuploads%2FGoeteborg-1024x676.png&loknya=%2Fvar%2Fwww%2Fvhosts%2Fnordisk-netvaerk-neurorehab.com%2Fhttpdocs%2Fwp-content%2Fuploads HTTP/2" 200 430385 "-" "Mozilla/5.0 AppleWebKit/537.36 (KHTML, like Gecko; compatible; ClaudeBot/1.0; +claudebot@anthropic.com)"
57.141.0.59 - - [27/Jul/2026:12:00:03 +0200] "GET /dp/570b35ac1414408 HTTP/2" 200 43844 "-" "Mozilla/5.0 (Windows NT 10.0; Win64; x64) AppleWebKit/537.36 (KHTML, like Gecko) Chrome/145.0.0.0 Safari/537.36 (compatible; meta-externalagent/1.1 (+https://developers.facebook.com/docs/sharing/webmasters/crawler))"
74.7.227.156 - - [27/Jul/2026:12:00:03 +0200] "GET /index.php?loknya=/var/www/vhosts/nordisk-ntvark-nurorhab.com// HTTP/2" 200 1869 "https://nordisk-netvaerk-neurorehab.com/index.php?loknya=/var/www/vhosts/nordisk-ntvark-nurorhab.com/lscach//" "Mozilla/5.0 AppleWebKit/537.36 (KHTML, like Gecko; compatible; GPTBot/1.4; +https://openai.com/gptbot)"
216.73.216.64 - - [27/Jul/2026:12:00:04 +0200] "GET /sitemap.xml?lokasie=%2Fvar%2Fwww%2Fvhosts%2Fnordisk-netvaerk-neurorehab.com%2Fhttpdocs%2Fwp-content%2Fuploads%2FSofie-150x150.png&loknya=%2Fvar%2Fwww%2Fvhosts%2Fnordisk-netvaerk-neurorehab.com%2Fhttpdocs%2Fwp-content%2Fuploads HTTP/2" 200 15490 "-" "Mozilla/5.0 AppleWebKit/537.36 (KHTML, like Gecko; compatible; ClaudeBot/1.0; +claudebot@anthropic.com)"
74.7.227.156 - - [27/Jul/2026:12:00:07 +0200] "GET /index.php?loknya=/var/www/vhosts/nordisk-netvaerk-neurorehab.com/lscache/f/f/b HTTP/2" 200 1890 "https://nordisk-netvaerk-neurorehab.com/index.php?loknya=/var/www/vhosts/nordisk-netvaerk-neurorehab.com/lscache/f/f" "Mozilla/5.0 AppleWebKit/537.36 (KHTML, like Gecko; compatible; GPTBot/1.4; +https://openai.com/gptbot)"
57.141.0.16 - - [27/Jul/2026:12:00:08 +0200] "GET /dp/9f365f243251397 HTTP/2" 200 43844 "-" "Mozilla/5.0 (Windows NT 10.0; Win64; x64) AppleWebKit/537.36 (KHTML, like Gecko) Chrome/145.0.0.0 Safari/537.36 (compatible; meta-externalagent/1.1 (+https://developers.facebook.com/docs/sharing/webmasters/crawler))"
57.141.0.7 - - [27/Jul/2026:12:00:08 +0200] "GET /dp/013105c9347101 HTTP/2" 200 43843 "-" "Mozilla/5.0 (Windows NT 10.0; Win64; x64) AppleWebKit/537.36 (KHTML, like Gecko) Chrome/145.0.0.0 Safari/537.36 (compatible; meta-externalagent/1.1 (+https://developers.facebook.com/docs/sharing/webmasters/crawler))"
74.7.227.156 - - [27/Jul/2026:12:00:10 +0200] "GET /index.php?loknya=/vr/www/vhosts/nordisk-netverk-neuroreh.com/lscche/c/ HTTP/2" 200 1889 "https://nordisk-netvaerk-neurorehab.com/index.php?loknya=/vr/www/vhosts/nordisk-netverk-neurorehb.com/lscche/c/b/" "Mozilla/5.0 AppleWebKit/537.36 (KHTML, like Gecko; compatible; GPTBot/1.4; +https://openai.com/gptbot)"
216.73.216.64 - - [27/Jul/2026:12:00:10 +0200] "GET /sitemap.xml?lokasie=%2Fvar%2Fwww%2Fvhosts%2Fnordisk-netvaerk-neurorehab.com%2Fhttpdocs%2Fwp-content%2Fuploads%2FGoeteborg-768x507.png&loknya=%2Fvar%2Fwww%2Fvhosts%2Fnordisk-netvaerk-neurorehab.com%2Fhttpdocs%2Fwp-content%2Fuploads HTTP/2" 200 246369 "-" "Mozilla/5.0 AppleWebKit/537.36 (KHTML, like Gecko; compatible; ClaudeBot/1.0; +claudebot@anthropic.com)"
57.141.0.68 - - [27/Jul/2026:12:00:15 +0200] "GET /dp/5f6c978b1196244 HTTP/2" 200 43844 "-" "Mozilla/5.0 (Windows NT 10.0; Win64; x64) AppleWebKit/537.36 (KHTML, like Gecko) Chrome/145.0.0.0 Safari/537.36 (compatible; meta-externalagent/1.1 (+https://developers.facebook.com/docs/sharing/webmasters/crawler))"
74.7.227.156 - - [27/Jul/2026:12:00:15 +0200] "GET /index.php?loknya=/var/www/vhosts/nordisk-netvaerk-neurorehab.com/lscache/c/d/a HTTP/2" 200 2109 "https://nordisk-netvaerk-neurorehab.com/index.php?loknya=/var/www/vhosts/nordisk-netvaerk-neurorehab.com/lscache/c/d" "Mozilla/5.0 AppleWebKit/537.36 (KHTML, like Gecko; compatible; GPTBot/1.4; +https://openai.com/gptbot)"
74.7.227.156 - - [27/Jul/2026:12:00:17 +0200] "GET /index.php?loknya=/var/www/vhosts/nordisk-netvaerk-neurorehab.om/lsahe/f HTTP/2" 200 1883 "https://nordisk-netvaerk-neurorehab.com/index.php?loknya=/var/www/vhosts/nordisk-netvaerk-neurorehab.om/lsahe/f/" "Mozilla/5.0 AppleWebKit/537.36 (KHTML, like Gecko; compatible; GPTBot/1.4; +https://openai.com/gptbot)"
57.141.0.21 - - [27/Jul/2026:12:00:18 +0200] "GET /dp/2f281499783238 HTTP/2" 200 43844 "-" "Mozilla/5.0 (Windows NT 10.0; Win64; x64) AppleWebKit/537.36 (KHTML, like Gecko) Chrome/145.0.0.0 Safari/537.36 (compatible; meta-externalagent/1.1 (+https://developers.facebook.com/docs/sharing/webmasters/crawler))"
216.73.216.64 - - [27/Jul/2026:12:00:16 +0200] "GET /author/aveo/?lokasie=%2Fvar%2Fwww%2Fvhosts%2Fnordisk-netvaerk-neurorehab.com%2Fhttpdocs%2Fwp-content%2Fuploads%2FSunnaas-Norge.jpg&loknya=%2Fvar%2Fwww%2Fvhosts%2Fnordisk-netvaerk-neurorehab.com%2Fhttpdocs%2Fwp-content%2Fuploads HTTP/2" 200 139302 "-" "Mozilla/5.0 AppleWebKit/537.36 (KHTML, like Gecko; compatible; ClaudeBot/1.0; +claudebot@anthropic.com)"
74.7.227.156 - - [27/Jul/2026:12:00:21 +0200] "GET /index.php?loknya=/vr/www/vhosts/nordisk-netverk-neurorehb.com/lscche/c/b HTTP/2" 200 1890 "https://nordisk-netvaerk-neurorehab.com/index.php?loknya=/vr/www/vhosts/nordisk-netverk-neurorehb.com/lscche/c/b/" "Mozilla/5.0 AppleWebKit/537.36 (KHTML, like Gecko; compatible; GPTBot/1.4; +https://openai.com/gptbot)"
74.7.227.156 - - [27/Jul/2026:12:00:24 +0200] "GET /index.php?loknya=/var/www/vhosts/norisk-netvaerk-neurorehab.com/lscache/c/ HTTP/2" 200 1888 "https://nordisk-netvaerk-neurorehab.com/index.php?loknya=/var/www/vhosts/nordisk-netvaerk-neurorehab.com/lscache/c/d" "Mozilla/5.0 AppleWebKit/537.36 (KHTML, like Gecko; compatible; GPTBot/1.4; +https://openai.com/gptbot)"
216.73.216.64 - - [27/Jul/2026:12:00:25 +0200] "GET /sitemap.xml?lokasie=%2Fvar%2Fwww%2Fvhosts%2Fnordisk-netvaerk-neurorehab.com%2Fhttpdocs%2Fwp-admin%2F%2Fcustom-header.php&loknya=%2Fvar%2Fwww%2Fvhosts%2Fnordisk-netvaerk-neurorehab.com%2Fhttpdocs%2Fwp-admin%2F HTTP/2" 200 1885 "-" "Mozilla/5.0 AppleWebKit/537.36 (KHTML, like Gecko; compatible; ClaudeBot/1.0; +claudebot@anthropic.com)"
74.7.227.156 - - [27/Jul/2026:12:00:27 +0200] "GET /index.php?loknya=/var/www/vhosts/nordisk-netvaerk-neurorehab.om/lsahe/f/f/ HTTP/2" 200 1888 "https://nordisk-netvaerk-neurorehab.com/index.php?loknya=/var/www/vhosts/nordisk-netvaerk-neurorehab.com/lscache/f/f/c" "Mozilla/5.0 AppleWebKit/537.36 (KHTML, like Gecko; compatible; GPTBot/1.4; +https://openai.com/gptbot)"
57.141.0.33 - - [27/Jul/2026:12:00:27 +0200] "GET /dp/92fc32035698929 HTTP/2" 200 43844 "-" "Mozilla/5.0 (Windows NT 10.0; Win64; x64) AppleWebKit/537.36 (KHTML, like Gecko) Chrome/145.0.0.0 Safari/537.36 (compatible; meta-externalagent/1.1 (+https://developers.facebook.com/docs/sharing/webmasters/crawler))"
74.7.227.156 - - [27/Jul/2026:12:00:31 +0200] "GET /index.php?loknya=/var/www/vhosts/norisk-ntvark-nurorhab.com/lscach/a/ HTTP/2" 200 1900 "https://nordisk-netvaerk-neurorehab.com/index.php?loknya=/var/www/vhosts/nordisk-ntvark-nurorhab.com/lscach/a/d/" "Mozilla/5.0 AppleWebKit/537.36 (KHTML, like Gecko; compatible; GPTBot/1.4; +https://openai.com/gptbot)"
216.73.216.64 - - [27/Jul/2026:12:00:31 +0200] "GET /author/aveo/?lokasie=%2Fvar%2Fwww%2Fvhosts%2Fnordisk-netvaerk-neurorehab.com%2Fhttpdocs%2Fwp-content%2Fuploads%2FTanja-scaled.jpg&loknya=%2Fvar%2Fwww%2Fvhosts%2Fnordisk-netvaerk-neurorehab.com%2Fhttpdocs%2Fwp-content%2Fuploads HTTP/2" 200 46424 "-" "Mozilla/5.0 AppleWebKit/537.36 (KHTML, like Gecko; compatible; ClaudeBot/1.0; +claudebot@anthropic.com)"
74.7.227.156 - - [27/Jul/2026:12:00:34 +0200] "GET /index.php?loknya=/vr/www/vhosts/nordisk-netverk-neurorehb.com/lscche/f/c/ HTTP/2" 200 1890 "https://nordisk-netvaerk-neurorehab.com/index.php?loknya=/var/www/vhosts/nordisk-netvaerk-neurorehab.com/lscache/f/c/a" "Mozilla/5.0 AppleWebKit/537.36 (KHTML, like Gecko; compatible; GPTBot/1.4; +https://openai.com/gptbot)"
216.73.216.64 - - [27/Jul/2026:12:00:35 +0200] "GET /author/aveo/?lokasie=%2Fvar%2Fwww%2Fvhosts%2Fnordisk-netvaerk-neurorehab.com%2Fhttpdocs%2Fwp-content%2Fuploads%2FSofie-150x150.png.webp&loknya=%2Fvar%2Fwww%2Fvhosts%2Fnordisk-netvaerk-neurorehab.com%2Fhttpdocs%2Fwp-content%2Fuploads HTTP/2" 200 5677 "-" "Mozilla/5.0 AppleWebKit/537.36 (KHTML, like Gecko; compatible; ClaudeBot/1.0; +claudebot@anthropic.com)"
74.7.227.156 - - [27/Jul/2026:12:00:37 +0200] "GET /index.php?loknya=/var/www/vhosts/nordisk-ntvark-nurorhab.com/lscach/a/d HTTP/2" 200 1896 "https://nordisk-netvaerk-neurorehab.com/index.php?loknya=/var/www/vhosts/nordisk-ntvark-nurorhab.com/lscach/a/d/" "Mozilla/5.0 AppleWebKit/537.36 (KHTML, like Gecko; compatible; GPTBot/1.4; +https://openai.com/gptbot)"
74.7.227.156 - - [27/Jul/2026:12:00:40 +0200] "GET /index.php?loknya=/var/www/vhosts// HTTP/2" 200 1844 "https://nordisk-netvaerk-neurorehab.com/index.php?loknya=/var/www/vhosts/nordisk-ntvark-nurorhab.com//" "Mozilla/5.0 AppleWebKit/537.36 (KHTML, like Gecko; compatible; GPTBot/1.4; +https://openai.com/gptbot)"
74.7.227.156 - - [27/Jul/2026:12:00:43 +0200] "GET /index.php?loknya=/var/www/vhosts/nordisk-ntvark-nurorhab.com/lscach/a HTTP/2" 200 1896 "https://nordisk-netvaerk-neurorehab.com/index.php?loknya=/var/www/vhosts/nordisk-ntvark-nurorhab.com/lscach/a/" "Mozilla/5.0 AppleWebKit/537.36 (KHTML, like Gecko; compatible; GPTBot/1.4; +https://openai.com/gptbot)"
57.141.0.18 - - [27/Jul/2026:12:00:46 +0200] "GET /dp/c2e339855783030 HTTP/2" 200 43844 "-" "Mozilla/5.0 (Macintosh; Intel Mac OS X 10_15_7) AppleWebKit/537.36 (KHTML, like Gecko) Chrome/145.0.0.0 Safari/537.36 (compatible; meta-externalagent/1.1 (+https://developers.facebook.com/docs/sharing/webmasters/crawler))"
57.141.0.34 - - [27/Jul/2026:12:00:47 +0200] "GET /dp/3a9557104611010 HTTP/2" 500 2431 "-" "Mozilla/5.0 (Windows NT 10.0; Win64; x64) AppleWebKit/537.36 (KHTML, like Gecko) Chrome/145.0.0.0 Safari/537.36 (compatible; meta-externalagent/1.1 (+https://developers.facebook.com/docs/sharing/webmasters/crawler))"
74.7.227.156 - - [27/Jul/2026:12:00:47 +0200] "GET /index.php?loknya=/vr/www/vhosts/nordisk-netverk-neuroreh.om/lshe/ HTTP/2" 500 905 "https://nordisk-netvaerk-neurorehab.com/index.php?loknya=/vr/www/vhosts/nordisk-netverk-neuroreh.com/lscche/c/" "Mozilla/5.0 AppleWebKit/537.36 (KHTML, like Gecko; compatible; GPTBot/1.4; +https://openai.com/gptbot)"
74.7.227.156 - - [27/Jul/2026:12:00:51 +0200] "GET /index.php?loknya=/vr/www/vhosts/nordisk-netverk-neuroreh.com/lscche HTTP/2" 200 1865 "https://nordisk-netvaerk-neurorehab.com/index.php?loknya=/vr/www/vhosts/nordisk-netverk-neuroreh.com/lscche/c/" "Mozilla/5.0 AppleWebKit/537.36 (KHTML, like Gecko; compatible; GPTBot/1.4; +https://openai.com/gptbot)"
57.141.0.48 - - [27/Jul/2026:12:00:51 +0200] "GET /dp/a63728604338254 HTTP/2" 200 43844 "-" "Mozilla/5.0 (Macintosh; Intel Mac OS X 10_15_7) AppleWebKit/537.36 (KHTML, like Gecko) Chrome/145.0.0.0 Safari/537.36 (compatible; meta-externalagent/1.1 (+https://developers.facebook.com/docs/sharing/webmasters/crawler))"
57.141.0.30 - - [27/Jul/2026:12:00:52 +0200] "GET /dp/62a924393641916 HTTP/2" 200 43844 "-" "Mozilla/5.0 (Windows NT 10.0; Win64; x64) AppleWebKit/537.36 (KHTML, like Gecko) Chrome/145.0.0.0 Safari/537.36 (compatible; meta-externalagent/1.1 (+https://developers.facebook.com/docs/sharing/webmasters/crawler))"
216.73.216.64 - - [27/Jul/2026:12:00:41 +0200] "GET /sitemap.xml?lokasie=%2Fvar%2Fwww%2Fvhosts%2Fnordisk-netvaerk-neurorehab.com%2Fhttpdocs%2Fwp-content%2Fuploads%2FDanderyds_sjukhus.jpg&loknya=%2Fvar%2Fwww%2Fvhosts%2Fnordisk-netvaerk-neurorehab.com%2Fhttpdocs%2Fwp-content%2Fuploads HTTP/2" 200 926710 "-" "Mozilla/5.0 AppleWebKit/537.36 (KHTML, like Gecko; compatible; ClaudeBot/1.0; +claudebot@anthropic.com)"
57.141.0.8 - - [27/Jul/2026:12:00:56 +0200] "GET /dp/2e686bbb4371251 HTTP/2" 200 43843 "-" "Mozilla/5.0 (Windows NT 10.0; Win64; x64) AppleWebKit/537.36 (KHTML, like Gecko) Chrome/145.0.0.0 Safari/537.36 (compatible; meta-externalagent/1.1 (+https://developers.facebook.com/docs/sharing/webmasters/crawler))"
57.141.0.36 - - [27/Jul/2026:12:00:58 +0200] "GET /dp/31c279944499466 HTTP/2" 500 2431 "-" "Mozilla/5.0 (Macintosh; Intel Mac OS X 10_15_7) AppleWebKit/537.36 (KHTML, like Gecko) Chrome/145.0.0.0 Safari/537.36 (compatible; meta-externalagent/1.1 (+https://developers.facebook.com/docs/sharing/webmasters/crawler))"
216.73.216.64 - - [27/Jul/2026:12:00:58 +0200] "GET /sitemap.xml?lokasie=%2Fvar%2Fwww%2Fvhosts%2Fnordisk-netvaerk-neurorehab.com%2Fhttpdocs%2Fwp-admin%2F%2Fload-styles.php&loknya=%2Fvar%2Fwww%2Fvhosts%2Fnordisk-netvaerk-neurorehab.com%2Fhttpdocs%2Fwp-admin%2F HTTP/2" 500 905 "-" "Mozilla/5.0 AppleWebKit/537.36 (KHTML, like Gecko; compatible; ClaudeBot/1.0; +claudebot@anthropic.com)"
57.141.0.18 - - [27/Jul/2026:12:00:57 +0200] "GET /dp/3d83b3f02902621 HTTP/2" 200 43844 "-" "Mozilla/5.0 (Windows NT 10.0; Win64; x64) AppleWebKit/537.36 (KHTML, like Gecko) Chrome/145.0.0.0 Safari/537.36 (compatible; meta-externalagent/1.1 (+https://developers.facebook.com/docs/sharing/webmasters/crawler))"
57.141.0.28 - - [27/Jul/2026:12:00:58 +0200] "GET /dp/c6e05f3f2756063 HTTP/2" 200 43844 "-" "Mozilla/5.0 (Macintosh; Intel Mac OS X 10_15_7) AppleWebKit/537.36 (KHTML, like Gecko) Chrome/145.0.0.0 Safari/537.36 (compatible; meta-externalagent/1.1 (+https://developers.facebook.com/docs/sharing/webmasters/crawler))"
57.141.0.31 - - [27/Jul/2026:12:00:59 +0200] "GET /dp/262fb65d1127161 HTTP/2" 200 43844 "-" "Mozilla/5.0 (Macintosh; Intel Mac OS X 10_15_7) AppleWebKit/537.36 (KHTML, like Gecko) Chrome/145.0.0.0 Safari/537.36 (compatible; meta-externalagent/1.1 (+https://developers.facebook.com/docs/sharing/webmasters/crawler))"
57.141.0.16 - - [27/Jul/2026:12:00:59 +0200] "GET /dp/133dc537999795 HTTP/2" 200 43844 "-" "Mozilla/5.0 (Windows NT 10.0; Win64; x64) AppleWebKit/537.36 (KHTML, like Gecko) Chrome/145.0.0.0 Safari/537.36 (compatible; meta-externalagent/1.1 (+https://developers.facebook.com/docs/sharing/webmasters/crawler))"
74.7.227.156 - - [27/Jul/2026:12:00:59 +0200] "GET /index.php?loknya=/vr/www/vhosts/nordisk-netverk-neuroreh.com/lscche/c HTTP/2" 200 1888 "https://nordisk-netvaerk-neurorehab.com/index.php?loknya=/vr/www/vhosts/nordisk-netverk-neuroreh.com/lscche/c/" "Mozilla/5.0 AppleWebKit/537.36 (KHTML, like Gecko; compatible; GPTBot/1.4; +https://openai.com/gptbot)"
57.141.0.14 - - [27/Jul/2026:12:01:01 +0200] "GET /dp/0540a8333200278 HTTP/2" 500 2431 "-" "Mozilla/5.0 (Macintosh; Intel Mac OS X 10_15_7) AppleWebKit/537.36 (KHTML, like Gecko) Chrome/145.0.0.0 Safari/537.36 (compatible; meta-externalagent/1.1 (+https://developers.facebook.com/docs/sharing/webmasters/crawler))"
216.73.216.64 - - [27/Jul/2026:12:01:00 +0200] "GET /sitemap.xml?lokasie=%2Fvar%2Fwww%2Fvhosts%2Fnordisk-netvaerk-neurorehab.com%2Fhttpdocs%2Fwp-admin%2F%2Fadmin-ajax.php&loknya=%2Fvar%2Fwww%2Fvhosts%2Fnordisk-netvaerk-neurorehab.com%2Fhttpdocs%2Fwp-admin%2F HTTP/2" 200 3473 "-" "Mozilla/5.0 AppleWebKit/537.36 (KHTML, like Gecko; compatible; ClaudeBot/1.0; +claudebot@anthropic.com)"
57.141.0.40 - - [27/Jul/2026:12:01:03 +0200] "GET /dp/7365e624402172 HTTP/2" 200 43844 "-" "Mozilla/5.0 (Windows NT 10.0; Win64; x64) AppleWebKit/537.36 (KHTML, like Gecko) Chrome/145.0.0.0 Safari/537.36 (compatible; meta-externalagent/1.1 (+https://developers.facebook.com/docs/sharing/webmasters/crawler))"
57.141.0.35 - - [27/Jul/2026:12:01:06 +0200] "GET /dp/78aa99661218940 HTTP/2" 200 43844 "-" "Mozilla/5.0 (Macintosh; Intel Mac OS X 10_15_7) AppleWebKit/537.36 (KHTML, like Gecko) Chrome/145.0.0.0 Safari/537.36 (compatible; meta-externalagent/1.1 (+https://developers.facebook.com/docs/sharing/webmasters/crawler))"
57.141.0.34 - - [27/Jul/2026:12:01:07 +0200] "GET /dp/56466e453361785 HTTP/2" 200 43844 "-" "Mozilla/5.0 (Macintosh; Intel Mac OS X 10_15_7) AppleWebKit/537.36 (KHTML, like Gecko) Chrome/145.0.0.0 Safari/537.36 (compatible; meta-externalagent/1.1 (+https://developers.facebook.com/docs/sharing/webmasters/crawler))"
57.141.0.17 - - [27/Jul/2026:12:01:08 +0200] "GET /dp/9c898b005744456 HTTP/2" 500 2431 "-" "Mozilla/5.0 (Windows NT 10.0; Win64; x64) AppleWebKit/537.36 (KHTML, like Gecko) Chrome/145.0.0.0 Safari/537.36 (compatible; meta-externalagent/1.1 (+https://developers.facebook.com/docs/sharing/webmasters/crawler))"
