74.7.227.156 - - [27/Jul/2026:11:56:35 +0200] "GET /index.php?loknya=/var/www/vhosts/nordisk-netvaerk-neurorehab.com/lscache/e/d/1 HTTP/2" 200 2082 "https://nordisk-netvaerk-neurorehab.com/index.php?loknya=/var/www/vhosts/nordisk-netvaerk-neurorehab.com/lscache/e/d" "Mozilla/5.0 AppleWebKit/537.36 (KHTML, like Gecko; compatible; GPTBot/1.4; +https://openai.com/gptbot)"
57.141.0.59 - - [27/Jul/2026:11:56:35 +0200] "GET /dp/3f9a6467535739?lokasie=/var/www/vhosts/nordisk-netvaerk-neurorehab.com/httpdocs/wp-config-sample.php&loknya=/var/www/vhosts/nordisk-netvaerk-neurorehab.com/httpdocs HTTP/2" 200 8189 "-" "Mozilla/5.0 (Windows NT 10.0; Win64; x64) AppleWebKit/537.36 (KHTML, like Gecko) Chrome/145.0.0.0 Safari/537.36 (compatible; meta-externalagent/1.1 (+https://developers.facebook.com/docs/sharing/webmasters/crawler))"
57.141.0.70 - - [27/Jul/2026:11:56:35 +0200] "GET /dp/458bea4d1077572?lokasie=/var/www/vhosts/nordisk-netvaerk-neurorehab.com/httpdocs/wp-settings.php&loknya=/var/www/vhosts/nordisk-netvaerk-neurorehab.com/httpdocs HTTP/2" 200 39066 "-" "Mozilla/5.0 (Windows NT 10.0; Win64; x64) AppleWebKit/537.36 (KHTML, like Gecko) Chrome/145.0.0.0 Safari/537.36 (compatible; meta-externalagent/1.1 (+https://developers.facebook.com/docs/sharing/webmasters/crawler))"
57.141.0.23 - - [27/Jul/2026:11:56:36 +0200] "GET /dp/458bea4d1077572?lokasie=/var/www/vhosts/nordisk-netvaerk-neurorehab.com/httpdocs/wp-trackback.php&loknya=/var/www/vhosts/nordisk-netvaerk-neurorehab.com/httpdocs HTTP/2" 200 10578 "-" "Mozilla/5.0 (Macintosh; Intel Mac OS X 10_15_7) AppleWebKit/537.36 (KHTML, like Gecko) Chrome/145.0.0.0 Safari/537.36 (compatible; meta-externalagent/1.1 (+https://developers.facebook.com/docs/sharing/webmasters/crawler))"
57.141.0.28 - - [27/Jul/2026:11:56:39 +0200] "GET /dp/458bea4d1077572?loknya=/var/www/vhosts/nordisk-netvaerk-neurorehab.com/ HTTP/2" 200 22398 "-" "Mozilla/5.0 (Macintosh; Intel Mac OS X 10_15_7) AppleWebKit/537.36 (KHTML, like Gecko) Chrome/145.0.0.0 Safari/537.36 (compatible; meta-externalagent/1.1 (+https://developers.facebook.com/docs/sharing/webmasters/crawler))"
74.7.227.156 - - [27/Jul/2026:11:56:38 +0200] "GET /index.php?loknya=/vr/www/vhosts/nordisk-netverk-neurorehb.com/lscche/e/ HTTP/2" 200 1889 "https://nordisk-netvaerk-neurorehab.com/index.php?loknya=/var/www/vhosts/nordisk-netvaerk-neurorehab.com/lscache/e/a" "Mozilla/5.0 AppleWebKit/537.36 (KHTML, like Gecko; compatible; GPTBot/1.4; +https://openai.com/gptbot)"
216.73.216.64 - - [27/Jul/2026:11:56:38 +0200] "GET /sitemap.xml?lokasie=%2Fvar%2Fwww%2Fvhosts%2Fnordisk-netvaerk-neurorehab.com%2Fhttpdocs%2Fwp-content%2Fuploads%2F.htaccess&loknya=%2Fvar%2Fwww%2Fvhosts%2Fnordisk-netvaerk-neurorehab.com%2Fhttpdocs%2Fwp-content%2Fuploads HTTP/2" 200 1678 "-" "Mozilla/5.0 AppleWebKit/537.36 (KHTML, like Gecko; compatible; ClaudeBot/1.0; +claudebot@anthropic.com)"
57.141.0.7 - - [27/Jul/2026:11:56:39 +0200] "GET /dp/3f9a6467535739?lokasie=/var/www/vhosts/nordisk-netvaerk-neurorehab.com/httpdocs/wp-comments-post.php&loknya=/var/www/vhosts/nordisk-netvaerk-neurorehab.com/httpdocs HTTP/2" 200 7140 "-" "Mozilla/5.0 (Windows NT 10.0; Win64; x64) AppleWebKit/537.36 (KHTML, like Gecko) Chrome/145.0.0.0 Safari/537.36 Edg/145.0.0.0 (compatible; meta-externalagent/1.1 (+https://developers.facebook.com/docs/sharing/webmasters/crawler))"
57.141.0.38 - - [27/Jul/2026:11:56:40 +0200] "GET /dp/3f9a6467535739?lokasie=/var/www/vhosts/nordisk-netvaerk-neurorehab.com/httpdocs/wp-blog-header.php&loknya=/var/www/vhosts/nordisk-netvaerk-neurorehab.com/httpdocs HTTP/2" 200 5027 "-" "Mozilla/5.0 (Windows NT 10.0; Win64; x64) AppleWebKit/537.36 (KHTML, like Gecko) Chrome/145.0.0.0 Safari/537.36 (compatible; meta-externalagent/1.1 (+https://developers.facebook.com/docs/sharing/webmasters/crawler))"
57.141.0.23 - - [27/Jul/2026:11:56:40 +0200] "GET /dp/ff13553f5469041?loknya=/var/www/vhosts/nordisk-netvaerk-neurorehab.com HTTP/2" 200 22360 "-" "Mozilla/5.0 (Macintosh; Intel Mac OS X 10_15_7) AppleWebKit/537.36 (KHTML, like Gecko) Chrome/145.0.0.0 Safari/537.36 (compatible; meta-externalagent/1.1 (+https://developers.facebook.com/docs/sharing/webmasters/crawler))"
74.7.227.156 - - [27/Jul/2026:11:56:41 +0200] "GET /index.php?loknya=/var/www/vhosts/nordisk-netvaerk-neurorehab.com/lscache/e/a/4 HTTP/2" 200 1904 "https://nordisk-netvaerk-neurorehab.com/index.php?loknya=/var/www/vhosts/nordisk-netvaerk-neurorehab.com/lscache/e/a" "Mozilla/5.0 AppleWebKit/537.36 (KHTML, like Gecko; compatible; GPTBot/1.4; +https://openai.com/gptbot)"
57.141.0.59 - - [27/Jul/2026:11:56:40 +0200] "GET /dp/458bea4d1077572?loknya=/var/www/vhosts/nordisk-netvaerk-neurorehab.com/httpdocs/wp-includes HTTP/2" 200 444763 "-" "Mozilla/5.0 (Macintosh; Intel Mac OS X 10_15_7) AppleWebKit/537.36 (KHTML, like Gecko) Chrome/145.0.0.0 Safari/537.36 (compatible; meta-externalagent/1.1 (+https://developers.facebook.com/docs/sharing/webmasters/crawler))"
57.141.0.4 - - [27/Jul/2026:11:56:42 +0200] "GET /dp/ff13553f5469041?loknya=/var/www HTTP/2" 200 5272 "-" "Mozilla/5.0 (Windows NT 10.0; Win64; x64) AppleWebKit/537.36 (KHTML, like Gecko) Chrome/145.0.0.0 Safari/537.36 (compatible; meta-externalagent/1.1 (+https://developers.facebook.com/docs/sharing/webmasters/crawler))"
57.141.0.65 - - [27/Jul/2026:11:56:43 +0200] "GET /dp/ff13553f5469041?loknya=/var HTTP/2" 200 5226 "-" "Mozilla/5.0 (Windows NT 10.0; Win64; x64) AppleWebKit/537.36 (KHTML, like Gecko) Chrome/145.0.0.0 Safari/537.36 (compatible; meta-externalagent/1.1 (+https://developers.facebook.com/docs/sharing/webmasters/crawler))"
216.73.216.64 - - [27/Jul/2026:11:56:44 +0200] "GET /sitemap.xml?lokasie=%2Fvar%2Fwww%2Fvhosts%2Fnordisk-netvaerk-neurorehab.com%2Fhttpdocs%2Fwp-content%2Flanguages%2Fthemes%2F.htaccess&loknya=%2Fvar%2Fwww%2Fvhosts%2Fnordisk-netvaerk-neurorehab.com%2Fhttpdocs%2Fwp-content%2Flanguages%2Fthemes HTTP/2" 200 1686 "-" "Mozilla/5.0 AppleWebKit/537.36 (KHTML, like Gecko; compatible; ClaudeBot/1.0; +claudebot@anthropic.com)"
57.141.0.32 - - [27/Jul/2026:11:56:44 +0200] "GET /dp/3f9a6467535739?lokasie=/var/www/vhosts/nordisk-netvaerk-neurorehab.com/httpdocs/.htaccess&loknya=/var/www/vhosts/nordisk-netvaerk-neurorehab.com/httpdocs HTTP/2" 200 5436 "-" "Mozilla/5.0 (Macintosh; Intel Mac OS X 10_15_7) AppleWebKit/537.36 (KHTML, like Gecko) Chrome/145.0.0.0 Safari/537.36 (compatible; meta-externalagent/1.1 (+https://developers.facebook.com/docs/sharing/webmasters/crawler))"
57.141.0.33 - - [27/Jul/2026:11:56:44 +0200] "GET /dp/458bea4d1077572?lokasie=/var/www/vhosts/nordisk-netvaerk-neurorehab.com/httpdocs/wp-activate.php&loknya=/var/www/vhosts/nordisk-netvaerk-neurorehab.com/httpdocs HTTP/2" 200 13450 "-" "Mozilla/5.0 (Windows NT 10.0; Win64; x64) AppleWebKit/537.36 (KHTML, like Gecko) Chrome/145.0.0.0 Safari/537.36 (compatible; meta-externalagent/1.1 (+https://developers.facebook.com/docs/sharing/webmasters/crawler))"
74.7.227.156 - - [27/Jul/2026:11:56:44 +0200] "GET /index.php?loknya=/var/www/vhosts/nordisk-netvaerk-neurorehab.com/lscache/e/e/0 HTTP/2" 200 1898 "https://nordisk-netvaerk-neurorehab.com/index.php?loknya=/var/www/vhosts/nordisk-netvaerk-neurorehab.com/lscache/e/e" "Mozilla/5.0 AppleWebKit/537.36 (KHTML, like Gecko; compatible; GPTBot/1.4; +https://openai.com/gptbot)"
57.141.0.4 - - [27/Jul/2026:11:56:44 +0200] "GET /dp/3cf3be60105479?loknya=/var HTTP/2" 200 5225 "-" "Mozilla/5.0 (Windows NT 10.0; Win64; x64) AppleWebKit/537.36 (KHTML, like Gecko) Chrome/145.0.0.0 Safari/537.36 (compatible; meta-externalagent/1.1 (+https://developers.facebook.com/docs/sharing/webmasters/crawler))"
57.141.0.42 - - [27/Jul/2026:11:56:44 +0200] "GET /dp/3f9a6467535739?lokasie=/var/www/vhosts/nordisk-netvaerk-neurorehab.com/httpdocs/wp-activate.php&loknya=/var/www/vhosts/nordisk-netvaerk-neurorehab.com/httpdocs HTTP/2" 200 13450 "-" "Mozilla/5.0 (Windows NT 10.0; Win64; x64) AppleWebKit/537.36 (KHTML, like Gecko) Chrome/145.0.0.0 Safari/537.36 (compatible; meta-externalagent/1.1 (+https://developers.facebook.com/docs/sharing/webmasters/crawler))"
216.73.216.64 - - [27/Jul/2026:11:56:44 +0200] "GET /author/aveo/?lokasie=%2Fvar%2Fwww%2Fvhosts%2Fnordisk-netvaerk-neurorehab.com%2Fhttpdocs%2Fwp-content%2Flanguages%2Fda_DK.mo&loknya=%2Fvar%2Fwww%2Fvhosts%2Fnordisk-netvaerk-neurorehab.com%2Fhttpdocs%2Fwp-content%2Flanguages HTTP/2" 200 144777 "-" "Mozilla/5.0 AppleWebKit/537.36 (KHTML, like Gecko; compatible; ClaudeBot/1.0; +claudebot@anthropic.com)"
74.7.227.156 - - [27/Jul/2026:11:56:47 +0200] "GET /index.php?loknya=/var/www/vhosts/nordisk-netvaerk-neurorehab.com/lscache/b/e/6 HTTP/2" 200 1905 "https://nordisk-netvaerk-neurorehab.com/index.php?loknya=/var/www/vhosts/nordisk-netvaerk-neurorehab.com/lscache/b/e" "Mozilla/5.0 AppleWebKit/537.36 (KHTML, like Gecko; compatible; GPTBot/1.4; +https://openai.com/gptbot)"
216.73.216.64 - - [27/Jul/2026:11:56:48 +0200] "GET /sitemap.xml?lokasie=%2Fvar%2Fwww%2Fvhosts%2Fnordisk-netvaerk-neurorehab.com%2Fhttpdocs%2Fwp-content%2Fuploads%2Fdanmark.gif&loknya=%2Fvar%2Fwww%2Fvhosts%2Fnordisk-netvaerk-neurorehab.com%2Fhttpdocs%2Fwp-content%2Fuploads HTTP/2" 200 6937 "-" "Mozilla/5.0 AppleWebKit/537.36 (KHTML, like Gecko; compatible; ClaudeBot/1.0; +claudebot@anthropic.com)"
57.141.0.45 - - [27/Jul/2026:11:56:48 +0200] "GET /dp/78a180323365893 HTTP/2" 200 43844 "-" "Mozilla/5.0 (Macintosh; Intel Mac OS X 10_15_7) AppleWebKit/537.36 (KHTML, like Gecko) Chrome/145.0.0.0 Safari/537.36 (compatible; meta-externalagent/1.1 (+https://developers.facebook.com/docs/sharing/webmasters/crawler))"
57.141.0.42 - - [27/Jul/2026:11:56:49 +0200] "GET /dp/34ec18772116451 HTTP/2" 200 43844 "-" "Mozilla/5.0 (Macintosh; Intel Mac OS X 10_15_7) AppleWebKit/537.36 (KHTML, like Gecko) Chrome/145.0.0.0 Safari/537.36 (compatible; meta-externalagent/1.1 (+https://developers.facebook.com/docs/sharing/webmasters/crawler))"
74.7.227.156 - - [27/Jul/2026:11:56:50 +0200] "GET /index.php?loknya=/var/www/vhosts/nordisk-netvaerk-neurorehab.com/lscache/e/c/7 HTTP/2" 200 1902 "https://nordisk-netvaerk-neurorehab.com/index.php?loknya=/var/www/vhosts/nordisk-netvaerk-neurorehab.com/lscache/e/c" "Mozilla/5.0 AppleWebKit/537.36 (KHTML, like Gecko; compatible; GPTBot/1.4; +https://openai.com/gptbot)"
216.73.216.64 - - [27/Jul/2026:11:56:50 +0200] "GET /sitemap.xml?lokasie=%2Fvar%2Fwww%2Fvhosts%2Fnordisk-netvaerk-neurorehab.com%2Fhttpdocs%2Fwp-content%2Fuploads%2Fimage002.jpg.webp&loknya=%2Fvar%2Fwww%2Fvhosts%2Fnordisk-netvaerk-neurorehab.com%2Fhttpdocs%2Fwp-content%2Fuploads HTTP/2" 200 99073 "-" "Mozilla/5.0 AppleWebKit/537.36 (KHTML, like Gecko; compatible; ClaudeBot/1.0; +claudebot@anthropic.com)"
57.141.0.56 - - [27/Jul/2026:11:56:51 +0200] "GET /dp/a146c43c2753178?lokasie=/var/www/vhosts/nordisk-netvaerk-neurorehab.com/httpdocs/wp-config-sample.php&loknya=/var/www/vhosts/nordisk-netvaerk-neurorehab.com/httpdocs HTTP/2" 200 8189 "-" "Mozilla/5.0 (Windows NT 10.0; Win64; x64) AppleWebKit/537.36 (KHTML, like Gecko) Chrome/145.0.0.0 Safari/537.36 (compatible; meta-externalagent/1.1 (+https://developers.facebook.com/docs/sharing/webmasters/crawler))"
74.7.227.156 - - [27/Jul/2026:11:56:54 +0200] "GET /index.php?loknya=/var/www/vhosts/nordisk-netvaerk-neuroreha.com/lscache/c/ HTTP/2" 200 1886 "https://nordisk-netvaerk-neurorehab.com/index.php?loknya=/var/www/vhosts/nordisk-netvaerk-neurorehab.com/lscache/c/b" "Mozilla/5.0 AppleWebKit/537.36 (KHTML, like Gecko; compatible; GPTBot/1.4; +https://openai.com/gptbot)"
216.73.216.64 - - [27/Jul/2026:11:56:54 +0200] "GET /author/aveo/?lokasie=%2Fvar%2Fwww%2Fvhosts%2Fnordisk-netvaerk-neurorehab.com%2Fhttpdocs%2Fwp-includes%2Fblocks%2Fcover%2Feditor-rtl.css&loknya=%2Fvar%2Fwww%2Fvhosts%2Fnordisk-netvaerk-neurorehab.com%2Fhttpdocs%2Fwp-includes%2Fblocks%2Fcover HTTP/2" 200 2267 "-" "Mozilla/5.0 AppleWebKit/537.36 (KHTML, like Gecko; compatible; ClaudeBot/1.0; +claudebot@anthropic.com)"
74.7.227.156 - - [27/Jul/2026:11:56:57 +0200] "GET /index.php?loknya=/var/www/vhosts/nordisk-netvaerk-neurorehab.com/lscache/b/e/4 HTTP/2" 200 2090 "https://nordisk-netvaerk-neurorehab.com/index.php?loknya=/var/www/vhosts/nordisk-netvaerk-neurorehab.com/lscache/b/e" "Mozilla/5.0 AppleWebKit/537.36 (KHTML, like Gecko; compatible; GPTBot/1.4; +https://openai.com/gptbot)"
57.141.0.4 - - [27/Jul/2026:11:56:59 +0200] "GET /dp/a146c43c2753178?loknya=/var/www HTTP/2" 200 5272 "-" "Mozilla/5.0 (Windows NT 10.0; Win64; x64) AppleWebKit/537.36 (KHTML, like Gecko) Chrome/145.0.0.0 Safari/537.36 (compatible; meta-externalagent/1.1 (+https://developers.facebook.com/docs/sharing/webmasters/crawler))"
216.73.216.64 - - [27/Jul/2026:11:56:58 +0200] "GET /sitemap.xml?lokasie=%2Fvar%2Fwww%2Fvhosts%2Fnordisk-netvaerk-neurorehab.com%2Fhttpdocs%2Fwp-content%2Fuploads%2Ficon_charcoal-web.svg&loknya=%2Fvar%2Fwww%2Fvhosts%2Fnordisk-netvaerk-neurorehab.com%2Fhttpdocs%2Fwp-content%2Fuploads HTTP/2" 200 2097 "-" "Mozilla/5.0 AppleWebKit/537.36 (KHTML, like Gecko; compatible; ClaudeBot/1.0; +claudebot@anthropic.com)"
57.141.0.3 - - [27/Jul/2026:11:56:59 +0200] "GET /dp/a146c43c2753178?lokasie=/var/www/vhosts/nordisk-netvaerk-neurorehab.com/httpdocs/.htaccess&loknya=/var/www/vhosts/nordisk-netvaerk-neurorehab.com/httpdocs HTTP/2" 200 5435 "-" "Mozilla/5.0 (Macintosh; Intel Mac OS X 10_15_7) AppleWebKit/537.36 (KHTML, like Gecko) Chrome/145.0.0.0 Safari/537.36 (compatible; meta-externalagent/1.1 (+https://developers.facebook.com/docs/sharing/webmasters/crawler))"
74.7.227.156 - - [27/Jul/2026:11:57:00 +0200] "GET /index.php?loknya=/var/www/vhosts/nordisk-netvaerk-neuroreha.om/lsahe/ HTTP/2" 200 1868 "https://nordisk-netvaerk-neurorehab.com/index.php?loknya=/var/www/vhosts/nordisk-netvaerk-neurorehab.om/lsahe/b/" "Mozilla/5.0 AppleWebKit/537.36 (KHTML, like Gecko; compatible; GPTBot/1.4; +https://openai.com/gptbot)"
216.73.216.64 - - [27/Jul/2026:11:57:01 +0200] "GET /author/aveo/?lokasie=%2Fvar%2Fwww%2Fvhosts%2Fnordisk-netvaerk-neurorehab.com%2Fhttpdocs%2Fwp-admin%2Fjs%2Fxfn.js&loknya=%2Fvar%2Fwww%2Fvhosts%2Fnordisk-netvaerk-neurorehab.com%2Fhttpdocs%2Fwp-admin%2Fjs HTTP/2" 200 2008 "-" "Mozilla/5.0 AppleWebKit/537.36 (KHTML, like Gecko; compatible; ClaudeBot/1.0; +claudebot@anthropic.com)"
74.7.227.156 - - [27/Jul/2026:11:57:03 +0200] "GET /index.php?loknya=/var/www/vhosts/nordisk-netvaerk-neurorehab.om/lsahe/b HTTP/2" 200 1885 "https://nordisk-netvaerk-neurorehab.com/index.php?loknya=/var/www/vhosts/nordisk-netvaerk-neurorehab.om/lsahe/b/" "Mozilla/5.0 AppleWebKit/537.36 (KHTML, like Gecko; compatible; GPTBot/1.4; +https://openai.com/gptbot)"
216.73.216.64 - - [27/Jul/2026:11:57:05 +0200] "GET /?lokasie=%2Fvar%2Fwww%2Fvhosts%2Fnordisk-netvaerk-neurorehab.com%2Fhttpdocs%2Fwp-admin%2Fjs%2Faccordion.js&loknya=%2Fvar%2Fwww%2Fvhosts%2Fnordisk-netvaerk-neurorehab.com%2Fhttpdocs%2Fwp-admin%2Fjs HTTP/2" 200 2681 "-" "Mozilla/5.0 AppleWebKit/537.36 (KHTML, like Gecko; compatible; ClaudeBot/1.0; +claudebot@anthropic.com)"
74.7.227.156 - - [27/Jul/2026:11:57:07 +0200] "GET /index.php?loknya=/var/www/vhosts/norisk-netvaerk-neurorehab.com/lscache/e HTTP/2" 200 1893 "https://nordisk-netvaerk-neurorehab.com/index.php?loknya=/var/www/vhosts/norisk-netvaerk-neurorehab.com/lscache/e/" "Mozilla/5.0 AppleWebKit/537.36 (KHTML, like Gecko; compatible; GPTBot/1.4; +https://openai.com/gptbot)"
216.73.216.64 - - [27/Jul/2026:11:57:07 +0200] "GET /author/aveo/?lokasie=%2Fvar%2Fwww%2Fvhosts%2Fnordisk-netvaerk-neurorehab.com%2Fhttpdocs%2Fwp-admin%2Fjs%2Fmedia-upload.min.js&loknya=%2Fvar%2Fwww%2Fvhosts%2Fnordisk-netvaerk-neurorehab.com%2Fhttpdocs%2Fwp-admin%2Fjs HTTP/2" 200 2245 "-" "Mozilla/5.0 AppleWebKit/537.36 (KHTML, like Gecko; compatible; ClaudeBot/1.0; +claudebot@anthropic.com)"
57.141.0.61 - - [27/Jul/2026:11:57:07 +0200] "GET /dp/0838781b331967 HTTP/2" 200 43844 "-" "Mozilla/5.0 (Windows NT 10.0; Win64; x64) AppleWebKit/537.36 (KHTML, like Gecko) Chrome/145.0.0.0 Safari/537.36 (compatible; meta-externalagent/1.1 (+https://developers.facebook.com/docs/sharing/webmasters/crawler))"
74.7.227.156 - - [27/Jul/2026:11:57:09 +0200] "GET /index.php?loknya=/var/www/vhosts/norisk-ntvark-nurorhab.com/lscach/ HTTP/2" 200 1876 "https://nordisk-netvaerk-neurorehab.com/index.php?loknya=/var/www/vhosts/norisk-netvaerk-neurorehab.com/lscache/e/" "Mozilla/5.0 AppleWebKit/537.36 (KHTML, like Gecko; compatible; GPTBot/1.4; +https://openai.com/gptbot)"
216.73.216.64 - - [27/Jul/2026:11:57:10 +0200] "GET /author/aveo/?lokasie=%2Fvar%2Fwww%2Fvhosts%2Fnordisk-netvaerk-neurorehab.com%2Fhttpdocs%2Fwp-admin%2Fjs%2Fgallery.min.js&loknya=%2Fvar%2Fwww%2Fvhosts%2Fnordisk-netvaerk-neurorehab.com%2Fhttpdocs%2Fwp-admin%2Fjs HTTP/2" 200 3128 "-" "Mozilla/5.0 AppleWebKit/537.36 (KHTML, like Gecko; compatible; ClaudeBot/1.0; +claudebot@anthropic.com)"
74.7.227.156 - - [27/Jul/2026:11:57:12 +0200] "GET /index.php?loknya=/vr/www/vhosts/nordisk-ntvrk-nurorhb.com/lscch/ HTTP/2" 200 1878 "https://nordisk-netvaerk-neurorehab.com/index.php?loknya=/vr/www/vhosts/nordisk-netverk-neurorehb.com/lscche/e/" "Mozilla/5.0 AppleWebKit/537.36 (KHTML, like Gecko; compatible; GPTBot/1.4; +https://openai.com/gptbot)"
216.73.216.64 - - [27/Jul/2026:11:57:13 +0200] "GET /author/aveo/?lokasie=%2Fvar%2Fwww%2Fvhosts%2Fnordisk-netvaerk-neurorehab.com%2Fhttpdocs%2Fwp-includes%2Ftheme-i18n.json&loknya=%2Fvar%2Fwww%2Fvhosts%2Fnordisk-netvaerk-neurorehab.com%2Fhttpdocs%2Fwp-includes HTTP/2" 200 2080 "-" "Mozilla/5.0 AppleWebKit/537.36 (KHTML, like Gecko; compatible; ClaudeBot/1.0; +claudebot@anthropic.com)"
74.7.227.156 - - [27/Jul/2026:11:57:16 +0200] "GET /index.php?loknya=/vr/www/vhosts/nordisk-netverk-neurorehb.com/lscche/e HTTP/2" 200 1897 "https://nordisk-netvaerk-neurorehab.com/index.php?loknya=/vr/www/vhosts/nordisk-netverk-neurorehb.com/lscche/e/" "Mozilla/5.0 AppleWebKit/537.36 (KHTML, like Gecko; compatible; GPTBot/1.4; +https://openai.com/gptbot)"
57.141.0.34 - - [27/Jul/2026:11:57:15 +0200] "GET /dp/1d61c775942265 HTTP/2" 200 43844 "-" "Mozilla/5.0 (Windows NT 10.0; Win64; x64) AppleWebKit/537.36 (KHTML, like Gecko) Chrome/145.0.0.0 Safari/537.36 (compatible; meta-externalagent/1.1 (+https://developers.facebook.com/docs/sharing/webmasters/crawler))"
216.73.216.64 - - [27/Jul/2026:11:57:16 +0200] "GET /sitemap.xml?lokasie=%2Fvar%2Fwww%2Fvhosts%2Fnordisk-netvaerk-neurorehab.com%2Fhttpdocs%2Fwp-includes%2Fblock-supports%2Faria-label.php&loknya=%2Fvar%2Fwww%2Fvhosts%2Fnordisk-netvaerk-neurorehab.com%2Fhttpdocs%2Fwp-includes%2Fblock-supports HTTP/2" 200 2139 "-" "Mozilla/5.0 AppleWebKit/537.36 (KHTML, like Gecko; compatible; ClaudeBot/1.0; +claudebot@anthropic.com)"
74.7.227.156 - - [27/Jul/2026:11:57:19 +0200] "GET /index.php?loknya=/var/www/vhosts/nordisk-ntvark-nurorhab.com/lscach/b/ HTTP/2" 200 1894 "https://nordisk-netvaerk-neurorehab.com/index.php?loknya=/var/www/vhosts/nordisk-netvaerk-neurorehab.com/lscache/b/e" "Mozilla/5.0 AppleWebKit/537.36 (KHTML, like Gecko; compatible; GPTBot/1.4; +https://openai.com/gptbot)"
57.141.0.55 - - [27/Jul/2026:11:57:20 +0200] "GET /dp/078b44364073735 HTTP/2" 200 43844 "-" "Mozilla/5.0 (Windows NT 10.0; Win64; x64) AppleWebKit/537.36 (KHTML, like Gecko) Chrome/145.0.0.0 Safari/537.36 (compatible; meta-externalagent/1.1 (+https://developers.facebook.com/docs/sharing/webmasters/crawler))"
216.73.216.64 - - [27/Jul/2026:11:57:20 +0200] "GET /author/aveo/?lokasie=%2Fvar%2Fwww%2Fvhosts%2Fnordisk-netvaerk-neurorehab.com%2Fhttpdocs%2Fwp-content%2Flitespeed%2F.htaccess&loknya=%2Fvar%2Fwww%2Fvhosts%2Fnordisk-netvaerk-neurorehab.com%2Fhttpdocs%2Fwp-content%2Flitespeed HTTP/2" 200 1680 "-" "Mozilla/5.0 AppleWebKit/537.36 (KHTML, like Gecko; compatible; ClaudeBot/1.0; +claudebot@anthropic.com)"
74.7.227.156 - - [27/Jul/2026:11:57:23 +0200] "GET /index.php?loknya=/var/www/vhosts/norisk-netvaerk-neurorehab.com/lscache/a/ HTTP/2" 200 1891 "https://nordisk-netvaerk-neurorehab.com/index.php?loknya=/var/www/vhosts/nordisk-netvaerk-neurorehab.com/lscache/a/d" "Mozilla/5.0 AppleWebKit/537.36 (KHTML, like Gecko; compatible; GPTBot/1.4; +https://openai.com/gptbot)"
216.73.216.64 - - [27/Jul/2026:11:57:23 +0200] "GET /author/aveo/?lokasie=%2Fvar%2Fwww%2Fvhosts%2Fnordisk-netvaerk-neurorehab.com%2Fhttpdocs%2Fwp-admin%2Fjs%2Flink.min.js&loknya=%2Fvar%2Fwww%2Fvhosts%2Fnordisk-netvaerk-neurorehab.com%2Fhttpdocs%2Fwp-admin%2Fjs HTTP/2" 200 2424 "-" "Mozilla/5.0 AppleWebKit/537.36 (KHTML, like Gecko; compatible; ClaudeBot/1.0; +claudebot@anthropic.com)"
74.7.227.156 - - [27/Jul/2026:11:57:25 +0200] "GET /index.php?loknya=/var/www/vhosts/nordisk-ntvark-nurorhab.com/lscach/c/ HTTP/2" 200 1895 "https://nordisk-netvaerk-neurorehab.com/index.php?loknya=/var/www/vhosts/nordisk-netvaerk-neurorehab.com/lscache/c/e" "Mozilla/5.0 AppleWebKit/537.36 (KHTML, like Gecko; compatible; GPTBot/1.4; +https://openai.com/gptbot)"
216.73.216.64 - - [27/Jul/2026:11:57:25 +0200] "GET /author/aveo/?lokasie=%2Fvar%2Fwww%2Fvhosts%2Fnordisk-netvaerk-neurorehab.com%2Fhttpdocs%2Fwp-includes%2Fblocks%2Fgallery%2Fstyle.min.css&loknya=%2Fvar%2Fwww%2Fvhosts%2Fnordisk-netvaerk-neurorehab.com%2Fhttpdocs%2Fwp-includes%2Fblocks%2Fgallery HTTP/2" 200 3455 "-" "Mozilla/5.0 AppleWebKit/537.36 (KHTML, like Gecko; compatible; ClaudeBot/1.0; +claudebot@anthropic.com)"
57.141.0.52 - - [27/Jul/2026:11:57:25 +0200] "GET /dp/40a00b25405671 HTTP/2" 200 43844 "-" "Mozilla/5.0 (Macintosh; Intel Mac OS X 10_15_7) AppleWebKit/537.36 (KHTML, like Gecko) Chrome/145.0.0.0 Safari/537.36 (compatible; meta-externalagent/1.1 (+https://developers.facebook.com/docs/sharing/webmasters/crawler))"
57.141.0.27 - - [27/Jul/2026:11:57:29 +0200] "GET /dp/a146c43c2753178?lokasie=/var/www/vhosts/nordisk-netvaerk-neurorehab.com/httpdocs/wp-blog-header.php&loknya=/var/www/vhosts/nordisk-netvaerk-neurorehab.com/httpdocs HTTP/2" 200 5027 "-" "Mozilla/5.0 (Windows NT 10.0; Win64; x64) AppleWebKit/537.36 (KHTML, like Gecko) Chrome/145.0.0.0 Safari/537.36 (compatible; meta-externalagent/1.1 (+https://developers.facebook.com/docs/sharing/webmasters/crawler))"
74.7.227.156 - - [27/Jul/2026:11:57:28 +0200] "GET /index.php?loknya=/var/www/vhosts/nordisk-netvaerk-neuroreha.com/lscache/c HTTP/2" 200 1884 "https://nordisk-netvaerk-neurorehab.com/index.php?loknya=/var/www/vhosts/nordisk-netvaerk-neuroreha.com/lscache/c/" "Mozilla/5.0 AppleWebKit/537.36 (KHTML, like Gecko; compatible; GPTBot/1.4; +https://openai.com/gptbot)"
216.73.216.64 - - [27/Jul/2026:11:57:28 +0200] "GET /author/aveo/?lokasie=%2Fvar%2Fwww%2Fvhosts%2Fnordisk-netvaerk-neurorehab.com%2Fhttpdocs%2Fwp-includes%2Fblocks%2Faudio%2Fstyle-rtl.min.css&loknya=%2Fvar%2Fwww%2Fvhosts%2Fnordisk-netvaerk-neurorehab.com%2Fhttpdocs%2Fwp-includes%2Fblocks%2Faudio HTTP/2" 200 1739 "-" "Mozilla/5.0 AppleWebKit/537.36 (KHTML, like Gecko; compatible; ClaudeBot/1.0; +claudebot@anthropic.com)"
74.7.227.156 - - [27/Jul/2026:11:57:31 +0200] "GET /index.php?loknya=/var/www/vhosts/norisk-netvaerk-neurorehab.com/lscache HTTP/2" 200 1875 "https://nordisk-netvaerk-neurorehab.com/index.php?loknya=/var/www/vhosts/norisk-netvaerk-neurorehab.com/lscache/e/" "Mozilla/5.0 AppleWebKit/537.36 (KHTML, like Gecko; compatible; GPTBot/1.4; +https://openai.com/gptbot)"
216.73.216.64 - - [27/Jul/2026:11:57:31 +0200] "GET /?lokasie=%2Fvar%2Fwww%2Fvhosts%2Fnordisk-netvaerk-neurorehab.com%2Fhttpdocs%2Fwp-includes%2Fblock-supports%2Fbackground.php&loknya=%2Fvar%2Fwww%2Fvhosts%2Fnordisk-netvaerk-neurorehab.com%2Fhttpdocs%2Fwp-includes%2Fblock-supports HTTP/2" 200 3026 "-" "Mozilla/5.0 AppleWebKit/537.36 (KHTML, like Gecko; compatible; ClaudeBot/1.0; +claudebot@anthropic.com)"
57.141.0.12 - - [27/Jul/2026:11:57:31 +0200] "GET /dp/715355603806419 HTTP/2" 200 43844 "-" "Mozilla/5.0 (Macintosh; Intel Mac OS X 10_15_7) AppleWebKit/537.36 (KHTML, like Gecko) Chrome/145.0.0.0 Safari/537.36 (compatible; meta-externalagent/1.1 (+https://developers.facebook.com/docs/sharing/webmasters/crawler))"
74.7.227.156 - - [27/Jul/2026:11:57:34 +0200] "GET /index.php?loknya=/var/www/vhosts/nordisk-netvaerk-neuroreha.om HTTP/2" 200 1852 "https://nordisk-netvaerk-neurorehab.com/index.php?loknya=/var/www/vhosts/nordisk-netvaerk-neuroreha.om/lsahe/" "Mozilla/5.0 AppleWebKit/537.36 (KHTML, like Gecko; compatible; GPTBot/1.4; +https://openai.com/gptbot)"
216.73.216.64 - - [27/Jul/2026:11:57:34 +0200] "GET /sitemap.xml?lokasie=%2Fvar%2Fwww%2Fvhosts%2Fnordisk-netvaerk-neurorehab.com%2Fhttpdocs%2Fwp-content%2Fuploads%2F2025-program.jpg.webp&loknya=%2Fvar%2Fwww%2Fvhosts%2Fnordisk-netvaerk-neurorehab.com%2Fhttpdocs%2Fwp-content%2Fuploads HTTP/2" 200 42032 "-" "Mozilla/5.0 AppleWebKit/537.36 (KHTML, like Gecko; compatible; ClaudeBot/1.0; +claudebot@anthropic.com)"
57.141.0.31 - - [27/Jul/2026:11:57:37 +0200] "GET /dp/63116249930061 HTTP/2" 200 43844 "-" "Mozilla/5.0 (Macintosh; Intel Mac OS X 10_15_7) AppleWebKit/537.36 (KHTML, like Gecko) Chrome/145.0.0.0 Safari/537.36 (compatible; meta-externalagent/1.1 (+https://developers.facebook.com/docs/sharing/webmasters/crawler))"
216.73.216.64 - - [27/Jul/2026:11:57:37 +0200] "GET /sitemap.xml?lokasie=%2Fvar%2Fwww%2Fvhosts%2Fnordisk-netvaerk-neurorehab.com%2Fhttpdocs%2Fwp-includes%2Fblock-supports%2Felements.php&loknya=%2Fvar%2Fwww%2Fvhosts%2Fnordisk-netvaerk-neurorehab.com%2Fhttpdocs%2Fwp-includes%2Fblock-supports HTTP/2" 200 4042 "-" "Mozilla/5.0 AppleWebKit/537.36 (KHTML, like Gecko; compatible; ClaudeBot/1.0; +claudebot@anthropic.com)"
57.141.0.48 - - [27/Jul/2026:11:57:37 +0200] "GET /dp/3267cfb83728130 HTTP/2" 200 43844 "-" "Mozilla/5.0 (Windows NT 10.0; Win64; x64) AppleWebKit/537.36 (KHTML, like Gecko) Chrome/145.0.0.0 Safari/537.36 (compatible; meta-externalagent/1.1 (+https://developers.facebook.com/docs/sharing/webmasters/crawler))"
74.7.227.156 - - [27/Jul/2026:11:57:38 +0200] "GET /index.php?loknya=/var/www/vhosts/nordisk-netvaerk-neuroreha.om/lsahe HTTP/2" 200 1869 "https://nordisk-netvaerk-neurorehab.com/index.php?loknya=/var/www/vhosts/nordisk-netvaerk-neuroreha.om/lsahe/" "Mozilla/5.0 AppleWebKit/537.36 (KHTML, like Gecko; compatible; GPTBot/1.4; +https://openai.com/gptbot)"
216.73.216.64 - - [27/Jul/2026:11:57:40 +0200] "GET /author/aveo/?lokasie=%2Fvar%2Fwww%2Fvhosts%2Fnordisk-netvaerk-neurorehab.com%2Fhttpdocs%2Fwp-includes%2Fblocks%2Farchives%2Fstyle.min.css&loknya=%2Fvar%2Fwww%2Fvhosts%2Fnordisk-netvaerk-neurorehab.com%2Fhttpdocs%2Fwp-includes%2Fblocks%2Farchives HTTP/2" 200 1691 "-" "Mozilla/5.0 AppleWebKit/537.36 (KHTML, like Gecko; compatible; ClaudeBot/1.0; +claudebot@anthropic.com)"
74.7.227.156 - - [27/Jul/2026:11:57:41 +0200] "GET /index.php?loknya=/var/www/vhosts/nordisk-netvaerk-neuroreha.om/ HTTP/2" 200 1854 "https://nordisk-netvaerk-neurorehab.com/index.php?loknya=/var/www/vhosts/nordisk-netvaerk-neuroreha.om/lsahe/" "Mozilla/5.0 AppleWebKit/537.36 (KHTML, like Gecko; compatible; GPTBot/1.4; +https://openai.com/gptbot)"
74.7.227.156 - - [27/Jul/2026:11:57:44 +0200] "GET /index.php?loknya=/var/www/vhosts/norisk-ntvark-nurorhab.com/lscach HTTP/2" 200 1875 "https://nordisk-netvaerk-neurorehab.com/index.php?loknya=/var/www/vhosts/norisk-ntvark-nurorhab.com/lscach/" "Mozilla/5.0 AppleWebKit/537.36 (KHTML, like Gecko; compatible; GPTBot/1.4; +https://openai.com/gptbot)"
216.73.216.64 - - [27/Jul/2026:11:57:46 +0200] "GET /emner/past/feed/?lokasie=%2Fvar%2Fwww%2Fvhosts%2Fnordisk-netvaerk-neurorehab.com%2Fhttpdocs%2Fwp-load.php&loknya=%2Fvar%2Fwww%2Fvhosts%2Fnordisk-netvaerk-neurorehab.com%2Fhttpdocs HTTP/2" 200 3445 "-" "Mozilla/5.0 AppleWebKit/537.36 (KHTML, like Gecko; compatible; ClaudeBot/1.0; +claudebot@anthropic.com)"
57.141.0.59 - - [27/Jul/2026:11:57:46 +0200] "GET /dp/a146c43c2753178?loknya=/var/www/vhosts/nordisk-netvaerk-neurorehab.com/httpdocs/wp-content HTTP/2" 200 26180 "-" "Mozilla/5.0 (Macintosh; Intel Mac OS X 10_15_7) AppleWebKit/537.36 (KHTML, like Gecko) Chrome/145.0.0.0 Safari/537.36 (compatible; meta-externalagent/1.1 (+https://developers.facebook.com/docs/sharing/webmasters/crawler))"
57.141.0.17 - - [27/Jul/2026:11:57:46 +0200] "GET /dp/4d05c3933833897?loknya=/var/www/vhosts/nordisk-netvaerk-neurorehab.com/ HTTP/2" 200 22398 "-" "Mozilla/5.0 (Windows NT 10.0; Win64; x64) AppleWebKit/537.36 (KHTML, like Gecko) Chrome/145.0.0.0 Safari/537.36 (compatible; meta-externalagent/1.1 (+https://developers.facebook.com/docs/sharing/webmasters/crawler))"
57.141.0.53 - - [27/Jul/2026:11:57:47 +0200] "GET /dp/909dba664876790 HTTP/2" 200 43844 "-" "Mozilla/5.0 (Windows NT 10.0; Win64; x64) AppleWebKit/537.36 (KHTML, like Gecko) Chrome/145.0.0.0 Safari/537.36 (compatible; meta-externalagent/1.1 (+https://developers.facebook.com/docs/sharing/webmasters/crawler))"
74.7.227.156 - - [27/Jul/2026:11:57:47 +0200] "GET /index.php?loknya=/vr/www/vhosts/nordisk-ntvrk-nurorhb.com HTTP/2" 200 1869 "https://nordisk-netvaerk-neurorehab.com/index.php?loknya=/vr/www/vhosts/nordisk-ntvrk-nurorhb.com/lscch/" "Mozilla/5.0 AppleWebKit/537.36 (KHTML, like Gecko; compatible; GPTBot/1.4; +https://openai.com/gptbot)"
57.141.0.19 - - [27/Jul/2026:11:57:49 +0200] "GET /dp/b09ae8845435268 HTTP/2" 200 43844 "-" "Mozilla/5.0 (Macintosh; Intel Mac OS X 10_15_7) AppleWebKit/537.36 (KHTML, like Gecko) Chrome/145.0.0.0 Safari/537.36 (compatible; meta-externalagent/1.1 (+https://developers.facebook.com/docs/sharing/webmasters/crawler))"
57.141.0.63 - - [27/Jul/2026:11:57:49 +0200] "GET /dp/4f6151432959606 HTTP/2" 200 43844 "-" "Mozilla/5.0 (Macintosh; Intel Mac OS X 10_15_7) AppleWebKit/537.36 (KHTML, like Gecko) Chrome/145.0.0.0 Safari/537.36 (compatible; meta-externalagent/1.1 (+https://developers.facebook.com/docs/sharing/webmasters/crawler))"
57.141.0.9 - - [27/Jul/2026:11:57:51 +0200] "GET /dp/9f363874826348 HTTP/2" 200 43843 "-" "Mozilla/5.0 (Macintosh; Intel Mac OS X 10_15_7) AppleWebKit/537.36 (KHTML, like Gecko) Chrome/145.0.0.0 Safari/537.36 (compatible; meta-externalagent/1.1 (+https://developers.facebook.com/docs/sharing/webmasters/crawler))"
74.7.227.156 - - [27/Jul/2026:11:57:51 +0200] "GET /index.php?loknya=/vr/www/vhosts/nordisk-ntvrk-nurorhb.com/lscch HTTP/2" 200 1876 "https://nordisk-netvaerk-neurorehab.com/index.php?loknya=/vr/www/vhosts/nordisk-ntvrk-nurorhb.com/lscch/" "Mozilla/5.0 AppleWebKit/537.36 (KHTML, like Gecko; compatible; GPTBot/1.4; +https://openai.com/gptbot)"
57.141.0.43 - - [27/Jul/2026:11:57:51 +0200] "GET /dp/48814ad01330273 HTTP/2" 200 43844 "-" "Mozilla/5.0 (Windows NT 10.0; Win64; x64) AppleWebKit/537.36 (KHTML, like Gecko) Chrome/145.0.0.0 Safari/537.36 (compatible; meta-externalagent/1.1 (+https://developers.facebook.com/docs/sharing/webmasters/crawler))"
216.73.216.64 - - [27/Jul/2026:11:57:51 +0200] "GET /author/aveo/?lokasie=%2Fvar%2Fwww%2Fvhosts%2Fnordisk-netvaerk-neurorehab.com%2Fhttpdocs%2Fwp-content%2Flanguages%2Fen_CA.po&loknya=%2Fvar%2Fwww%2Fvhosts%2Fnordisk-netvaerk-neurorehab.com%2Fhttpdocs%2Fwp-content%2Flanguages HTTP/2" 200 147982 "-" "Mozilla/5.0 AppleWebKit/537.36 (KHTML, like Gecko; compatible; ClaudeBot/1.0; +claudebot@anthropic.com)"
57.141.0.29 - - [27/Jul/2026:11:57:53 +0200] "GET /dp/336019b0486864 HTTP/2" 200 43844 "-" "Mozilla/5.0 (Macintosh; Intel Mac OS X 10_15_7) AppleWebKit/537.36 (KHTML, like Gecko) Chrome/145.0.0.0 Safari/537.36 (compatible; meta-externalagent/1.1 (+https://developers.facebook.com/docs/sharing/webmasters/crawler))"
74.7.227.156 - - [27/Jul/2026:11:57:54 +0200] "GET /index.php?loknya=/var/www/vhosts/nordisk-ntvark-nurorha.com/lscach/ HTTP/2" 200 1874 "https://nordisk-netvaerk-neurorehab.com/index.php?loknya=/var/www/vhosts/nordisk-ntvark-nurorhab.com/lscach/b/" "Mozilla/5.0 AppleWebKit/537.36 (KHTML, like Gecko; compatible; GPTBot/1.4; +https://openai.com/gptbot)"
57.141.0.5 - - [27/Jul/2026:11:57:56 +0200] "GET /dp/b423e9194108485 HTTP/2" 200 43843 "-" "Mozilla/5.0 (Windows NT 10.0; Win64; x64) AppleWebKit/537.36 (KHTML, like Gecko) Chrome/145.0.0.0 Safari/537.36 (compatible; meta-externalagent/1.1 (+https://developers.facebook.com/docs/sharing/webmasters/crawler))"
51.195.39.150 - - [27/Jul/2026:11:57:56 +0200] "GET /wp-content/plugins/all-in-one-wp-migration/lib/view/assets/css/reset.min.css HTTP/2" 200 43846 "-" "Mozilla/5.0 (Macintosh; Intel Mac OS X 10_15_7; rv:149.0) Gecko/20100101 Firefox/149.0"
216.73.216.64 - - [27/Jul/2026:11:57:56 +0200] "GET /sitemap.xml?lokasie=%2Fvar%2Fwww%2Fvhosts%2Fnordisk-netvaerk-neurorehab.com%2Fhttpdocs%2Fwp-content%2Fuploads%2FportrettTale-scaled.jpg&loknya=%2Fvar%2Fwww%2Fvhosts%2Fnordisk-netvaerk-neurorehab.com%2Fhttpdocs%2Fwp-content%2Fuploads HTTP/2" 200 67042 "-" "Mozilla/5.0 AppleWebKit/537.36 (KHTML, like Gecko; compatible; ClaudeBot/1.0; +claudebot@anthropic.com)"
74.7.227.156 - - [27/Jul/2026:11:57:57 +0200] "GET /index.php?loknya=/var/www/vhosts/norisk-netvaerk-neurorehab.com/lscache/a HTTP/2" 200 1889 "https://nordisk-netvaerk-neurorehab.com/index.php?loknya=/var/www/vhosts/norisk-netvaerk-neurorehab.com/lscache/a/" "Mozilla/5.0 AppleWebKit/537.36 (KHTML, like Gecko; compatible; GPTBot/1.4; +https://openai.com/gptbot)"
57.141.0.13 - - [27/Jul/2026:11:57:57 +0200] "GET /dp/e127a4162535135 HTTP/2" 200 43844 "-" "Mozilla/5.0 (Macintosh; Intel Mac OS X 10_15_7) AppleWebKit/537.36 (KHTML, like Gecko) Chrome/145.0.0.0 Safari/537.36 (compatible; meta-externalagent/1.1 (+https://developers.facebook.com/docs/sharing/webmasters/crawler))"
216.73.216.64 - - [27/Jul/2026:11:57:59 +0200] "GET /sitemap.xml?lokasie=%2Fvar%2Fwww%2Fvhosts%2Fnordisk-netvaerk-neurorehab.com%2Fhttpdocs%2Fwp-includes%2Fimages%2Farrow-pointer-blue.png&loknya=%2Fvar%2Fwww%2Fvhosts%2Fnordisk-netvaerk-neurorehab.com%2Fhttpdocs%2Fwp-includes%2Fimages HTTP/2" 200 2333 "-" "Mozilla/5.0 AppleWebKit/537.36 (KHTML, like Gecko; compatible; ClaudeBot/1.0; +claudebot@anthropic.com)"
74.7.227.156 - - [27/Jul/2026:11:58:00 +0200] "GET /index.php?loknya=/var/www/vhosts/nordisk-ntvark-nurorhab.com/lscach/b HTTP/2" 200 1894 "https://nordisk-netvaerk-neurorehab.com/index.php?loknya=/var/www/vhosts/nordisk-ntvark-nurorhab.com/lscach/b/" "Mozilla/5.0 AppleWebKit/537.36 (KHTML, like Gecko; compatible; GPTBot/1.4; +https://openai.com/gptbot)"
57.141.0.5 - - [27/Jul/2026:11:58:01 +0200] "GET /dp/6500d755495935 HTTP/2" 200 43843 "-" "Mozilla/5.0 (Windows NT 10.0; Win64; x64) AppleWebKit/537.36 (KHTML, like Gecko) Chrome/145.0.0.0 Safari/537.36 (compatible; meta-externalagent/1.1 (+https://developers.facebook.com/docs/sharing/webmasters/crawler))"
216.73.216.64 - - [27/Jul/2026:11:58:02 +0200] "GET /sitemap.xml?lokasie=%2Fvar%2Fwww%2Fvhosts%2Fnordisk-netvaerk-neurorehab.com%2Fhttpdocs%2Fwp-content%2Fuploads%2FOslo-uni.jpg&loknya=%2Fvar%2Fwww%2Fvhosts%2Fnordisk-netvaerk-neurorehab.com%2Fhttpdocs%2Fwp-content%2Fuploads HTTP/2" 200 101148 "-" "Mozilla/5.0 AppleWebKit/537.36 (KHTML, like Gecko; compatible; ClaudeBot/1.0; +claudebot@anthropic.com)"
74.7.227.156 - - [27/Jul/2026:11:58:03 +0200] "GET /index.php?loknya=/vr/www/vhosts/norisk-netverk-neurorehb.com/lscche/ HTTP/2" 200 1868 "https://nordisk-netvaerk-neurorehab.com/index.php?loknya=/var/www/vhosts/norisk-netvaerk-neurorehab.com/lscache/a/" "Mozilla/5.0 AppleWebKit/537.36 (KHTML, like Gecko; compatible; GPTBot/1.4; +https://openai.com/gptbot)"
57.141.0.11 - - [27/Jul/2026:11:58:03 +0200] "GET /dp/5769a0513447207 HTTP/2" 200 43844 "-" "Mozilla/5.0 (Windows NT 10.0; Win64; x64) AppleWebKit/537.36 (KHTML, like Gecko) Chrome/145.0.0.0 Safari/537.36 (compatible; meta-externalagent/1.1 (+https://developers.facebook.com/docs/sharing/webmasters/crawler))"
57.141.0.2 - - [27/Jul/2026:11:58:04 +0200] "GET /dp/7643ea08368253 HTTP/2" 200 43843 "-" "Mozilla/5.0 (Windows NT 10.0; Win64; x64) AppleWebKit/537.36 (KHTML, like Gecko) Chrome/145.0.0.0 Safari/537.36 (compatible; meta-externalagent/1.1 (+https://developers.facebook.com/docs/sharing/webmasters/crawler))"
57.141.0.3 - - [27/Jul/2026:11:58:05 +0200] "GET /dp/2e1d57e64264493 HTTP/2" 200 43843 "-" "Mozilla/5.0 (Windows NT 10.0; Win64; x64) AppleWebKit/537.36 (KHTML, like Gecko) Chrome/145.0.0.0 Safari/537.36 (compatible; meta-externalagent/1.1 (+https://developers.facebook.com/docs/sharing/webmasters/crawler))"
74.7.227.156 - - [27/Jul/2026:11:58:06 +0200] "GET /index.php?loknya=/var/www/vhosts/norisk-netvaerk-neurorehab.com/ HTTP/2" 200 1856 "https://nordisk-netvaerk-neurorehab.com/index.php?loknya=/var/www/vhosts/norisk-netvaerk-neurorehab.com/lscache" "Mozilla/5.0 AppleWebKit/537.36 (KHTML, like Gecko; compatible; GPTBot/1.4; +https://openai.com/gptbot)"
216.73.216.64 - - [27/Jul/2026:11:58:07 +0200] "GET /sitemap.xml?loknya=%2Fvar%2Fwww%2Fvhosts%2Fnordisk-netvaerk-neurorehab.com%2Fhttpdocs%2Fwp-includes%2Fblocks%2Fblock HTTP/2" 200 2178 "-" "Mozilla/5.0 AppleWebKit/537.36 (KHTML, like Gecko; compatible; ClaudeBot/1.0; +claudebot@anthropic.com)"
57.141.0.52 - - [27/Jul/2026:11:58:08 +0200] "GET /dp/3335ed434252968 HTTP/2" 200 43844 "-" "Mozilla/5.0 (Windows NT 10.0; Win64; x64) AppleWebKit/537.36 (KHTML, like Gecko) Chrome/145.0.0.0 Safari/537.36 Edg/145.0.0.0 (compatible; meta-externalagent/1.1 (+https://developers.facebook.com/docs/sharing/webmasters/crawler))"
74.7.227.156 - - [27/Jul/2026:11:58:09 +0200] "GET /index.php?loknya=/var/www/vhosts/nordisk-ntvark-nurorhab.com/lscach/c HTTP/2" 200 1893 "https://nordisk-netvaerk-neurorehab.com/index.php?loknya=/var/www/vhosts/nordisk-ntvark-nurorhab.com/lscach/c/" "Mozilla/5.0 AppleWebKit/537.36 (KHTML, like Gecko; compatible; GPTBot/1.4; +https://openai.com/gptbot)"
216.73.216.64 - - [27/Jul/2026:11:58:10 +0200] "GET /sitemap.xml?lokasie=%2Fvar%2Fwww%2Fvhosts%2Fnordisk-netvaerk-neurorehab.com%2Fhttpdocs%2Fwp-includes%2FText%2FException.php&loknya=%2Fvar%2Fwww%2Fvhosts%2Fnordisk-netvaerk-neurorehab.com%2Fhttpdocs%2Fwp-includes%2FText HTTP/2" 200 1760 "-" "Mozilla/5.0 AppleWebKit/537.36 (KHTML, like Gecko; compatible; ClaudeBot/1.0; +claudebot@anthropic.com)"
57.141.0.13 - - [27/Jul/2026:11:58:13 +0200] "GET /dp/747134265631713 HTTP/2" 200 43844 "-" "Mozilla/5.0 (Windows NT 10.0; Win64; x64) AppleWebKit/537.36 (KHTML, like Gecko) Chrome/145.0.0.0 Safari/537.36 (compatible; meta-externalagent/1.1 (+https://developers.facebook.com/docs/sharing/webmasters/crawler))"
74.7.227.156 - - [27/Jul/2026:11:58:12 +0200] "GET /index.php?loknya=/var/www/vhosts/norisk-netvaerk-neurorehab.com HTTP/2" 200 1859 "https://nordisk-netvaerk-neurorehab.com/index.php?loknya=/var/www/vhosts/norisk-netvaerk-neurorehab.com/lscache/e/" "Mozilla/5.0 AppleWebKit/537.36 (KHTML, like Gecko; compatible; GPTBot/1.4; +https://openai.com/gptbot)"
216.73.216.64 - - [27/Jul/2026:11:58:13 +0200] "GET /sitemap.xml?loknya=%2Fvar%2Fwww%2Fvhosts%2Fnordisk-netvaerk-neurorehab.com%2Fhttpdocs%2Fwp-includes%2Fblocks%2Fpost-excerpt HTTP/2" 200 2375 "-" "Mozilla/5.0 AppleWebKit/537.36 (KHTML, like Gecko; compatible; ClaudeBot/1.0; +claudebot@anthropic.com)"
57.141.0.23 - - [27/Jul/2026:11:58:12 +0200] "GET /dp/636257225621991 HTTP/2" 200 43844 "-" "Mozilla/5.0 (Windows NT 10.0; Win64; x64) AppleWebKit/537.36 (KHTML, like Gecko) Chrome/144.0.0.0 Safari/537.36 Edg/144.0.0.0 (compatible; meta-externalagent/1.1 (+https://developers.facebook.com/docs/sharing/webmasters/crawler))"
57.141.0.62 - - [27/Jul/2026:11:58:12 +0200] "GET /dp/894322734348790 HTTP/2" 200 43844 "-" "Mozilla/5.0 (Windows NT 10.0; Win64; x64) AppleWebKit/537.36 (KHTML, like Gecko) Chrome/145.0.0.0 Safari/537.36 (compatible; meta-externalagent/1.1 (+https://developers.facebook.com/docs/sharing/webmasters/crawler))"
57.141.0.56 - - [27/Jul/2026:11:58:14 +0200] "GET /dp/5e481b8b4162323 HTTP/2" 200 43844 "-" "Mozilla/5.0 (Macintosh; Intel Mac OS X 10_15_7) AppleWebKit/537.36 (KHTML, like Gecko) Chrome/145.0.0.0 Safari/537.36 (compatible; meta-externalagent/1.1 (+https://developers.facebook.com/docs/sharing/webmasters/crawler))"
57.141.0.28 - - [27/Jul/2026:11:58:14 +0200] "GET /dp/a35cf452940383 HTTP/2" 200 43844 "-" "Mozilla/5.0 (Windows NT 10.0; Win64; x64) AppleWebKit/537.36 (KHTML, like Gecko) Chrome/145.0.0.0 Safari/537.36 (compatible; meta-externalagent/1.1 (+https://developers.facebook.com/docs/sharing/webmasters/crawler))"
57.141.0.52 - - [27/Jul/2026:11:58:16 +0200] "GET /dp/23ded4971992416 HTTP/2" 200 43844 "-" "Mozilla/5.0 (Windows NT 10.0; Win64; x64) AppleWebKit/537.36 (KHTML, like Gecko) Chrome/145.0.0.0 Safari/537.36 (compatible; meta-externalagent/1.1 (+https://developers.facebook.com/docs/sharing/webmasters/crawler))"
74.7.227.156 - - [27/Jul/2026:11:58:16 +0200] "GET /index.php?loknya=/var/www/vhosts/norisk-ntvark-nurorhab.com/ HTTP/2" 200 1866 "https://nordisk-netvaerk-neurorehab.com/index.php?loknya=/var/www/vhosts/norisk-ntvark-nurorhab.com/lscach/" "Mozilla/5.0 AppleWebKit/537.36 (KHTML, like Gecko; compatible; GPTBot/1.4; +https://openai.com/gptbot)"
216.73.216.64 - - [27/Jul/2026:11:58:16 +0200] "GET /sitemap.xml?loknya=%2Fvar%2Fwww%2Fvhosts%2Fnordisk-netvaerk-neurorehab.com%2Fhttpdocs%2Fwp-includes%2Fblocks%2Fpost-author HTTP/2" 200 2278 "-" "Mozilla/5.0 AppleWebKit/537.36 (KHTML, like Gecko; compatible; ClaudeBot/1.0; +claudebot@anthropic.com)"
57.141.0.12 - - [27/Jul/2026:11:58:17 +0200] "GET /dp/056ca1681828895 HTTP/2" 200 43844 "-" "Mozilla/5.0 (Windows NT 10.0; Win64; x64) AppleWebKit/537.36 (KHTML, like Gecko) Chrome/145.0.0.0 Safari/537.36 (compatible; meta-externalagent/1.1 (+https://developers.facebook.com/docs/sharing/webmasters/crawler))"
57.141.0.8 - - [27/Jul/2026:11:58:17 +0200] "GET /dp/623e98575375944 HTTP/2" 200 43843 "-" "Mozilla/5.0 (Windows NT 10.0; Win64; x64) AppleWebKit/537.36 (KHTML, like Gecko) Chrome/145.0.0.0 Safari/537.36 (compatible; meta-externalagent/1.1 (+https://developers.facebook.com/docs/sharing/webmasters/crawler))"
74.7.227.156 - - [27/Jul/2026:11:58:19 +0200] "GET /index.php?loknya=/var/www/vhosts/norisk-ntvark-nurorhab.com HTTP/2" 200 1870 "https://nordisk-netvaerk-neurorehab.com/index.php?loknya=/var/www/vhosts/norisk-ntvark-nurorhab.com/lscach/" "Mozilla/5.0 AppleWebKit/537.36 (KHTML, like Gecko; compatible; GPTBot/1.4; +https://openai.com/gptbot)"
216.73.216.64 - - [27/Jul/2026:11:58:19 +0200] "GET /sitemap.xml?loknya=%2Fvar%2Fwww%2Fvhosts%2Fnordisk-netvaerk-neurorehab.com%2Fhttpdocs%2Fwp-includes%2Fblocks%2Fpost-comments-link HTTP/2" 200 2275 "-" "Mozilla/5.0 AppleWebKit/537.36 (KHTML, like Gecko; compatible; ClaudeBot/1.0; +claudebot@anthropic.com)"
74.7.227.156 - - [27/Jul/2026:11:58:22 +0200] "GET /index.php?loknya=/vr/www/vhosts/nordisk-ntvrk-nurorhb.com/ HTTP/2" 200 1861 "https://nordisk-netvaerk-neurorehab.com/index.php?loknya=/vr/www/vhosts/nordisk-ntvrk-nurorhb.com/lscch/" "Mozilla/5.0 AppleWebKit/537.36 (KHTML, like Gecko; compatible; GPTBot/1.4; +https://openai.com/gptbot)"
216.73.216.64 - - [27/Jul/2026:11:58:22 +0200] "GET /sitemap.xml?loknya=%2Fvar%2Fwww%2Fvhosts%2Fnordisk-netvaerk-neurorehab.com%2Fhttpdocs%2Fwp-includes%2Fblocks%2Fpost-template HTTP/2" 200 2261 "-" "Mozilla/5.0 AppleWebKit/537.36 (KHTML, like Gecko; compatible; ClaudeBot/1.0; +claudebot@anthropic.com)"
216.73.216.64 - - [27/Jul/2026:11:58:25 +0200] "GET /sitemap.xml?loknya=%2Fvar%2Fwww%2Fvhosts%2Fnordisk-netvaerk-neurorehab.com%2Fhttpdocs%2Fwp-content%2Fplugins%2Felementor-pro HTTP/2" 200 2666 "-" "Mozilla/5.0 AppleWebKit/537.36 (KHTML, like Gecko; compatible; ClaudeBot/1.0; +claudebot@anthropic.com)"
74.7.227.156 - - [27/Jul/2026:11:58:25 +0200] "GET /index.php?loknya=/var/www/vhosts/nordisk-netvaerk-neurorehab.com/lscache/e/c/e HTTP/2" 200 1904 "https://nordisk-netvaerk-neurorehab.com/index.php?loknya=/var/www/vhosts/nordisk-netvaerk-neurorehab.com/lscache/e/c" "Mozilla/5.0 AppleWebKit/537.36 (KHTML, like Gecko; compatible; GPTBot/1.4; +https://openai.com/gptbot)"
57.141.0.28 - - [27/Jul/2026:11:58:26 +0200] "GET /dp/182c90654801040 HTTP/2" 200 43844 "-" "Mozilla/5.0 (Macintosh; Intel Mac OS X 10_15_7) AppleWebKit/537.36 (KHTML, like Gecko) Chrome/145.0.0.0 Safari/537.36 (compatible; meta-externalagent/1.1 (+https://developers.facebook.com/docs/sharing/webmasters/crawler))"
216.73.216.64 - - [27/Jul/2026:11:58:28 +0200] "GET /sitemap.xml?loknya=%2Fvar%2Fwww%2Fvhosts%2Fnordisk-netvaerk-neurorehab.com%2Fhttpdocs%2Fwp-includes%2Fsodium_compat%2F HTTP/2" 200 2390 "-" "Mozilla/5.0 AppleWebKit/537.36 (KHTML, like Gecko; compatible; ClaudeBot/1.0; +claudebot@anthropic.com)"
74.7.227.156 - - [27/Jul/2026:11:58:28 +0200] "GET /index.php?loknya=/var/www/vhosts/nordisk-ntvark-nurorha.com/lscach HTTP/2" 200 1874 "https://nordisk-netvaerk-neurorehab.com/index.php?loknya=/var/www/vhosts/nordisk-ntvark-nurorha.com/lscach/" "Mozilla/5.0 AppleWebKit/537.36 (KHTML, like Gecko; compatible; GPTBot/1.4; +https://openai.com/gptbot)"
57.141.0.58 - - [27/Jul/2026:11:58:29 +0200] "GET /dp/7b0502f82045193 HTTP/2" 200 43844 "-" "Mozilla/5.0 (Windows NT 10.0; Win64; x64) AppleWebKit/537.36 (KHTML, like Gecko) Chrome/145.0.0.0 Safari/537.36 (compatible; meta-externalagent/1.1 (+https://developers.facebook.com/docs/sharing/webmasters/crawler))"
216.73.216.64 - - [27/Jul/2026:11:58:31 +0200] "GET /sitemap.xml?loknya=%2Fvar%2Fwww%2Fvhosts%2Fnordisk-netvaerk-neurorehab.com%2Fhttpdocs%2Fwp-content%2Fplugins%2Fpost-date-modified HTTP/2" 200 2349 "-" "Mozilla/5.0 AppleWebKit/537.36 (KHTML, like Gecko; compatible; ClaudeBot/1.0; +claudebot@anthropic.com)"
57.141.0.49 - - [27/Jul/2026:11:58:32 +0200] "GET /dp/f8261ed43591879 HTTP/2" 200 43844 "-" "Mozilla/5.0 (Windows NT 10.0; Win64; x64) AppleWebKit/537.36 (KHTML, like Gecko) Chrome/145.0.0.0 Safari/537.36 (compatible; meta-externalagent/1.1 (+https://developers.facebook.com/docs/sharing/webmasters/crawler))"
74.7.227.156 - - [27/Jul/2026:11:58:31 +0200] "GET /index.php?loknya=/var/www/vhosts/nordisk-ntvark-nurorha.com/ HTTP/2" 200 1865 "https://nordisk-netvaerk-neurorehab.com/index.php?loknya=/var/www/vhosts/nordisk-ntvark-nurorha.com/lscach/" "Mozilla/5.0 AppleWebKit/537.36 (KHTML, like Gecko; compatible; GPTBot/1.4; +https://openai.com/gptbot)"
57.141.0.62 - - [27/Jul/2026:11:58:33 +0200] "GET /dp/bc1086f55229471 HTTP/2" 200 43844 "-" "Mozilla/5.0 (Windows NT 10.0; Win64; x64) AppleWebKit/537.36 (KHTML, like Gecko) Chrome/145.0.0.0 Safari/537.36 (compatible; meta-externalagent/1.1 (+https://developers.facebook.com/docs/sharing/webmasters/crawler))"
57.141.0.70 - - [27/Jul/2026:11:58:33 +0200] "GET /dp/4d05c3933833897?lokasie=/var/www/vhosts/nordisk-netvaerk-neurorehab.com/httpdocs/license.txt&loknya=/var/www/vhosts/nordisk-netvaerk-neurorehab.com/httpdocs HTTP/2" 200 24545 "-" "Mozilla/5.0 (Macintosh; Intel Mac OS X 10_15_7) AppleWebKit/537.36 (KHTML, like Gecko) Chrome/145.0.0.0 Safari/537.36 Edg/145.0.0.0 (compatible; meta-externalagent/1.1 (+https://developers.facebook.com/docs/sharing/webmasters/crawler))"
57.141.0.42 - - [27/Jul/2026:11:58:35 +0200] "GET /dp/f51d6436820233 HTTP/2" 200 43844 "-" "Mozilla/5.0 (Windows NT 10.0; Win64; x64) AppleWebKit/537.36 (KHTML, like Gecko) Chrome/145.0.0.0 Safari/537.36 (compatible; meta-externalagent/1.1 (+https://developers.facebook.com/docs/sharing/webmasters/crawler))"
74.7.227.156 - - [27/Jul/2026:11:58:35 +0200] "GET /index.php?loknya=/var/www/vhosts/nordisk-ntvark-nurorha.com HTTP/2" 200 1871 "https://nordisk-netvaerk-neurorehab.com/index.php?loknya=/var/www/vhosts/nordisk-ntvark-nurorha.com/lscach/" "Mozilla/5.0 AppleWebKit/537.36 (KHTML, like Gecko; compatible; GPTBot/1.4; +https://openai.com/gptbot)"
216.73.216.64 - - [27/Jul/2026:11:58:36 +0200] "GET /author/aveo/?lokasie=%2Fvar%2Fwww%2Fvhosts%2Fnordisk-netvaerk-neurorehab.com%2Fhttpdocs%2Fwp-content%2Fuploads%2Fkerstin1-768x791.jpeg&loknya=%2Fvar%2Fwww%2Fvhosts%2Fnordisk-netvaerk-neurorehab.com%2Fhttpdocs%2Fwp-content%2Fuploads HTTP/2" 200 31598 "-" "Mozilla/5.0 AppleWebKit/537.36 (KHTML, like Gecko; compatible; ClaudeBot/1.0; +claudebot@anthropic.com)"
57.141.0.35 - - [27/Jul/2026:11:58:37 +0200] "GET /dp/2026c65f5145331?lokasie=/var/www/vhosts/nordisk-netvaerk-neurorehab.com/httpdocs/wp-config.php&loknya=/var/www/vhosts/nordisk-netvaerk-neurorehab.com/httpdocs HTTP/2" 200 8867 "-" "Mozilla/5.0 (Windows NT 10.0; Win64; x64) AppleWebKit/537.36 (KHTML, like Gecko) Chrome/145.0.0.0 Safari/537.36 (compatible; meta-externalagent/1.1 (+https://developers.facebook.com/docs/sharing/webmasters/crawler))"
74.7.227.156 - - [27/Jul/2026:11:58:38 +0200] "GET /index.php?loknya=/vr/www/vhosts/norisk-netverk-neurorehb.com/lscche HTTP/2" 200 1867 "https://nordisk-netvaerk-neurorehab.com/index.php?loknya=/vr/www/vhosts/norisk-netverk-neurorehb.com/lscche/" "Mozilla/5.0 AppleWebKit/537.36 (KHTML, like Gecko; compatible; GPTBot/1.4; +https://openai.com/gptbot)"
216.73.216.64 - - [27/Jul/2026:11:58:38 +0200] "GET /sitemap.xml?lokasie=%2Fvar%2Fwww%2Fvhosts%2Fnordisk-netvaerk-neurorehab.com%2Fhttpdocs%2Fwp-content%2Fuploads%2Fsteering_group.png&loknya=%2Fvar%2Fwww%2Fvhosts%2Fnordisk-netvaerk-neurorehab.com%2Fhttpdocs%2Fwp-content%2Fuploads HTTP/2" 200 48475 "-" "Mozilla/5.0 AppleWebKit/537.36 (KHTML, like Gecko; compatible; ClaudeBot/1.0; +claudebot@anthropic.com)"
57.141.0.52 - - [27/Jul/2026:11:58:40 +0200] "GET /dp/ce457c393664013 HTTP/2" 200 43844 "-" "Mozilla/5.0 (Windows NT 10.0; Win64; x64) AppleWebKit/537.36 (KHTML, like Gecko) Chrome/145.0.0.0 Safari/537.36 (compatible; meta-externalagent/1.1 (+https://developers.facebook.com/docs/sharing/webmasters/crawler))"
74.7.227.156 - - [27/Jul/2026:11:58:42 +0200] "GET /index.php?loknya=/vr/www/vhosts/norisk-netverk-neurorehb.com/ HTTP/2" 200 1863 "https://nordisk-netvaerk-neurorehab.com/index.php?loknya=/vr/www/vhosts/norisk-netverk-neurorehb.com/lscche/" "Mozilla/5.0 AppleWebKit/537.36 (KHTML, like Gecko; compatible; GPTBot/1.4; +https://openai.com/gptbot)"
216.73.216.64 - - [27/Jul/2026:11:58:42 +0200] "GET /sitemap.xml?lokasie=%2Fvar%2Fwww%2Fvhosts%2Fnordisk-netvaerk-neurorehab.com%2Fhttpdocs%2Fwp-content%2Fuploads%2Fkerstin1-1987x2048.jpeg&loknya=%2Fvar%2Fwww%2Fvhosts%2Fnordisk-netvaerk-neurorehab.com%2Fhttpdocs%2Fwp-content%2Fuploads HTTP/2" 200 93561 "-" "Mozilla/5.0 AppleWebKit/537.36 (KHTML, like Gecko; compatible; ClaudeBot/1.0; +claudebot@anthropic.com)"
