74.7.227.152 - - [28/Jul/2026:10:30:33 +0200] "GET /?loknya=/vr/www/vhosts/nordisk-netverk-neurorehb.com/././lscche/0 HTTP/2" 500 905 "https://nordisk-netvaerk-neurorehab.com/?loknya=/vr/www/vhosts/nordisk-netverk-neurorehb.com/././lscche/0/" "Mozilla/5.0 AppleWebKit/537.36 (KHTML, like Gecko; compatible; GPTBot/1.4; +https://openai.com/gptbot)"
216.73.217.43 - - [28/Jul/2026:10:30:33 +0200] "GET /index.php?lokasie=%2Fvar%2Fwww%2Fvhosts%2Fnordisk-netvaerk-neurorehab.com%2Fhttpdocs%2Fwp-content%2Fuploads%2FLena-150x150.jpg.webp&loknya=%2Fvar%2Fwww%2Fvhosts%2Fnordisk-netvaerk-neurorehab.com%2Fhttpdocs%2Fwp-content%2Fuploads HTTP/2" 200 3609 "-" "Mozilla/5.0 AppleWebKit/537.36 (KHTML, like Gecko; compatible; ClaudeBot/1.0; +claudebot@anthropic.com)"
216.73.217.43 - - [28/Jul/2026:10:30:36 +0200] "GET /?lokasie=%2Fvar%2Fwww%2Fvhosts%2Fnordisk-netvaerk-neurorehab.com%2Fhttpdocs%2Fwp-includes%2Fblocks%2Faccordion%2F.htaccess&loknya=%2Fvar%2Fwww%2Fvhosts%2Fnordisk-netvaerk-neurorehab.com%2Fhttpdocs%2Fwp-includes%2Fblocks%2Faccordion HTTP/2" 500 905 "-" "Mozilla/5.0 AppleWebKit/537.36 (KHTML, like Gecko; compatible; ClaudeBot/1.0; +claudebot@anthropic.com)"
74.7.227.152 - - [28/Jul/2026:10:30:36 +0200] "GET /?loknya=/vr/www/vhosts/nordisk-netverk-neurorehb.com/././lscche/1 HTTP/2" 500 905 "https://nordisk-netvaerk-neurorehab.com/?loknya=/vr/www/vhosts/nordisk-netverk-neurorehb.com/././lscche/1/" "Mozilla/5.0 AppleWebKit/537.36 (KHTML, like Gecko; compatible; GPTBot/1.4; +https://openai.com/gptbot)"
216.73.217.43 - - [28/Jul/2026:10:30:44 +0200] "GET /emner/past/feed/?lokasie=%2Fvar%2Fwww%2Fvhosts%2Fnordisk-netvaerk-neurorehab.com%2Fhttpdocs%2Fwp-content%2Flitespeed%2F.htaccess&loknya=%2Fvar%2Fwww%2Fvhosts%2Fnordisk-netvaerk-neurorehab.com%2Fhttpdocs%2Fwp-content%2Flitespeed HTTP/2" 200 1679 "-" "Mozilla/5.0 AppleWebKit/537.36 (KHTML, like Gecko; compatible; ClaudeBot/1.0; +claudebot@anthropic.com)"
216.73.217.43 - - [28/Jul/2026:10:30:45 +0200] "GET /emner/past/feed/?lokasie=%2Fvar%2Fwww%2Fvhosts%2Fnordisk-netvaerk-neurorehab.com%2Fhttpdocs%2F%2Fwp-settings.php&loknya=%2Fvar%2Fwww%2Fvhosts%2Fnordisk-netvaerk-neurorehab.com%2Fhttpdocs%2F HTTP/2" 200 7988 "-" "Mozilla/5.0 AppleWebKit/537.36 (KHTML, like Gecko; compatible; ClaudeBot/1.0; +claudebot@anthropic.com)"
74.7.227.152 - - [28/Jul/2026:10:30:46 +0200] "GET /?loknya=/vr/www/vhosts/nordisk-netverk-neurorehb.com/././lscche/2 HTTP/2" 200 1887 "https://nordisk-netvaerk-neurorehab.com/?loknya=/vr/www/vhosts/nordisk-netverk-neurorehb.com/././lscche/2/" "Mozilla/5.0 AppleWebKit/537.36 (KHTML, like Gecko; compatible; GPTBot/1.4; +https://openai.com/gptbot)"
216.73.217.43 - - [28/Jul/2026:10:30:51 +0200] "GET /emner/past/feed/'?lokasie=%2Fvar%2Fwww%2Fvhosts%2Fnordisk-netvaerk-neurorehab.com%2F%2F.myimunify_id&loknya=%2Fvar%2Fwww%2Fvhosts%2Fnordisk-netvaerk-neurorehab.com%2F HTTP/2" 500 905 "-" "Mozilla/5.0 AppleWebKit/537.36 (KHTML, like Gecko; compatible; ClaudeBot/1.0; +claudebot@anthropic.com)"
216.73.217.43 - - [28/Jul/2026:10:30:53 +0200] "GET /emner/past/feed/'?lokasie=%2Fvar%2Fwww%2Fvhosts%2Fnordisk-netvaerk-neurorehab.com%2F%2F.rnd&loknya=%2Fvar%2Fwww%2Fvhosts%2Fnordisk-netvaerk-neurorehab.com%2F HTTP/2" 200 2689 "-" "Mozilla/5.0 AppleWebKit/537.36 (KHTML, like Gecko; compatible; ClaudeBot/1.0; +claudebot@anthropic.com)"
216.73.217.43 - - [28/Jul/2026:10:30:56 +0200] "GET /author/aveo/?lokasie=%2Fvar%2Fwww%2Fvhosts%2Fnordisk-netvaerk-neurorehab.com%2Flscache%2Fa%2F9%2F9%2Fa99c447f32522954&loknya=%2Fvar%2Fwww%2Fvhosts%2Fnordisk-netvaerk-neurorehab.com%2Flscache%2Fa%2F9%2F9 HTTP/2" 200 16614 "-" "Mozilla/5.0 AppleWebKit/537.36 (KHTML, like Gecko; compatible; ClaudeBot/1.0; +claudebot@anthropic.com)"
216.73.217.43 - - [28/Jul/2026:10:30:59 +0200] "GET /author/aveo/?lokasie=%2Fvar%2Fwww%2Fvhosts%2Fnordisk-netvaerk-neurorehab.com%2Flscache%2F1%2F6%2Fe%2F16ec3930696e31c6&loknya=%2Fvar%2Fwww%2Fvhosts%2Fnordisk-netvaerk-neurorehab.com%2Flscache%2F1%2F6%2Fe HTTP/2" 200 19300 "-" "Mozilla/5.0 AppleWebKit/537.36 (KHTML, like Gecko; compatible; ClaudeBot/1.0; +claudebot@anthropic.com)"
216.73.217.43 - - [28/Jul/2026:10:31:02 +0200] "GET /emner/past/feed/'?lokasie=%2Fvar%2Fwww%2Fvhosts%2Fnordisk-netvaerk-neurorehab.com%2Fhttpdocs%2F%2Flicense.txt&loknya=%2Fvar%2Fwww%2Fvhosts%2Fnordisk-netvaerk-neurorehab.com%2Fhttpdocs%2F HTTP/2" 200 8990 "-" "Mozilla/5.0 AppleWebKit/537.36 (KHTML, like Gecko; compatible; ClaudeBot/1.0; +claudebot@anthropic.com)"
216.73.217.43 - - [28/Jul/2026:10:31:05 +0200] "GET /author/aveo/?lokasie=%2Fvar%2Fwww%2Fvhosts%2Fnordisk-netvaerk-neurorehab.com%2Flscache%2F7%2F8%2F3%2F783a0557a5a55ab9&loknya=%2Fvar%2Fwww%2Fvhosts%2Fnordisk-netvaerk-neurorehab.com%2Flscache%2F7%2F8%2F3 HTTP/2" 200 15105 "-" "Mozilla/5.0 AppleWebKit/537.36 (KHTML, like Gecko; compatible; ClaudeBot/1.0; +claudebot@anthropic.com)"
216.73.217.43 - - [28/Jul/2026:10:31:08 +0200] "GET /?lokasie=%2Fvar%2Fwww%2Fvhosts%2Fnordisk-netvaerk-neurorehab.com%2Flscache%2Fa%2F1%2Fa%2Fa1a8756233a8f454&loknya=%2Fvar%2Fwww%2Fvhosts%2Fnordisk-netvaerk-neurorehab.com%2Flscache%2Fa%2F1%2Fa HTTP/2" 200 1864 "-" "Mozilla/5.0 AppleWebKit/537.36 (KHTML, like Gecko; compatible; ClaudeBot/1.0; +claudebot@anthropic.com)"
216.73.217.43 - - [28/Jul/2026:10:31:11 +0200] "GET /author/aveo/?lokasie=%2Fvar%2Fwww%2Fvhosts%2Fnordisk-netvaerk-neurorehab.com%2Flscache%2Fa%2F8%2F9%2Fa8966ac038d57e2f&loknya=%2Fvar%2Fwww%2Fvhosts%2Fnordisk-netvaerk-neurorehab.com%2Flscache%2Fa%2F8%2F9 HTTP/2" 200 19238 "-" "Mozilla/5.0 AppleWebKit/537.36 (KHTML, like Gecko; compatible; ClaudeBot/1.0; +claudebot@anthropic.com)"
57.141.0.29 - - [28/Jul/2026:10:31:12 +0200] "GET /dp/23b4d6561230675?lokasie=/var/www/vhosts/nordisk-netvaerk-neurorehab.com/httpdocs/wp-includes/class-wp-block-parser-block.php&loknya=/var/www/vhosts/nordisk-netvaerk-neurorehab.com/httpdocs/wp-includes HTTP/2" 200 7302 "-" "Mozilla/5.0 (Windows NT 10.0; Win64; x64) AppleWebKit/537.36 (KHTML, like Gecko) Chrome/145.0.0.0 Safari/537.36 (compatible; meta-externalagent/1.1 (+https://developers.facebook.com/docs/sharing/webmasters/crawler))"
57.141.0.2 - - [28/Jul/2026:10:31:12 +0200] "GET /dp/23b4d6561230675?lokasie=/var/www/vhosts/nordisk-netvaerk-neurorehab.com/httpdocs/wp-includes/class-wp-feed-cache-transient.php&loknya=/var/www/vhosts/nordisk-netvaerk-neurorehab.com/httpdocs/wp-includes HTTP/2" 200 8006 "-" "Mozilla/5.0 (Macintosh; Intel Mac OS X 10_15_7) AppleWebKit/537.36 (KHTML, like Gecko) Chrome/145.0.0.0 Safari/537.36 (compatible; meta-externalagent/1.1 (+https://developers.facebook.com/docs/sharing/webmasters/crawler))"
216.73.217.43 - - [28/Jul/2026:10:31:14 +0200] "GET /emner/past/feed/?lokasie=%2Fvar%2Fwww%2Fvhosts%2Fnordisk-netvaerk-neurorehab.com%2Fhttpdocs%2F%2F%2Flicense.txt&loknya=%2Fvar%2Fwww%2Fvhosts%2Fnordisk-netvaerk-neurorehab.com%2Fhttpdocs%2F%2F HTTP/2" 200 8995 "-" "Mozilla/5.0 AppleWebKit/537.36 (KHTML, like Gecko; compatible; ClaudeBot/1.0; +claudebot@anthropic.com)"
74.7.227.152 - - [28/Jul/2026:10:31:15 +0200] "GET /?loknya=/var/www/vhosts/nordisk-netvaerk-neurorehab.com/././.cagefs/opt/alt/php82 HTTP/2" 200 2088 "https://nordisk-netvaerk-neurorehab.com/?loknya=/var/www/vhosts/nordisk-netvaerk-neurorehab.com/././.cagefs/opt/alt" "Mozilla/5.0 AppleWebKit/537.36 (KHTML, like Gecko; compatible; GPTBot/1.4; +https://openai.com/gptbot)"
216.73.217.43 - - [28/Jul/2026:10:31:17 +0200] "GET /'?lokasie=%2Fvar%2Fwww%2Fvhosts%2Fnordisk-netvaerk-neurorehab.com%2Flscache%2Fa%2F9%2F9%2Fa99c447f32522954&loknya=%2Fvar%2Fwww%2Fvhosts%2Fnordisk-netvaerk-neurorehab.com%2Flscache%2Fa%2F9%2F9 HTTP/2" 200 16614 "-" "Mozilla/5.0 AppleWebKit/537.36 (KHTML, like Gecko; compatible; ClaudeBot/1.0; +claudebot@anthropic.com)"
216.73.217.43 - - [28/Jul/2026:10:31:20 +0200] "GET /emner/past/feed/?lokasie=%2Fvar%2Fwww%2Fvhosts%2Fnordisk-netvaerk-neurorehab.com%2Fhttpdocs%2Fwp-admin%2Fjs%2Fgallery.min.js&loknya=%2Fvar%2Fwww%2Fvhosts%2Fnordisk-netvaerk-neurorehab.com%2Fhttpdocs%2Fwp-admin%2Fjs HTTP/2" 200 3128 "-" "Mozilla/5.0 AppleWebKit/537.36 (KHTML, like Gecko; compatible; ClaudeBot/1.0; +claudebot@anthropic.com)"
216.73.217.43 - - [28/Jul/2026:10:31:23 +0200] "GET /emner/past/feed/?lokasie=%2Fvar%2Fwww%2Fvhosts%2Fnordisk-netvaerk-neurorehab.com%2Fhttpdocs%2Fwp-includes%2Ftheme-i18n.json&loknya=%2Fvar%2Fwww%2Fvhosts%2Fnordisk-netvaerk-neurorehab.com%2Fhttpdocs%2Fwp-includes HTTP/2" 200 2079 "-" "Mozilla/5.0 AppleWebKit/537.36 (KHTML, like Gecko; compatible; ClaudeBot/1.0; +claudebot@anthropic.com)"
216.73.217.43 - - [28/Jul/2026:10:31:26 +0200] "GET /index.php?lokasie=%2Fvar%2Fwww%2Fvhosts%2Fnordisk-netvaerk-neurorehab.com%2Fhttpdocs%2Fwp-content%2Fuploads%2F%2FAktiv-1113.png&loknya=%2Fvar%2Fwww%2Fvhosts%2Fnordisk-netvaerk-neurorehab.com%2Fhttpdocs%2Fwp-content%2Fuploads%2F HTTP/2" 200 10834 "-" "Mozilla/5.0 AppleWebKit/537.36 (KHTML, like Gecko; compatible; ClaudeBot/1.0; +claudebot@anthropic.com)"
216.73.217.43 - - [28/Jul/2026:10:31:29 +0200] "GET /emner/past/feed/?lokasie=%2Fvar%2Fwww%2Fvhosts%2Fnordisk-netvaerk-neurorehab.com%2Fhttpdocs%2F%2F%2Fwp-cron.php&loknya=%2Fvar%2Fwww%2Fvhosts%2Fnordisk-netvaerk-neurorehab.com%2Fhttpdocs%2F%2F HTTP/2" 200 3765 "-" "Mozilla/5.0 AppleWebKit/537.36 (KHTML, like Gecko; compatible; ClaudeBot/1.0; +claudebot@anthropic.com)"
216.73.217.43 - - [28/Jul/2026:10:31:32 +0200] "GET /?lokasie=%2Fvar%2Fwww%2Fvhosts%2Fnordisk-netvaerk-neurorehab.com%2Fhttpdocs%2Fwp-content%2Fuploads%2Fbackup%2FSofie.png&loknya=%2Fvar%2Fwww%2Fvhosts%2Fnordisk-netvaerk-neurorehab.com%2Fhttpdocs%2Fwp-content%2Fuploads%2Fbackup HTTP/2" 200 189786 "-" "Mozilla/5.0 AppleWebKit/537.36 (KHTML, like Gecko; compatible; ClaudeBot/1.0; +claudebot@anthropic.com)"
216.73.217.43 - - [28/Jul/2026:10:31:35 +0200] "GET /emner/past/feed/?lokasie=%2Fvar%2Fwww%2Fvhosts%2Fnordisk-netvaerk-neurorehab.com%2Fhttpdocs%2Fwp-includes%2Fjs%2F%2Ftwemoji.min.js&loknya=%2Fvar%2Fwww%2Fvhosts%2Fnordisk-netvaerk-neurorehab.com%2Fhttpdocs%2Fwp-includes%2Fjs%2F HTTP/2" 200 5860 "-" "Mozilla/5.0 AppleWebKit/537.36 (KHTML, like Gecko; compatible; ClaudeBot/1.0; +claudebot@anthropic.com)"
216.73.217.43 - - [28/Jul/2026:10:31:38 +0200] "GET /index.php?lokasie=%2Fvar%2Fwww%2Fvhosts%2Fnordisk-netvaerk-neurorehab.com%2F%2Flogs%2Faccess_ssl_log.processed.8.gz&loknya=%2Fvar%2Fwww%2Fvhosts%2Fnordisk-netvaerk-neurorehab.com%2F%2Flogs HTTP/2" 200 791135 "-" "Mozilla/5.0 AppleWebKit/537.36 (KHTML, like Gecko; compatible; ClaudeBot/1.0; +claudebot@anthropic.com)"
74.7.227.152 - - [28/Jul/2026:10:31:41 +0200] "GET /?loknya=/var/www/vhosts/nordisk-netvaerk-neurorehab.com/././.cagefs/opt/alt/php72 HTTP/2" 200 2088 "https://nordisk-netvaerk-neurorehab.com/?loknya=/var/www/vhosts/nordisk-netvaerk-neurorehab.com/././.cagefs/opt/alt" "Mozilla/5.0 AppleWebKit/537.36 (KHTML, like Gecko; compatible; GPTBot/1.4; +https://openai.com/gptbot)"
216.73.217.43 - - [28/Jul/2026:10:31:43 +0200] "GET /emner/past/feed/?lokasie=%2Fvar%2Fwww%2Fvhosts%2Fnordisk-netvaerk-neurorehab.com%2Fhttpdocs%2F%2Fwp-config-sample.php&loknya=%2Fvar%2Fwww%2Fvhosts%2Fnordisk-netvaerk-neurorehab.com%2Fhttpdocs%2F HTTP/2" 200 2946 "-" "Mozilla/5.0 AppleWebKit/537.36 (KHTML, like Gecko; compatible; ClaudeBot/1.0; +claudebot@anthropic.com)"
216.73.217.43 - - [28/Jul/2026:10:31:46 +0200] "GET /emner/past/feed/?lokasie=%2Fvar%2Fwww%2Fvhosts%2Fnordisk-netvaerk-neurorehab.com%2Fhttpdocs%2Fwp-admin%2Fjs%2Fsite-icon.min.js&loknya=%2Fvar%2Fwww%2Fvhosts%2Fnordisk-netvaerk-neurorehab.com%2Fhttpdocs%2Fwp-admin%2Fjs HTTP/2" 200 2621 "-" "Mozilla/5.0 AppleWebKit/537.36 (KHTML, like Gecko; compatible; ClaudeBot/1.0; +claudebot@anthropic.com)"
216.73.217.43 - - [28/Jul/2026:10:31:49 +0200] "GET /emner/past/feed/?lokasie=%2Fvar%2Fwww%2Fvhosts%2Fnordisk-netvaerk-neurorehab.com%2Fhttpdocs%2Fwp-admin%2Fjs%2Fword-count.min.js&loknya=%2Fvar%2Fwww%2Fvhosts%2Fnordisk-netvaerk-neurorehab.com%2Fhttpdocs%2Fwp-admin%2Fjs HTTP/2" 200 2358 "-" "Mozilla/5.0 AppleWebKit/537.36 (KHTML, like Gecko; compatible; ClaudeBot/1.0; +claudebot@anthropic.com)"
216.73.217.43 - - [28/Jul/2026:10:31:53 +0200] "GET /sitemap.xml?lokasie=%2Fvar%2Fwww%2Fvhosts%2Fnordisk-netvaerk-neurorehab.com%2Fhttpdocs%2Fwp-content%2Fthemes%2Fcgrltby%2Fstyle.css&loknya=%2Fvar%2Fwww%2Fvhosts%2Fnordisk-netvaerk-neurorehab.com%2Fhttpdocs%2Fwp-content%2Fthemes%2Fcgrltby HTTP/2" 200 3481 "-" "Mozilla/5.0 AppleWebKit/537.36 (KHTML, like Gecko; compatible; ClaudeBot/1.0; +claudebot@anthropic.com)"
216.73.217.43 - - [28/Jul/2026:10:31:55 +0200] "GET /emner/past/feed/?lokasie=%2Fvar%2Fwww%2Fvhosts%2Fnordisk-netvaerk-neurorehab.com%2Fhttpdocs%2Fwp-admin%2Fjs%2Fxfn.js&loknya=%2Fvar%2Fwww%2Fvhosts%2Fnordisk-netvaerk-neurorehab.com%2Fhttpdocs%2Fwp-admin%2Fjs HTTP/2" 200 2007 "-" "Mozilla/5.0 AppleWebKit/537.36 (KHTML, like Gecko; compatible; ClaudeBot/1.0; +claudebot@anthropic.com)"
216.73.217.43 - - [28/Jul/2026:10:31:58 +0200] "GET /emner/past/feed/?lokasie=%2Fvar%2Fwww%2Fvhosts%2Fnordisk-netvaerk-neurorehab.com%2Fhttpdocs%2F%2F%2Fwp-trackback.php&loknya=%2Fvar%2Fwww%2Fvhosts%2Fnordisk-netvaerk-neurorehab.com%2Fhttpdocs%2F%2F HTTP/2" 200 3597 "-" "Mozilla/5.0 AppleWebKit/537.36 (KHTML, like Gecko; compatible; ClaudeBot/1.0; +claudebot@anthropic.com)"
216.73.217.43 - - [28/Jul/2026:10:32:01 +0200] "GET /?lokasie=%2Fvar%2Fwww%2Fvhosts%2Fnordisk-netvaerk-neurorehab.com%2Fhttpdocs%2Fwp-content%2Fuploads%2Fsteering-group.png&loknya=%2Fvar%2Fwww%2Fvhosts%2Fnordisk-netvaerk-neurorehab.com%2Fhttpdocs%2Fwp-content%2Fuploads HTTP/2" 200 54564 "-" "Mozilla/5.0 AppleWebKit/537.36 (KHTML, like Gecko; compatible; ClaudeBot/1.0; +claudebot@anthropic.com)"
74.7.227.152 - - [28/Jul/2026:10:32:03 +0200] "GET /?loknya=/var/www/vhosts/nordisk-netvaerk-neurorehab.com/././.cagefs/opt/alt/php51 HTTP/2" 200 2088 "https://nordisk-netvaerk-neurorehab.com/?loknya=/var/www/vhosts/nordisk-netvaerk-neurorehab.com/././.cagefs/opt/alt" "Mozilla/5.0 AppleWebKit/537.36 (KHTML, like Gecko; compatible; GPTBot/1.4; +https://openai.com/gptbot)"
216.73.217.43 - - [28/Jul/2026:10:32:04 +0200] "GET /author/aveo/?loknya=%2Fvar%2Fwww%2Fvhot%2Fnordik-netvaerk-neurorehab.com%2Fhttpdoc HTTP/2" 200 1870 "-" "Mozilla/5.0 AppleWebKit/537.36 (KHTML, like Gecko; compatible; ClaudeBot/1.0; +claudebot@anthropic.com)"
216.73.217.43 - - [28/Jul/2026:10:32:07 +0200] "GET /index.php?lokasie=%2Fvar%2Fwww%2Fvhosts%2Fnordisk-netvaerk-neurorehab.com%2Fhttpdocs%2Fwp-content%2Fuploads%2FDanderyds_sjukhus.jpg&loknya=%2Fvar%2Fwww%2Fvhosts%2Fnordisk-netvaerk-neurorehab.com%2Fhttpdocs%2Fwp-content%2Fuploads HTTP/2" 200 2666741 "-" "Mozilla/5.0 AppleWebKit/537.36 (KHTML, like Gecko; compatible; ClaudeBot/1.0; +claudebot@anthropic.com)"
216.73.217.43 - - [28/Jul/2026:10:32:13 +0200] "GET /index.php?lokasie=%2Fvar%2Fwww%2Fvhosts%2Fnordisk-netvaerk-neurorehab.com%2Fhttpdocs%2Fwp-content%2Fuploads%2F%2FLena-225x300.jpg.webp&loknya=%2Fvar%2Fwww%2Fvhosts%2Fnordisk-netvaerk-neurorehab.com%2Fhttpdocs%2Fwp-content%2Fuploads%2F HTTP/2" 200 5623 "-" "Mozilla/5.0 AppleWebKit/537.36 (KHTML, like Gecko; compatible; ClaudeBot/1.0; +claudebot@anthropic.com)"
57.141.0.62 - - [28/Jul/2026:10:32:17 +0200] "GET /dp/393980582418067?lokasie=/var/www/vhosts/nordisk-netvaerk-neurorehab.com/httpdocs/wp-includes/class.wp-scripts.php&loknya=/var/www/vhosts/nordisk-netvaerk-neurorehab.com/httpdocs/wp-includes HTTP/2" 200 4973 "-" "Mozilla/5.0 (Windows NT 10.0; Win64; x64) AppleWebKit/537.36 (KHTML, like Gecko) Chrome/145.0.0.0 Safari/537.36 (compatible; meta-externalagent/1.1 (+https://developers.facebook.com/docs/sharing/webmasters/crawler))"
216.73.217.43 - - [28/Jul/2026:10:32:17 +0200] "GET /emner/past/feed/?lokasie=%2Fvar%2Fwww%2Fvhosts%2Fnordisk-netvaerk-neurorehab.com%2Fhttpdocs%2Fwp-content%2Fuploads%2Fbackup%2Fimage004.jpg&loknya=%2Fvar%2Fwww%2Fvhosts%2Fnordisk-netvaerk-neurorehab.com%2Fhttpdocs%2Fwp-content%2Fuploads%2Fbackup HTTP/2" 200 130216 "-" "Mozilla/5.0 AppleWebKit/537.36 (KHTML, like Gecko; compatible; ClaudeBot/1.0; +claudebot@anthropic.com)"
216.73.217.43 - - [28/Jul/2026:10:32:20 +0200] "GET /index.php?lokasie=%2Fvar%2Fwww%2Fvhosts%2Fnordisk-netvaerk-neurorehab.com%2Fhttpdocs%2Fwp-admin%2Fimages%2Falign-left.png&loknya=%2Fvar%2Fwww%2Fvhosts%2Fnordisk-netvaerk-neurorehab.com%2Fhttpdocs%2Fwp-admin%2Fimages HTTP/2" 200 2286 "-" "Mozilla/5.0 AppleWebKit/537.36 (KHTML, like Gecko; compatible; ClaudeBot/1.0; +claudebot@anthropic.com)"
74.7.227.152 - - [28/Jul/2026:10:32:23 +0200] "GET /?loknya=/var/www/vhosts/nordisk-netvaerk-neurorehab.com/././.cagefs/opt/alt/php53 HTTP/2" 200 2088 "https://nordisk-netvaerk-neurorehab.com/?loknya=/var/www/vhosts/nordisk-netvaerk-neurorehab.com/././.cagefs/opt/alt" "Mozilla/5.0 AppleWebKit/537.36 (KHTML, like Gecko; compatible; GPTBot/1.4; +https://openai.com/gptbot)"
216.73.217.43 - - [28/Jul/2026:10:32:23 +0200] "GET /index.php?lokasie=%2Fvar%2Fwww%2Fvhosts%2Fnordisk-netvaerk-neurorehab.com%2Fhttpdocs%2Fwp-content%2Fuploads%2FAktiv-1113.png&loknya=%2Fvar%2Fwww%2Fvhosts%2Fnordisk-netvaerk-neurorehab.com%2Fhttpdocs%2Fwp-content%2Fuploads HTTP/2" 200 10839 "-" "Mozilla/5.0 AppleWebKit/537.36 (KHTML, like Gecko; compatible; ClaudeBot/1.0; +claudebot@anthropic.com)"
216.73.217.43 - - [28/Jul/2026:10:32:26 +0200] "GET /index.php?lokasie=%2Fvar%2Fwww%2Fvhosts%2Fnordisk-netvaerk-neurorehab.com%2Fhttpdocs%2Fwp-content%2Fuploads%2FLena-1152x1536.jpg.webp&loknya=%2Fvar%2Fwww%2Fvhosts%2Fnordisk-netvaerk-neurorehab.com%2Fhttpdocs%2Fwp-content%2Fuploads HTTP/2" 200 106617 "-" "Mozilla/5.0 AppleWebKit/537.36 (KHTML, like Gecko; compatible; ClaudeBot/1.0; +claudebot@anthropic.com)"
216.73.217.43 - - [28/Jul/2026:10:32:29 +0200] "GET /index.php?lokasie=%2Fvar%2Fwww%2Fvhosts%2Fnordisk-netvaerk-neurorehab.com%2Fhttpdocs%2Fwp-content%2Fuploads%2FLena-225x300.jpg.webp&loknya=%2Fvar%2Fwww%2Fvhosts%2Fnordisk-netvaerk-neurorehab.com%2Fhttpdocs%2Fwp-content%2Fuploads HTTP/2" 200 5628 "-" "Mozilla/5.0 AppleWebKit/537.36 (KHTML, like Gecko; compatible; ClaudeBot/1.0; +claudebot@anthropic.com)"
57.141.0.64 - - [28/Jul/2026:10:32:32 +0200] "GET /dp/728138433827587 HTTP/2" 200 43844 "-" "Mozilla/5.0 (Macintosh; Intel Mac OS X 10_15_7) AppleWebKit/537.36 (KHTML, like Gecko) Chrome/145.0.0.0 Safari/537.36 (compatible; meta-externalagent/1.1 (+https://developers.facebook.com/docs/sharing/webmasters/crawler))"
216.73.217.43 - - [28/Jul/2026:10:32:33 +0200] "GET /index.php?lokasie=%2Fvar%2Fwww%2Fvhosts%2Fnordisk-netvaerk-neurorehab.com%2Fhttpdocs%2Fwp-content%2Fuploads%2F%2FAktiv-111-150x150.png&loknya=%2Fvar%2Fwww%2Fvhosts%2Fnordisk-netvaerk-neurorehab.com%2Fhttpdocs%2Fwp-content%2Fuploads%2F HTTP/2" 200 3655 "-" "Mozilla/5.0 AppleWebKit/537.36 (KHTML, like Gecko; compatible; ClaudeBot/1.0; +claudebot@anthropic.com)"
216.73.217.43 - - [28/Jul/2026:10:32:36 +0200] "GET /emner/past/feed/'?lokasie=%2Fvar%2Fwww%2Fvhosts%2Fnordisk-netvaerk-neurorehab.com%2Fhttpdocs%2F%2Fwp-config.php&loknya=%2Fvar%2Fwww%2Fvhosts%2Fnordisk-netvaerk-neurorehab.com%2Fhttpdocs%2F HTTP/2" 200 3692 "-" "Mozilla/5.0 AppleWebKit/537.36 (KHTML, like Gecko; compatible; ClaudeBot/1.0; +claudebot@anthropic.com)"
216.73.217.43 - - [28/Jul/2026:10:32:39 +0200] "GET /?lokasie=%2Fvar%2Fwww%2Fvhosts%2Fnordisk-netvaerk-neurorehab.com%2Fhttpdocs%2Fwp-content%2Fuploads%2Fdanmark-768x512.gif&loknya=%2Fvar%2Fwww%2Fvhosts%2Fnordisk-netvaerk-neurorehab.com%2Fhttpdocs%2Fwp-content%2Fuploads HTTP/2" 200 6360 "-" "Mozilla/5.0 AppleWebKit/537.36 (KHTML, like Gecko; compatible; ClaudeBot/1.0; +claudebot@anthropic.com)"
216.73.217.43 - - [28/Jul/2026:10:32:42 +0200] "GET /index.php?lokasie=%2Fvar%2Fwww%2Fvhosts%2Fnordisk-netvaerk-neurorehab.com%2Fhttpdocs%2Fwp-content%2Fuploads%2FSofie-278x300.png&loknya=%2Fvar%2Fwww%2Fvhosts%2Fnordisk-netvaerk-neurorehab.com%2Fhttpdocs%2Fwp-content%2Fuploads HTTP/2" 200 46239 "-" "Mozilla/5.0 AppleWebKit/537.36 (KHTML, like Gecko; compatible; ClaudeBot/1.0; +claudebot@anthropic.com)"
74.7.227.152 - - [28/Jul/2026:10:32:42 +0200] "GET /?loknya=/var/www/vhosts/nordisk-netvaerk-neurorehab.com/././.cagefs/opt/alt/php71 HTTP/2" 200 2088 "https://nordisk-netvaerk-neurorehab.com/?loknya=/var/www/vhosts/nordisk-netvaerk-neurorehab.com/././.cagefs/opt/alt" "Mozilla/5.0 AppleWebKit/537.36 (KHTML, like Gecko; compatible; GPTBot/1.4; +https://openai.com/gptbot)"
216.73.217.43 - - [28/Jul/2026:10:32:45 +0200] "GET /index.php?lokasie=%2Fvar%2Fwww%2Fvhosts%2Fnordisk-netvaerk-neurorehab.com%2Flscache%2Ff%2Fd%2Fe%2Ffdec57cdba85ebb8&loknya=%2Fvar%2Fwww%2Fvhosts%2Fnordisk-netvaerk-neurorehab.com%2Flscache%2Ff%2Fd%2Fe HTTP/2" 200 26299 "-" "Mozilla/5.0 AppleWebKit/537.36 (KHTML, like Gecko; compatible; ClaudeBot/1.0; +claudebot@anthropic.com)"
216.73.217.43 - - [28/Jul/2026:10:32:48 +0200] "GET /index.php?lokasie=%2Fvar%2Fwww%2Fvhosts%2Fnordisk-netvaerk-neurorehab.com%2Fhttpdocs%2Fwp-includes%2Fimages%2Fcrystal%2Ftext.png&loknya=%2Fvar%2Fwww%2Fvhosts%2Fnordisk-netvaerk-neurorehab.com%2Fhttpdocs%2Fwp-includes%2Fimages%2Fcrystal HTTP/2" 200 2381 "-" "Mozilla/5.0 AppleWebKit/537.36 (KHTML, like Gecko; compatible; ClaudeBot/1.0; +claudebot@anthropic.com)"
216.73.217.43 - - [28/Jul/2026:10:32:51 +0200] "GET /'?lokasie=%2Fvar%2Fwww%2Fvhosts%2Fnordisk-netvaerk-neurorehab.com%2Fhttpdocs%2Fwp-admin%2Fimages%2F.htaccess&loknya=%2Fvar%2Fwww%2Fvhosts%2Fnordisk-netvaerk-neurorehab.com%2Fhttpdocs%2Fwp-admin%2Fimages HTTP/2" 200 1675 "-" "Mozilla/5.0 AppleWebKit/537.36 (KHTML, like Gecko; compatible; ClaudeBot/1.0; +claudebot@anthropic.com)"
57.141.0.20 - - [28/Jul/2026:10:32:51 +0200] "GET /dp/393980582418067?lokasie=/var/www/vhosts/nordisk-netvaerk-neurorehab.com/httpdocs/wp-includes/class-wp-xmlrpc-server.php&loknya=/var/www/vhosts/nordisk-netvaerk-neurorehab.com/httpdocs/wp-includes HTTP/2" 200 248557 "-" "Mozilla/5.0 (Macintosh; Intel Mac OS X 10_15_7) AppleWebKit/537.36 (KHTML, like Gecko) Chrome/145.0.0.0 Safari/537.36 (compatible; meta-externalagent/1.1 (+https://developers.facebook.com/docs/sharing/webmasters/crawler))"
57.141.0.64 - - [28/Jul/2026:10:32:52 +0200] "GET /dp/393980582418067?loknya=/var/www/vhosts/nordisk-netvaerk-neurorehab.com/httpdocs/wp-includes/interactivity-api HTTP/2" 200 12810 "-" "Mozilla/5.0 (Windows NT 10.0; Win64; x64) AppleWebKit/537.36 (KHTML, like Gecko) Chrome/145.0.0.0 Safari/537.36 (compatible; meta-externalagent/1.1 (+https://developers.facebook.com/docs/sharing/webmasters/crawler))"
57.141.0.54 - - [28/Jul/2026:10:32:52 +0200] "GET /dp/393980582418067?lokasie=/var/www/vhosts/nordisk-netvaerk-neurorehab.com/httpdocs/wp-admin/media-upload.php&loknya=/var/www/vhosts/nordisk-netvaerk-neurorehab.com/httpdocs/wp-admin HTTP/2" 200 8879 "-" "Mozilla/5.0 (Windows NT 10.0; Win64; x64) AppleWebKit/537.36 (KHTML, like Gecko) Chrome/145.0.0.0 Safari/537.36 (compatible; meta-externalagent/1.1 (+https://developers.facebook.com/docs/sharing/webmasters/crawler))"
216.73.217.43 - - [28/Jul/2026:10:32:54 +0200] "GET /author/aveo/?lokasie=%2Fvar%2Fwww%2Fvhosts%2Fnordisk-netvaerk-neurorehab.com%2Fhttpdocs%2Fwp-content%2Fuploads%2F%2FGoeteborg.png.webp&loknya=%2Fvar%2Fwww%2Fvhosts%2Fnordisk-netvaerk-neurorehab.com%2Fhttpdocs%2Fwp-content%2Fuploads%2F HTTP/2" 200 222036 "-" "Mozilla/5.0 AppleWebKit/537.36 (KHTML, like Gecko; compatible; ClaudeBot/1.0; +claudebot@anthropic.com)"
57.141.0.43 - - [28/Jul/2026:10:32:55 +0200] "GET /dp/393980582418067?lokasie=/var/www/vhosts/nordisk-netvaerk-neurorehab.com/httpdocs/wp-admin/authorize-application.php&loknya=/var/www/vhosts/nordisk-netvaerk-neurorehab.com/httpdocs/wp-admin HTTP/2" 200 17104 "-" "Mozilla/5.0 (Windows NT 10.0; Win64; x64) AppleWebKit/537.36 (KHTML, like Gecko) Chrome/145.0.0.0 Safari/537.36 (compatible; meta-externalagent/1.1 (+https://developers.facebook.com/docs/sharing/webmasters/crawler))"
57.141.0.28 - - [28/Jul/2026:10:32:56 +0200] "GET /dp/393980582418067?lokasie=/var/www/vhosts/nordisk-netvaerk-neurorehab.com/httpdocs/wp-includes/class-wp-block-template.php&loknya=/var/www/vhosts/nordisk-netvaerk-neurorehab.com/httpdocs/wp-includes HTTP/2" 200 6680 "-" "Mozilla/5.0 (Macintosh; Intel Mac OS X 10_15_7) AppleWebKit/537.36 (KHTML, like Gecko) Chrome/145.0.0.0 Safari/537.36 (compatible; meta-externalagent/1.1 (+https://developers.facebook.com/docs/sharing/webmasters/crawler))"
57.141.0.66 - - [28/Jul/2026:10:32:56 +0200] "GET /dp/393980582418067?lokasie=/var/www/vhosts/nordisk-netvaerk-neurorehab.com/httpdocs/wp-includes/class-wp-date-query.php&loknya=/var/www/vhosts/nordisk-netvaerk-neurorehab.com/httpdocs/wp-includes HTTP/2" 200 45696 "-" "Mozilla/5.0 (Windows NT 10.0; Win64; x64) AppleWebKit/537.36 (KHTML, like Gecko) Chrome/145.0.0.0 Safari/537.36 (compatible; meta-externalagent/1.1 (+https://developers.facebook.com/docs/sharing/webmasters/crawler))"
57.141.0.66 - - [28/Jul/2026:10:32:57 +0200] "GET /dp/393980582418067?lokasie=/var/www/vhosts/nordisk-netvaerk-neurorehab.com/httpdocs/wp-includes/class-wp-simplepie-file.php&loknya=/var/www/vhosts/nordisk-netvaerk-neurorehab.com/httpdocs/wp-includes HTTP/2" 200 8334 "-" "Mozilla/5.0 (Windows NT 10.0; Win64; x64) AppleWebKit/537.36 (KHTML, like Gecko) Chrome/145.0.0.0 Safari/537.36 (compatible; meta-externalagent/1.1 (+https://developers.facebook.com/docs/sharing/webmasters/crawler))"
216.73.217.43 - - [28/Jul/2026:10:32:57 +0200] "GET /?lokasie=%2Fvar%2Fwww%2Fvhosts%2Fnordisk-netvaerk-neurorehab.com%2Fhttpdocs%2Fwp-content%2Fuploads%2FFall-back-image.png&loknya=%2Fvar%2Fwww%2Fvhosts%2Fnordisk-netvaerk-neurorehab.com%2Fhttpdocs%2Fwp-content%2Fuploads HTTP/2" 200 1096758 "-" "Mozilla/5.0 AppleWebKit/537.36 (KHTML, like Gecko; compatible; ClaudeBot/1.0; +claudebot@anthropic.com)"
74.7.227.152 - - [28/Jul/2026:10:32:58 +0200] "GET /?loknya=/var/www/vhosts/nordisk-netvaerk-neurorehab.com/././.cagefs/opt/alt/php54 HTTP/2" 200 2089 "https://nordisk-netvaerk-neurorehab.com/?loknya=/var/www/vhosts/nordisk-netvaerk-neurorehab.com/././.cagefs/opt/alt" "Mozilla/5.0 AppleWebKit/537.36 (KHTML, like Gecko; compatible; GPTBot/1.4; +https://openai.com/gptbot)"
216.73.217.43 - - [28/Jul/2026:10:33:00 +0200] "GET /index.php?lokasie=%2Fvar%2Fwww%2Fvhosts%2Fnordisk-netvaerk-neurorehab.com%2Fhttpdocs%2Fwp-content%2Fuploads%2F%2FGoeteborg-300x198.png&loknya=%2Fvar%2Fwww%2Fvhosts%2Fnordisk-netvaerk-neurorehab.com%2Fhttpdocs%2Fwp-content%2Fuploads%2F HTTP/2" 200 41793 "-" "Mozilla/5.0 AppleWebKit/537.36 (KHTML, like Gecko; compatible; ClaudeBot/1.0; +claudebot@anthropic.com)"
216.73.217.43 - - [28/Jul/2026:10:33:03 +0200] "GET /emner/past/feed/?lokasie=%2Fvar%2Fwww%2Fvhosts%2Fnordisk-netvaerk-neurorehab.com%2Fhttpdocs%2Fwp-includes%2Fblocks%2Fdetails%2F.htaccess&loknya=%2Fvar%2Fwww%2Fvhosts%2Fnordisk-netvaerk-neurorehab.com%2Fhttpdocs%2Fwp-includes%2Fblocks%2Fdetails HTTP/2" 200 1688 "-" "Mozilla/5.0 AppleWebKit/537.36 (KHTML, like Gecko; compatible; ClaudeBot/1.0; +claudebot@anthropic.com)"
216.73.217.43 - - [28/Jul/2026:10:33:06 +0200] "GET /index.php?lokasie=%2Fvar%2Fwww%2Fvhosts%2Fnordisk-netvaerk-neurorehab.com%2Ffilefuns.php&loknya=%2Fvar%2Fwww%2Fvhosts%2Fnordisk-netvaerk-neurorehab.com HTTP/2" 200 3872 "-" "Mozilla/5.0 AppleWebKit/537.36 (KHTML, like Gecko; compatible; ClaudeBot/1.0; +claudebot@anthropic.com)"
216.73.217.43 - - [28/Jul/2026:10:33:09 +0200] "GET /index.php?lokasie=%2Fvar%2Fwww%2Fvhosts%2Fnordisk-netvaerk-neurorehab.com%2F%2Flogs%2Faccess_ssl_log.processed.6.gz&loknya=%2Fvar%2Fwww%2Fvhosts%2Fnordisk-netvaerk-neurorehab.com%2F%2Flogs HTTP/2" 200 942423 "-" "Mozilla/5.0 AppleWebKit/537.36 (KHTML, like Gecko; compatible; ClaudeBot/1.0; +claudebot@anthropic.com)"
216.73.217.43 - - [28/Jul/2026:10:33:12 +0200] "GET /sitemap.xml?lokasie=%2Fvar%2Fwww%2Fvhosts%2Fnordisk-netvaerk-neurorehab.com%2Fhttpdocs%2Fwp-includes%2Fimages%2Fcrystal%2F.htaccess&loknya=%2Fvar%2Fwww%2Fvhosts%2Fnordisk-netvaerk-neurorehab.com%2Fhttpdocs%2Fwp-includes%2Fimages%2Fcrystal HTTP/2" 200 1688 "-" "Mozilla/5.0 AppleWebKit/537.36 (KHTML, like Gecko; compatible; ClaudeBot/1.0; +claudebot@anthropic.com)"
74.7.227.152 - - [28/Jul/2026:10:33:14 +0200] "GET /?loknya=/var/www/vhosts/nordisk-netvaerk-neurorehab.com/././.cagefs/opt/alt/php56 HTTP/2" 200 2089 "https://nordisk-netvaerk-neurorehab.com/?loknya=/var/www/vhosts/nordisk-netvaerk-neurorehab.com/././.cagefs/opt/alt" "Mozilla/5.0 AppleWebKit/537.36 (KHTML, like Gecko; compatible; GPTBot/1.4; +https://openai.com/gptbot)"
216.73.217.43 - - [28/Jul/2026:10:33:15 +0200] "GET /author/aveo/?lokasie=%2Fvar%2Fwww%2Fvhosts%2Fnordisk-netvaerk-neurorehab.com%2Fhttpdocs%2Fwp-content%2Fuploads%2F%2Faveo-logo.svg&loknya=%2Fvar%2Fwww%2Fvhosts%2Fnordisk-netvaerk-neurorehab.com%2Fhttpdocs%2Fwp-content%2Fuploads%2F HTTP/2" 200 2595 "-" "Mozilla/5.0 AppleWebKit/537.36 (KHTML, like Gecko; compatible; ClaudeBot/1.0; +claudebot@anthropic.com)"
216.73.217.43 - - [28/Jul/2026:10:33:20 +0200] "GET /'?lokasie=%2Fvar%2Fwww%2Fvhosts%2Fnordisk-netvaerk-neurorehab.com%2Fhttpdocs%2Fwp-content%2Fplugins%2Fcxreefo%2F%2FLICENSE.txt&loknya=%2Fvar%2Fwww%2Fvhosts%2Fnordisk-netvaerk-neurorehab.com%2Fhttpdocs%2Fwp-content%2Fplugins%2Fcxreefo%2F HTTP/2" 200 8678 "-" "Mozilla/5.0 AppleWebKit/537.36 (KHTML, like Gecko; compatible; ClaudeBot/1.0; +claudebot@anthropic.com)"
216.73.217.43 - - [28/Jul/2026:10:33:23 +0200] "GET /emner/past/feed/'?lokasie=%2Fvar%2Fwww%2Fvhosts%2Fnordisk-netvaerk-neurorehab.com%2Fhttpdocs%2F%2Fwp-trackback.php&loknya=%2Fvar%2Fwww%2Fvhosts%2Fnordisk-netvaerk-neurorehab.com%2Fhttpdocs%2F HTTP/2" 200 3590 "-" "Mozilla/5.0 AppleWebKit/537.36 (KHTML, like Gecko; compatible; ClaudeBot/1.0; +claudebot@anthropic.com)"
216.73.217.43 - - [28/Jul/2026:10:33:26 +0200] "GET /emner/past/feed/?lokasie=%2Fvar%2Fwww%2Fvhosts%2Fnordisk-netvaerk-neurorehab.com%2Fhttpdocs%2F%2F%2Fwp-config.php&loknya=%2Fvar%2Fwww%2Fvhosts%2Fnordisk-netvaerk-neurorehab.com%2Fhttpdocs%2F%2F HTTP/2" 200 3690 "-" "Mozilla/5.0 AppleWebKit/537.36 (KHTML, like Gecko; compatible; ClaudeBot/1.0; +claudebot@anthropic.com)"
74.7.227.152 - - [28/Jul/2026:10:33:27 +0200] "GET /?loknya=/var/www/vhosts/nordisk-netvaerk-neurorehab.com/././.cagefs/opt/alt/php55/link HTTP/2" 200 1936 "https://nordisk-netvaerk-neurorehab.com/?loknya=/var/www/vhosts/nordisk-netvaerk-neurorehab.com/././.cagefs/opt/alt/php55" "Mozilla/5.0 AppleWebKit/537.36 (KHTML, like Gecko; compatible; GPTBot/1.4; +https://openai.com/gptbot)"
216.73.217.43 - - [28/Jul/2026:10:33:29 +0200] "GET /emner/past/feed/'?lokasie=%2Fvar%2Fwww%2Fvhosts%2Fnordisk-netvaerk-neurorehab.com%2Fhttpdocs%2F%2Fwp-cron.php&loknya=%2Fvar%2Fwww%2Fvhosts%2Fnordisk-netvaerk-neurorehab.com%2Fhttpdocs%2F HTTP/2" 200 3759 "-" "Mozilla/5.0 AppleWebKit/537.36 (KHTML, like Gecko; compatible; ClaudeBot/1.0; +claudebot@anthropic.com)"
216.73.217.43 - - [28/Jul/2026:10:33:32 +0200] "GET /index.php?lokasie=%2Fvar%2Fwww%2Fvhosts%2Fnordisk-netvaerk-neurorehab.com%2Fhttpdocs%2Fwp-content%2Fuploads%2F%2FTanja-1020x1536.jpg&loknya=%2Fvar%2Fwww%2Fvhosts%2Fnordisk-netvaerk-neurorehab.com%2Fhttpdocs%2Fwp-content%2Fuploads%2F HTTP/2" 200 50758 "-" "Mozilla/5.0 AppleWebKit/537.36 (KHTML, like Gecko; compatible; ClaudeBot/1.0; +claudebot@anthropic.com)"
216.73.217.43 - - [28/Jul/2026:10:33:35 +0200] "GET /author/aveo/?lokasie=%2Fvar%2Fwww%2Fvhosts%2Fnordisk-netvaerk-neurorehab.com%2Fhttpdocs%2Fwp-content%2Fuploads%2F%2FSofie.png.webp&loknya=%2Fvar%2Fwww%2Fvhosts%2Fnordisk-netvaerk-neurorehab.com%2Fhttpdocs%2Fwp-content%2Fuploads%2F HTTP/2" 200 14865 "-" "Mozilla/5.0 AppleWebKit/537.36 (KHTML, like Gecko; compatible; ClaudeBot/1.0; +claudebot@anthropic.com)"
216.73.217.43 - - [28/Jul/2026:10:33:38 +0200] "GET /emner/past/feed/?lokasie=%2Fvar%2Fwww%2Fvhosts%2Fnordisk-netvaerk-neurorehab.com%2Fhttpdocs%2F%2F%2Fwp-blog-header.php&loknya=%2Fvar%2Fwww%2Fvhosts%2Fnordisk-netvaerk-neurorehab.com%2Fhttpdocs%2F%2F HTTP/2" 200 1981 "-" "Mozilla/5.0 AppleWebKit/537.36 (KHTML, like Gecko; compatible; ClaudeBot/1.0; +claudebot@anthropic.com)"
74.7.227.152 - - [28/Jul/2026:10:33:39 +0200] "GET /?loknya=/var/www/vhosts/nordisk-netvaerk-neurorehab.com/././.cagefs/opt/alt/php55/var HTTP/2" 200 2073 "https://nordisk-netvaerk-neurorehab.com/?loknya=/var/www/vhosts/nordisk-netvaerk-neurorehab.com/././.cagefs/opt/alt/php55" "Mozilla/5.0 AppleWebKit/537.36 (KHTML, like Gecko; compatible; GPTBot/1.4; +https://openai.com/gptbot)"
216.73.217.43 - - [28/Jul/2026:10:33:41 +0200] "GET /emner/past/feed/'?lokasie=%2Fvar%2Fwww%2Fvhosts%2Fnordisk-netvaerk-neurorehab.com%2Fhttpdocs%2F%2Fwp-activate.php&loknya=%2Fvar%2Fwww%2Fvhosts%2Fnordisk-netvaerk-neurorehab.com%2Fhttpdocs%2F HTTP/2" 200 4252 "-" "Mozilla/5.0 AppleWebKit/537.36 (KHTML, like Gecko; compatible; ClaudeBot/1.0; +claudebot@anthropic.com)"
216.73.217.43 - - [28/Jul/2026:10:33:44 +0200] "GET /emner/past/feed/?lokasie=%2Fvar%2Fwww%2Fvhosts%2Fnordisk-netvaerk-neurorehab.com%2Fhttpdocs%2Fwp-includes%2Fl10n%2F.htaccess&loknya=%2Fvar%2Fwww%2Fvhosts%2Fnordisk-netvaerk-neurorehab.com%2Fhttpdocs%2Fwp-includes%2Fl10n HTTP/2" 200 1677 "-" "Mozilla/5.0 AppleWebKit/537.36 (KHTML, like Gecko; compatible; ClaudeBot/1.0; +claudebot@anthropic.com)"
216.73.217.43 - - [28/Jul/2026:10:33:47 +0200] "GET /?lokasie=%2Fvar%2Fwww%2Fvhosts%2Fnordisk-netvaerk-neurorehab.com%2Fhttpdocs%2Fwp-content%2Fuploads%2F%2Fdanmark-768x512.gif&loknya=%2Fvar%2Fwww%2Fvhosts%2Fnordisk-netvaerk-neurorehab.com%2Fhttpdocs%2Fwp-content%2Fuploads%2F HTTP/2" 200 6364 "-" "Mozilla/5.0 AppleWebKit/537.36 (KHTML, like Gecko; compatible; ClaudeBot/1.0; +claudebot@anthropic.com)"
57.141.0.65 - - [28/Jul/2026:10:33:50 +0200] "GET /dp/393980582418067?lokasie=/var/www/vhosts/nordisk-netvaerk-neurorehab.com/httpdocs/wp-includes/class-wp-http-requests-response.php&loknya=/var/www/vhosts/nordisk-netvaerk-neurorehab.com/httpdocs/wp-includes HTTP/2" 200 9381 "-" "Mozilla/5.0 (Windows NT 10.0; Win64; x64) AppleWebKit/537.36 (KHTML, like Gecko) Chrome/145.0.0.0 Safari/537.36 (compatible; meta-externalagent/1.1 (+https://developers.facebook.com/docs/sharing/webmasters/crawler))"
74.7.227.152 - - [28/Jul/2026:10:33:50 +0200] "GET /?loknya=/var/www/vhosts/nordisk-netvaerk-neurorehab.com/././.cagefs/opt/alt/php73 HTTP/2" 200 2088 "https://nordisk-netvaerk-neurorehab.com/?loknya=/var/www/vhosts/nordisk-netvaerk-neurorehab.com/././.cagefs/opt/alt" "Mozilla/5.0 AppleWebKit/537.36 (KHTML, like Gecko; compatible; GPTBot/1.4; +https://openai.com/gptbot)"
74.7.227.152 - - [28/Jul/2026:10:34:00 +0200] "GET /?loknya=/var/www/vhosts/nordisk-netvaerk-neurorehab.com/././.cagefs/opt/alt/php70 HTTP/2" 200 2088 "https://nordisk-netvaerk-neurorehab.com/?loknya=/var/www/vhosts/nordisk-netvaerk-neurorehab.com/././.cagefs/opt/alt" "Mozilla/5.0 AppleWebKit/537.36 (KHTML, like Gecko; compatible; GPTBot/1.4; +https://openai.com/gptbot)"
74.7.227.152 - - [28/Jul/2026:10:34:09 +0200] "GET /?loknya=/var/www/vhosts/nordisk-netvaerk-neurorehab.com/././.cagefs/opt/alt/php82/var HTTP/2" 200 2072 "https://nordisk-netvaerk-neurorehab.com/?loknya=/var/www/vhosts/nordisk-netvaerk-neurorehab.com/././.cagefs/opt/alt/php82" "Mozilla/5.0 AppleWebKit/537.36 (KHTML, like Gecko; compatible; GPTBot/1.4; +https://openai.com/gptbot)"
74.7.227.152 - - [28/Jul/2026:10:34:16 +0200] "GET /?loknya=/var/www/vhosts/nordisk-netvaerk-neurorehab.com/././.cagefs/opt/alt/php72/var HTTP/2" 200 2072 "https://nordisk-netvaerk-neurorehab.com/?loknya=/var/www/vhosts/nordisk-netvaerk-neurorehab.com/././.cagefs/opt/alt/php72" "Mozilla/5.0 AppleWebKit/537.36 (KHTML, like Gecko; compatible; GPTBot/1.4; +https://openai.com/gptbot)"
74.7.227.152 - - [28/Jul/2026:10:34:23 +0200] "GET /?loknya=/var/www/vhosts/nordisk-netvaerk-neurorehab.com/././.cagefs/opt/alt/php51/var HTTP/2" 200 2072 "https://nordisk-netvaerk-neurorehab.com/?loknya=/var/www/vhosts/nordisk-netvaerk-neurorehab.com/././.cagefs/opt/alt/php51" "Mozilla/5.0 AppleWebKit/537.36 (KHTML, like Gecko; compatible; GPTBot/1.4; +https://openai.com/gptbot)"
74.7.227.152 - - [28/Jul/2026:10:34:30 +0200] "GET /?loknya=/var/www/vhosts/nordisk-netvaerk-neurorehab.com/././.cagefs/opt/alt/php53/var HTTP/2" 200 2072 "https://nordisk-netvaerk-neurorehab.com/?loknya=/var/www/vhosts/nordisk-netvaerk-neurorehab.com/././.cagefs/opt/alt/php53" "Mozilla/5.0 AppleWebKit/537.36 (KHTML, like Gecko; compatible; GPTBot/1.4; +https://openai.com/gptbot)"
74.7.227.152 - - [28/Jul/2026:10:34:36 +0200] "GET /?loknya=/var/www/vhosts/nordisk-netvaerk-neurorehab.com/././.cagefs/opt/alt/php71/var HTTP/2" 200 2072 "https://nordisk-netvaerk-neurorehab.com/?loknya=/var/www/vhosts/nordisk-netvaerk-neurorehab.com/././.cagefs/opt/alt/php71" "Mozilla/5.0 AppleWebKit/537.36 (KHTML, like Gecko; compatible; GPTBot/1.4; +https://openai.com/gptbot)"
74.7.227.152 - - [28/Jul/2026:10:34:41 +0200] "GET /?loknya=/var/www/vhosts/nordisk-netvaerk-neurorehab.com/././.cagefs/opt/alt/php54/var HTTP/2" 200 2073 "https://nordisk-netvaerk-neurorehab.com/?loknya=/var/www/vhosts/nordisk-netvaerk-neurorehab.com/././.cagefs/opt/alt/php54" "Mozilla/5.0 AppleWebKit/537.36 (KHTML, like Gecko; compatible; GPTBot/1.4; +https://openai.com/gptbot)"
74.7.227.152 - - [28/Jul/2026:10:34:46 +0200] "GET /?loknya=/var/www/vhosts/nordisk-netvaerk-neurorehab.com/././.cagefs/opt/alt/php56/var HTTP/2" 200 2072 "https://nordisk-netvaerk-neurorehab.com/?loknya=/var/www/vhosts/nordisk-netvaerk-neurorehab.com/././.cagefs/opt/alt/php56" "Mozilla/5.0 AppleWebKit/537.36 (KHTML, like Gecko; compatible; GPTBot/1.4; +https://openai.com/gptbot)"
74.7.227.152 - - [28/Jul/2026:10:34:50 +0200] "GET /?loknya=/var/www/vhosts/nordisk-netvaerk-neurorehab.com/././.cagefs/opt/alt/php55/ HTTP/2" 200 2080 "https://nordisk-netvaerk-neurorehab.com/?loknya=/var/www/vhosts/nordisk-netvaerk-neurorehab.com/././.cagefs/opt/alt/php55/link" "Mozilla/5.0 AppleWebKit/537.36 (KHTML, like Gecko; compatible; GPTBot/1.4; +https://openai.com/gptbot)"
74.7.227.152 - - [28/Jul/2026:10:34:54 +0200] "GET /?loknya=/var/www/vhosts/nordisk-netvaerk-neurorehab.com/././.cagefs/opt/alt/php55/var/lib HTTP/2" 200 2057 "https://nordisk-netvaerk-neurorehab.com/?loknya=/var/www/vhosts/nordisk-netvaerk-neurorehab.com/././.cagefs/opt/alt/php55/var" "Mozilla/5.0 AppleWebKit/537.36 (KHTML, like Gecko; compatible; GPTBot/1.4; +https://openai.com/gptbot)"
74.7.227.152 - - [28/Jul/2026:10:34:57 +0200] "GET /?loknya=/www/vhosts/nordisk-netvaerk-neurorehab.com/././.cagefs/opt/alt/php55/ HTTP/2" 200 1903 "https://nordisk-netvaerk-neurorehab.com/?loknya=/var/www/vhosts/nordisk-netvaerk-neurorehab.com/././.cagefs/opt/alt/php55/var" "Mozilla/5.0 AppleWebKit/537.36 (KHTML, like Gecko; compatible; GPTBot/1.4; +https://openai.com/gptbot)"
74.7.227.152 - - [28/Jul/2026:10:35:00 +0200] "GET /?loknya=/var/www/vhosts/nordisk-netvaerk-neurorehab.com/././.cagefs/opt/alt/php70/var HTTP/2" 200 2072 "https://nordisk-netvaerk-neurorehab.com/?loknya=/var/www/vhosts/nordisk-netvaerk-neurorehab.com/././.cagefs/opt/alt/php70" "Mozilla/5.0 AppleWebKit/537.36 (KHTML, like Gecko; compatible; GPTBot/1.4; +https://openai.com/gptbot)"
57.141.0.27 - - [28/Jul/2026:10:35:02 +0200] "GET /dp/393980582418067?lokasie=/var/www/vhosts/nordisk-netvaerk-neurorehab.com/httpdocs/wp-includes/embed.php&loknya=/var/www/vhosts/nordisk-netvaerk-neurorehab.com/httpdocs/wp-includes HTTP/2" 200 14569 "-" "Mozilla/5.0 (Macintosh; Intel Mac OS X 10_15_7) AppleWebKit/537.36 (KHTML, like Gecko) Chrome/145.0.0.0 Safari/537.36 (compatible; meta-externalagent/1.1 (+https://developers.facebook.com/docs/sharing/webmasters/crawler))"
74.7.227.152 - - [28/Jul/2026:10:35:03 +0200] "GET /?loknya=/var/www/vhosts/nordisk-netvaerk-neurorehab.com/././.cagefs/opt/alt/php73/var HTTP/2" 200 2072 "https://nordisk-netvaerk-neurorehab.com/?loknya=/var/www/vhosts/nordisk-netvaerk-neurorehab.com/././.cagefs/opt/alt/php73" "Mozilla/5.0 AppleWebKit/537.36 (KHTML, like Gecko; compatible; GPTBot/1.4; +https://openai.com/gptbot)"
74.7.227.152 - - [28/Jul/2026:10:35:07 +0200] "GET /?loknya=/www/vhosts/nordisk-netvaerk-neurorehab.com/././.cagefs/opt/alt/php72/ HTTP/2" 200 1903 "https://nordisk-netvaerk-neurorehab.com/?loknya=/var/www/vhosts/nordisk-netvaerk-neurorehab.com/././.cagefs/opt/alt/php72/var" "Mozilla/5.0 AppleWebKit/537.36 (KHTML, like Gecko; compatible; GPTBot/1.4; +https://openai.com/gptbot)"
74.7.227.152 - - [28/Jul/2026:10:35:10 +0200] "GET /?loknya=/www/vhosts/nordisk-netvaerk-neurorehab.com/././.cagefs/opt/alt/php51/ HTTP/2" 200 1903 "https://nordisk-netvaerk-neurorehab.com/?loknya=/var/www/vhosts/nordisk-netvaerk-neurorehab.com/././.cagefs/opt/alt/php51/var" "Mozilla/5.0 AppleWebKit/537.36 (KHTML, like Gecko; compatible; GPTBot/1.4; +https://openai.com/gptbot)"
74.7.227.152 - - [28/Jul/2026:10:35:13 +0200] "GET /?loknya=/www/vhosts/nordisk-netvaerk-neurorehab.com/././.cagefs/opt/alt/php53/ HTTP/2" 200 1903 "https://nordisk-netvaerk-neurorehab.com/?loknya=/var/www/vhosts/nordisk-netvaerk-neurorehab.com/././.cagefs/opt/alt/php53/var" "Mozilla/5.0 AppleWebKit/537.36 (KHTML, like Gecko; compatible; GPTBot/1.4; +https://openai.com/gptbot)"
74.7.227.152 - - [28/Jul/2026:10:35:16 +0200] "GET /?loknya=/www/vhosts/nordisk-netvaerk-neurorehab.com/././.cagefs/opt/alt/php71/ HTTP/2" 200 1903 "https://nordisk-netvaerk-neurorehab.com/?loknya=/var/www/vhosts/nordisk-netvaerk-neurorehab.com/././.cagefs/opt/alt/php71/var" "Mozilla/5.0 AppleWebKit/537.36 (KHTML, like Gecko; compatible; GPTBot/1.4; +https://openai.com/gptbot)"
74.7.227.152 - - [28/Jul/2026:10:35:19 +0200] "GET /?loknya=/www/vhosts/nordisk-netvaerk-neurorehab.com/././.cagefs/opt/alt/php82/ HTTP/2" 200 1903 "https://nordisk-netvaerk-neurorehab.com/?loknya=/var/www/vhosts/nordisk-netvaerk-neurorehab.com/././.cagefs/opt/alt/php82/var" "Mozilla/5.0 AppleWebKit/537.36 (KHTML, like Gecko; compatible; GPTBot/1.4; +https://openai.com/gptbot)"
74.7.227.152 - - [28/Jul/2026:10:35:22 +0200] "GET /?loknya=/www/vhosts/nordisk-netvaerk-neurorehab.com/././.cagefs/opt/alt/php54/ HTTP/2" 200 1903 "https://nordisk-netvaerk-neurorehab.com/?loknya=/var/www/vhosts/nordisk-netvaerk-neurorehab.com/././.cagefs/opt/alt/php54/var" "Mozilla/5.0 AppleWebKit/537.36 (KHTML, like Gecko; compatible; GPTBot/1.4; +https://openai.com/gptbot)"
74.7.227.152 - - [28/Jul/2026:10:35:25 +0200] "GET /?loknya=/www/vhosts/nordisk-netvaerk-neurorehab.com/././.cagefs/opt/alt/php56/ HTTP/2" 200 1903 "https://nordisk-netvaerk-neurorehab.com/?loknya=/var/www/vhosts/nordisk-netvaerk-neurorehab.com/././.cagefs/opt/alt/php56/var" "Mozilla/5.0 AppleWebKit/537.36 (KHTML, like Gecko; compatible; GPTBot/1.4; +https://openai.com/gptbot)"
74.7.227.152 - - [28/Jul/2026:10:35:29 +0200] "GET /?loknya=/var/www/vhosts/nordisk-netvaerk-neurorehab.com/././.cagefs/opt/alt/php55/var/lib/php HTTP/2" 200 2093 "https://nordisk-netvaerk-neurorehab.com/?loknya=/var/www/vhosts/nordisk-netvaerk-neurorehab.com/././.cagefs/opt/alt/php55/var/lib" "Mozilla/5.0 AppleWebKit/537.36 (KHTML, like Gecko; compatible; GPTBot/1.4; +https://openai.com/gptbot)"
74.7.227.152 - - [28/Jul/2026:10:35:32 +0200] "GET /?loknya=/var/www/vhosts/nordisk-netvaerk-neurorehab.com/././.cagefs/opt/alt/php55/var/ HTTP/2" 200 2068 "https://nordisk-netvaerk-neurorehab.com/?loknya=/var/www/vhosts/nordisk-netvaerk-neurorehab.com/././.cagefs/opt/alt/php55/var/lib" "Mozilla/5.0 AppleWebKit/537.36 (KHTML, like Gecko; compatible; GPTBot/1.4; +https://openai.com/gptbot)"
74.7.227.152 - - [28/Jul/2026:10:35:35 +0200] "GET /?loknya=/www/vhosts/nordisk-netvaerk-neurorehab.com/././.cagefs/opt/alt/php70/ HTTP/2" 200 1903 "https://nordisk-netvaerk-neurorehab.com/?loknya=/var/www/vhosts/nordisk-netvaerk-neurorehab.com/././.cagefs/opt/alt/php70/var" "Mozilla/5.0 AppleWebKit/537.36 (KHTML, like Gecko; compatible; GPTBot/1.4; +https://openai.com/gptbot)"
74.7.227.152 - - [28/Jul/2026:10:35:38 +0200] "GET /?loknya=/www/vhosts/nordisk-netvaerk-neurorehab.com/././.cagefs/opt/alt/php73/ HTTP/2" 200 1903 "https://nordisk-netvaerk-neurorehab.com/?loknya=/var/www/vhosts/nordisk-netvaerk-neurorehab.com/././.cagefs/opt/alt/php73/var" "Mozilla/5.0 AppleWebKit/537.36 (KHTML, like Gecko; compatible; GPTBot/1.4; +https://openai.com/gptbot)"
74.7.227.152 - - [28/Jul/2026:10:35:41 +0200] "GET /?loknya=/var/www/vhosts/nordisk-netvaerk-neurorehab.com/././.cagefs/opt/alt/php73/var/lib HTTP/2" 200 2055 "https://nordisk-netvaerk-neurorehab.com/?loknya=/var/www/vhosts/nordisk-netvaerk-neurorehab.com/././.cagefs/opt/alt/php73/var" "Mozilla/5.0 AppleWebKit/537.36 (KHTML, like Gecko; compatible; GPTBot/1.4; +https://openai.com/gptbot)"
74.7.227.152 - - [28/Jul/2026:10:35:44 +0200] "GET /?loknya=/var/www/vhosts/nordisk-netvaerk-neurorehab.com/././.cagefs/opt/alt/php51/var/lib HTTP/2" 200 2056 "https://nordisk-netvaerk-neurorehab.com/?loknya=/var/www/vhosts/nordisk-netvaerk-neurorehab.com/././.cagefs/opt/alt/php51/var" "Mozilla/5.0 AppleWebKit/537.36 (KHTML, like Gecko; compatible; GPTBot/1.4; +https://openai.com/gptbot)"
74.7.227.152 - - [28/Jul/2026:10:35:47 +0200] "GET /?loknya=/var/www/vhosts/nordisk-netvaerk-neurorehab.com/././.cagefs/opt/alt/php54/var/lib HTTP/2" 200 2056 "https://nordisk-netvaerk-neurorehab.com/?loknya=/var/www/vhosts/nordisk-netvaerk-neurorehab.com/././.cagefs/opt/alt/php54/var" "Mozilla/5.0 AppleWebKit/537.36 (KHTML, like Gecko; compatible; GPTBot/1.4; +https://openai.com/gptbot)"
74.7.227.152 - - [28/Jul/2026:10:35:50 +0200] "GET /?loknya=/var/www/vhosts/nordisk-netvaerk-neurorehab.com/././.cagefs/opt/alt/php83 HTTP/2" 200 2088 "https://nordisk-netvaerk-neurorehab.com/?loknya=/var/www/vhosts/nordisk-netvaerk-neurorehab.com/././.cagefs/opt/alt" "Mozilla/5.0 AppleWebKit/537.36 (KHTML, like Gecko; compatible; GPTBot/1.4; +https://openai.com/gptbot)"
74.7.227.152 - - [28/Jul/2026:10:35:54 +0200] "GET /?loknya=/var/www/vhosts/nordisk-netvaerk-neurorehab.com/././.cagefs/opt/alt/php72/link HTTP/2" 200 1936 "https://nordisk-netvaerk-neurorehab.com/?loknya=/var/www/vhosts/nordisk-netvaerk-neurorehab.com/././.cagefs/opt/alt/php72" "Mozilla/5.0 AppleWebKit/537.36 (KHTML, like Gecko; compatible; GPTBot/1.4; +https://openai.com/gptbot)"
74.7.227.152 - - [28/Jul/2026:10:35:57 +0200] "GET /?loknya=/var/www/vhosts/nordisk-netvaerk-neurorehab.com/././.cagefs/opt/alt/php71/var/lib HTTP/2" 200 2056 "https://nordisk-netvaerk-neurorehab.com/?loknya=/var/www/vhosts/nordisk-netvaerk-neurorehab.com/././.cagefs/opt/alt/php71/var" "Mozilla/5.0 AppleWebKit/537.36 (KHTML, like Gecko; compatible; GPTBot/1.4; +https://openai.com/gptbot)"
74.7.227.152 - - [28/Jul/2026:10:36:00 +0200] "GET /?loknya=/var/www/vhosts/nordisk-netvaerk-neurorehab.com/././.cagefs/opt/alt/php51/link HTTP/2" 200 1936 "https://nordisk-netvaerk-neurorehab.com/?loknya=/var/www/vhosts/nordisk-netvaerk-neurorehab.com/././.cagefs/opt/alt/php51" "Mozilla/5.0 AppleWebKit/537.36 (KHTML, like Gecko; compatible; GPTBot/1.4; +https://openai.com/gptbot)"
74.7.227.152 - - [28/Jul/2026:10:36:03 +0200] "GET /?loknya=/var/www/vhosts/nordisk-netvaerk-neurorehab.com/././.cagefs/opt/alt/php55/var/lib/php/session HTTP/2" 200 1962 "https://nordisk-netvaerk-neurorehab.com/?loknya=/var/www/vhosts/nordisk-netvaerk-neurorehab.com/././.cagefs/opt/alt/php55/var/lib/php" "Mozilla/5.0 AppleWebKit/537.36 (KHTML, like Gecko; compatible; GPTBot/1.4; +https://openai.com/gptbot)"
74.7.227.152 - - [28/Jul/2026:10:36:06 +0200] "GET /?loknya=/var/www/vhosts/nordisk-netvaerk-neurorehab.com/././.cagefs/opt/alt/php72/var/lib HTTP/2" 200 2056 "https://nordisk-netvaerk-neurorehab.com/?loknya=/var/www/vhosts/nordisk-netvaerk-neurorehab.com/././.cagefs/opt/alt/php72/var" "Mozilla/5.0 AppleWebKit/537.36 (KHTML, like Gecko; compatible; GPTBot/1.4; +https://openai.com/gptbot)"
74.7.227.152 - - [28/Jul/2026:10:36:09 +0200] "GET /?loknya=/var/www/vhosts/nordisk-netvaerk-neurorehab.com/././.cagefs/opt/alt/php52 HTTP/2" 200 2088 "https://nordisk-netvaerk-neurorehab.com/?loknya=/var/www/vhosts/nordisk-netvaerk-neurorehab.com/././.cagefs/opt/alt" "Mozilla/5.0 AppleWebKit/537.36 (KHTML, like Gecko; compatible; GPTBot/1.4; +https://openai.com/gptbot)"
74.7.227.152 - - [28/Jul/2026:10:36:12 +0200] "GET /?loknya=/var/www/vhosts/nordisk-netvaerk-neurorehab.com/././.cagefs/opt/alt/php54/link HTTP/2" 200 1937 "https://nordisk-netvaerk-neurorehab.com/?loknya=/var/www/vhosts/nordisk-netvaerk-neurorehab.com/././.cagefs/opt/alt/php54" "Mozilla/5.0 AppleWebKit/537.36 (KHTML, like Gecko; compatible; GPTBot/1.4; +https://openai.com/gptbot)"
74.7.227.152 - - [28/Jul/2026:10:36:16 +0200] "GET /?loknya=/var/www/vhosts/nordisk-netvaerk-neurorehab.com/././.cagefs/opt/alt/php73/var/lib/php HTTP/2" 200 2092 "https://nordisk-netvaerk-neurorehab.com/?loknya=/var/www/vhosts/nordisk-netvaerk-neurorehab.com/././.cagefs/opt/alt/php73/var/lib" "Mozilla/5.0 AppleWebKit/537.36 (KHTML, like Gecko; compatible; GPTBot/1.4; +https://openai.com/gptbot)"
57.141.0.43 - - [28/Jul/2026:10:36:17 +0200] "GET /dp/393980582418067?lokasie=/var/www/vhosts/nordisk-netvaerk-neurorehab.com/httpdocs/wp-includes/class-walker-category.php&loknya=/var/www/vhosts/nordisk-netvaerk-neurorehab.com/httpdocs/wp-includes HTTP/2" 200 14255 "-" "Mozilla/5.0 (Windows NT 10.0; Win64; x64) AppleWebKit/537.36 (KHTML, like Gecko) Chrome/145.0.0.0 Safari/537.36 (compatible; meta-externalagent/1.1 (+https://developers.facebook.com/docs/sharing/webmasters/crawler))"
74.7.227.152 - - [28/Jul/2026:10:36:19 +0200] "GET /?loknya=/var/www/vhosts/nordisk-netvaerk-neurorehab.com/././.cagefs/opt/alt/php51/var/lib/php HTTP/2" 200 2092 "https://nordisk-netvaerk-neurorehab.com/?loknya=/var/www/vhosts/nordisk-netvaerk-neurorehab.com/././.cagefs/opt/alt/php51/var/lib" "Mozilla/5.0 AppleWebKit/537.36 (KHTML, like Gecko; compatible; GPTBot/1.4; +https://openai.com/gptbot)"
74.7.227.152 - - [28/Jul/2026:10:36:22 +0200] "GET /?loknya=/var/www/vhosts/nordisk-netvaerk-neurorehab.com/././.cagefs/opt/alt/php54/var/lib/php HTTP/2" 200 2093 "https://nordisk-netvaerk-neurorehab.com/?loknya=/var/www/vhosts/nordisk-netvaerk-neurorehab.com/././.cagefs/opt/alt/php54/var/lib" "Mozilla/5.0 AppleWebKit/537.36 (KHTML, like Gecko; compatible; GPTBot/1.4; +https://openai.com/gptbot)"
