216.73.217.139 - - [28/Jul/2026:10:00:28 +0200] "GET /emner/past/feed/?loknya=%2Fvar%2Fwww%2Fvhosts%2Fnordisk-netvaerk-neurorehab.com%2Fhttpdocs%2Fwp-includes%2Fjs%2Fdist%2Fdevelopment HTTP/2" 200 2279 "-" "Mozilla/5.0 AppleWebKit/537.36 (KHTML, like Gecko; compatible; ClaudeBot/1.0; +claudebot@anthropic.com)"
216.73.217.139 - - [28/Jul/2026:10:00:31 +0200] "GET /emner/past/feed/?lokasie=%2Fvar%2Fwww%2Fvhosts%2Fnordisk-netvaerk-neurorehab.com%2Fhttpdocs%2Fwp-includes%2FRequests%2Fsrc%2FAutoload.php&loknya=%2Fvar%2Fwww%2Fvhosts%2Fnordisk-netvaerk-neurorehab.com%2Fhttpdocs%2Fwp-includes%2FRequests%2Fsrc HTTP/2" 500 905 "-" "Mozilla/5.0 AppleWebKit/537.36 (KHTML, like Gecko; compatible; ClaudeBot/1.0; +claudebot@anthropic.com)"
74.7.227.152 - - [28/Jul/2026:10:00:30 +0200] "GET /?lokasie=/var/www/vhosts/nordisk-netvaerk-neurorehab.com/././logs/access_ssl_log.webstat&loknya=/var/www/vhosts/nordisk-netvaerk-neurorehab.com/././logs HTTP/2" 200 718737 "https://nordisk-netvaerk-neurorehab.com/?loknya=/var/www/vhosts/nordisk-netvaerk-neurorehab.com/././logs" "Mozilla/5.0 AppleWebKit/537.36 (KHTML, like Gecko; compatible; GPTBot/1.4; +https://openai.com/gptbot)"
74.7.227.152 - - [28/Jul/2026:10:00:33 +0200] "GET /?lokasie=/var/www/vhosts/nordisk-netvaerk-neurorehab.com/././logs/access_log.webstat&loknya=/var/www/vhosts/nordisk-netvaerk-neurorehab.com/././logs HTTP/2" 500 905 "https://nordisk-netvaerk-neurorehab.com/?loknya=/var/www/vhosts/nordisk-netvaerk-neurorehab.com/././logs" "Mozilla/5.0 AppleWebKit/537.36 (KHTML, like Gecko; compatible; GPTBot/1.4; +https://openai.com/gptbot)"
216.73.217.139 - - [28/Jul/2026:10:00:34 +0200] "GET /?loknya=%2Fvr%2Fwww%2Fvhosts%2Fnorisk-netverk-neurorehb.com%2Flscche HTTP/2" 500 905 "-" "Mozilla/5.0 AppleWebKit/537.36 (KHTML, like Gecko; compatible; ClaudeBot/1.0; +claudebot@anthropic.com)"
74.7.227.152 - - [28/Jul/2026:10:00:37 +0200] "GET /?lokasie=/var/www/vhosts/nordisk-netvaerk-neurorehab.com/././httpdocs/.htaccess.bk&loknya=/var/www/vhosts/nordisk-netvaerk-neurorehab.com/././httpdocs HTTP/2" 500 905 "https://nordisk-netvaerk-neurorehab.com/?loknya=/var/www/vhosts/nordisk-netvaerk-neurorehab.com/././httpdocs" "Mozilla/5.0 AppleWebKit/537.36 (KHTML, like Gecko; compatible; GPTBot/1.4; +https://openai.com/gptbot)"
216.73.217.139 - - [28/Jul/2026:10:00:37 +0200] "GET /emner/past/feed/?lokasie=%2Fvar%2Fwww%2Fvhosts%2Fnordisk-netvaerk-neurorehab.com%2Fhttpdocs%2Fwp-includes%2FSimplePie%2Fsrc%2FMisc.php&loknya=%2Fvar%2Fwww%2Fvhosts%2Fnordisk-netvaerk-neurorehab.com%2Fhttpdocs%2Fwp-includes%2FSimplePie%2Fsrc HTTP/2" 500 905 "-" "Mozilla/5.0 AppleWebKit/537.36 (KHTML, like Gecko; compatible; ClaudeBot/1.0; +claudebot@anthropic.com)"
57.141.0.51 - - [28/Jul/2026:10:00:37 +0200] "GET /dp/393980582418067?lokasie=/var/www/vhosts/nordisk-netvaerk-neurorehab.com/httpdocs/wp-includes/query.php&loknya=/var/www/vhosts/nordisk-netvaerk-neurorehab.com/httpdocs/wp-includes HTTP/2" 500 2431 "-" "Mozilla/5.0 (Macintosh; Intel Mac OS X 10_15_7) AppleWebKit/537.36 (KHTML, like Gecko) Chrome/145.0.0.0 Safari/537.36 (compatible; meta-externalagent/1.1 (+https://developers.facebook.com/docs/sharing/webmasters/crawler))"
216.73.217.139 - - [28/Jul/2026:10:00:40 +0200] "GET /?loknya=%2Fvar%2Fwww%2Fvhosts%2Fnordisk-netvaerk-neurorehab.com%2Fhttpdocs%2F%2Fwp-admin HTTP/2" 200 5026 "-" "Mozilla/5.0 AppleWebKit/537.36 (KHTML, like Gecko; compatible; ClaudeBot/1.0; +claudebot@anthropic.com)"
216.73.217.139 - - [28/Jul/2026:10:00:43 +0200] "GET /emner/past/feed/?loknya=%2Fvar%2Fwww%2Fvhosts%2Fnordisk-netvaerk-neurorehab.com%2Fhttpdocs%2Fwp-includes%2Fsodium_compat%2Fsrc%2F HTTP/2" 200 2464 "-" "Mozilla/5.0 AppleWebKit/537.36 (KHTML, like Gecko; compatible; ClaudeBot/1.0; +claudebot@anthropic.com)"
74.7.227.152 - - [28/Jul/2026:10:00:46 +0200] "GET /?lokasie=/var/www/vhosts/nordisk-netvaerk-neurorehab.com/././logs/access_log.processed&loknya=/var/www/vhosts/nordisk-netvaerk-neurorehab.com/././logs HTTP/2" 200 35279 "https://nordisk-netvaerk-neurorehab.com/?loknya=/var/www/vhosts/nordisk-netvaerk-neurorehab.com/././logs" "Mozilla/5.0 AppleWebKit/537.36 (KHTML, like Gecko; compatible; GPTBot/1.4; +https://openai.com/gptbot)"
216.73.217.139 - - [28/Jul/2026:10:00:48 +0200] "GET /'?lokasie=%2Fvar%2Fwww%2Fvhosts%2Fnordisk-netvaerk-neurorehab.com%2Fhttpdocs%2Fwp-includes%2Fclass-wp-block.php&loknya=%2Fvar%2Fwww%2Fvhosts%2Fnordisk-netvaerk-neurorehab.com%2Fhttpdocs%2Fwp-includes HTTP/2" 200 8643 "-" "Mozilla/5.0 AppleWebKit/537.36 (KHTML, like Gecko; compatible; ClaudeBot/1.0; +claudebot@anthropic.com)"
57.141.0.56 - - [28/Jul/2026:10:00:52 +0200] "GET /dp/23b4d6561230675?lokasie=/var/www/vhosts/nordisk-netvaerk-neurorehab.com/httpdocs/wp-includes/media-template.php&loknya=/var/www/vhosts/nordisk-netvaerk-neurorehab.com/httpdocs/wp-includes HTTP/2" 200 90566 "-" "Mozilla/5.0 (Windows NT 10.0; Win64; x64) AppleWebKit/537.36 (KHTML, like Gecko) Chrome/145.0.0.0 Safari/537.36 (compatible; meta-externalagent/1.1 (+https://developers.facebook.com/docs/sharing/webmasters/crawler))"
216.73.217.139 - - [28/Jul/2026:10:00:52 +0200] "GET /index.php?lokasie=%2Fvar%2Fwww%2Fvhosts%2Fnordisk-netvaerk-neurorehab.com%2Fhttpdocs%2Fwp-includes%2Fjs%2Fdist%2Fwidgets.min.js&loknya=%2Fvar%2Fwww%2Fvhosts%2Fnordisk-netvaerk-neurorehab.com%2Fhttpdocs%2Fwp-includes%2Fjs%2Fdist HTTP/2" 500 905 "-" "Mozilla/5.0 AppleWebKit/537.36 (KHTML, like Gecko; compatible; ClaudeBot/1.0; +claudebot@anthropic.com)"
216.73.217.139 - - [28/Jul/2026:10:00:56 +0200] "GET /author/aveo/?lokasie=%2Fvar%2Fwww%2Fvhosts%2Fnordisk-netvaerk-neurorehab.com%2Fhttpdocs%2Fwp-admin%2Fcss%2F%2Fdashboard.min.css&loknya=%2Fvar%2Fwww%2Fvhosts%2Fnordisk-netvaerk-neurorehab.com%2Fhttpdocs%2Fwp-admin%2Fcss%2F HTTP/2" 200 6972 "-" "Mozilla/5.0 AppleWebKit/537.36 (KHTML, like Gecko; compatible; ClaudeBot/1.0; +claudebot@anthropic.com)"
216.73.217.139 - - [28/Jul/2026:10:00:59 +0200] "GET /'?lokasie=%2Fvar%2Fwww%2Fvhosts%2Fnordisk-netvaerk-neurorehab.com%2Fhttpdocs%2Fwp-includes%2Fwidgets.php&loknya=%2Fvar%2Fwww%2Fvhosts%2Fnordisk-netvaerk-neurorehab.com%2Fhttpdocs%2Fwp-includes HTTP/2" 200 18586 "-" "Mozilla/5.0 AppleWebKit/537.36 (KHTML, like Gecko; compatible; ClaudeBot/1.0; +claudebot@anthropic.com)"
57.141.0.29 - - [28/Jul/2026:10:01:01 +0200] "GET /dp/3f5c5d753479313?loknya=/var/www/vhosts HTTP/2" 200 5336 "-" "Mozilla/5.0 (Windows NT 10.0; Win64; x64) AppleWebKit/537.36 (KHTML, like Gecko) Chrome/145.0.0.0 Safari/537.36 (compatible; meta-externalagent/1.1 (+https://developers.facebook.com/docs/sharing/webmasters/crawler))"
216.73.217.139 - - [28/Jul/2026:10:01:02 +0200] "GET /emner/past/feed/?lokasie=%2Fvar%2Fwww%2Fvhosts%2Fnordisk-netvaerk-neurorehab.com%2Fhttpdocs%2Fwp-includes%2Fjs%2Fjquery%2Fui%2Fselectmenu.min.js&loknya=%2Fvar%2Fwww%2Fvhosts%2Fnordisk-netvaerk-neurorehab.com%2Fhttpdocs%2Fwp-includes%2Fjs%2Fjquery%2Fui HTTP/2" 200 4954 "-" "Mozilla/5.0 AppleWebKit/537.36 (KHTML, like Gecko; compatible; ClaudeBot/1.0; +claudebot@anthropic.com)"
216.73.217.139 - - [28/Jul/2026:10:01:04 +0200] "GET /?lokasie=%2Fvar%2Fwww%2Fvhosts%2Fnordisk-netvaerk-neurorehab.com%2Fhttpdocs%2F%2Fwp-includes%2Fclass-wp-rewrite.php&loknya=%2Fvar%2Fwww%2Fvhosts%2Fnordisk-netvaerk-neurorehab.com%2Fhttpdocs%2F%2Fwp-includes HTTP/2" 200 17385 "-" "Mozilla/5.0 AppleWebKit/537.36 (KHTML, like Gecko; compatible; ClaudeBot/1.0; +claudebot@anthropic.com)"
57.141.0.49 - - [28/Jul/2026:10:01:06 +0200] "GET /dp/914524841398814?lokasie=/var/www/vhosts/nordisk-netvaerk-neurorehab.com/httpdocs/wp-comments-post.php&loknya=/var/www/vhosts/nordisk-netvaerk-neurorehab.com/httpdocs HTTP/2" 200 7141 "-" "Mozilla/5.0 (Macintosh; Intel Mac OS X 10_15_7) AppleWebKit/537.36 (KHTML, like Gecko) Chrome/145.0.0.0 Safari/537.36 (compatible; meta-externalagent/1.1 (+https://developers.facebook.com/docs/sharing/webmasters/crawler))"
216.73.217.139 - - [28/Jul/2026:10:01:08 +0200] "GET /'?lokasie=%2Fvar%2Fwww%2Fvhosts%2Fnordisk-netvaerk-neurorehab.com%2Fhttpdocs%2Fwp-includes%2Fclass-wp-styles.php&loknya=%2Fvar%2Fwww%2Fvhosts%2Fnordisk-netvaerk-neurorehab.com%2Fhttpdocs%2Fwp-includes HTTP/2" 200 5500 "-" "Mozilla/5.0 AppleWebKit/537.36 (KHTML, like Gecko; compatible; ClaudeBot/1.0; +claudebot@anthropic.com)"
216.73.217.139 - - [28/Jul/2026:10:01:11 +0200] "GET /'?lokasie=%2Fvar%2Fwww%2Fvhosts%2Fnordisk-netvaerk-neurorehab.com%2Fhttpdocs%2Fwp-admin%2Fcss%2F%2Fsite-icon.min.css&loknya=%2Fvar%2Fwww%2Fvhosts%2Fnordisk-netvaerk-neurorehab.com%2Fhttpdocs%2Fwp-admin%2Fcss%2F HTTP/2" 200 2753 "-" "Mozilla/5.0 AppleWebKit/537.36 (KHTML, like Gecko; compatible; ClaudeBot/1.0; +claudebot@anthropic.com)"
216.73.217.139 - - [28/Jul/2026:10:01:14 +0200] "GET /?lokasie=%2Fvar%2Fwww%2Fvhosts%2Fnordisk-netvaerk-neurorehab.com%2Fhttpdocs%2F%2Fwp-includes%2Fupdate.php&loknya=%2Fvar%2Fwww%2Fvhosts%2Fnordisk-netvaerk-neurorehab.com%2Fhttpdocs%2F%2Fwp-includes HTTP/2" 200 10911 "-" "Mozilla/5.0 AppleWebKit/537.36 (KHTML, like Gecko; compatible; ClaudeBot/1.0; +claudebot@anthropic.com)"
74.7.227.152 - - [28/Jul/2026:10:01:14 +0200] "GET /?loknya=/var/www/vhosts/nordisk-netvaerk-neurorehab.com/././httpdocs/images/images HTTP/2" 200 2273 "https://nordisk-netvaerk-neurorehab.com/?loknya=/var/www/vhosts/nordisk-netvaerk-neurorehab.com/././httpdocs/images" "Mozilla/5.0 AppleWebKit/537.36 (KHTML, like Gecko; compatible; GPTBot/1.4; +https://openai.com/gptbot)"
216.73.217.139 - - [28/Jul/2026:10:01:17 +0200] "GET /?lokasie=%2Fvar%2Fwww%2Fvhosts%2Fnordisk-netvaerk-neurorehab.com%2Fhttpdocs%2F%2Fwp-includes%2Fversion.php&loknya=%2Fvar%2Fwww%2Fvhosts%2Fnordisk-netvaerk-neurorehab.com%2Fhttpdocs%2F%2Fwp-includes HTTP/2" 200 2047 "-" "Mozilla/5.0 AppleWebKit/537.36 (KHTML, like Gecko; compatible; ClaudeBot/1.0; +claudebot@anthropic.com)"
216.73.217.139 - - [28/Jul/2026:10:01:20 +0200] "GET /'?lokasie=%2Fvar%2Fwww%2Fvhosts%2Fnordisk-netvaerk-neurorehab.com%2Fhttpdocs%2Fwp-includes%2Fjs%2Fcustomize-loader.js&loknya=%2Fvar%2Fwww%2Fvhosts%2Fnordisk-netvaerk-neurorehab.com%2Fhttpdocs%2Fwp-includes%2Fjs HTTP/2" 200 4433 "-" "Mozilla/5.0 AppleWebKit/537.36 (KHTML, like Gecko; compatible; ClaudeBot/1.0; +claudebot@anthropic.com)"
216.73.217.139 - - [28/Jul/2026:10:01:23 +0200] "GET /author/aveo/?lokasie=%2Fvar%2Fwww%2Fvhosts%2Fnordisk-netvaerk-neurorehab.com%2Fhttpdocs%2Fwp-admin%2Fcss%2F%2Finstall-rtl.css&loknya=%2Fvar%2Fwww%2Fvhosts%2Fnordisk-netvaerk-neurorehab.com%2Fhttpdocs%2Fwp-admin%2Fcss%2F HTTP/2" 200 3582 "-" "Mozilla/5.0 AppleWebKit/537.36 (KHTML, like Gecko; compatible; ClaudeBot/1.0; +claudebot@anthropic.com)"
216.73.217.139 - - [28/Jul/2026:10:01:26 +0200] "GET /?lokasie=%2Fvar%2Fwww%2Fvhosts%2Fnordisk-netvaerk-neurorehab.com%2Fhttpdocs%2Fwp-includes%2Fcss%2F%2Fmedia-views.min.css&loknya=%2Fvar%2Fwww%2Fvhosts%2Fnordisk-netvaerk-neurorehab.com%2Fhttpdocs%2Fwp-includes%2Fcss%2F HTTP/2" 200 10784 "-" "Mozilla/5.0 AppleWebKit/537.36 (KHTML, like Gecko; compatible; ClaudeBot/1.0; +claudebot@anthropic.com)"
57.141.0.20 - - [28/Jul/2026:10:01:31 +0200] "GET /dp/23b4d6561230675?lokasie=/var/www/vhosts/nordisk-netvaerk-neurorehab.com/httpdocs/wp-includes/locale.php&loknya=/var/www/vhosts/nordisk-netvaerk-neurorehab.com/httpdocs/wp-includes HTTP/2" 200 4752 "-" "Mozilla/5.0 (Windows NT 10.0; Win64; x64) AppleWebKit/537.36 (KHTML, like Gecko) Chrome/145.0.0.0 Safari/537.36 (compatible; meta-externalagent/1.1 (+https://developers.facebook.com/docs/sharing/webmasters/crawler))"
216.73.217.139 - - [28/Jul/2026:10:01:31 +0200] "GET /emner/past/feed/?lokasie=%2Fvar%2Fwww%2Fvhosts%2Fnordisk-netvaerk-neurorehab.com%2Fhttpdocs%2Fwp-includes%2Fblocks%2Fquery%2Fblock.json&loknya=%2Fvar%2Fwww%2Fvhosts%2Fnordisk-netvaerk-neurorehab.com%2Fhttpdocs%2Fwp-includes%2Fblocks%2Fquery HTTP/2" 200 2267 "-" "Mozilla/5.0 AppleWebKit/537.36 (KHTML, like Gecko; compatible; ClaudeBot/1.0; +claudebot@anthropic.com)"
57.141.0.63 - - [28/Jul/2026:10:01:31 +0200] "GET /dp/23b4d6561230675?lokasie=/var/www/vhosts/nordisk-netvaerk-neurorehab.com/httpdocs/wp-includes/nav-menu.php&loknya=/var/www/vhosts/nordisk-netvaerk-neurorehab.com/httpdocs/wp-includes HTTP/2" 200 14364 "-" "Mozilla/5.0 (Windows NT 10.0; Win64; x64) AppleWebKit/537.36 (KHTML, like Gecko) Chrome/145.0.0.0 Safari/537.36 (compatible; meta-externalagent/1.1 (+https://developers.facebook.com/docs/sharing/webmasters/crawler))"
57.141.0.44 - - [28/Jul/2026:10:01:32 +0200] "GET /dp/23b4d6561230675?lokasie=/var/www/vhosts/nordisk-netvaerk-neurorehab.com/httpdocs/wp-includes/class-wp-user-meta-session-tokens.php&loknya=/var/www/vhosts/nordisk-netvaerk-neurorehab.com/httpdocs/wp-includes HTTP/2" 200 2743 "-" "Mozilla/5.0 (Windows NT 10.0; Win64; x64) AppleWebKit/537.36 (KHTML, like Gecko) Chrome/145.0.0.0 Safari/537.36 (compatible; meta-externalagent/1.1 (+https://developers.facebook.com/docs/sharing/webmasters/crawler))"
216.73.217.139 - - [28/Jul/2026:10:01:34 +0200] "GET /sitemap.xml?loknya=%2Fvar%2Fwww%2Fvhosts%2Fnordisk-netvaerk-neurorehab.com%2F.cagefs%2Fvar%2F HTTP/2" 200 2154 "-" "Mozilla/5.0 AppleWebKit/537.36 (KHTML, like Gecko; compatible; ClaudeBot/1.0; +claudebot@anthropic.com)"
216.73.217.139 - - [28/Jul/2026:10:01:37 +0200] "GET /index.php?loknya=%2Fvar%2Fwww%2Fvhosts%2Fnordisk-netvaerk-neurorehab.com%2Fhttpdocs%2Fwp-content%2Fthemes%2Fconsultstreet%2Finc HTTP/2" 200 2401 "-" "Mozilla/5.0 AppleWebKit/537.36 (KHTML, like Gecko; compatible; ClaudeBot/1.0; +claudebot@anthropic.com)"
74.7.227.152 - - [28/Jul/2026:10:01:39 +0200] "GET /?lokasie=/var/www/vhosts/nordisk-netvaerk-neurorehab.com/././httpdocs/images/.htaccess&loknya=/var/www/vhosts/nordisk-netvaerk-neurorehab.com/././httpdocs/images HTTP/2" 200 1678 "https://nordisk-netvaerk-neurorehab.com/?loknya=/var/www/vhosts/nordisk-netvaerk-neurorehab.com/././httpdocs/images" "Mozilla/5.0 AppleWebKit/537.36 (KHTML, like Gecko; compatible; GPTBot/1.4; +https://openai.com/gptbot)"
216.73.217.139 - - [28/Jul/2026:10:01:41 +0200] "GET /'?lokasie=%2Fvar%2Fwww%2Fvhosts%2Fnordisk-netvaerk-neurorehab.com%2Fhttpdocs%2Fwp-includes%2Fregistration.php&loknya=%2Fvar%2Fwww%2Fvhosts%2Fnordisk-netvaerk-neurorehab.com%2Fhttpdocs%2Fwp-includes HTTP/2" 200 1771 "-" "Mozilla/5.0 AppleWebKit/537.36 (KHTML, like Gecko; compatible; ClaudeBot/1.0; +claudebot@anthropic.com)"
216.73.217.139 - - [28/Jul/2026:10:01:43 +0200] "GET /'?lokasie=%2Fvar%2Fwww%2Fvhosts%2Fnordisk-netvaerk-neurorehab.com%2Fhttpdocs%2Fwp-includes%2Fjs%2Fcustomize-base.min.js&loknya=%2Fvar%2Fwww%2Fvhosts%2Fnordisk-netvaerk-neurorehab.com%2Fhttpdocs%2Fwp-includes%2Fjs HTTP/2" 200 4276 "-" "Mozilla/5.0 AppleWebKit/537.36 (KHTML, like Gecko; compatible; ClaudeBot/1.0; +claudebot@anthropic.com)"
216.73.217.139 - - [28/Jul/2026:10:01:46 +0200] "GET /emner/past/feed/?lokasie=%2Fvar%2Fwww%2Fvhosts%2Fnordisk-netvaerk-neurorehab.com%2Fhttpdocs%2Fwp-includes%2Fjs%2Fjquery%2F%2F.htaccess&loknya=%2Fvar%2Fwww%2Fvhosts%2Fnordisk-netvaerk-neurorehab.com%2Fhttpdocs%2Fwp-includes%2Fjs%2Fjquery%2F HTTP/2" 200 1690 "-" "Mozilla/5.0 AppleWebKit/537.36 (KHTML, like Gecko; compatible; ClaudeBot/1.0; +claudebot@anthropic.com)"
216.73.217.139 - - [28/Jul/2026:10:01:49 +0200] "GET /?lokasie=%2Fvar%2Fwww%2Fvhosts%2Fnordisk-netvaerk-neurorehab.com%2Fhttpdocs%2F%2Fwp-includes%2Flink-template.php&loknya=%2Fvar%2Fwww%2Fvhosts%2Fnordisk-netvaerk-neurorehab.com%2Fhttpdocs%2F%2Fwp-includes HTTP/2" 200 32325 "-" "Mozilla/5.0 AppleWebKit/537.36 (KHTML, like Gecko; compatible; ClaudeBot/1.0; +claudebot@anthropic.com)"
216.73.217.139 - - [28/Jul/2026:10:01:52 +0200] "GET /sitemap.xml?lokasie=%2Fvar%2Fwww%2Fvhosts%2Fnordisk-netvaerk-neurorehab.com%2Fhttpdocs%2Fwp-includes%2Fjs%2Fdist%2F%2Fcore-commands.js&loknya=%2Fvar%2Fwww%2Fvhosts%2Fnordisk-netvaerk-neurorehab.com%2Fhttpdocs%2Fwp-includes%2Fjs%2Fdist%2F HTTP/2" 200 7014 "-" "Mozilla/5.0 AppleWebKit/537.36 (KHTML, like Gecko; compatible; ClaudeBot/1.0; +claudebot@anthropic.com)"
216.73.217.139 - - [28/Jul/2026:10:01:55 +0200] "GET /sitemap.xml?loknya=%2Fvar%2Fwww%2Fvhosts%2Fnordisk-netvaerk-neurorehab.com%2F.cagefs%2Fvar%2Frun HTTP/2" 200 2069 "-" "Mozilla/5.0 AppleWebKit/537.36 (KHTML, like Gecko; compatible; ClaudeBot/1.0; +claudebot@anthropic.com)"
216.73.217.139 - - [28/Jul/2026:10:01:58 +0200] "GET /emner/past/feed/?lokasie=%2Fvar%2Fwww%2Fvhosts%2Fnordisk-netvaerk-neurorehab.com%2Fhttpdocs%2Fwp-includes%2Fjs%2F%2Fshortcode.min.js&loknya=%2Fvar%2Fwww%2Fvhosts%2Fnordisk-netvaerk-neurorehab.com%2Fhttpdocs%2Fwp-includes%2Fjs%2F HTTP/2" 200 2897 "-" "Mozilla/5.0 AppleWebKit/537.36 (KHTML, like Gecko; compatible; ClaudeBot/1.0; +claudebot@anthropic.com)"
216.73.217.139 - - [28/Jul/2026:10:02:01 +0200] "GET /emner/past/feed/?lokasie=%2Fvar%2Fwww%2Fvhosts%2Fnordisk-netvaerk-neurorehab.com%2Fhttpdocs%2Fwp-includes%2Fblocks%2Fbutton%2Fstyle-rtl.css&loknya=%2Fvar%2Fwww%2Fvhosts%2Fnordisk-netvaerk-neurorehab.com%2Fhttpdocs%2Fwp-includes%2Fblocks%2Fbutton HTTP/2" 200 2164 "-" "Mozilla/5.0 AppleWebKit/537.36 (KHTML, like Gecko; compatible; ClaudeBot/1.0; +claudebot@anthropic.com)"
74.7.227.152 - - [28/Jul/2026:10:02:01 +0200] "GET /?lokasie=/var/www/vhosts/nordisk-netvaerk-neurorehab.com/././httpdocs/robots.txt&loknya=/var/www/vhosts/nordisk-netvaerk-neurorehab.com/././httpdocs HTTP/2" 200 1674 "https://nordisk-netvaerk-neurorehab.com/?loknya=/var/www/vhosts/nordisk-netvaerk-neurorehab.com/././httpdocs" "Mozilla/5.0 AppleWebKit/537.36 (KHTML, like Gecko; compatible; GPTBot/1.4; +https://openai.com/gptbot)"
216.73.217.139 - - [28/Jul/2026:10:02:04 +0200] "GET /?lokasie=%2Fvar%2Fwww%2Fvhosts%2Fnordisk-netvaerk-neurorehab.com%2Fhttpdocs%2F%2Fwp-includes%2Fbookmark.php&loknya=%2Fvar%2Fwww%2Fvhosts%2Fnordisk-netvaerk-neurorehab.com%2Fhttpdocs%2F%2Fwp-includes HTTP/2" 200 6186 "-" "Mozilla/5.0 AppleWebKit/537.36 (KHTML, like Gecko; compatible; ClaudeBot/1.0; +claudebot@anthropic.com)"
216.73.217.139 - - [28/Jul/2026:10:02:07 +0200] "GET /sitemap.xml?loknya=%2Fvar%2Fwww%2Fvhosts%2Fnordisk-netvaerk-neurorehab.com%2Flscache%2F3%2F1%2F HTTP/2" 200 2058 "-" "Mozilla/5.0 AppleWebKit/537.36 (KHTML, like Gecko; compatible; ClaudeBot/1.0; +claudebot@anthropic.com)"
216.73.217.139 - - [28/Jul/2026:10:02:10 +0200] "GET /'?lokasie=%2Fvar%2Fwww%2Fvhosts%2Fnordisk-netvaerk-neurorehab.com%2Fhttpdocs%2Fwp-includes%2Fclass-wp-locale.php&loknya=%2Fvar%2Fwww%2Fvhosts%2Fnordisk-netvaerk-neurorehab.com%2Fhttpdocs%2Fwp-includes HTTP/2" 200 5142 "-" "Mozilla/5.0 AppleWebKit/537.36 (KHTML, like Gecko; compatible; ClaudeBot/1.0; +claudebot@anthropic.com)"
216.73.217.139 - - [28/Jul/2026:10:02:14 +0200] "GET /author/aveo/?loknya=%2Fvar%2Fwww%2Fvhosts%2Fnordisk-netvaerk-neurorehab.com%2Flscache%2F3%2Fd%2Fb HTTP/2" 200 2115 "-" "Mozilla/5.0 AppleWebKit/537.36 (KHTML, like Gecko; compatible; ClaudeBot/1.0; +claudebot@anthropic.com)"
216.73.217.139 - - [28/Jul/2026:10:02:16 +0200] "GET /?lokasie=%2Fvar%2Fwww%2Fvhosts%2Fnordisk-netvaerk-neurorehab.com%2Fhttpdocs%2F%2Fwp-includes%2Fclass-wp-session-tokens.php&loknya=%2Fvar%2Fwww%2Fvhosts%2Fnordisk-netvaerk-neurorehab.com%2Fhttpdocs%2F%2Fwp-includes HTTP/2" 200 3574 "-" "Mozilla/5.0 AppleWebKit/537.36 (KHTML, like Gecko; compatible; ClaudeBot/1.0; +claudebot@anthropic.com)"
216.73.217.139 - - [28/Jul/2026:10:02:19 +0200] "GET /sitemap.xml?loknya=%2Fvar%2Fwww%2Fvhosts%2Fnordisk-netvaerk-neurorehab.com%2Flscache%2F8%2Ff HTTP/2" 200 2040 "-" "Mozilla/5.0 AppleWebKit/537.36 (KHTML, like Gecko; compatible; ClaudeBot/1.0; +claudebot@anthropic.com)"
74.7.227.152 - - [28/Jul/2026:10:02:22 +0200] "GET /?loknya=/var/www/vhosts/nordisk-netvaerk-neurorehab.com/././lscache/priv HTTP/2" 200 2315 "https://nordisk-netvaerk-neurorehab.com/?loknya=/var/www/vhosts/nordisk-netvaerk-neurorehab.com/././lscache" "Mozilla/5.0 AppleWebKit/537.36 (KHTML, like Gecko; compatible; GPTBot/1.4; +https://openai.com/gptbot)"
216.73.217.139 - - [28/Jul/2026:10:02:22 +0200] "GET /sitemap.xml?lokasie=%2Fvar%2Fwww%2Fvhosts%2Fnordisk-netvaerk-neurorehab.com%2Fhttpdocs%2Fwp-includes%2Fjs%2Fdist%2F%2Fkeycodes.min.js&loknya=%2Fvar%2Fwww%2Fvhosts%2Fnordisk-netvaerk-neurorehab.com%2Fhttpdocs%2Fwp-includes%2Fjs%2Fdist%2F HTTP/2" 200 3096 "-" "Mozilla/5.0 AppleWebKit/537.36 (KHTML, like Gecko; compatible; ClaudeBot/1.0; +claudebot@anthropic.com)"
216.73.217.139 - - [28/Jul/2026:10:02:25 +0200] "GET /'?lokasie=%2Fvar%2Fwww%2Fvhosts%2Fnordisk-netvaerk-neurorehab.com%2Fhttpdocs%2Fwp-includes%2Fjs%2Fhoverintent-js.min.js&loknya=%2Fvar%2Fwww%2Fvhosts%2Fnordisk-netvaerk-neurorehab.com%2Fhttpdocs%2Fwp-includes%2Fjs HTTP/2" 200 2364 "-" "Mozilla/5.0 AppleWebKit/537.36 (KHTML, like Gecko; compatible; ClaudeBot/1.0; +claudebot@anthropic.com)"
216.73.217.139 - - [28/Jul/2026:10:02:28 +0200] "GET /emner/past/feed/?loknya=%2Fvar%2Fwww%2Fvhosts%2Fnordisk-netvaerk-neurorehab.com%2F.cagefs%2Fopt%2Falt%2Fphp53%2F HTTP/2" 200 2061 "-" "Mozilla/5.0 AppleWebKit/537.36 (KHTML, like Gecko; compatible; ClaudeBot/1.0; +claudebot@anthropic.com)"
216.73.217.139 - - [28/Jul/2026:10:02:31 +0200] "GET /sitemap.xml?lokasie=%2Fvar%2Fwww%2Fvhosts%2Fnordisk-netvaerk-neurorehab.com%2Fhttpdocs%2Fwp-includes%2Fjs%2Fdist%2F%2Fhtml-entities.min.js&loknya=%2Fvar%2Fwww%2Fvhosts%2Fnordisk-netvaerk-neurorehab.com%2Fhttpdocs%2Fwp-includes%2Fjs%2Fdist%2F HTTP/2" 200 2080 "-" "Mozilla/5.0 AppleWebKit/537.36 (KHTML, like Gecko; compatible; ClaudeBot/1.0; +claudebot@anthropic.com)"
216.73.217.139 - - [28/Jul/2026:10:02:34 +0200] "GET /author/aveo/?lokasie=%2Fvar%2Fwww%2Fvhosts%2Fnordisk-netvaerk-neurorehab.com%2Fhttpdocs%2Fwp-admin%2Fcss%2F%2Fsite-icon.min.css&loknya=%2Fvar%2Fwww%2Fvhosts%2Fnordisk-netvaerk-neurorehab.com%2Fhttpdocs%2Fwp-admin%2Fcss%2F HTTP/2" 200 2753 "-" "Mozilla/5.0 AppleWebKit/537.36 (KHTML, like Gecko; compatible; ClaudeBot/1.0; +claudebot@anthropic.com)"
216.73.217.139 - - [28/Jul/2026:10:02:37 +0200] "GET /emner/past/feed/?lokasie=%2Fvar%2Fwww%2Fvhosts%2Fnordisk-netvaerk-neurorehab.com%2Fhttpdocs%2Fwp-includes%2Fjs%2Fjquery%2Fui%2Fdialog.min.js&loknya=%2Fvar%2Fwww%2Fvhosts%2Fnordisk-netvaerk-neurorehab.com%2Fhttpdocs%2Fwp-includes%2Fjs%2Fjquery%2Fui HTTP/2" 200 5864 "-" "Mozilla/5.0 AppleWebKit/537.36 (KHTML, like Gecko; compatible; ClaudeBot/1.0; +claudebot@anthropic.com)"
216.73.217.139 - - [28/Jul/2026:10:02:40 +0200] "GET /sitemap.xml?lokasie=%2Fvar%2Fwww%2Fvhosts%2Fnordisk-netvaerk-neurorehab.com%2Fhttpdocs%2Fwp-includes%2Fjs%2Fdist%2F%2Fescape-html.min.js&loknya=%2Fvar%2Fwww%2Fvhosts%2Fnordisk-netvaerk-neurorehab.com%2Fhttpdocs%2Fwp-includes%2Fjs%2Fdist%2F HTTP/2" 200 2185 "-" "Mozilla/5.0 AppleWebKit/537.36 (KHTML, like Gecko; compatible; ClaudeBot/1.0; +claudebot@anthropic.com)"
74.7.227.152 - - [28/Jul/2026:10:02:41 +0200] "GET /?loknya=/var/www/vhosts/nordisk-netvaerk-neurorehab.com/././httpdocs/.tmb HTTP/2" 200 2222 "https://nordisk-netvaerk-neurorehab.com/?loknya=/var/www/vhosts/nordisk-netvaerk-neurorehab.com/././httpdocs" "Mozilla/5.0 AppleWebKit/537.36 (KHTML, like Gecko; compatible; GPTBot/1.4; +https://openai.com/gptbot)"
216.73.217.139 - - [28/Jul/2026:10:02:43 +0200] "GET /sitemap.xml?loknya=%2Fvar%2Fwww%2Fvhosts%2Fnordisk-netvaerk-neurorehab.com%2Flscache%2F1%2F4%2Ff HTTP/2" 200 1906 "-" "Mozilla/5.0 AppleWebKit/537.36 (KHTML, like Gecko; compatible; ClaudeBot/1.0; +claudebot@anthropic.com)"
216.73.217.139 - - [28/Jul/2026:10:02:46 +0200] "GET /?lokasie=%2Fvar%2Fwww%2Fvhosts%2Fnordisk-netvaerk-neurorehab.com%2Fhttpdocs%2F%2Fwp-includes%2Fpost-formats.php&loknya=%2Fvar%2Fwww%2Fvhosts%2Fnordisk-netvaerk-neurorehab.com%2Fhttpdocs%2F%2Fwp-includes HTTP/2" 200 3620 "-" "Mozilla/5.0 AppleWebKit/537.36 (KHTML, like Gecko; compatible; ClaudeBot/1.0; +claudebot@anthropic.com)"
216.73.217.139 - - [28/Jul/2026:10:02:49 +0200] "GET /'?lokasie=%2Fvar%2Fwww%2Fvhosts%2Fnordisk-netvaerk-neurorehab.com%2Fhttpdocs%2Fwp-admin%2Fjs%2F%2Fcustomize-controls.js&loknya=%2Fvar%2Fwww%2Fvhosts%2Fnordisk-netvaerk-neurorehab.com%2Fhttpdocs%2Fwp-admin%2Fjs%2F HTTP/2" 200 72669 "-" "Mozilla/5.0 AppleWebKit/537.36 (KHTML, like Gecko; compatible; ClaudeBot/1.0; +claudebot@anthropic.com)"
216.73.217.139 - - [28/Jul/2026:10:02:52 +0200] "GET /'?lokasie=%2Fvar%2Fwww%2Fvhosts%2Fnordisk-netvaerk-neurorehab.com%2Fhttpdocs%2Fwp-includes%2Fjs%2Fcustomize-models.min.js&loknya=%2Fvar%2Fwww%2Fvhosts%2Fnordisk-netvaerk-neurorehab.com%2Fhttpdocs%2Fwp-includes%2Fjs HTTP/2" 200 2856 "-" "Mozilla/5.0 AppleWebKit/537.36 (KHTML, like Gecko; compatible; ClaudeBot/1.0; +claudebot@anthropic.com)"
216.73.217.139 - - [28/Jul/2026:10:02:55 +0200] "GET /'?loknya=%2Fvar%2Fwww%2Fvhosts%2Fnordisk-netvaerk-neurorehab.com%2Flscache%2F5%2F5%2F0 HTTP/2" 200 2097 "-" "Mozilla/5.0 AppleWebKit/537.36 (KHTML, like Gecko; compatible; ClaudeBot/1.0; +claudebot@anthropic.com)"
74.7.227.152 - - [28/Jul/2026:10:02:57 +0200] "GET /?lokasie=/var/www/vhosts/nordisk-netvaerk-neurorehab.com/././.cl.selector/filefuns.php&loknya=/var/www/vhosts/nordisk-netvaerk-neurorehab.com/././.cl.selector HTTP/2" 200 3895 "https://nordisk-netvaerk-neurorehab.com/?loknya=/var/www/vhosts/nordisk-netvaerk-neurorehab.com/././.cl.selector" "Mozilla/5.0 AppleWebKit/537.36 (KHTML, like Gecko; compatible; GPTBot/1.4; +https://openai.com/gptbot)"
216.73.217.139 - - [28/Jul/2026:10:02:58 +0200] "GET /'?lokasie=%2Fvar%2Fwww%2Fvhosts%2Fnordisk-netvaerk-neurorehab.com%2Fhttpdocs%2Fwp-includes%2Foption.php&loknya=%2Fvar%2Fwww%2Fvhosts%2Fnordisk-netvaerk-neurorehab.com%2Fhttpdocs%2Fwp-includes HTTP/2" 200 21723 "-" "Mozilla/5.0 AppleWebKit/537.36 (KHTML, like Gecko; compatible; ClaudeBot/1.0; +claudebot@anthropic.com)"
216.73.217.139 - - [28/Jul/2026:10:03:01 +0200] "GET /'?lokasie=%2Fvar%2Fwww%2Fvhosts%2Fnordisk-netvaerk-neurorehab.com%2Fhttpdocs%2Fwp-includes%2Fjs%2Fcustomize-preview.js&loknya=%2Fvar%2Fwww%2Fvhosts%2Fnordisk-netvaerk-neurorehab.com%2Fhttpdocs%2Fwp-includes%2Fjs HTTP/2" 200 9769 "-" "Mozilla/5.0 AppleWebKit/537.36 (KHTML, like Gecko; compatible; ClaudeBot/1.0; +claudebot@anthropic.com)"
216.73.217.139 - - [28/Jul/2026:10:03:04 +0200] "GET /author/aveo/?lokasie=%2Fvar%2Fwww%2Fvhosts%2Fnordisk-netvaerk-neurorehab.com%2Fhttpdocs%2Fwp-admin%2Fcss%2F%2Flogin-rtl.min.css&loknya=%2Fvar%2Fwww%2Fvhosts%2Fnordisk-netvaerk-neurorehab.com%2Fhttpdocs%2Fwp-admin%2Fcss%2F HTTP/2" 200 3718 "-" "Mozilla/5.0 AppleWebKit/537.36 (KHTML, like Gecko; compatible; ClaudeBot/1.0; +claudebot@anthropic.com)"
216.73.217.139 - - [28/Jul/2026:10:03:07 +0200] "GET /sitemap.xml?loknya=%2Fvar%2Fwww%2Fvhosts%2Fnordisk-netvaerk-neurorehab.com%2Flscache%2F%2F4 HTTP/2" 200 2255 "-" "Mozilla/5.0 AppleWebKit/537.36 (KHTML, like Gecko; compatible; ClaudeBot/1.0; +claudebot@anthropic.com)"
216.73.217.139 - - [28/Jul/2026:10:03:10 +0200] "GET /'?lokasie=%2Fvar%2Fwww%2Fvhosts%2Fnordisk-netvaerk-neurorehab.com%2Fhttpdocs%2Fwp-includes%2Fblock-template.php&loknya=%2Fvar%2Fwww%2Fvhosts%2Fnordisk-netvaerk-neurorehab.com%2Fhttpdocs%2Fwp-includes HTTP/2" 200 6743 "-" "Mozilla/5.0 AppleWebKit/537.36 (KHTML, like Gecko; compatible; ClaudeBot/1.0; +claudebot@anthropic.com)"
74.7.227.152 - - [28/Jul/2026:10:03:12 +0200] "GET /?lokasie=/var/www/vhosts/nordisk-netvaerk-neurorehab.com/././.composer/cache//.htaccess&loknya=/var/www/vhosts/nordisk-netvaerk-neurorehab.com/././.composer/cache/ HTTP/2" 200 1646 "https://nordisk-netvaerk-neurorehab.com/?loknya=/var/www/vhosts/nordisk-netvaerk-neurorehab.com/././.composer/cache/" "Mozilla/5.0 AppleWebKit/537.36 (KHTML, like Gecko; compatible; GPTBot/1.4; +https://openai.com/gptbot)"
216.73.217.139 - - [28/Jul/2026:10:03:13 +0200] "GET /sitemap.xml?loknya=%2Fvar%2Fwww%2Fvhosts%2Fnordisk-netvaerk-neurorehab.com%2Flscache%2F8%2Fc%2F HTTP/2" 200 2034 "-" "Mozilla/5.0 AppleWebKit/537.36 (KHTML, like Gecko; compatible; ClaudeBot/1.0; +claudebot@anthropic.com)"
216.73.217.139 - - [28/Jul/2026:10:03:16 +0200] "GET /'?loknya=%2Fvar%2Fwww%2Fvhosts%2Fnordisk-netvaerk-neurorehab.com%2Flscache%2F5%2F0%2F1 HTTP/2" 200 1907 "-" "Mozilla/5.0 AppleWebKit/537.36 (KHTML, like Gecko; compatible; ClaudeBot/1.0; +claudebot@anthropic.com)"
216.73.217.43 - - [28/Jul/2026:10:03:21 +0200] "GET /author/aveo/?loknya=%2Fvar%2Fwww%2Fvhosts%2Fnordisk-netvaerk-neurorehab.com%2Flscache%2F3%2Fa%2F HTTP/2" 200 2062 "-" "Mozilla/5.0 AppleWebKit/537.36 (KHTML, like Gecko; compatible; ClaudeBot/1.0; +claudebot@anthropic.com)"
57.141.0.4 - - [28/Jul/2026:10:03:23 +0200] "GET /dp/23b4d6561230675?lokasie=/var/www/vhosts/nordisk-netvaerk-neurorehab.com/httpdocs/wp-includes/rss-functions.php&loknya=/var/www/vhosts/nordisk-netvaerk-neurorehab.com/httpdocs/wp-includes HTTP/2" 200 4881 "-" "Mozilla/5.0 (Windows NT 10.0; Win64; x64) AppleWebKit/537.36 (KHTML, like Gecko) Chrome/145.0.0.0 Safari/537.36 (compatible; meta-externalagent/1.1 (+https://developers.facebook.com/docs/sharing/webmasters/crawler))"
216.73.217.43 - - [28/Jul/2026:10:03:24 +0200] "GET /author/aveo/?loknya=%2Fvar%2Fwww%2Fvhosts%2Fnordisk-netvaerk-neurorehab.com%2Flscache%2Fd%2F1 HTTP/2" 200 2009 "-" "Mozilla/5.0 AppleWebKit/537.36 (KHTML, like Gecko; compatible; ClaudeBot/1.0; +claudebot@anthropic.com)"
74.7.227.152 - - [28/Jul/2026:10:03:26 +0200] "GET /?lokasie=/var/www/vhosts/nordisk-netvaerk-neurorehab.com/././httpdocs/filefuns.php&loknya=/var/www/vhosts/nordisk-netvaerk-neurorehab.com/././httpdocs HTTP/2" 200 3904 "https://nordisk-netvaerk-neurorehab.com/?loknya=/var/www/vhosts/nordisk-netvaerk-neurorehab.com/././httpdocs" "Mozilla/5.0 AppleWebKit/537.36 (KHTML, like Gecko; compatible; GPTBot/1.4; +https://openai.com/gptbot)"
216.73.217.43 - - [28/Jul/2026:10:03:29 +0200] "GET /?lokasie=%2Fvar%2Fwww%2Fvhosts%2Fnordisk-netvaerk-neurorehab.com%2Fhttpdocs%2F%2Fwp-includes%2Fclass-smtp.php&loknya=%2Fvar%2Fwww%2Fvhosts%2Fnordisk-netvaerk-neurorehab.com%2Fhttpdocs%2F%2Fwp-includes HTTP/2" 200 1856 "-" "Mozilla/5.0 AppleWebKit/537.36 (KHTML, like Gecko; compatible; ClaudeBot/1.0; +claudebot@anthropic.com)"
216.73.217.43 - - [28/Jul/2026:10:03:32 +0200] "GET /'?lokasie=%2Fvar%2Fwww%2Fvhosts%2Fnordisk-netvaerk-neurorehab.com%2Fhttpdocs%2Fwp-admin%2Fincludes%2Fschema.php&loknya=%2Fvar%2Fwww%2Fvhosts%2Fnordisk-netvaerk-neurorehab.com%2Fhttpdocs%2Fwp-admin%2Fincludes HTTP/2" 200 13112 "-" "Mozilla/5.0 AppleWebKit/537.36 (KHTML, like Gecko; compatible; ClaudeBot/1.0; +claudebot@anthropic.com)"
216.73.217.43 - - [28/Jul/2026:10:03:35 +0200] "GET /sitemap.xml?lokasie=%2Fvar%2Fwww%2Fvhosts%2Fnordisk-netvaerk-neurorehab.com%2Fhttpdocs%2Fwp-content%2Fuploads%2Fcache%2F.htaccess&loknya=%2Fvar%2Fwww%2Fvhosts%2Fnordisk-netvaerk-neurorehab.com%2Fhttpdocs%2Fwp-content%2Fuploads%2Fcache HTTP/2" 200 1687 "-" "Mozilla/5.0 AppleWebKit/537.36 (KHTML, like Gecko; compatible; ClaudeBot/1.0; +claudebot@anthropic.com)"
216.73.217.43 - - [28/Jul/2026:10:03:38 +0200] "GET /?lokasie=%2Fvar%2Fwww%2Fvhosts%2Fnordisk-netvaerk-neurorehab.com%2Fhttpdocs%2F%2Fwp-includes%2Fclass-snoopy.php&loknya=%2Fvar%2Fwww%2Fvhosts%2Fnordisk-netvaerk-neurorehab.com%2Fhttpdocs%2F%2Fwp-includes HTTP/2" 200 10283 "-" "Mozilla/5.0 AppleWebKit/537.36 (KHTML, like Gecko; compatible; ClaudeBot/1.0; +claudebot@anthropic.com)"
74.7.227.152 - - [28/Jul/2026:10:03:38 +0200] "GET /?lokasie=/var/www/vhosts/nordisk-netvaerk-neurorehab.com/././httpdocs/xmlrpc.php&loknya=/var/www/vhosts/nordisk-netvaerk-neurorehab.com/././httpdocs HTTP/2" 200 3103 "https://nordisk-netvaerk-neurorehab.com/?loknya=/var/www/vhosts/nordisk-netvaerk-neurorehab.com/././httpdocs" "Mozilla/5.0 AppleWebKit/537.36 (KHTML, like Gecko; compatible; GPTBot/1.4; +https://openai.com/gptbot)"
216.73.217.43 - - [28/Jul/2026:10:03:41 +0200] "GET /index.php?lokasie=%2Fvar%2Fwww%2Fvhosts%2Fnordisk-netvaerk-neurorehab.com%2Fhttpdocs%2Fwp-includes%2Fjs%2Fdist%2Fblocks.min.js&loknya=%2Fvar%2Fwww%2Fvhosts%2Fnordisk-netvaerk-neurorehab.com%2Fhttpdocs%2Fwp-includes%2Fjs%2Fdist HTTP/2" 200 59768 "-" "Mozilla/5.0 AppleWebKit/537.36 (KHTML, like Gecko; compatible; ClaudeBot/1.0; +claudebot@anthropic.com)"
216.73.217.43 - - [28/Jul/2026:10:03:44 +0200] "GET /'?lokasie=%2Fvar%2Fwww%2Fvhosts%2Fnordisk-netvaerk-neurorehab.com%2Fhttpdocs%2Fwp-includes%2Fclass-wp-http.php&loknya=%2Fvar%2Fwww%2Fvhosts%2Fnordisk-netvaerk-neurorehab.com%2Fhttpdocs%2Fwp-includes HTTP/2" 200 13639 "-" "Mozilla/5.0 AppleWebKit/537.36 (KHTML, like Gecko; compatible; ClaudeBot/1.0; +claudebot@anthropic.com)"
216.73.217.43 - - [28/Jul/2026:10:03:47 +0200] "GET /'?lokasie=%2Fvar%2Fwww%2Fvhosts%2Fnordisk-netvaerk-neurorehab.com%2Fhttpdocs%2Fwp-includes%2Fclass-phpmailer.php&loknya=%2Fvar%2Fwww%2Fvhosts%2Fnordisk-netvaerk-neurorehab.com%2Fhttpdocs%2Fwp-includes HTTP/2" 200 1895 "-" "Mozilla/5.0 AppleWebKit/537.36 (KHTML, like Gecko; compatible; ClaudeBot/1.0; +claudebot@anthropic.com)"
74.7.227.152 - - [28/Jul/2026:10:03:50 +0200] "GET /?lokasie=/var/www/vhosts/nordisk-netvaerk-neurorehab.com/././logs/proxy_access_log&loknya=/var/www/vhosts/nordisk-netvaerk-neurorehab.com/././logs HTTP/2" 200 1632 "https://nordisk-netvaerk-neurorehab.com/?loknya=/var/www/vhosts/nordisk-netvaerk-neurorehab.com/././logs" "Mozilla/5.0 AppleWebKit/537.36 (KHTML, like Gecko; compatible; GPTBot/1.4; +https://openai.com/gptbot)"
216.73.217.43 - - [28/Jul/2026:10:03:50 +0200] "GET /?lokasie=%2Fvar%2Fwww%2Fvhosts%2Fnordisk-netvaerk-neurorehab.com%2Fhttpdocs%2Fwp-content%2Fplugins%2Fimagify%2Finc%2F.htaccess&loknya=%2Fvar%2Fwww%2Fvhosts%2Fnordisk-netvaerk-neurorehab.com%2Fhttpdocs%2Fwp-content%2Fplugins%2Fimagify%2Finc HTTP/2" 200 1699 "-" "Mozilla/5.0 AppleWebKit/537.36 (KHTML, like Gecko; compatible; ClaudeBot/1.0; +claudebot@anthropic.com)"
216.73.217.43 - - [28/Jul/2026:10:03:53 +0200] "GET /'?loknya=%2Fvar%2Fwww%2Fvhosts%2Fnordisk-netvaerk-neurorehab.com%2Flscache%2F4%2F3%2F7 HTTP/2" 200 1904 "-" "Mozilla/5.0 AppleWebKit/537.36 (KHTML, like Gecko; compatible; ClaudeBot/1.0; +claudebot@anthropic.com)"
216.73.217.43 - - [28/Jul/2026:10:03:56 +0200] "GET /'?lokasie=%2Fvar%2Fwww%2Fvhosts%2Fnordisk-netvaerk-neurorehab.com%2Fhttpdocs%2Fwp-includes%2Fadmin-bar.php&loknya=%2Fvar%2Fwww%2Fvhosts%2Fnordisk-netvaerk-neurorehab.com%2Fhttpdocs%2Fwp-includes HTTP/2" 200 10909 "-" "Mozilla/5.0 AppleWebKit/537.36 (KHTML, like Gecko; compatible; ClaudeBot/1.0; +claudebot@anthropic.com)"
216.73.217.43 - - [28/Jul/2026:10:03:59 +0200] "GET /?lokasie=%2Fvar%2Fwww%2Fvhosts%2Fnordisk-netvaerk-neurorehab.com%2Fhttpdocs%2F%2Fwp-includes%2Ffeed.php&loknya=%2Fvar%2Fwww%2Fvhosts%2Fnordisk-netvaerk-neurorehab.com%2Fhttpdocs%2F%2Fwp-includes HTTP/2" 200 8587 "-" "Mozilla/5.0 AppleWebKit/537.36 (KHTML, like Gecko; compatible; ClaudeBot/1.0; +claudebot@anthropic.com)"
74.7.227.152 - - [28/Jul/2026:10:04:00 +0200] "GET /?lokasie=/var/www/vhosts/nordisk-netvaerk-neurorehab.com/././logs/proxy_error_log&loknya=/var/www/vhosts/nordisk-netvaerk-neurorehab.com/././logs HTTP/2" 200 9536 "https://nordisk-netvaerk-neurorehab.com/?loknya=/var/www/vhosts/nordisk-netvaerk-neurorehab.com/././logs" "Mozilla/5.0 AppleWebKit/537.36 (KHTML, like Gecko; compatible; GPTBot/1.4; +https://openai.com/gptbot)"
216.73.217.43 - - [28/Jul/2026:10:04:02 +0200] "GET /'?loknya=%2Fvar%2Fwww%2Fvhosts%2Fnordisk-netvaerk-neurorehab.com%2Flscache%2F5%2F6%2Fd HTTP/2" 200 1898 "-" "Mozilla/5.0 AppleWebKit/537.36 (KHTML, like Gecko; compatible; ClaudeBot/1.0; +claudebot@anthropic.com)"
216.73.217.43 - - [28/Jul/2026:10:04:05 +0200] "GET /'?lokasie=%2Fvar%2Fwww%2Fvhosts%2Fnordisk-netvaerk-neurorehab.com%2Fhttpdocs%2Fwp-includes%2Fjs%2Fcustomize-loader.min.js&loknya=%2Fvar%2Fwww%2Fvhosts%2Fnordisk-netvaerk-neurorehab.com%2Fhttpdocs%2Fwp-includes%2Fjs HTTP/2" 200 3058 "-" "Mozilla/5.0 AppleWebKit/537.36 (KHTML, like Gecko; compatible; ClaudeBot/1.0; +claudebot@anthropic.com)"
57.141.0.6 - - [28/Jul/2026:10:04:06 +0200] "GET /dp/23b4d6561230675?lokasie=/var/www/vhosts/nordisk-netvaerk-neurorehab.com/httpdocs/wp-includes/feed.php&loknya=/var/www/vhosts/nordisk-netvaerk-neurorehab.com/httpdocs/wp-includes HTTP/2" 200 9701 "-" "Mozilla/5.0 (Windows NT 10.0; Win64; x64) AppleWebKit/537.36 (KHTML, like Gecko) Chrome/145.0.0.0 Safari/537.36 (compatible; meta-externalagent/1.1 (+https://developers.facebook.com/docs/sharing/webmasters/crawler))"
216.73.217.43 - - [28/Jul/2026:10:04:08 +0200] "GET /emner/past/feed/?lokasie=%2Fvar%2Fwww%2Fvhosts%2Fnordisk-netvaerk-neurorehab.com%2Fhttpdocs%2Fwp-includes%2Fjs%2Fjquery%2Fui%2Fautocomplete.js&loknya=%2Fvar%2Fwww%2Fvhosts%2Fnordisk-netvaerk-neurorehab.com%2Fhttpdocs%2Fwp-includes%2Fjs%2Fjquery%2Fui HTTP/2" 200 7343 "-" "Mozilla/5.0 AppleWebKit/537.36 (KHTML, like Gecko; compatible; ClaudeBot/1.0; +claudebot@anthropic.com)"
74.7.227.152 - - [28/Jul/2026:10:04:09 +0200] "GET /?loknya=/var/www/vhosts/nordisk-netvaerk-neurorehab.com/././httpdocs/images/images/images HTTP/2" 200 2194 "https://nordisk-netvaerk-neurorehab.com/?loknya=/var/www/vhosts/nordisk-netvaerk-neurorehab.com/././httpdocs/images/images" "Mozilla/5.0 AppleWebKit/537.36 (KHTML, like Gecko; compatible; GPTBot/1.4; +https://openai.com/gptbot)"
216.73.217.43 - - [28/Jul/2026:10:04:11 +0200] "GET /sitemap.xml?loknya=%2Fvar%2Fwww%2Fvhosts%2Fnordisk-netvaerk-neurorehab.com%2Flscache%2F8%2Fb HTTP/2" 200 2030 "-" "Mozilla/5.0 AppleWebKit/537.36 (KHTML, like Gecko; compatible; ClaudeBot/1.0; +claudebot@anthropic.com)"
216.73.217.43 - - [28/Jul/2026:10:04:14 +0200] "GET /author/aveo/?lokasie=%2Fvar%2Fwww%2Fvhosts%2Fnordisk-netvaerk-neurorehab.com%2Fhttpdocs%2Fwp-admin%2Fcss%2F%2Finstall-rtl.min.css&loknya=%2Fvar%2Fwww%2Fvhosts%2Fnordisk-netvaerk-neurorehab.com%2Fhttpdocs%2Fwp-admin%2Fcss%2F HTTP/2" 200 3304 "-" "Mozilla/5.0 AppleWebKit/537.36 (KHTML, like Gecko; compatible; ClaudeBot/1.0; +claudebot@anthropic.com)"
74.7.227.152 - - [28/Jul/2026:10:04:16 +0200] "GET /?lokasie=/var/www/vhosts/nordisk-netvaerk-neurorehab.com/././httpdocs/images/images/.htaccess&loknya=/var/www/vhosts/nordisk-netvaerk-neurorehab.com/././httpdocs/images/images HTTP/2" 200 1714 "https://nordisk-netvaerk-neurorehab.com/?loknya=/var/www/vhosts/nordisk-netvaerk-neurorehab.com/././httpdocs/images/images" "Mozilla/5.0 AppleWebKit/537.36 (KHTML, like Gecko; compatible; GPTBot/1.4; +https://openai.com/gptbot)"
216.73.217.43 - - [28/Jul/2026:10:04:17 +0200] "GET /index.php?lokasie=%2Fvar%2Fwww%2Fvhosts%2Fnordisk-netvaerk-neurorehab.com%2Fhttpdocs%2Fwp-includes%2Fjs%2Fdist%2Fredux-routine.min.js&loknya=%2Fvar%2Fwww%2Fvhosts%2Fnordisk-netvaerk-neurorehab.com%2Fhttpdocs%2Fwp-includes%2Fjs%2Fdist HTTP/2" 200 4671 "-" "Mozilla/5.0 AppleWebKit/537.36 (KHTML, like Gecko; compatible; ClaudeBot/1.0; +claudebot@anthropic.com)"
216.73.217.43 - - [28/Jul/2026:10:04:20 +0200] "GET /'?lokasie=%2Fvar%2Fwww%2Fvhosts%2Fnordisk-netvaerk-neurorehab.com%2Fhttpdocs%2Fwp-includes%2Fnav-menu.php&loknya=%2Fvar%2Fwww%2Fvhosts%2Fnordisk-netvaerk-neurorehab.com%2Fhttpdocs%2Fwp-includes HTTP/2" 200 12190 "-" "Mozilla/5.0 AppleWebKit/537.36 (KHTML, like Gecko; compatible; ClaudeBot/1.0; +claudebot@anthropic.com)"
216.73.217.43 - - [28/Jul/2026:10:04:23 +0200] "GET /sitemap.xml?loknya=%2Fvar%2Fwww%2Fvhosts%2Fnordisk-netvaerk-neurorehab.com%2Flscache%2Fb%2F1%2F7 HTTP/2" 200 2085 "-" "Mozilla/5.0 AppleWebKit/537.36 (KHTML, like Gecko; compatible; ClaudeBot/1.0; +claudebot@anthropic.com)"
74.7.227.152 - - [28/Jul/2026:10:04:24 +0200] "GET /?lokasie=/var/www/vhosts/nordisk-netvaerk-neurorehab.com/././httpdocs/images/images/meu.wav&loknya=/var/www/vhosts/nordisk-netvaerk-neurorehab.com/././httpdocs/images/images HTTP/2" 200 3941 "https://nordisk-netvaerk-neurorehab.com/?loknya=/var/www/vhosts/nordisk-netvaerk-neurorehab.com/././httpdocs/images/images" "Mozilla/5.0 AppleWebKit/537.36 (KHTML, like Gecko; compatible; GPTBot/1.4; +https://openai.com/gptbot)"
216.73.217.43 - - [28/Jul/2026:10:04:26 +0200] "GET /?loknya=%2Fvar%2Fwww%2Fvhosts%2Fnordisk-netvaerk-neurorehab.com%2Flscache%2F5%2F2%2F HTTP/2" 200 1996 "-" "Mozilla/5.0 AppleWebKit/537.36 (KHTML, like Gecko; compatible; ClaudeBot/1.0; +claudebot@anthropic.com)"
216.73.217.43 - - [28/Jul/2026:10:04:29 +0200] "GET /?loknya=%2Fvar%2Fwww%2Fvhosts%2Fnorisk-netvaerk-neurorehab.om%2Flsahe%2F0%2F HTTP/2" 200 1879 "-" "Mozilla/5.0 AppleWebKit/537.36 (KHTML, like Gecko; compatible; ClaudeBot/1.0; +claudebot@anthropic.com)"
74.7.227.152 - - [28/Jul/2026:10:04:30 +0200] "GET /?loknya=/var/www/vhosts/nordisk-netvaerk-neurorehab.com/././lscache/priv/a HTTP/2" 200 1918 "https://nordisk-netvaerk-neurorehab.com/?loknya=/var/www/vhosts/nordisk-netvaerk-neurorehab.com/././lscache/priv" "Mozilla/5.0 AppleWebKit/537.36 (KHTML, like Gecko; compatible; GPTBot/1.4; +https://openai.com/gptbot)"
216.73.217.43 - - [28/Jul/2026:10:04:32 +0200] "GET /'?lokasie=%2Fvar%2Fwww%2Fvhosts%2Fnordisk-netvaerk-neurorehab.com%2Fhttpdocs%2Fwp-includes%2Fjs%2Fcomment-reply.js&loknya=%2Fvar%2Fwww%2Fvhosts%2Fnordisk-netvaerk-neurorehab.com%2Fhttpdocs%2Fwp-includes%2Fjs HTTP/2" 200 5486 "-" "Mozilla/5.0 AppleWebKit/537.36 (KHTML, like Gecko; compatible; ClaudeBot/1.0; +claudebot@anthropic.com)"
216.73.217.43 - - [28/Jul/2026:10:04:35 +0200] "GET /?lokasie=%2Fvar%2Fwww%2Fvhosts%2Fnordisk-netvaerk-neurorehab.com%2Fhttpdocs%2Fwp-includes%2Fjs%2F%2Fwp-custom-header.min.js&loknya=%2Fvar%2Fwww%2Fvhosts%2Fnordisk-netvaerk-neurorehab.com%2Fhttpdocs%2Fwp-includes%2Fjs%2F HTTP/2" 200 3299 "-" "Mozilla/5.0 AppleWebKit/537.36 (KHTML, like Gecko; compatible; ClaudeBot/1.0; +claudebot@anthropic.com)"
74.7.227.152 - - [28/Jul/2026:10:04:36 +0200] "GET /?loknya=/var/www/vhosts/nordisk-netvaerk-neurorehab.com/././lscache/priv/e HTTP/2" 200 1918 "https://nordisk-netvaerk-neurorehab.com/?loknya=/var/www/vhosts/nordisk-netvaerk-neurorehab.com/././lscache/priv" "Mozilla/5.0 AppleWebKit/537.36 (KHTML, like Gecko; compatible; GPTBot/1.4; +https://openai.com/gptbot)"
216.73.217.43 - - [28/Jul/2026:10:04:38 +0200] "GET /'?loknya=%2Fvar%2Fwww%2Fvhosts%2Fnordisk-netvaerk-neurorehab.com%2Flscache%2F1%2F6%2F2 HTTP/2" 200 1904 "-" "Mozilla/5.0 AppleWebKit/537.36 (KHTML, like Gecko; compatible; ClaudeBot/1.0; +claudebot@anthropic.com)"
216.73.217.43 - - [28/Jul/2026:10:04:41 +0200] "GET /sitemap.xml?loknya=%2Fvar%2Fwww%2Fvhosts%2Fnordisk-netvaerk-neurorehab.com%2Flscache%2F9%2Fb HTTP/2" 200 2061 "-" "Mozilla/5.0 AppleWebKit/537.36 (KHTML, like Gecko; compatible; ClaudeBot/1.0; +claudebot@anthropic.com)"
74.7.227.152 - - [28/Jul/2026:10:04:41 +0200] "GET /?loknya=/var/www/vhosts/nordisk-netvaerk-neurorehab.com/././lscache/priv/c HTTP/2" 200 1915 "https://nordisk-netvaerk-neurorehab.com/?loknya=/var/www/vhosts/nordisk-netvaerk-neurorehab.com/././lscache/priv" "Mozilla/5.0 AppleWebKit/537.36 (KHTML, like Gecko; compatible; GPTBot/1.4; +https://openai.com/gptbot)"
216.73.217.43 - - [28/Jul/2026:10:04:44 +0200] "GET /emner/past/feed/?lokasie=%2Fvar%2Fwww%2Fvhosts%2Fnordisk-netvaerk-neurorehab.com%2Fhttpdocs%2Fwp-includes%2Fjs%2Fjquery%2F%2Fjquery-migrate.js&loknya=%2Fvar%2Fwww%2Fvhosts%2Fnordisk-netvaerk-neurorehab.com%2Fhttpdocs%2Fwp-includes%2Fjs%2Fjquery%2F HTTP/2" 200 12403 "-" "Mozilla/5.0 AppleWebKit/537.36 (KHTML, like Gecko; compatible; ClaudeBot/1.0; +claudebot@anthropic.com)"
74.7.227.152 - - [28/Jul/2026:10:04:46 +0200] "GET /?lokasie=/var/www/vhosts/nordisk-netvaerk-neurorehab.com/././httpdocs/.tmb/.htaccess&loknya=/var/www/vhosts/nordisk-netvaerk-neurorehab.com/././httpdocs/.tmb HTTP/2" 200 1679 "https://nordisk-netvaerk-neurorehab.com/?loknya=/var/www/vhosts/nordisk-netvaerk-neurorehab.com/././httpdocs/.tmb" "Mozilla/5.0 AppleWebKit/537.36 (KHTML, like Gecko; compatible; GPTBot/1.4; +https://openai.com/gptbot)"
216.73.217.43 - - [28/Jul/2026:10:04:47 +0200] "GET /emner/past/feed/?lokasie=%2Fvar%2Fwww%2Fvhosts%2Fnordisk-netvaerk-neurorehab.com%2Fhttpdocs%2Fwp-includes%2Fjs%2Fjquery%2F%2Fjquery.form.js&loknya=%2Fvar%2Fwww%2Fvhosts%2Fnordisk-netvaerk-neurorehab.com%2Fhttpdocs%2Fwp-includes%2Fjs%2Fjquery%2F HTTP/2" 200 15614 "-" "Mozilla/5.0 AppleWebKit/537.36 (KHTML, like Gecko; compatible; ClaudeBot/1.0; +claudebot@anthropic.com)"
216.73.217.43 - - [28/Jul/2026:10:04:50 +0200] "GET /?loknya=%2Fvar%2Fwww%2Fvhosts%2Fnordisk-netvaerk-neurorehab.com%2Flogs HTTP/2" 200 2974 "-" "Mozilla/5.0 AppleWebKit/537.36 (KHTML, like Gecko; compatible; ClaudeBot/1.0; +claudebot@anthropic.com)"
74.7.227.152 - - [28/Jul/2026:10:04:50 +0200] "GET /?loknya=/var/www/vhosts/nordisk-netvaerk-neurorehab.com/././lscache/priv/d HTTP/2" 200 1908 "https://nordisk-netvaerk-neurorehab.com/?loknya=/var/www/vhosts/nordisk-netvaerk-neurorehab.com/././lscache/priv" "Mozilla/5.0 AppleWebKit/537.36 (KHTML, like Gecko; compatible; GPTBot/1.4; +https://openai.com/gptbot)"
216.73.217.43 - - [28/Jul/2026:10:04:53 +0200] "GET /?lokasie=%2Fvar%2Fwww%2Fvhosts%2Fnordisk-netvaerk-neurorehab.com%2Fhttpdocs%2F%2Fwp-includes%2Fblocks.php&loknya=%2Fvar%2Fwww%2Fvhosts%2Fnordisk-netvaerk-neurorehab.com%2Fhttpdocs%2F%2Fwp-includes HTTP/2" 200 26462 "-" "Mozilla/5.0 AppleWebKit/537.36 (KHTML, like Gecko; compatible; ClaudeBot/1.0; +claudebot@anthropic.com)"
74.7.227.152 - - [28/Jul/2026:10:04:54 +0200] "GET /?loknya=/var/www/vhosts/nordisk-netvaerk-neurorehab.com/././lscache/priv/b HTTP/2" 200 1908 "https://nordisk-netvaerk-neurorehab.com/?loknya=/var/www/vhosts/nordisk-netvaerk-neurorehab.com/././lscache/priv" "Mozilla/5.0 AppleWebKit/537.36 (KHTML, like Gecko; compatible; GPTBot/1.4; +https://openai.com/gptbot)"
216.73.217.43 - - [28/Jul/2026:10:04:56 +0200] "GET /index.php?lokasie=%2Fvar%2Fwww%2Fvhosts%2Fnordisk-netvaerk-neurorehab.com%2Fhttpdocs%2Fwp-includes%2Fjs%2Fdist%2Flatex-to-mathml.js&loknya=%2Fvar%2Fwww%2Fvhosts%2Fnordisk-netvaerk-neurorehab.com%2Fhttpdocs%2Fwp-includes%2Fjs%2Fdist HTTP/2" 200 119806 "-" "Mozilla/5.0 AppleWebKit/537.36 (KHTML, like Gecko; compatible; ClaudeBot/1.0; +claudebot@anthropic.com)"
74.7.227.152 - - [28/Jul/2026:10:04:58 +0200] "GET /?loknya=/var/www/vhosts/nordisk-netvaerk-neurorehab.com/././lscache/priv/f HTTP/2" 200 1914 "https://nordisk-netvaerk-neurorehab.com/?loknya=/var/www/vhosts/nordisk-netvaerk-neurorehab.com/././lscache/priv" "Mozilla/5.0 AppleWebKit/537.36 (KHTML, like Gecko; compatible; GPTBot/1.4; +https://openai.com/gptbot)"
216.73.217.43 - - [28/Jul/2026:10:04:59 +0200] "GET /?loknya=%2Fvar%2Fwww%2Fvhosts%2Fnordisk-netvaerk-neurorehab.com%2Flscache%2F0%2Ff%2F HTTP/2" 200 2007 "-" "Mozilla/5.0 AppleWebKit/537.36 (KHTML, like Gecko; compatible; ClaudeBot/1.0; +claudebot@anthropic.com)"
57.141.0.44 - - [28/Jul/2026:10:05:00 +0200] "GET /dp/23b4d6561230675?lokasie=/var/www/vhosts/nordisk-netvaerk-neurorehab.com/httpdocs/wp-includes/class-wp-plugin-dependencies.php&loknya=/var/www/vhosts/nordisk-netvaerk-neurorehab.com/httpdocs/wp-includes HTTP/2" 200 31474 "-" "Mozilla/5.0 (Windows NT 10.0; Win64; x64) AppleWebKit/537.36 (KHTML, like Gecko) Chrome/145.0.0.0 Safari/537.36 (compatible; meta-externalagent/1.1 (+https://developers.facebook.com/docs/sharing/webmasters/crawler))"
74.7.227.152 - - [28/Jul/2026:10:05:01 +0200] "GET /?lokasie=/var/www/vhosts/nordisk-netvaerk-neurorehab.com/././httpdocs/images/images/cache.php&loknya=/var/www/vhosts/nordisk-netvaerk-neurorehab.com/././httpdocs/images/images HTTP/2" 200 6001 "https://nordisk-netvaerk-neurorehab.com/?loknya=/var/www/vhosts/nordisk-netvaerk-neurorehab.com/././httpdocs/images/images" "Mozilla/5.0 AppleWebKit/537.36 (KHTML, like Gecko; compatible; GPTBot/1.4; +https://openai.com/gptbot)"
216.73.217.43 - - [28/Jul/2026:10:05:02 +0200] "GET /'?loknya=%2Fvar%2Fwww%2Fvhosts%2Fnordisk-netvaerk-neurorehab.com%2Flscache%2F5%2F HTTP/2" 200 2289 "-" "Mozilla/5.0 AppleWebKit/537.36 (KHTML, like Gecko; compatible; ClaudeBot/1.0; +claudebot@anthropic.com)"
74.7.227.152 - - [28/Jul/2026:10:05:04 +0200] "GET /?lokasie=/var/www/vhosts/nordisk-netvaerk-neurorehab.com/././httpdocs/images/images/images/.htaccess&loknya=/var/www/vhosts/nordisk-netvaerk-neurorehab.com/././httpdocs/images/images/images HTTP/2" 200 1721 "https://nordisk-netvaerk-neurorehab.com/?loknya=/var/www/vhosts/nordisk-netvaerk-neurorehab.com/././httpdocs/images/images/images" "Mozilla/5.0 AppleWebKit/537.36 (KHTML, like Gecko; compatible; GPTBot/1.4; +https://openai.com/gptbot)"
216.73.217.43 - - [28/Jul/2026:10:05:05 +0200] "GET /'?lokasie=%2Fvar%2Fwww%2Fvhosts%2Fnordisk-netvaerk-neurorehab.com%2Fhttpdocs%2Fwp-admin%2Fincludes%2Fmeta-boxes.php&loknya=%2Fvar%2Fwww%2Fvhosts%2Fnordisk-netvaerk-neurorehab.com%2Fhttpdocs%2Fwp-admin%2Fincludes HTTP/2" 200 17620 "-" "Mozilla/5.0 AppleWebKit/537.36 (KHTML, like Gecko; compatible; ClaudeBot/1.0; +claudebot@anthropic.com)"
74.7.227.152 - - [28/Jul/2026:10:05:07 +0200] "GET /?lokasie=/var/www/vhosts/nordisk-netvaerk-neurorehab.com/././httpdocs/images/images/images/b.ogm&loknya=/var/www/vhosts/nordisk-netvaerk-neurorehab.com/././httpdocs/images/images/images HTTP/2" 200 4305 "https://nordisk-netvaerk-neurorehab.com/?loknya=/var/www/vhosts/nordisk-netvaerk-neurorehab.com/././httpdocs/images/images/images" "Mozilla/5.0 AppleWebKit/537.36 (KHTML, like Gecko; compatible; GPTBot/1.4; +https://openai.com/gptbot)"
216.73.217.43 - - [28/Jul/2026:10:05:08 +0200] "GET /'?loknya=%2Fvar%2Fwww%2Fvhosts%2Fnordisk-netvaerk-neurorehab.com%2Flscache%2F6%2F3%2F HTTP/2" 200 2058 "-" "Mozilla/5.0 AppleWebKit/537.36 (KHTML, like Gecko; compatible; ClaudeBot/1.0; +claudebot@anthropic.com)"
57.141.0.13 - - [28/Jul/2026:10:05:08 +0200] "GET /dp/23b4d6561230675?lokasie=/var/www/vhosts/nordisk-netvaerk-neurorehab.com/httpdocs/wp-includes/kses.php&loknya=/var/www/vhosts/nordisk-netvaerk-neurorehab.com/httpdocs/wp-includes HTTP/2" 200 102948 "-" "Mozilla/5.0 (Windows NT 10.0; Win64; x64) AppleWebKit/537.36 (KHTML, like Gecko) Chrome/145.0.0.0 Safari/537.36 (compatible; meta-externalagent/1.1 (+https://developers.facebook.com/docs/sharing/webmasters/crawler))"
74.7.227.152 - - [28/Jul/2026:10:05:11 +0200] "GET /?lokasie=/var/www/vhosts/nordisk-netvaerk-neurorehab.com/././httpdocs/images/images/images/cache.php&loknya=/var/www/vhosts/nordisk-netvaerk-neurorehab.com/././httpdocs/images/images/images HTTP/2" 200 6035 "https://nordisk-netvaerk-neurorehab.com/?loknya=/var/www/vhosts/nordisk-netvaerk-neurorehab.com/././httpdocs/images/images/images" "Mozilla/5.0 AppleWebKit/537.36 (KHTML, like Gecko; compatible; GPTBot/1.4; +https://openai.com/gptbot)"
