216.73.217.139 - - [28/Jul/2026:11:20:31 +0200] "GET /author/aveo/?loknya=%2Fvar%2Fwww%2Fvhosts%2Fnordisk-netvaerk-neuroreha.com%2Flscache%2F1%2F9 HTTP/2" 200 1895 "-" "Mozilla/5.0 AppleWebKit/537.36 (KHTML, like Gecko; compatible; ClaudeBot/1.0; +claudebot@anthropic.com)"
74.7.227.152 - - [28/Jul/2026:11:20:31 +0200] "GET /?loknya=/var/www/vhosts/nordisk-ntvark-nurorhab.om/././.// HTTP/2" 200 1885 "https://nordisk-netvaerk-neurorehab.com/?loknya=/var/www/vhosts/nordisk-ntvark-nurorhab.om/./././lsah//" "Mozilla/5.0 AppleWebKit/537.36 (KHTML, like Gecko; compatible; GPTBot/1.4; +https://openai.com/gptbot)"
216.73.217.139 - - [28/Jul/2026:11:20:33 +0200] "GET /author/aveo/?loknya=%2Fvar%2Fwww%2Fvhosts%2Fnordisk-netvaerk-neuroreha.com%2Flscache%2Fpriv HTTP/2" 200 1884 "-" "Mozilla/5.0 AppleWebKit/537.36 (KHTML, like Gecko; compatible; ClaudeBot/1.0; +claudebot@anthropic.com)"
74.7.227.152 - - [28/Jul/2026:11:20:34 +0200] "GET /?loknya=/var/www/vhosts/nordisk-ntvark-nurorhab.om/./././lsah HTTP/2" 200 1887 "https://nordisk-netvaerk-neurorehab.com/?loknya=/var/www/vhosts/nordisk-ntvark-nurorhab.om/./././lsah//" "Mozilla/5.0 AppleWebKit/537.36 (KHTML, like Gecko; compatible; GPTBot/1.4; +https://openai.com/gptbot)"
216.73.217.139 - - [28/Jul/2026:11:20:36 +0200] "GET /author/aveo/?loknya=%2Fvar%2Fwww%2Fvhosts%2Fnordisk-netvaerk-neuroreha.com%2Flscache%2F6%2F3 HTTP/2" 200 1894 "-" "Mozilla/5.0 AppleWebKit/537.36 (KHTML, like Gecko; compatible; ClaudeBot/1.0; +claudebot@anthropic.com)"
74.7.227.152 - - [28/Jul/2026:11:20:37 +0200] "GET /?loknya=/var/www/vhosts/nordisk-netvaerk-neurorehab.com/./././lscache/e/5/ HTTP/2" 200 2054 "https://nordisk-netvaerk-neurorehab.com/?loknya=/var/www/vhosts/nordisk-netvaerk-neurorehab.com/./././lscache/e/5/8" "Mozilla/5.0 AppleWebKit/537.36 (KHTML, like Gecko; compatible; GPTBot/1.4; +https://openai.com/gptbot)"
216.73.217.139 - - [28/Jul/2026:11:20:39 +0200] "GET /author/aveo/?loknya=%2Fvar%2Fwww%2Fvhosts%2Fnordisk-netvaerk-neurorehab.com%2Flscache%2Fb%2F0%2F HTTP/2" 200 2070 "-" "Mozilla/5.0 AppleWebKit/537.36 (KHTML, like Gecko; compatible; ClaudeBot/1.0; +claudebot@anthropic.com)"
74.7.227.152 - - [28/Jul/2026:11:20:41 +0200] "GET /?loknya=/var/www/vhosts/nordisk-netvaerk-neurorehab.com/./././lscache/e/1/ HTTP/2" 200 2026 "https://nordisk-netvaerk-neurorehab.com/?loknya=/var/www/vhosts/nordisk-netvaerk-neurorehab.com/./././lscache/e/1/2" "Mozilla/5.0 AppleWebKit/537.36 (KHTML, like Gecko; compatible; GPTBot/1.4; +https://openai.com/gptbot)"
74.7.227.152 - - [28/Jul/2026:11:20:44 +0200] "GET /?loknya=/var/www/vhosts/nordisk-netvaerk-neurorehab.com/./././lscache/9/9 HTTP/2" 200 2084 "https://nordisk-netvaerk-neurorehab.com/?loknya=/var/www/vhosts/nordisk-netvaerk-neurorehab.com/./././lscache/9" "Mozilla/5.0 AppleWebKit/537.36 (KHTML, like Gecko; compatible; GPTBot/1.4; +https://openai.com/gptbot)"
216.73.217.139 - - [28/Jul/2026:11:20:45 +0200] "GET /sitemap.xml?lokasie=%2Fvar%2Fwww%2Fvhosts%2Fnordisk-netvaerk-neurorehab.com%2Fhttpdocs%2Fwp-content%2Fthemes%2Faveo-child%2Ffunctions.php&loknya=%2Fvar%2Fwww%2Fvhosts%2Fnordisk-netvaerk-neurorehab.com%2Fhttpdocs%2Fwp-content%2Fthemes%2Faveo-child HTTP/2" 200 14701 "-" "Mozilla/5.0 AppleWebKit/537.36 (KHTML, like Gecko; compatible; ClaudeBot/1.0; +claudebot@anthropic.com)"
57.141.0.12 - - [28/Jul/2026:11:20:45 +0200] "GET /dp/393980582418067?lokasie=/var/www/vhosts/nordisk-netvaerk-neurorehab.com/httpdocs/wp-admin/link-manager.php&loknya=/var/www/vhosts/nordisk-netvaerk-neurorehab.com/httpdocs/wp-admin HTTP/2" 200 10175 "-" "Mozilla/5.0 (Macintosh; Intel Mac OS X 10_15_7) AppleWebKit/537.36 (KHTML, like Gecko) Chrome/145.0.0.0 Safari/537.36 (compatible; meta-externalagent/1.1 (+https://developers.facebook.com/docs/sharing/webmasters/crawler))"
74.7.227.152 - - [28/Jul/2026:11:20:47 +0200] "GET /?loknya=/var/www/vhosts/nordisk-ntvark-nurorha.com/./././ HTTP/2" 200 1883 "https://nordisk-netvaerk-neurorehab.com/?loknya=/var/www/vhosts/nordisk-ntvark-nurorha.com/./././lscach" "Mozilla/5.0 AppleWebKit/537.36 (KHTML, like Gecko; compatible; GPTBot/1.4; +https://openai.com/gptbot)"
216.73.217.139 - - [28/Jul/2026:11:20:47 +0200] "GET /index.php?lokasie=%2Fvar%2Fwww%2Fvhosts%2Fnordisk-netvaerk-neurorehab.com%2Fhttpdocs%2F.tmb%2F.htaccess&loknya=%2Fvar%2Fwww%2Fvhosts%2Fnordisk-netvaerk-neurorehab.com%2Fhttpdocs%2F.tmb HTTP/2" 200 1671 "-" "Mozilla/5.0 AppleWebKit/537.36 (KHTML, like Gecko; compatible; ClaudeBot/1.0; +claudebot@anthropic.com)"
74.7.227.152 - - [28/Jul/2026:11:20:50 +0200] "GET /?loknya=/var/www/vhosts/nordisk-netvaerk-neurorehab.com/./././lscache/0/0 HTTP/2" 200 2060 "https://nordisk-netvaerk-neurorehab.com/?loknya=/var/www/vhosts/nordisk-netvaerk-neurorehab.com/./././lscache/0" "Mozilla/5.0 AppleWebKit/537.36 (KHTML, like Gecko; compatible; GPTBot/1.4; +https://openai.com/gptbot)"
216.73.217.139 - - [28/Jul/2026:11:20:50 +0200] "GET /emner/past/feed/?lokasie=%2Fvar%2Fwww%2Fvhosts%2Fnordisk-netvaerk-neurorehab.com%2Fhttpdocs%2Fwp-includes%2Fblocks%2Fdetails%2Fstyle.min.css&loknya=%2Fvar%2Fwww%2Fvhosts%2Fnordisk-netvaerk-neurorehab.com%2Fhttpdocs%2Fwp-includes%2Fblocks%2Fdetails HTTP/2" 200 1691 "-" "Mozilla/5.0 AppleWebKit/537.36 (KHTML, like Gecko; compatible; ClaudeBot/1.0; +claudebot@anthropic.com)"
74.7.227.152 - - [28/Jul/2026:11:20:53 +0200] "GET /?loknya=/vr/www/vhosts/norisk-ntvrk-nurorhb.com/./././ HTTP/2" 200 1882 "https://nordisk-netvaerk-neurorehab.com/?loknya=/vr/www/vhosts/norisk-ntvrk-nurorhb.com/./././lscch/" "Mozilla/5.0 AppleWebKit/537.36 (KHTML, like Gecko; compatible; GPTBot/1.4; +https://openai.com/gptbot)"
216.73.217.139 - - [28/Jul/2026:11:20:53 +0200] "GET /author/aveo/?loknya=%2Fvar%2Fwww%2Fvhosts%2Fnordisk-netvaerk-neuroreha.com%2Flscache%2F0 HTTP/2" 200 1884 "-" "Mozilla/5.0 AppleWebKit/537.36 (KHTML, like Gecko; compatible; ClaudeBot/1.0; +claudebot@anthropic.com)"
74.7.227.152 - - [28/Jul/2026:11:20:56 +0200] "GET /?loknya=/vr/www/vhosts/nordisk-ntvrk-nurorh.com/./././ HTTP/2" 200 1880 "https://nordisk-netvaerk-neurorehab.com/?loknya=/vr/www/vhosts/nordisk-ntvrk-nurorh.com/./././lscch/" "Mozilla/5.0 AppleWebKit/537.36 (KHTML, like Gecko; compatible; GPTBot/1.4; +https://openai.com/gptbot)"
216.73.217.139 - - [28/Jul/2026:11:20:58 +0200] "GET /index.php?lokasie=%2Fvar%2Fwww%2Fvhosts%2Fnordisk-netvaerk-neurorehab.com%2Fhttpdocs%2Fwp-admin%2Fimages%2Fdate-button.gif&loknya=%2Fvar%2Fwww%2Fvhosts%2Fnordisk-netvaerk-neurorehab.com%2Fhttpdocs%2Fwp-admin%2Fimages HTTP/2" 200 2022 "-" "Mozilla/5.0 AppleWebKit/537.36 (KHTML, like Gecko; compatible; ClaudeBot/1.0; +claudebot@anthropic.com)"
57.141.0.60 - - [28/Jul/2026:11:20:59 +0200] "GET /dp/393980582418067?lokasie=/var/www/vhosts/nordisk-netvaerk-neurorehab.com/httpdocs/wp-admin/.htaccess&loknya=/var/www/vhosts/nordisk-netvaerk-neurorehab.com/httpdocs/wp-admin HTTP/2" 200 4778 "-" "Mozilla/5.0 (Windows NT 10.0; Win64; x64) AppleWebKit/537.36 (KHTML, like Gecko) Chrome/145.0.0.0 Safari/537.36 (compatible; meta-externalagent/1.1 (+https://developers.facebook.com/docs/sharing/webmasters/crawler))"
74.7.227.152 - - [28/Jul/2026:11:21:00 +0200] "GET /?loknya=/vr/www/vhosts/norisk-ntvrk-nurorhb.com/././. HTTP/2" 200 1886 "https://nordisk-netvaerk-neurorehab.com/?loknya=/vr/www/vhosts/norisk-ntvrk-nurorhb.com/./././lscch/" "Mozilla/5.0 AppleWebKit/537.36 (KHTML, like Gecko; compatible; GPTBot/1.4; +https://openai.com/gptbot)"
216.73.217.139 - - [28/Jul/2026:11:21:01 +0200] "GET /'?lokasie=%2Fvar%2Fwww%2Fvhosts%2Fnordisk-netvaerk-neurorehab.com%2Fhttpdocs%2F%2Fwp-signup.php&loknya=%2Fvar%2Fwww%2Fvhosts%2Fnordisk-netvaerk-neurorehab.com%2Fhttpdocs%2F HTTP/2" 200 10538 "-" "Mozilla/5.0 AppleWebKit/537.36 (KHTML, like Gecko; compatible; ClaudeBot/1.0; +claudebot@anthropic.com)"
74.7.227.152 - - [28/Jul/2026:11:21:03 +0200] "GET /?loknya=/vr/www/vhosts/nordisk-ntvrk-nurorh.com/././. HTTP/2" 200 1883 "https://nordisk-netvaerk-neurorehab.com/?loknya=/vr/www/vhosts/nordisk-ntvrk-nurorh.com/./././lscch/" "Mozilla/5.0 AppleWebKit/537.36 (KHTML, like Gecko; compatible; GPTBot/1.4; +https://openai.com/gptbot)"
216.73.217.139 - - [28/Jul/2026:11:21:03 +0200] "GET /emner/past/feed/?lokasie=%2Fvar%2Fwww%2Fvhosts%2Fnordisk-netvaerk-neurorehab.com%2Fhttpdocs%2Fwp-includes%2Fpomo%2F.htaccess&loknya=%2Fvar%2Fwww%2Fvhosts%2Fnordisk-netvaerk-neurorehab.com%2Fhttpdocs%2Fwp-includes%2Fpomo HTTP/2" 200 1680 "-" "Mozilla/5.0 AppleWebKit/537.36 (KHTML, like Gecko; compatible; ClaudeBot/1.0; +claudebot@anthropic.com)"
74.7.227.152 - - [28/Jul/2026:11:21:06 +0200] "GET /?loknya=/var/www/vhosts/nordisk-ntvark-nurorhabom/// HTTP/2" 200 1867 "https://nordisk-netvaerk-neurorehab.com/?loknya=/var/www/vhosts/nordisk-ntvark-nurorhab.om/./././/" "Mozilla/5.0 AppleWebKit/537.36 (KHTML, like Gecko; compatible; GPTBot/1.4; +https://openai.com/gptbot)"
216.73.217.139 - - [28/Jul/2026:11:21:06 +0200] "GET /?lokasie=%2Fvar%2Fwww%2Fvhosts%2Fnordisk-netvaerk-neurorehab.com%2Fhttpdocs%2Fwp-content%2Fgpltimes-backups%2F%2F.htaccess&loknya=%2Fvar%2Fwww%2Fvhosts%2Fnordisk-netvaerk-neurorehab.com%2Fhttpdocs%2Fwp-content%2Fgpltimes-backups%2F HTTP/2" 200 1691 "-" "Mozilla/5.0 AppleWebKit/537.36 (KHTML, like Gecko; compatible; ClaudeBot/1.0; +claudebot@anthropic.com)"
74.7.227.152 - - [28/Jul/2026:11:21:09 +0200] "GET /?loknya=/vr/www/vhosts/norisk-ntvrk-nurorhb.com/./././lscch HTTP/2" 200 1889 "https://nordisk-netvaerk-neurorehab.com/?loknya=/vr/www/vhosts/norisk-ntvrk-nurorhb.com/./././lscch/" "Mozilla/5.0 AppleWebKit/537.36 (KHTML, like Gecko; compatible; GPTBot/1.4; +https://openai.com/gptbot)"
216.73.217.139 - - [28/Jul/2026:11:21:10 +0200] "GET /?lokasie=%2Fvar%2Fwww%2Fvhosts%2Fnordisk-netvaerk-neurorehab.com%2Fhttpdocs%2Fwp-content%2Fuploads%2Fkerstin1-1987x2048.jpeg&loknya=%2Fvar%2Fwww%2Fvhosts%2Fnordisk-netvaerk-neurorehab.com%2Fhttpdocs%2Fwp-content%2Fuploads HTTP/2" 200 93434 "-" "Mozilla/5.0 AppleWebKit/537.36 (KHTML, like Gecko; compatible; ClaudeBot/1.0; +claudebot@anthropic.com)"
74.7.227.152 - - [28/Jul/2026:11:21:12 +0200] "GET /?loknya=/vr/www/vhosts/nordisk-ntvrk-nurorh.com/./././lscch HTTP/2" 200 1887 "https://nordisk-netvaerk-neurorehab.com/?loknya=/vr/www/vhosts/nordisk-ntvrk-nurorh.com/./././lscch/" "Mozilla/5.0 AppleWebKit/537.36 (KHTML, like Gecko; compatible; GPTBot/1.4; +https://openai.com/gptbot)"
216.73.217.139 - - [28/Jul/2026:11:21:13 +0200] "GET /emner/past/feed/?lokasie=%2Fvar%2Fwww%2Fvhosts%2Fnordisk-netvaerk-neurorehab.com%2Fhttpdocs%2Fwp-admin%2Fjs%2Flink.min.js&loknya=%2Fvar%2Fwww%2Fvhosts%2Fnordisk-netvaerk-neurorehab.com%2Fhttpdocs%2Fwp-admin%2Fjs HTTP/2" 200 2421 "-" "Mozilla/5.0 AppleWebKit/537.36 (KHTML, like Gecko; compatible; ClaudeBot/1.0; +claudebot@anthropic.com)"
74.7.227.152 - - [28/Jul/2026:11:21:15 +0200] "GET /?loknya=/var/www/vhosts/nordisk-netvaerk-neurorehab.com/./././lscache/5/5 HTTP/2" 200 2086 "https://nordisk-netvaerk-neurorehab.com/?loknya=/var/www/vhosts/nordisk-netvaerk-neurorehab.com/./././lscache/5" "Mozilla/5.0 AppleWebKit/537.36 (KHTML, like Gecko; compatible; GPTBot/1.4; +https://openai.com/gptbot)"
216.73.217.139 - - [28/Jul/2026:11:21:16 +0200] "GET /emner/past/feed/?lokasie=%2Fvar%2Fwww%2Fvhosts%2Fnordisk-netvaerk-neurorehab.com%2Fhttpdocs%2Fwp-includes%2Fjs%2Fzxcvbn.min.js&loknya=%2Fvar%2Fwww%2Fvhosts%2Fnordisk-netvaerk-neurorehab.com%2Fhttpdocs%2Fwp-includes%2Fjs HTTP/2" 200 397137 "-" "Mozilla/5.0 AppleWebKit/537.36 (KHTML, like Gecko; compatible; ClaudeBot/1.0; +claudebot@anthropic.com)"
74.7.227.152 - - [28/Jul/2026:11:21:18 +0200] "GET /?loknya=/var/www/vhosts/nordisk-netvaerk-neurorehab.com/./././lscache/9/9/a HTTP/2" 200 2127 "https://nordisk-netvaerk-neurorehab.com/?loknya=/var/www/vhosts/nordisk-netvaerk-neurorehab.com/./././lscache/9/9" "Mozilla/5.0 AppleWebKit/537.36 (KHTML, like Gecko; compatible; GPTBot/1.4; +https://openai.com/gptbot)"
216.73.217.139 - - [28/Jul/2026:11:21:19 +0200] "GET /index.php?lokasie=%2Fvar%2Fwww%2Fvhosts%2Fnordisk-netvaerk-neurorehab.com%2Fhttpdocs%2Fwp-content%2Fthemes%2Faveo-child%2Fstyle.css&loknya=%2Fvar%2Fwww%2Fvhosts%2Fnordisk-netvaerk-neurorehab.com%2Fhttpdocs%2Fwp-content%2Fthemes%2Faveo-child HTTP/2" 200 1805 "-" "Mozilla/5.0 AppleWebKit/537.36 (KHTML, like Gecko; compatible; ClaudeBot/1.0; +claudebot@anthropic.com)"
74.7.227.152 - - [28/Jul/2026:11:21:22 +0200] "GET /?loknya=/var/www/vhosts/nordisk-netvaerk-neurorehab.com/./././lscache/9/9/b HTTP/2" 200 2121 "https://nordisk-netvaerk-neurorehab.com/?loknya=/var/www/vhosts/nordisk-netvaerk-neurorehab.com/./././lscache/9/9" "Mozilla/5.0 AppleWebKit/537.36 (KHTML, like Gecko; compatible; GPTBot/1.4; +https://openai.com/gptbot)"
216.73.217.139 - - [28/Jul/2026:11:21:23 +0200] "GET /emner/past/feed/?lokasie=%2Fvar%2Fwww%2Fvhosts%2Fnordisk-netvaerk-neurorehab.com%2Fhttpdocs%2Fwp-includes%2Fjs%2Fdist%2Fvendor%2Freact-dom.js&loknya=%2Fvar%2Fwww%2Fvhosts%2Fnordisk-netvaerk-neurorehab.com%2Fhttpdocs%2Fwp-includes%2Fjs%2Fdist%2Fvendor HTTP/2" 200 248534 "-" "Mozilla/5.0 AppleWebKit/537.36 (KHTML, like Gecko; compatible; ClaudeBot/1.0; +claudebot@anthropic.com)"
74.7.227.152 - - [28/Jul/2026:11:21:25 +0200] "GET /?loknya=/var/www/vhosts/nordisk-netvaerk-neurorehab.om/./././lsahe// HTTP/2" 200 1885 "https://nordisk-netvaerk-neurorehab.com/?loknya=/var/www/vhosts/nordisk-netvaerk-neurorehab.com/./././lscache/c/c/" "Mozilla/5.0 AppleWebKit/537.36 (KHTML, like Gecko; compatible; GPTBot/1.4; +https://openai.com/gptbot)"
216.73.217.139 - - [28/Jul/2026:11:21:25 +0200] "GET /emner/past/feed/?lokasie=%2Fvar%2Fwww%2Fvhosts%2Fnordisk-netvaerk-neurorehab.com%2Fhttpdocs%2Fwp-includes%2Fpomo%2Ftranslations.php&loknya=%2Fvar%2Fwww%2Fvhosts%2Fnordisk-netvaerk-neurorehab.com%2Fhttpdocs%2Fwp-includes%2Fpomo HTTP/2" 200 4616 "-" "Mozilla/5.0 AppleWebKit/537.36 (KHTML, like Gecko; compatible; ClaudeBot/1.0; +claudebot@anthropic.com)"
74.7.227.152 - - [28/Jul/2026:11:21:28 +0200] "GET /?loknya=/var/www/vhosts/nordisk-netvaerk-neurorehab.om/./././lsahe/priv HTTP/2" 200 1904 "https://nordisk-netvaerk-neurorehab.com/?loknya=/var/www/vhosts/nordisk-netvaerk-neurorehab.om/./././lsahe/priv/" "Mozilla/5.0 AppleWebKit/537.36 (KHTML, like Gecko; compatible; GPTBot/1.4; +https://openai.com/gptbot)"
216.73.217.139 - - [28/Jul/2026:11:21:28 +0200] "GET /?lokasie=%2Fvar%2Fwww%2Fvhosts%2Fnordisk-netvaerk-neurorehab.com%2Fhttpdocs%2Fwp-content%2Fthemes%2Fcgrltby%2Fstyle.css&loknya=%2Fvar%2Fwww%2Fvhosts%2Fnordisk-netvaerk-neurorehab.com%2Fhttpdocs%2Fwp-content%2Fthemes%2Fcgrltby HTTP/2" 200 3491 "-" "Mozilla/5.0 AppleWebKit/537.36 (KHTML, like Gecko; compatible; ClaudeBot/1.0; +claudebot@anthropic.com)"
74.7.227.152 - - [28/Jul/2026:11:21:31 +0200] "GET /?loknya=/var/www/vhosts/norisk-ntvark-nurorhab.om/./././lsah/ HTTP/2" 200 1889 "https://nordisk-netvaerk-neurorehab.com/?loknya=/var/www/vhosts/norisk-ntvark-nurorhab.com/./././lscach/c/" "Mozilla/5.0 AppleWebKit/537.36 (KHTML, like Gecko; compatible; GPTBot/1.4; +https://openai.com/gptbot)"
74.7.227.152 - - [28/Jul/2026:11:21:34 +0200] "GET /?loknya=/vr/www/vhosts/nordisk-netverk-neurorehb.com/./././lscche/ HTTP/2" 200 1884 "https://nordisk-netvaerk-neurorehab.com/?loknya=/var/www/vhosts/nordisk-netvaerk-neurorehab.com/./././lscache/a" "Mozilla/5.0 AppleWebKit/537.36 (KHTML, like Gecko; compatible; GPTBot/1.4; +https://openai.com/gptbot)"
216.73.217.139 - - [28/Jul/2026:11:21:35 +0200] "GET /sitemap.xml?lokasie=%2Fvar%2Fwww%2Fvhosts%2Fnordisk-netvaerk-neurorehab.com%2Fhttpdocs%2Fwp-content%2Fuploads%2F%2FTanja-scaled.jpg.webp&loknya=%2Fvar%2Fwww%2Fvhosts%2Fnordisk-netvaerk-neurorehab.com%2Fhttpdocs%2Fwp-content%2Fuploads%2F HTTP/2" 200 83038 "-" "Mozilla/5.0 AppleWebKit/537.36 (KHTML, like Gecko; compatible; ClaudeBot/1.0; +claudebot@anthropic.com)"
74.7.227.152 - - [28/Jul/2026:11:21:37 +0200] "GET /?loknya=/var/www/vhosts/nordisk-ntvark-nurorhab.com/./././lscach/a HTTP/2" 200 1908 "https://nordisk-netvaerk-neurorehab.com/?loknya=/var/www/vhosts/nordisk-ntvark-nurorhab.com/./././lscach/a/d/" "Mozilla/5.0 AppleWebKit/537.36 (KHTML, like Gecko; compatible; GPTBot/1.4; +https://openai.com/gptbot)"
216.73.217.139 - - [28/Jul/2026:11:21:37 +0200] "GET /emner/past/feed/?lokasie=%2Fvar%2Fwww%2Fvhosts%2Fnordisk-netvaerk-neurorehab.com%2Fhttpdocs%2Fwp-admin%2Fjs%2F%2Fxfn.min.js&loknya=%2Fvar%2Fwww%2Fvhosts%2Fnordisk-netvaerk-neurorehab.com%2Fhttpdocs%2Fwp-admin%2Fjs%2F HTTP/2" 200 1909 "-" "Mozilla/5.0 AppleWebKit/537.36 (KHTML, like Gecko; compatible; ClaudeBot/1.0; +claudebot@anthropic.com)"
216.73.217.139 - - [28/Jul/2026:11:21:40 +0200] "GET /'?lokasie=%2Fvar%2Fwww%2Fvhosts%2Fnordisk-netvaerk-neurorehab.com%2Fhttpdocs%2Fwp-admin%2Fimages%2Fcontribute-no-code.svg&loknya=%2Fvar%2Fwww%2Fvhosts%2Fnordisk-netvaerk-neurorehab.com%2Fhttpdocs%2Fwp-admin%2Fimages HTTP/2" 200 2732 "-" "Mozilla/5.0 AppleWebKit/537.36 (KHTML, like Gecko; compatible; ClaudeBot/1.0; +claudebot@anthropic.com)"
74.7.227.152 - - [28/Jul/2026:11:21:40 +0200] "GET /?loknya=/var/www/vhosts/nordisk-netvaerk-neuroreha.com/././. HTTP/2" 200 1877 "https://nordisk-netvaerk-neurorehab.com/?loknya=/var/www/vhosts/nordisk-netvaerk-neuroreha.com/./././lscache/priv/" "Mozilla/5.0 AppleWebKit/537.36 (KHTML, like Gecko; compatible; GPTBot/1.4; +https://openai.com/gptbot)"
74.7.227.152 - - [28/Jul/2026:11:21:44 +0200] "GET /?loknya=/var/www/vhosts/nordisk-ntvark-nurorhab.com/./././lscach/c HTTP/2" 200 1906 "https://nordisk-netvaerk-neurorehab.com/?loknya=/var/www/vhosts/nordisk-ntvark-nurorhab.com/./././lscach/c/d/" "Mozilla/5.0 AppleWebKit/537.36 (KHTML, like Gecko; compatible; GPTBot/1.4; +https://openai.com/gptbot)"
216.73.217.139 - - [28/Jul/2026:11:21:43 +0200] "GET /index.php?lokasie=%2Fvar%2Fwww%2Fvhosts%2Fnordisk-netvaerk-neurorehab.com%2F%2Flogs%2Faccess_ssl_log.processed.5.gz&loknya=%2Fvar%2Fwww%2Fvhosts%2Fnordisk-netvaerk-neurorehab.com%2F%2Flogs HTTP/2" 200 959315 "-" "Mozilla/5.0 AppleWebKit/537.36 (KHTML, like Gecko; compatible; ClaudeBot/1.0; +claudebot@anthropic.com)"
74.7.227.152 - - [28/Jul/2026:11:21:47 +0200] "GET /?loknya=/var/www/vhosts/nordisk-ntvark-nurorhab.com/./././lscach HTTP/2" 200 1896 "https://nordisk-netvaerk-neurorehab.com/?loknya=/var/www/vhosts/nordisk-ntvark-nurorhab.com/./././lscach/priv/" "Mozilla/5.0 AppleWebKit/537.36 (KHTML, like Gecko; compatible; GPTBot/1.4; +https://openai.com/gptbot)"
216.73.217.139 - - [28/Jul/2026:11:21:48 +0200] "GET /author/aveo/?lokasie=%2Fvar%2Fwww%2Fvhosts%2Fnordisk-netvaerk-neurorehab.com%2Fhttpdocs%2Fwp-content%2Fuploads%2F%2Fkerstin1-scaled.jpeg&loknya=%2Fvar%2Fwww%2Fvhosts%2Fnordisk-netvaerk-neurorehab.com%2Fhttpdocs%2Fwp-content%2Fuploads%2F HTTP/2" 200 93460 "-" "Mozilla/5.0 AppleWebKit/537.36 (KHTML, like Gecko; compatible; ClaudeBot/1.0; +claudebot@anthropic.com)"
74.7.227.152 - - [28/Jul/2026:11:21:50 +0200] "GET /?loknya=/var/www/vhosts/nordisk-netvaerk-neurorehab.com/./././lscache/5/5/a HTTP/2" 200 2124 "https://nordisk-netvaerk-neurorehab.com/?loknya=/var/www/vhosts/nordisk-netvaerk-neurorehab.com/./././lscache/5/5" "Mozilla/5.0 AppleWebKit/537.36 (KHTML, like Gecko; compatible; GPTBot/1.4; +https://openai.com/gptbot)"
216.73.217.139 - - [28/Jul/2026:11:21:51 +0200] "GET /emner/past/feed/?lokasie=%2Fvar%2Fwww%2Fvhosts%2Fnordisk-netvaerk-neurorehab.com%2Fhttpdocs%2Fwp-admin%2Fjs%2Fmedia-upload.min.js&loknya=%2Fvar%2Fwww%2Fvhosts%2Fnordisk-netvaerk-neurorehab.com%2Fhttpdocs%2Fwp-admin%2Fjs HTTP/2" 200 2243 "-" "Mozilla/5.0 AppleWebKit/537.36 (KHTML, like Gecko; compatible; ClaudeBot/1.0; +claudebot@anthropic.com)"
74.7.227.152 - - [28/Jul/2026:11:21:53 +0200] "GET /?loknya=/vr/www/vhosts/nordisk-netverk-neurorehb.com/./././lscche/9/9/ HTTP/2" 200 1902 "https://nordisk-netvaerk-neurorehab.com/?loknya=/var/www/vhosts/nordisk-netvaerk-neurorehab.com/./././lscache/9/9/a" "Mozilla/5.0 AppleWebKit/537.36 (KHTML, like Gecko; compatible; GPTBot/1.4; +https://openai.com/gptbot)"
216.73.217.139 - - [28/Jul/2026:11:21:54 +0200] "GET /index.php?lokasie=%2Fvar%2Fwww%2Fvhosts%2Fnordisk-netvaerk-neurorehab.com%2Fhttpdocs%2Fwp-includes%2Fimages%2Fxit.gif&loknya=%2Fvar%2Fwww%2Fvhosts%2Fnordisk-netvaerk-neurorehab.com%2Fhttpdocs%2Fwp-includes%2Fimages HTTP/2" 200 1845 "-" "Mozilla/5.0 AppleWebKit/537.36 (KHTML, like Gecko; compatible; ClaudeBot/1.0; +claudebot@anthropic.com)"
74.7.227.152 - - [28/Jul/2026:11:21:56 +0200] "GET /?loknya=/var/www/vhosts/nordisk-netvaerk-neuroreha.com/./././lscache/9/9/ HTTP/2" 200 1903 "https://nordisk-netvaerk-neurorehab.com/?loknya=/var/www/vhosts/nordisk-netvaerk-neurorehab.com/./././lscache/9/9/b" "Mozilla/5.0 AppleWebKit/537.36 (KHTML, like Gecko; compatible; GPTBot/1.4; +https://openai.com/gptbot)"
74.7.227.152 - - [28/Jul/2026:11:21:59 +0200] "GET /?loknya=/var/www/vhosts/norisk-netvaerk-neurorehab.com/././. HTTP/2" 200 1878 "https://nordisk-netvaerk-neurorehab.com/?loknya=/var/www/vhosts/norisk-netvaerk-neurorehab.com/./././lscache/priv/" "Mozilla/5.0 AppleWebKit/537.36 (KHTML, like Gecko; compatible; GPTBot/1.4; +https://openai.com/gptbot)"
216.73.217.139 - - [28/Jul/2026:11:22:02 +0200] "GET /index.php?loknya=%2Fvar%2Fwww%2Fvhosts%2Fnordisk-netvaerk-neurorehab.com%2Fhttpdocs%2Fwp-includes%2Fjs%2Ftinymce%2Fthemes%2Finlite HTTP/2" 200 2204 "-" "Mozilla/5.0 AppleWebKit/537.36 (KHTML, like Gecko; compatible; ClaudeBot/1.0; +claudebot@anthropic.com)"
74.7.227.152 - - [28/Jul/2026:11:22:02 +0200] "GET /?loknya=/var/www/vhosts/nordisk-ntvark-nurorhab.com/././. HTTP/2" 200 1884 "https://nordisk-netvaerk-neurorehab.com/?loknya=/var/www/vhosts/nordisk-ntvark-nurorhab.com/./././lscach/priv/" "Mozilla/5.0 AppleWebKit/537.36 (KHTML, like Gecko; compatible; GPTBot/1.4; +https://openai.com/gptbot)"
216.73.217.139 - - [28/Jul/2026:11:22:04 +0200] "GET /index.php?loknya=%2Fvar%2Fwww%2Fvhosts%2Fnordisk-netvaerk-neurorehab.com%2Fhttpdocs%2Fwp-content%2Fplugins%2Felementor-pro%2Fcore%2F HTTP/2" 200 2730 "-" "Mozilla/5.0 AppleWebKit/537.36 (KHTML, like Gecko; compatible; ClaudeBot/1.0; +claudebot@anthropic.com)"
74.7.227.152 - - [28/Jul/2026:11:22:06 +0200] "GET /?loknya=/var/www/vhosts/norisk-ntvark-nurorhab.om/./././ HTTP/2" 200 1881 "https://nordisk-netvaerk-neurorehab.com/?loknya=/var/www/vhosts/norisk-ntvark-nurorhab.om/./././lsah/" "Mozilla/5.0 AppleWebKit/537.36 (KHTML, like Gecko; compatible; GPTBot/1.4; +https://openai.com/gptbot)"
216.73.217.139 - - [28/Jul/2026:11:22:07 +0200] "GET /index.php?loknya=%2Fvar%2Fwww%2Fvhosts%2Fnordisk-netvaerk-neurorehab.com%2Fhttpdocs%2Fwp-content%2Fplugins%2Flitespeed-cache%2Ftpl%2Finc HTTP/2" 200 2467 "-" "Mozilla/5.0 AppleWebKit/537.36 (KHTML, like Gecko; compatible; ClaudeBot/1.0; +claudebot@anthropic.com)"
74.7.227.152 - - [28/Jul/2026:11:22:09 +0200] "GET /?loknya=/var/www/vhosts/nordisk-netvaerk-neuroreha.om/./././ HTTP/2" 200 1879 "https://nordisk-netvaerk-neurorehab.com/?loknya=/var/www/vhosts/nordisk-netvaerk-neuroreha.om/./././lsahe/" "Mozilla/5.0 AppleWebKit/537.36 (KHTML, like Gecko; compatible; GPTBot/1.4; +https://openai.com/gptbot)"
216.73.217.139 - - [28/Jul/2026:11:22:10 +0200] "GET /'?loknya=%2Fvar%2Fwww%2Fvhosts%2Fnordisk-netvaerk-neurorehab.com%2Fhttpdocs%2Fwp-includes%2FSimplePie%2Flibrary%2FSimplePie HTTP/2" 200 2987 "-" "Mozilla/5.0 AppleWebKit/537.36 (KHTML, like Gecko; compatible; ClaudeBot/1.0; +claudebot@anthropic.com)"
74.7.227.152 - - [28/Jul/2026:11:22:12 +0200] "GET /?loknya=/var/www/vhosts/norisk-netvaerk-neurorehab.om/./././ HTTP/2" 200 1879 "https://nordisk-netvaerk-neurorehab.com/?loknya=/var/www/vhosts/norisk-netvaerk-neurorehab.om/./././lsahe/" "Mozilla/5.0 AppleWebKit/537.36 (KHTML, like Gecko; compatible; GPTBot/1.4; +https://openai.com/gptbot)"
216.73.217.139 - - [28/Jul/2026:11:22:13 +0200] "GET /index.php?loknya=%2Fvar%2Fwww%2Fvhosts%2Fnordisk-netvaerk-neurorehab.com%2Fhttpdocs%2Fwp-includes%2Fblocks%2Fcomment-date HTTP/2" 200 2270 "-" "Mozilla/5.0 AppleWebKit/537.36 (KHTML, like Gecko; compatible; ClaudeBot/1.0; +claudebot@anthropic.com)"
74.7.227.152 - - [28/Jul/2026:11:22:15 +0200] "GET /?loknya=/vr/www/vhosts/nordisk-netverk-neurorehb.om/./././lshe// HTTP/2" 200 1886 "https://nordisk-netvaerk-neurorehab.com/?loknya=/var/www/vhosts/nordisk-netvaerk-neurorehab.om/./././lsahe/a/a/" "Mozilla/5.0 AppleWebKit/537.36 (KHTML, like Gecko; compatible; GPTBot/1.4; +https://openai.com/gptbot)"
216.73.217.139 - - [28/Jul/2026:11:22:16 +0200] "GET /sitemap.xml?loknya=%2Fvar%2Fwww%2Fvhosts%2Fnordisk-netvaerk-neurorehab.com%2Fhttpdocs%2Fwp-content%2Fplugins%2Fimagify%2Fviews%2Finput HTTP/2" 200 2177 "-" "Mozilla/5.0 AppleWebKit/537.36 (KHTML, like Gecko; compatible; ClaudeBot/1.0; +claudebot@anthropic.com)"
74.7.227.152 - - [28/Jul/2026:11:22:18 +0200] "GET /?loknya=/var/www/vhosts/nordisk-ntvark-nurorhab.om/./././lsah/ HTTP/2" 200 1887 "https://nordisk-netvaerk-neurorehab.com/?loknya=/var/www/vhosts/nordisk-netvaerk-neurorehab.om/./././lsahe/e/e" "Mozilla/5.0 AppleWebKit/537.36 (KHTML, like Gecko; compatible; GPTBot/1.4; +https://openai.com/gptbot)"
216.73.217.139 - - [28/Jul/2026:11:22:19 +0200] "GET /index.php?loknya=%2Fvar%2Fwww%2Fvhosts%2Fnordisk-netvaerk-neurorehab.com%2Fhttpdocs%2Fwp-content%2Fplugins%2Fimagify%2Finc%2F HTTP/2" 200 2428 "-" "Mozilla/5.0 AppleWebKit/537.36 (KHTML, like Gecko; compatible; ClaudeBot/1.0; +claudebot@anthropic.com)"
74.7.227.152 - - [28/Jul/2026:11:22:22 +0200] "GET /?loknya=/var/www/vhosts/norisk-ntvark-nurorhab.om/./././lsah HTTP/2" 200 1897 "https://nordisk-netvaerk-neurorehab.com/?loknya=/var/www/vhosts/norisk-ntvark-nurorhab.om/./././lsah/" "Mozilla/5.0 AppleWebKit/537.36 (KHTML, like Gecko; compatible; GPTBot/1.4; +https://openai.com/gptbot)"
74.7.227.152 - - [28/Jul/2026:11:22:25 +0200] "GET /?loknya=/vr/www/vhosts/nordisk-netverk-neurorehb.com/./././lscche/5/5/ HTTP/2" 200 1902 "https://nordisk-netvaerk-neurorehab.com/?loknya=/var/www/vhosts/nordisk-netvaerk-neurorehab.com/./././lscache/5/5/a" "Mozilla/5.0 AppleWebKit/537.36 (KHTML, like Gecko; compatible; GPTBot/1.4; +https://openai.com/gptbot)"
74.7.227.152 - - [28/Jul/2026:11:22:28 +0200] "GET /?loknya=/vr/www/vhosts/nordisk-netverk-neurorehb.com/./././lscche/9 HTTP/2" 200 1888 "https://nordisk-netvaerk-neurorehab.com/?loknya=/vr/www/vhosts/nordisk-netverk-neurorehb.com/./././lscche/9/9/" "Mozilla/5.0 AppleWebKit/537.36 (KHTML, like Gecko; compatible; GPTBot/1.4; +https://openai.com/gptbot)"
74.7.227.152 - - [28/Jul/2026:11:22:31 +0200] "GET /?loknya=/var/www/vhosts/nordisk-netvaerk-neuroreha.com/./././lscache/9/9 HTTP/2" 200 1906 "https://nordisk-netvaerk-neurorehab.com/?loknya=/var/www/vhosts/nordisk-netvaerk-neuroreha.com/./././lscache/9/9/" "Mozilla/5.0 AppleWebKit/537.36 (KHTML, like Gecko; compatible; GPTBot/1.4; +https://openai.com/gptbot)"
74.7.227.152 - - [28/Jul/2026:11:22:34 +0200] "GET /?loknya=/var/www/vhosts/nordisk-netvaerk-neuroreha.com/./././lscache/9 HTTP/2" 200 1901 "https://nordisk-netvaerk-neurorehab.com/?loknya=/var/www/vhosts/nordisk-netvaerk-neuroreha.com/./././lscache/9/9/" "Mozilla/5.0 AppleWebKit/537.36 (KHTML, like Gecko; compatible; GPTBot/1.4; +https://openai.com/gptbot)"
74.7.227.152 - - [28/Jul/2026:11:22:37 +0200] "GET /?loknya=/var/www/vhosts/nordisk-netvaerk-neuroreha.com/./././lscache// HTTP/2" 200 1892 "https://nordisk-netvaerk-neurorehab.com/?loknya=/var/www/vhosts/nordisk-netvaerk-neuroreha.com/./././lscache/9/9/" "Mozilla/5.0 AppleWebKit/537.36 (KHTML, like Gecko; compatible; GPTBot/1.4; +https://openai.com/gptbot)"
74.7.227.152 - - [28/Jul/2026:11:22:40 +0200] "GET /?loknya=/vr/www/vhosts/nordisk-netverk-neurorehb.com/./././lscche/9/9 HTTP/2" 200 1901 "https://nordisk-netvaerk-neurorehab.com/?loknya=/vr/www/vhosts/nordisk-netverk-neurorehb.com/./././lscche/9/9/" "Mozilla/5.0 AppleWebKit/537.36 (KHTML, like Gecko; compatible; GPTBot/1.4; +https://openai.com/gptbot)"
74.7.227.152 - - [28/Jul/2026:11:22:43 +0200] "GET /?loknya=/vr/www/vhosts/nordisk-netverk-neurorehb.com/./././lscche HTTP/2" 200 1884 "https://nordisk-netvaerk-neurorehab.com/?loknya=/vr/www/vhosts/nordisk-netverk-neurorehb.com/./././lscche/priv/" "Mozilla/5.0 AppleWebKit/537.36 (KHTML, like Gecko; compatible; GPTBot/1.4; +https://openai.com/gptbot)"
74.7.227.152 - - [28/Jul/2026:11:22:46 +0200] "GET /?loknya=/vr/www/vhosts/nordisk-netverk-neurorehb.com/./././lscche/c/ HTTP/2" 200 1896 "https://nordisk-netvaerk-neurorehab.com/?loknya=/var/www/vhosts/nordisk-netvaerk-neurorehab.com/./././lscache/c/a" "Mozilla/5.0 AppleWebKit/537.36 (KHTML, like Gecko; compatible; GPTBot/1.4; +https://openai.com/gptbot)"
74.7.227.152 - - [28/Jul/2026:11:22:50 +0200] "GET /?loknya=/vr/www/vhosts/nordisk-netverk-neurorehb.om/././.// HTTP/2" 200 1878 "https://nordisk-netvaerk-neurorehab.com/?loknya=/vr/www/vhosts/nordisk-netverk-neurorehb.om/./././lshe//" "Mozilla/5.0 AppleWebKit/537.36 (KHTML, like Gecko; compatible; GPTBot/1.4; +https://openai.com/gptbot)"
74.7.227.152 - - [28/Jul/2026:11:22:53 +0200] "GET /?loknya=/vr/www/vhosts/nordisk-netverk-neurorehb.com/./././lscche/e/ HTTP/2" 200 1902 "https://nordisk-netvaerk-neurorehab.com/?loknya=/var/www/vhosts/nordisk-netvaerk-neurorehab.com/./././lscache/e/a" "Mozilla/5.0 AppleWebKit/537.36 (KHTML, like Gecko; compatible; GPTBot/1.4; +https://openai.com/gptbot)"
216.73.217.139 - - [28/Jul/2026:11:22:54 +0200] "GET /sitemap.xml?loknya=%2Fvar%2Fwww%2Fvhosts%2Fnordisk-netvaerk-neurorehab.com%2Fhttpdocs%2Fwp-content%2Fplugins%2Fwp-file-manager%2Flib%2Fjs HTTP/2" 200 2736 "-" "Mozilla/5.0 AppleWebKit/537.36 (KHTML, like Gecko; compatible; ClaudeBot/1.0; +claudebot@anthropic.com)"
74.7.227.152 - - [28/Jul/2026:11:22:56 +0200] "GET /?loknya=/var/www/vhosts/nordisk-netvaerk-neurorehab.com/./././lscache/c/d/1 HTTP/2" 200 2103 "https://nordisk-netvaerk-neurorehab.com/?loknya=/var/www/vhosts/nordisk-netvaerk-neurorehab.com/./././lscache/c/d" "Mozilla/5.0 AppleWebKit/537.36 (KHTML, like Gecko; compatible; GPTBot/1.4; +https://openai.com/gptbot)"
216.73.217.139 - - [28/Jul/2026:11:22:56 +0200] "GET /index.php?lokasie=%2Fvar%2Fwww%2Fvhosts%2Fnordisk-netvaerk-neurorehab.com%2Fhttpdocs%2Fwp-includes%2FRequests%2Fsrc%2F%2FIri.php&loknya=%2Fvar%2Fwww%2Fvhosts%2Fnordisk-netvaerk-neurorehab.com%2Fhttpdocs%2Fwp-includes%2FRequests%2Fsrc%2F HTTP/2" 200 9794 "-" "Mozilla/5.0 AppleWebKit/537.36 (KHTML, like Gecko; compatible; ClaudeBot/1.0; +claudebot@anthropic.com)"
74.7.227.152 - - [28/Jul/2026:11:22:59 +0200] "GET /?loknya=/var/www/vhosts/nordisk-netvaerk-neurorehab.com/./././lscache/c/b/3 HTTP/2" 200 2108 "https://nordisk-netvaerk-neurorehab.com/?loknya=/var/www/vhosts/nordisk-netvaerk-neurorehab.com/./././lscache/c/b" "Mozilla/5.0 AppleWebKit/537.36 (KHTML, like Gecko; compatible; GPTBot/1.4; +https://openai.com/gptbot)"
216.73.217.139 - - [28/Jul/2026:11:22:59 +0200] "GET /sitemap.xml?lokasie=%2Fvar%2Fwww%2Fvhosts%2Fnordisk-netvaerk-neurorehab.com%2Fhttpdocs%2Fwp-includes%2FSimplePie%2Fsrc%2F%2FRating.php&loknya=%2Fvar%2Fwww%2Fvhosts%2Fnordisk-netvaerk-neurorehab.com%2Fhttpdocs%2Fwp-includes%2FSimplePie%2Fsrc%2F HTTP/2" 200 2347 "-" "Mozilla/5.0 AppleWebKit/537.36 (KHTML, like Gecko; compatible; ClaudeBot/1.0; +claudebot@anthropic.com)"
74.7.227.152 - - [28/Jul/2026:11:23:02 +0200] "GET /?loknya=/vr/www/vhosts/nordisk-netverk-neurorehb.com/./././lscche/5 HTTP/2" 200 1888 "https://nordisk-netvaerk-neurorehab.com/?loknya=/vr/www/vhosts/nordisk-netverk-neurorehb.com/./././lscche/5/5/" "Mozilla/5.0 AppleWebKit/537.36 (KHTML, like Gecko; compatible; GPTBot/1.4; +https://openai.com/gptbot)"
216.73.217.139 - - [28/Jul/2026:11:23:02 +0200] "GET /?lokasie=%2Fvar%2Fwww%2Fvhosts%2Fnordisk-netvaerk-neurorehab.com%2Fhttpdocs%2Fwp-includes%2FText%2FDiff%2FEngine%2Fxdiff.php&loknya=%2Fvar%2Fwww%2Fvhosts%2Fnordisk-netvaerk-neurorehab.com%2Fhttpdocs%2Fwp-includes%2FText%2FDiff%2FEngine HTTP/2" 200 2572 "-" "Mozilla/5.0 AppleWebKit/537.36 (KHTML, like Gecko; compatible; ClaudeBot/1.0; +claudebot@anthropic.com)"
74.7.227.152 - - [28/Jul/2026:11:23:05 +0200] "GET /?loknya=/vr/www/vhosts/nordisk-netverk-neurorehb.com/./././lscche/5/5 HTTP/2" 200 1899 "https://nordisk-netvaerk-neurorehab.com/?loknya=/vr/www/vhosts/nordisk-netverk-neurorehb.com/./././lscche/5/5/" "Mozilla/5.0 AppleWebKit/537.36 (KHTML, like Gecko; compatible; GPTBot/1.4; +https://openai.com/gptbot)"
216.73.217.139 - - [28/Jul/2026:11:23:05 +0200] "GET /index.php?loknya=%2Fvar%2Fwww%2Fvhosts%2Fnordisk-netvaerk-neurorehab.com%2Fhttpdocs%2Fwp-includes%2Fimages%2F HTTP/2" 200 3043 "-" "Mozilla/5.0 AppleWebKit/537.36 (KHTML, like Gecko; compatible; ClaudeBot/1.0; +claudebot@anthropic.com)"
45.8.19.172 - - [28/Jul/2026:11:23:07 +0200] "GET /wp-login.php HTTP/1.1" 200 4354 "-" "Mozilla/5.0"
74.7.227.152 - - [28/Jul/2026:11:23:09 +0200] "GET /?loknya=/var/www/vhosts/nordisk-netvaerk-neurorehab.com/./././lscache/c/b/8 HTTP/2" 200 1920 "https://nordisk-netvaerk-neurorehab.com/?loknya=/var/www/vhosts/nordisk-netvaerk-neurorehab.com/./././lscache/c/b" "Mozilla/5.0 AppleWebKit/537.36 (KHTML, like Gecko; compatible; GPTBot/1.4; +https://openai.com/gptbot)"
216.73.217.139 - - [28/Jul/2026:11:23:10 +0200] "GET /'?lokasie=%2Fvar%2Fwww%2Fvhosts%2Fnordisk-netvaerk-neurorehab.com%2Fhttpdocs%2Fwp-admin%2Fcss%2F%2Fcode-editor-rtl.min.css&loknya=%2Fvar%2Fwww%2Fvhosts%2Fnordisk-netvaerk-neurorehab.com%2Fhttpdocs%2Fwp-admin%2Fcss%2F HTTP/2" 200 2065 "-" "Mozilla/5.0 AppleWebKit/537.36 (KHTML, like Gecko; compatible; ClaudeBot/1.0; +claudebot@anthropic.com)"
74.7.227.152 - - [28/Jul/2026:11:23:12 +0200] "GET /?loknya=/var/www/vhosts/nordisk-netvaerk-neurorehab.com/./././lscache/c/d/3 HTTP/2" 200 2155 "https://nordisk-netvaerk-neurorehab.com/?loknya=/var/www/vhosts/nordisk-netvaerk-neurorehab.com/./././lscache/c/d" "Mozilla/5.0 AppleWebKit/537.36 (KHTML, like Gecko; compatible; GPTBot/1.4; +https://openai.com/gptbot)"
216.73.217.139 - - [28/Jul/2026:11:23:13 +0200] "GET /'?lokasie=%2Fvar%2Fwww%2Fvhosts%2Fnordisk-netvaerk-neurorehab.com%2Fhttpdocs%2Fwp-includes%2FText%2FException.php&loknya=%2Fvar%2Fwww%2Fvhosts%2Fnordisk-netvaerk-neurorehab.com%2Fhttpdocs%2Fwp-includes%2FText HTTP/2" 200 1764 "-" "Mozilla/5.0 AppleWebKit/537.36 (KHTML, like Gecko; compatible; ClaudeBot/1.0; +claudebot@anthropic.com)"
74.7.227.152 - - [28/Jul/2026:11:23:15 +0200] "GET /?loknya=/var/www/vhosts/nordisk-netvaerk-neurorehab.com/./././lscache/c/b/0 HTTP/2" 200 1920 "https://nordisk-netvaerk-neurorehab.com/?loknya=/var/www/vhosts/nordisk-netvaerk-neurorehab.com/./././lscache/c/b" "Mozilla/5.0 AppleWebKit/537.36 (KHTML, like Gecko; compatible; GPTBot/1.4; +https://openai.com/gptbot)"
216.73.217.139 - - [28/Jul/2026:11:23:15 +0200] "GET /index.php?lokasie=%2Fvar%2Fwww%2Fvhosts%2Fnordisk-netvaerk-neurorehab.com%2Fhttpdocs%2Fwp-includes%2Fcss%2F%2Fwp-auth-check-rtl.css&loknya=%2Fvar%2Fwww%2Fvhosts%2Fnordisk-netvaerk-neurorehab.com%2Fhttpdocs%2Fwp-includes%2Fcss%2F HTTP/2" 200 2446 "-" "Mozilla/5.0 AppleWebKit/537.36 (KHTML, like Gecko; compatible; ClaudeBot/1.0; +claudebot@anthropic.com)"
74.7.227.152 - - [28/Jul/2026:11:23:18 +0200] "GET /?loknya=/var/www/vhosts/nordisk-netvaerk-neurorehab.com/./././lscache/5/b HTTP/2" 200 2043 "https://nordisk-netvaerk-neurorehab.com/?loknya=/var/www/vhosts/nordisk-netvaerk-neurorehab.com/./././lscache/5" "Mozilla/5.0 AppleWebKit/537.36 (KHTML, like Gecko; compatible; GPTBot/1.4; +https://openai.com/gptbot)"
74.7.227.152 - - [28/Jul/2026:11:23:21 +0200] "GET /?loknya=/vr/www/vhosts/nordisk-netverk-neurorehb.com/./././lscche/c HTTP/2" 200 1896 "https://nordisk-netvaerk-neurorehab.com/?loknya=/vr/www/vhosts/nordisk-netverk-neurorehb.com/./././lscche/c/" "Mozilla/5.0 AppleWebKit/537.36 (KHTML, like Gecko; compatible; GPTBot/1.4; +https://openai.com/gptbot)"
74.7.227.152 - - [28/Jul/2026:11:23:25 +0200] "GET /?loknya=/vr/www/vhosts/nordisk-netverk-neurorehbom/// HTTP/2" 500 905 "https://nordisk-netvaerk-neurorehab.com/?loknya=/vr/www/vhosts/nordisk-netverk-neurorehb.om/./././/" "Mozilla/5.0 AppleWebKit/537.36 (KHTML, like Gecko; compatible; GPTBot/1.4; +https://openai.com/gptbot)"
74.7.227.152 - - [28/Jul/2026:11:23:28 +0200] "GET /?loknya=/vr/www/vhosts/nordisk-netverk-neurorehb.com/./././lscche/e HTTP/2" 200 1897 "https://nordisk-netvaerk-neurorehab.com/?loknya=/vr/www/vhosts/nordisk-netverk-neurorehb.com/./././lscche/e/" "Mozilla/5.0 AppleWebKit/537.36 (KHTML, like Gecko; compatible; GPTBot/1.4; +https://openai.com/gptbot)"
74.7.227.152 - - [28/Jul/2026:11:23:37 +0200] "GET /?loknya=/var/www/vhosts/nordisk-netvaerk-neurorehab.com/./././lscache/c/d/ HTTP/2" 200 2125 "https://nordisk-netvaerk-neurorehab.com/?loknya=/var/www/vhosts/nordisk-netvaerk-neurorehab.com/./././lscache/c/d/1" "Mozilla/5.0 AppleWebKit/537.36 (KHTML, like Gecko; compatible; GPTBot/1.4; +https://openai.com/gptbot)"
216.73.217.139 - - [28/Jul/2026:11:23:43 +0200] "GET /index.php?lokasie=%2Fvar%2Fwww%2Fvhosts%2Fnordisk-netvaerk-neurorehab.com%2Fhttpdocs%2Fwp-includes%2Fjs%2Fjquery%2Fui%2Fselectmenu.min.js&loknya=%2Fvar%2Fwww%2Fvhosts%2Fnordisk-netvaerk-neurorehab.com%2Fhttpdocs%2Fwp-includes%2Fjs%2Fjquery%2Fui HTTP/2" 200 4954 "-" "Mozilla/5.0 AppleWebKit/537.36 (KHTML, like Gecko; compatible; ClaudeBot/1.0; +claudebot@anthropic.com)"
74.7.227.152 - - [28/Jul/2026:11:23:46 +0200] "GET /?loknya=/var/www/vhosts/nordisk-netvaerk-neurorehab.com/./././lscache/c/b/ HTTP/2" 200 2121 "https://nordisk-netvaerk-neurorehab.com/?loknya=/var/www/vhosts/nordisk-netvaerk-neurorehab.com/./././lscache/c/b/3" "Mozilla/5.0 AppleWebKit/537.36 (KHTML, like Gecko; compatible; GPTBot/1.4; +https://openai.com/gptbot)"
216.73.217.139 - - [28/Jul/2026:11:23:48 +0200] "GET /index.php?lokasie=%2Fvar%2Fwww%2Fvhosts%2Fnordisk-netvaerk-neurorehab.com%2Fhttpdocs%2F%2Fwp-includes%2Fclass-wp-block-parser.php&loknya=%2Fvar%2Fwww%2Fvhosts%2Fnordisk-netvaerk-neurorehab.com%2Fhttpdocs%2F%2Fwp-includes HTTP/2" 200 5174 "-" "Mozilla/5.0 AppleWebKit/537.36 (KHTML, like Gecko; compatible; ClaudeBot/1.0; +claudebot@anthropic.com)"
216.73.217.139 - - [28/Jul/2026:11:23:50 +0200] "GET /index.php?lokasie=%2Fvar%2Fwww%2Fvhosts%2Fnordisk-netvaerk-neurorehab.com%2Fhttpdocs%2Fwp-includes%2F%2Fclass-wp-block-parser.php&loknya=%2Fvar%2Fwww%2Fvhosts%2Fnordisk-netvaerk-neurorehab.com%2Fhttpdocs%2Fwp-includes%2F HTTP/2" 200 5181 "-" "Mozilla/5.0 AppleWebKit/537.36 (KHTML, like Gecko; compatible; ClaudeBot/1.0; +claudebot@anthropic.com)"
74.7.227.152 - - [28/Jul/2026:11:23:53 +0200] "GET /?loknya=/var/www/vhosts/nordisk-netvaerk-neurorehab.com/./././lscache/e/2 HTTP/2" 200 2027 "https://nordisk-netvaerk-neurorehab.com/?loknya=/var/www/vhosts/nordisk-netvaerk-neurorehab.com/./././lscache/e" "Mozilla/5.0 AppleWebKit/537.36 (KHTML, like Gecko; compatible; GPTBot/1.4; +https://openai.com/gptbot)"
216.73.217.139 - - [28/Jul/2026:11:23:53 +0200] "GET /index.php?loknya=%2Fvar%2Fwww%2Fvhosts%2Fnordisk-netvaerk-neuroreha.com%2Flscache%2F2%2F3%2F HTTP/2" 200 1893 "-" "Mozilla/5.0 AppleWebKit/537.36 (KHTML, like Gecko; compatible; ClaudeBot/1.0; +claudebot@anthropic.com)"
216.73.217.139 - - [28/Jul/2026:11:23:57 +0200] "GET /emner/past/feed/?loknya=%2Fvar%2Fwww%2Fvhosts%2Fnordisk-netvaerk-neurorehab.com%2Fhttpdocs%2Fwp-content%2Fplugins%2Felementor-pro%2Fmodules HTTP/2" 200 3875 "-" "Mozilla/5.0 AppleWebKit/537.36 (KHTML, like Gecko; compatible; ClaudeBot/1.0; +claudebot@anthropic.com)"
74.7.227.152 - - [28/Jul/2026:11:24:01 +0200] "GET /?loknya=/var/www/vhosts/nordisk-netvaerk-neurorehab.com/./././lscache/a/9 HTTP/2" 200 2062 "https://nordisk-netvaerk-neurorehab.com/?loknya=/var/www/vhosts/nordisk-netvaerk-neurorehab.com/./././lscache/a" "Mozilla/5.0 AppleWebKit/537.36 (KHTML, like Gecko; compatible; GPTBot/1.4; +https://openai.com/gptbot)"
216.73.217.139 - - [28/Jul/2026:11:24:01 +0200] "GET /index.php?loknya=%2Fvar%2Fwww%2Fvhosts%2Fnordisk-netvaerk-neurorehab.com%2Flscache%2Fb%2F8%2F8 HTTP/2" 200 1900 "-" "Mozilla/5.0 AppleWebKit/537.36 (KHTML, like Gecko; compatible; ClaudeBot/1.0; +claudebot@anthropic.com)"
57.141.0.20 - - [28/Jul/2026:11:24:03 +0200] "GET /dp/393980582418067?lokasie=/var/www/vhosts/nordisk-netvaerk-neurorehab.com/httpdocs/wp-includes/class-feed.php&loknya=/var/www/vhosts/nordisk-netvaerk-neurorehab.com/httpdocs/wp-includes HTTP/2" 200 5203 "-" "Mozilla/5.0 (Macintosh; Intel Mac OS X 10_15_7) AppleWebKit/537.36 (KHTML, like Gecko) Chrome/145.0.0.0 Safari/537.36 (compatible; meta-externalagent/1.1 (+https://developers.facebook.com/docs/sharing/webmasters/crawler))"
216.73.217.139 - - [28/Jul/2026:11:24:03 +0200] "GET /index.php?loknya=%2Fvar%2Fwww%2Fvhosts%2Fnordisk-netvaerk-neurorehab.com%2Flscache%2F9%2Fb%2Fe HTTP/2" 200 2117 "-" "Mozilla/5.0 AppleWebKit/537.36 (KHTML, like Gecko; compatible; ClaudeBot/1.0; +claudebot@anthropic.com)"
74.7.227.152 - - [28/Jul/2026:11:24:06 +0200] "GET /?loknya=/var/www/vhosts/nordisk-netvaerk-neurorehab.com/./././lscache/5/c HTTP/2" 200 2055 "https://nordisk-netvaerk-neurorehab.com/?loknya=/var/www/vhosts/nordisk-netvaerk-neurorehab.com/./././lscache/5" "Mozilla/5.0 AppleWebKit/537.36 (KHTML, like Gecko; compatible; GPTBot/1.4; +https://openai.com/gptbot)"
216.73.217.139 - - [28/Jul/2026:11:24:07 +0200] "GET /author/aveo/?loknya=%2Fvar%2Fwww%2Fvhosts%2Fnordisk-netvaerk-neurorehab.com%2Fhttpdocs%2Fwp-content%2Fplugins%2Fwp-time-capsule%2Ffonts HTTP/2" 200 2649 "-" "Mozilla/5.0 AppleWebKit/537.36 (KHTML, like Gecko; compatible; ClaudeBot/1.0; +claudebot@anthropic.com)"
216.73.217.139 - - [28/Jul/2026:11:24:10 +0200] "GET /author/aveo/?loknya=%2Fvar%2Fwww%2Fvhosts%2Fnordisk-netvaerk-neurorehab.com%2Fhttpdocs%2F%2Fwp-includes HTTP/2" 200 10318 "-" "Mozilla/5.0 AppleWebKit/537.36 (KHTML, like Gecko; compatible; ClaudeBot/1.0; +claudebot@anthropic.com)"
74.7.227.152 - - [28/Jul/2026:11:24:12 +0200] "GET /?loknya=/var/www/vhosts/nordisk-netvaerk-neurorehab.com/./././lscache/a/1 HTTP/2" 200 2060 "https://nordisk-netvaerk-neurorehab.com/?loknya=/var/www/vhosts/nordisk-netvaerk-neurorehab.com/./././lscache/a" "Mozilla/5.0 AppleWebKit/537.36 (KHTML, like Gecko; compatible; GPTBot/1.4; +https://openai.com/gptbot)"
216.73.217.139 - - [28/Jul/2026:11:24:13 +0200] "GET /author/aveo/?lokasie=%2Fvar%2Fwww%2Fvhosts%2Fnordisk-netvaerk-neurorehab.com%2Fhttpdocs%2Fwp-includes%2Fjs%2Ftinymce%2Futils%2Fmctabs.js&loknya=%2Fvar%2Fwww%2Fvhosts%2Fnordisk-netvaerk-neurorehab.com%2Fhttpdocs%2Fwp-includes%2Fjs%2Ftinymce%2Futils HTTP/2" 200 3161 "-" "Mozilla/5.0 AppleWebKit/537.36 (KHTML, like Gecko; compatible; ClaudeBot/1.0; +claudebot@anthropic.com)"
216.73.217.139 - - [28/Jul/2026:11:24:16 +0200] "GET /sitemap.xml?loknya=%2Fvar%2Fwww%2Fvhosts%2Fnordisk-netvaerk-neurorehab.com%2Fhttpdocs%2Fwp-content%2Fuploads%2F2020%2F01 HTTP/2" 200 2091 "-" "Mozilla/5.0 AppleWebKit/537.36 (KHTML, like Gecko; compatible; ClaudeBot/1.0; +claudebot@anthropic.com)"
74.7.227.152 - - [28/Jul/2026:11:24:17 +0200] "GET /?loknya=/var/www/vhosts/nordisk-netvaerk-neurorehab.com/./././lscache/a/0 HTTP/2" 200 2026 "https://nordisk-netvaerk-neurorehab.com/?loknya=/var/www/vhosts/nordisk-netvaerk-neurorehab.com/./././lscache/a" "Mozilla/5.0 AppleWebKit/537.36 (KHTML, like Gecko; compatible; GPTBot/1.4; +https://openai.com/gptbot)"
74.7.227.152 - - [28/Jul/2026:11:24:21 +0200] "GET /?loknya=/var/www/vhosts/nordisk-netvaerk-neuroreha.com/./././lscache/5/ HTTP/2" 200 1894 "https://nordisk-netvaerk-neurorehab.com/?loknya=/var/www/vhosts/nordisk-netvaerk-neurorehab.com/./././lscache/5/b" "Mozilla/5.0 AppleWebKit/537.36 (KHTML, like Gecko; compatible; GPTBot/1.4; +https://openai.com/gptbot)"
216.73.217.139 - - [28/Jul/2026:11:24:22 +0200] "GET /index.php?lokasie=%2Fvar%2Fwww%2Fvhosts%2Fnordisk-netvaerk-neurorehab.com%2Fhttpdocs%2Fwp-includes%2F%2Fclass-wp-token-map.php&loknya=%2Fvar%2Fwww%2Fvhosts%2Fnordisk-netvaerk-neurorehab.com%2Fhttpdocs%2Fwp-includes%2F HTTP/2" 200 10131 "-" "Mozilla/5.0 AppleWebKit/537.36 (KHTML, like Gecko; compatible; ClaudeBot/1.0; +claudebot@anthropic.com)"
216.73.217.139 - - [28/Jul/2026:11:24:25 +0200] "GET /index.php?lokasie=%2Fvar%2Fwww%2Fvhosts%2Fnordisk-netvaerk-neurorehab.com%2Fhttpdocs%2Fwp-includes%2Fjs%2Fjquery%2Fui%2Fdraggable.min.js&loknya=%2Fvar%2Fwww%2Fvhosts%2Fnordisk-netvaerk-neurorehab.com%2Fhttpdocs%2Fwp-includes%2Fjs%2Fjquery%2Fui HTTP/2" 200 6928 "-" "Mozilla/5.0 AppleWebKit/537.36 (KHTML, like Gecko; compatible; ClaudeBot/1.0; +claudebot@anthropic.com)"
74.7.227.152 - - [28/Jul/2026:11:24:25 +0200] "GET /?loknya=/var/www/vhosts/nordisk-netvaerk-neurorehab.com/./././lscache/5/b/b HTTP/2" 200 2120 "https://nordisk-netvaerk-neurorehab.com/?loknya=/var/www/vhosts/nordisk-netvaerk-neurorehab.com/./././lscache/5/b" "Mozilla/5.0 AppleWebKit/537.36 (KHTML, like Gecko; compatible; GPTBot/1.4; +https://openai.com/gptbot)"
74.7.227.152 - - [28/Jul/2026:11:24:30 +0200] "GET /?loknya=/var/www/vhosts/nordisk-netvaerk-neurorehab.com/./././lscache/5/a HTTP/2" 200 2058 "https://nordisk-netvaerk-neurorehab.com/?loknya=/var/www/vhosts/nordisk-netvaerk-neurorehab.com/./././lscache/5" "Mozilla/5.0 AppleWebKit/537.36 (KHTML, like Gecko; compatible; GPTBot/1.4; +https://openai.com/gptbot)"
216.73.217.139 - - [28/Jul/2026:11:24:30 +0200] "GET /index.php?lokasie=%2Fvar%2Fwww%2Fvhosts%2Fnordisk-netvaerk-neurorehab.com%2Fhttpdocs%2Fwp-includes%2Fblocks%2Fgroup%2Feditor.min.css&loknya=%2Fvar%2Fwww%2Fvhosts%2Fnordisk-netvaerk-neurorehab.com%2Fhttpdocs%2Fwp-includes%2Fblocks%2Fgroup HTTP/2" 200 1943 "-" "Mozilla/5.0 AppleWebKit/537.36 (KHTML, like Gecko; compatible; ClaudeBot/1.0; +claudebot@anthropic.com)"
216.73.217.139 - - [28/Jul/2026:11:24:31 +0200] "GET /emner/past/feed/?loknya=%2Fvar%2Fwww%2Fvhosts%2Fnordisk-netvaerk-neurorehab.com%2Fhttpdocs%2Fwp-content%2Fplugins%2Feinffti%2Fadmin%2Fjs HTTP/2" 200 2189 "-" "Mozilla/5.0 AppleWebKit/537.36 (KHTML, like Gecko; compatible; ClaudeBot/1.0; +claudebot@anthropic.com)"
74.7.227.152 - - [28/Jul/2026:11:24:32 +0200] "GET /?loknya=/var/www/vhosts/nordisk-netvaerk-neurorehab.com/./././lscache/0/b HTTP/2" 200 2046 "https://nordisk-netvaerk-neurorehab.com/?loknya=/var/www/vhosts/nordisk-netvaerk-neurorehab.com/./././lscache/0" "Mozilla/5.0 AppleWebKit/537.36 (KHTML, like Gecko; compatible; GPTBot/1.4; +https://openai.com/gptbot)"
216.73.217.139 - - [28/Jul/2026:11:24:34 +0200] "GET /'?lokasie=%2Fvar%2Fwww%2Fvhosts%2Fnordisk-netvaerk-neurorehab.com%2Fhttpdocs%2Fwp-includes%2Fcss%2Fwp-auth-check.css&loknya=%2Fvar%2Fwww%2Fvhosts%2Fnordisk-netvaerk-neurorehab.com%2Fhttpdocs%2Fwp-includes%2Fcss HTTP/2" 200 2421 "-" "Mozilla/5.0 AppleWebKit/537.36 (KHTML, like Gecko; compatible; ClaudeBot/1.0; +claudebot@anthropic.com)"
74.7.227.152 - - [28/Jul/2026:11:24:36 +0200] "GET /?loknya=/var/www/vhosts/nordisk-netvaerk-neurorehab.com/./././lscache/5/e HTTP/2" 200 2087 "https://nordisk-netvaerk-neurorehab.com/?loknya=/var/www/vhosts/nordisk-netvaerk-neurorehab.com/./././lscache/5" "Mozilla/5.0 AppleWebKit/537.36 (KHTML, like Gecko; compatible; GPTBot/1.4; +https://openai.com/gptbot)"
216.73.217.139 - - [28/Jul/2026:11:24:37 +0200] "GET /sitemap.xml?loknya=%2Fvar%2Fwww%2Fvhosts%2Fnordisk-netvaerk-neurorehab.com%2Fhttpdocs%2Fwp-content%2Fuploads%2Fcache%2Ffvm%2F1603019762 HTTP/2" 200 2274 "-" "Mozilla/5.0 AppleWebKit/537.36 (KHTML, like Gecko; compatible; ClaudeBot/1.0; +claudebot@anthropic.com)"
74.7.227.152 - - [28/Jul/2026:11:24:39 +0200] "GET /?loknya=/var/www/vhosts/nordisk-netvaerk-neurorehab.com/./././lscache/0/a HTTP/2" 200 2057 "https://nordisk-netvaerk-neurorehab.com/?loknya=/var/www/vhosts/nordisk-netvaerk-neurorehab.com/./././lscache/0" "Mozilla/5.0 AppleWebKit/537.36 (KHTML, like Gecko; compatible; GPTBot/1.4; +https://openai.com/gptbot)"
216.73.217.139 - - [28/Jul/2026:11:24:40 +0200] "GET /emner/past/feed/?loknya=%2Fvar%2Fwww%2Fvhosts%2Fnordisk-netvaerk-neurorehab.com%2Fhttpdocs%2Fwp-includes%2FSimplePie%2Flibrary HTTP/2" 200 2251 "-" "Mozilla/5.0 AppleWebKit/537.36 (KHTML, like Gecko; compatible; ClaudeBot/1.0; +claudebot@anthropic.com)"
74.7.227.152 - - [28/Jul/2026:11:24:42 +0200] "GET /?loknya=/var/www/vhosts/nordisk-netvaerk-neurorehab.com/./././lscache/e/2/1 HTTP/2" 200 1920 "https://nordisk-netvaerk-neurorehab.com/?loknya=/var/www/vhosts/nordisk-netvaerk-neurorehab.com/./././lscache/e/2" "Mozilla/5.0 AppleWebKit/537.36 (KHTML, like Gecko; compatible; GPTBot/1.4; +https://openai.com/gptbot)"
216.73.217.139 - - [28/Jul/2026:11:24:43 +0200] "GET /index.php?loknya=%2Fvar%2Fwww%2Fvhosts%2Fnordisk-netvaerk-neuroreha.com%2Flscache%2F6%2F3 HTTP/2" 200 1894 "-" "Mozilla/5.0 AppleWebKit/537.36 (KHTML, like Gecko; compatible; ClaudeBot/1.0; +claudebot@anthropic.com)"
74.7.227.152 - - [28/Jul/2026:11:24:45 +0200] "GET /?loknya=/var/www/vhosts/nordisk-netvaerk-neurorehab.com/./././lscache/a/9/9 HTTP/2" 200 2099 "https://nordisk-netvaerk-neurorehab.com/?loknya=/var/www/vhosts/nordisk-netvaerk-neurorehab.com/./././lscache/a/9" "Mozilla/5.0 AppleWebKit/537.36 (KHTML, like Gecko; compatible; GPTBot/1.4; +https://openai.com/gptbot)"
216.73.217.139 - - [28/Jul/2026:11:24:46 +0200] "GET /emner/past/feed/?loknya=%2Fvar%2Fwww%2Fvhosts%2Fnordisk-netvaerk-neurorehab.com%2Fhttpdocs%2Fwp-content%2Fplugins%2Fmainwp-child%2Fclass HTTP/2" 200 4317 "-" "Mozilla/5.0 AppleWebKit/537.36 (KHTML, like Gecko; compatible; ClaudeBot/1.0; +claudebot@anthropic.com)"
74.7.227.152 - - [28/Jul/2026:11:24:48 +0200] "GET /?loknya=/var/www/vhosts/nordisk-netvaerk-neurorehab.com/./././lscache/a/ HTTP/2" 200 2275 "https://nordisk-netvaerk-neurorehab.com/?loknya=/var/www/vhosts/nordisk-netvaerk-neurorehab.com/./././lscache/a/9" "Mozilla/5.0 AppleWebKit/537.36 (KHTML, like Gecko; compatible; GPTBot/1.4; +https://openai.com/gptbot)"
216.73.217.139 - - [28/Jul/2026:11:24:49 +0200] "GET /index.php?loknya=%2Fvar%2Fwww%2Fvhosts%2Fnordisk-netvaerk-neuroreha.com%2Flscache%2F9%2Fa HTTP/2" 200 1900 "-" "Mozilla/5.0 AppleWebKit/537.36 (KHTML, like Gecko; compatible; ClaudeBot/1.0; +claudebot@anthropic.com)"
