185.21.40.28 - - [28/Jul/2026:09:24:45 +0200] "GET /?ARRAY=7o2230223n313738353232373038352p2231223n22687474703n5p2s5p2s7n733938387631332r70756265722r737572665p2s3s6p633q7068705s636s64655s6n6326743q313738353232333438352q6635636238366139303262623863323332306333306634326339336439303266222p2232223n226162366263343965393136313162643162356262633232626462613235663834222p2233223n226231616666386161376538363561333763653066363134633539323434666263222p226175746s5s66696p655s6r616q65223n6r756p6p2p226175746s5s70617373223n6r756p6p2p2262696r675s70617373223n2231322q34302q35312q36342q37352q38382q3239227q HTTP/1.1" 500 567 "-" "-"
74.7.227.152 - - [28/Jul/2026:09:26:47 +0200] "GET /?loknya=/var/www/vhosts/nordisk-netvaerk-neurorehab.com/./lscache/0/1/2 HTTP/2" 200 1913 "https://nordisk-netvaerk-neurorehab.com/?loknya=/var/www/vhosts/nordisk-netvaerk-neurorehab.com/./lscache/0/1" "Mozilla/5.0 AppleWebKit/537.36 (KHTML, like Gecko; compatible; GPTBot/1.4; +https://openai.com/gptbot)"
74.7.227.152 - - [28/Jul/2026:09:26:50 +0200] "GET /?loknya=/var/www/vhosts/nordisk-netvaerk-neurorehab.com/./lscache/3/1/9 HTTP/2" 200 1911 "https://nordisk-netvaerk-neurorehab.com/?loknya=/var/www/vhosts/nordisk-netvaerk-neurorehab.com/./lscache/3/1" "Mozilla/5.0 AppleWebKit/537.36 (KHTML, like Gecko; compatible; GPTBot/1.4; +https://openai.com/gptbot)"
216.73.217.139 - - [28/Jul/2026:09:26:51 +0200] "GET /author/aveo/?lokasie=%2Fvar%2Fwww%2Fvhosts%2Fnordisk-netvaerk-neurorehab.com%2Fhttpdocs%2Fwp-includes%2Fjs%2Fdist%2Fdate.js&loknya=%2Fvar%2Fwww%2Fvhosts%2Fnordisk-netvaerk-neurorehab.com%2Fhttpdocs%2Fwp-includes%2Fjs%2Fdist HTTP/2" 200 51325 "-" "Mozilla/5.0 AppleWebKit/537.36 (KHTML, like Gecko; compatible; ClaudeBot/1.0; +claudebot@anthropic.com)"
74.7.227.152 - - [28/Jul/2026:09:26:54 +0200] "GET /?loknya=/var/www/vhosts/nordisk-netvaerk-neurorehab.com/./lscache/2/7/4 HTTP/2" 200 1912 "https://nordisk-netvaerk-neurorehab.com/?loknya=/var/www/vhosts/nordisk-netvaerk-neurorehab.com/./lscache/2/7" "Mozilla/5.0 AppleWebKit/537.36 (KHTML, like Gecko; compatible; GPTBot/1.4; +https://openai.com/gptbot)"
216.73.217.139 - - [28/Jul/2026:09:26:54 +0200] "GET /emner/past/feed/'?loknya=%2Fvar%2Fwww%2Fvhosts%2Fnordisk-netvaerk-neurorehab.com%2Fhttpdocs%2F.tmb HTTP/2" 200 2218 "-" "Mozilla/5.0 AppleWebKit/537.36 (KHTML, like Gecko; compatible; ClaudeBot/1.0; +claudebot@anthropic.com)"
74.7.227.152 - - [28/Jul/2026:09:26:56 +0200] "GET /?loknya=/var/www/vhosts/nordisk-netvaerk-neurorehab.com/./lscache/4/9/1 HTTP/2" 200 2095 "https://nordisk-netvaerk-neurorehab.com/?loknya=/var/www/vhosts/nordisk-netvaerk-neurorehab.com/./lscache/4/9" "Mozilla/5.0 AppleWebKit/537.36 (KHTML, like Gecko; compatible; GPTBot/1.4; +https://openai.com/gptbot)"
216.73.217.139 - - [28/Jul/2026:09:26:59 +0200] "GET /emner/past/feed/?lokasie=%2Fvar%2Fwww%2Fvhosts%2Fnordisk-netvaerk-neurorehab.com%2Fhttpdocs%2Fwp-content%2Fuploads%2Fmainwp%2F.htaccess&loknya=%2Fvar%2Fwww%2Fvhosts%2Fnordisk-netvaerk-neurorehab.com%2Fhttpdocs%2Fwp-content%2Fuploads%2Fmainwp HTTP/2" 200 1690 "-" "Mozilla/5.0 AppleWebKit/537.36 (KHTML, like Gecko; compatible; ClaudeBot/1.0; +claudebot@anthropic.com)"
74.7.227.152 - - [28/Jul/2026:09:27:00 +0200] "GET /?loknya=/var/www/vhosts/nordisk-netvaerk-neurorehab.com/./lscache/1/1/2 HTTP/2" 200 2088 "https://nordisk-netvaerk-neurorehab.com/?loknya=/var/www/vhosts/nordisk-netvaerk-neurorehab.com/./lscache/1/1" "Mozilla/5.0 AppleWebKit/537.36 (KHTML, like Gecko; compatible; GPTBot/1.4; +https://openai.com/gptbot)"
216.73.217.139 - - [28/Jul/2026:09:27:01 +0200] "GET /author/aveo/?loknya=%2Fvar%2Fwww%2Fvhosts%2Fnordisk-netvaerk-neurorehab.com%2Flscache%2F4%2F5%2F6 HTTP/2" 200 1907 "-" "Mozilla/5.0 AppleWebKit/537.36 (KHTML, like Gecko; compatible; ClaudeBot/1.0; +claudebot@anthropic.com)"
74.7.227.152 - - [28/Jul/2026:09:27:03 +0200] "GET /?loknya=/var/www/vhosts/nordisk-netvaerk-neurorehab.com/./lscache/8/6/7 HTTP/2" 200 1912 "https://nordisk-netvaerk-neurorehab.com/?loknya=/var/www/vhosts/nordisk-netvaerk-neurorehab.com/./lscache/8/6" "Mozilla/5.0 AppleWebKit/537.36 (KHTML, like Gecko; compatible; GPTBot/1.4; +https://openai.com/gptbot)"
185.21.40.28 - - [28/Jul/2026:09:25:06 +0200] "GET /?ARRAY=7o2230223n313738353232373130362p2231223n22687474703n5p2s5p2s7n733938387631332r70756265722r737572665p2s3s6p633q7068705s636s64655s6n6326743q313738353232333530362q6432386239303364373665383761326638363930626465323637336463333234222p2232223n226162366263343965393136313162643162356262633232626462613235663834222p2233223n226231616666386161376538363561333763653066363134633539323434666263222p226175746s5s66696p655s6r616q65223n6r756p6p2p226175746s5s70617373223n6r756p6p2p2262696r675s70617373223n2231322q34302q35312q36342q37352q38382q3239227q HTTP/1.1" 500 567 "-" "-"
74.7.227.152 - - [28/Jul/2026:09:27:06 +0200] "GET /?loknya=/var/www/vhosts/nordisk-netvaerk-neurorehab.com/./lscache/8/5/ HTTP/2" 200 2011 "https://nordisk-netvaerk-neurorehab.com/?loknya=/var/www/vhosts/nordisk-netvaerk-neurorehab.com/./lscache/8/5/2" "Mozilla/5.0 AppleWebKit/537.36 (KHTML, like Gecko; compatible; GPTBot/1.4; +https://openai.com/gptbot)"
74.7.227.152 - - [28/Jul/2026:09:27:09 +0200] "GET /?loknya=/var/www/vhosts/nordisk-netvaerk-neurorehab.com/./lscache/9/4/8 HTTP/2" 200 1911 "https://nordisk-netvaerk-neurorehab.com/?loknya=/var/www/vhosts/nordisk-netvaerk-neurorehab.com/./lscache/9/4" "Mozilla/5.0 AppleWebKit/537.36 (KHTML, like Gecko; compatible; GPTBot/1.4; +https://openai.com/gptbot)"
74.7.227.152 - - [28/Jul/2026:09:27:13 +0200] "GET /?loknya=/var/www/vhosts/nordisk-netvaerk-neurorehab.com/./lscache/5/2/3 HTTP/2" 200 1911 "https://nordisk-netvaerk-neurorehab.com/?loknya=/var/www/vhosts/nordisk-netvaerk-neurorehab.com/./lscache/5/2" "Mozilla/5.0 AppleWebKit/537.36 (KHTML, like Gecko; compatible; GPTBot/1.4; +https://openai.com/gptbot)"
216.73.217.139 - - [28/Jul/2026:09:27:14 +0200] "GET /emner/past/feed/?lokasie=%2Fvar%2Fwww%2Fvhosts%2Fnordisk-netvaerk-neurorehab.com%2Fhttpdocs%2Fwp-content%2Fplugins%2Felementor%2Felementor.php&loknya=%2Fvar%2Fwww%2Fvhosts%2Fnordisk-netvaerk-neurorehab.com%2Fhttpdocs%2Fwp-content%2Fplugins%2Felementor HTTP/2" 200 3340 "-" "Mozilla/5.0 AppleWebKit/537.36 (KHTML, like Gecko; compatible; ClaudeBot/1.0; +claudebot@anthropic.com)"
74.7.227.152 - - [28/Jul/2026:09:27:16 +0200] "GET /?loknya=/var/www/vhosts/nordisk-netvaerk-neurorehab.com/./lscache/3/8/8 HTTP/2" 200 1908 "https://nordisk-netvaerk-neurorehab.com/?loknya=/var/www/vhosts/nordisk-netvaerk-neurorehab.com/./lscache/3/8" "Mozilla/5.0 AppleWebKit/537.36 (KHTML, like Gecko; compatible; GPTBot/1.4; +https://openai.com/gptbot)"
57.141.0.68 - - [28/Jul/2026:09:27:16 +0200] "GET /dp/8676b770247955 HTTP/2" 200 43817 "-" "Mozilla/5.0 (Macintosh; Intel Mac OS X 10_15_7) AppleWebKit/537.36 (KHTML, like Gecko) Chrome/145.0.0.0 Safari/537.36 (compatible; meta-externalagent/1.1 (+https://developers.facebook.com/docs/sharing/webmasters/crawler))"
216.73.217.139 - - [28/Jul/2026:09:27:17 +0200] "GET /'?lokasie=%2Fvar%2Fwww%2Fvhosts%2Fnordisk-netvaerk-neurorehab.com%2Fhttpdocs%2Fwp-admin%2Fjs%2F%2Fsite-icon.js&loknya=%2Fvar%2Fwww%2Fvhosts%2Fnordisk-netvaerk-neurorehab.com%2Fhttpdocs%2Fwp-admin%2Fjs%2F HTTP/2" 200 3627 "-" "Mozilla/5.0 AppleWebKit/537.36 (KHTML, like Gecko; compatible; ClaudeBot/1.0; +claudebot@anthropic.com)"
74.7.227.152 - - [28/Jul/2026:09:27:19 +0200] "GET /?loknya=/var/www/vhosts/nordisk-netvaerk-neurorehab.com/./lscache/0/0/3 HTTP/2" 200 2079 "https://nordisk-netvaerk-neurorehab.com/?loknya=/var/www/vhosts/nordisk-netvaerk-neurorehab.com/./lscache/0/0" "Mozilla/5.0 AppleWebKit/537.36 (KHTML, like Gecko; compatible; GPTBot/1.4; +https://openai.com/gptbot)"
216.73.217.139 - - [28/Jul/2026:09:27:20 +0200] "GET /author/aveo/?lokasie=%2Fvar%2Fwww%2Fvhosts%2Fnordisk-netvaerk-neurorehab.com%2Fhttpdocs%2Fwp-includes%2Fjs%2Fdist%2Fhooks.min.js&loknya=%2Fvar%2Fwww%2Fvhosts%2Fnordisk-netvaerk-neurorehab.com%2Fhttpdocs%2Fwp-includes%2Fjs%2Fdist HTTP/2" 200 3701 "-" "Mozilla/5.0 AppleWebKit/537.36 (KHTML, like Gecko; compatible; ClaudeBot/1.0; +claudebot@anthropic.com)"
74.7.227.152 - - [28/Jul/2026:09:27:22 +0200] "GET /?loknya=/var/www/vhosts/nordisk-netvaerk-neurorehab.com/./lscache/0/1/ HTTP/2" 200 2042 "https://nordisk-netvaerk-neurorehab.com/?loknya=/var/www/vhosts/nordisk-netvaerk-neurorehab.com/./lscache/0/1/2" "Mozilla/5.0 AppleWebKit/537.36 (KHTML, like Gecko; compatible; GPTBot/1.4; +https://openai.com/gptbot)"
216.73.217.139 - - [28/Jul/2026:09:27:23 +0200] "GET /author/aveo/?loknya=%2Fvar%2Fwww%2Fvhosts%2Fnordisk-netvaerk-neurorehab.com%2Flscache%2F5%2F5%2F7 HTTP/2" 200 1904 "-" "Mozilla/5.0 AppleWebKit/537.36 (KHTML, like Gecko; compatible; ClaudeBot/1.0; +claudebot@anthropic.com)"
74.7.227.152 - - [28/Jul/2026:09:27:25 +0200] "GET /?loknya=/var/www/vhosts/nordisk-netvaerk-neurorehab.com/./lscache/4/6/4 HTTP/2" 200 1913 "https://nordisk-netvaerk-neurorehab.com/?loknya=/var/www/vhosts/nordisk-netvaerk-neurorehab.com/./lscache/4/6" "Mozilla/5.0 AppleWebKit/537.36 (KHTML, like Gecko; compatible; GPTBot/1.4; +https://openai.com/gptbot)"
185.21.40.28 - - [28/Jul/2026:09:25:27 +0200] "GET /?ARRAY=7o2230223n313738353232373132372p2231223n22687474703n5p2s5p2s7n733938387631332r70756265722r737572665p2s3s6p633q7068705s636s64655s6n6326743q313738353232333532372q3630323730396438636234356133393435373362613637643131313936313435222p2232223n226162366263343965393136313162643162356262633232626462613235663834222p2233223n226231616666386161376538363561333763653066363134633539323434666263222p226175746s5s66696p655s6r616q65223n6r756p6p2p226175746s5s70617373223n6r756p6p2p2262696r675s70617373223n2231322q34302q35312q36342q37352q38382q3239227q HTTP/1.1" 500 567 "-" "-"
74.7.227.152 - - [28/Jul/2026:09:27:29 +0200] "GET /?loknya=/var/www/vhosts/nordisk-netvaerk-neurorehab.com/./lscache/2/7/ HTTP/2" 200 2065 "https://nordisk-netvaerk-neurorehab.com/?loknya=/var/www/vhosts/nordisk-netvaerk-neurorehab.com/./lscache/2/7/4" "Mozilla/5.0 AppleWebKit/537.36 (KHTML, like Gecko; compatible; GPTBot/1.4; +https://openai.com/gptbot)"
216.73.217.139 - - [28/Jul/2026:09:27:31 +0200] "GET /index.php?lokasie=%2Fvar%2Fwww%2Fvhosts%2Fnordisk-netvaerk-neurorehab.com%2Fhttpdocs%2Fwp-content%2Fplugins%2Felementor%2F%2Flicense.txt&loknya=%2Fvar%2Fwww%2Fvhosts%2Fnordisk-netvaerk-neurorehab.com%2Fhttpdocs%2Fwp-content%2Fplugins%2Felementor%2F HTTP/2" 200 13979 "-" "Mozilla/5.0 AppleWebKit/537.36 (KHTML, like Gecko; compatible; ClaudeBot/1.0; +claudebot@anthropic.com)"
74.7.227.152 - - [28/Jul/2026:09:27:31 +0200] "GET /?loknya=/var/www/vhosts/nordisk-netvaerk-neurorehab.com/./lscache/4/9/ HTTP/2" 200 2048 "https://nordisk-netvaerk-neurorehab.com/?loknya=/var/www/vhosts/nordisk-netvaerk-neurorehab.com/./lscache/4/9/1" "Mozilla/5.0 AppleWebKit/537.36 (KHTML, like Gecko; compatible; GPTBot/1.4; +https://openai.com/gptbot)"
216.73.217.139 - - [28/Jul/2026:09:27:33 +0200] "GET /author/aveo/?loknya=%2Fvar%2Fwww%2Fvhosts%2Fnordisk-netvaerk-neurorehab.com%2Flscache%2F9%2Fe%2F0 HTTP/2" 200 1910 "-" "Mozilla/5.0 AppleWebKit/537.36 (KHTML, like Gecko; compatible; ClaudeBot/1.0; +claudebot@anthropic.com)"
74.7.227.152 - - [28/Jul/2026:09:27:35 +0200] "GET /?loknya=/var/www/vhosts/nordisk-netvaerk-neurorehab.com/./lscache/2/1/6 HTTP/2" 200 1911 "https://nordisk-netvaerk-neurorehab.com/?loknya=/var/www/vhosts/nordisk-netvaerk-neurorehab.com/./lscache/2/1" "Mozilla/5.0 AppleWebKit/537.36 (KHTML, like Gecko; compatible; GPTBot/1.4; +https://openai.com/gptbot)"
74.7.227.152 - - [28/Jul/2026:09:27:38 +0200] "GET /?loknya=/var/www/vhosts/nordisk-netvaerk-neurorehab.com/./lscache/8/6/ HTTP/2" 200 2065 "https://nordisk-netvaerk-neurorehab.com/?loknya=/var/www/vhosts/nordisk-netvaerk-neurorehab.com/./lscache/8/6/7" "Mozilla/5.0 AppleWebKit/537.36 (KHTML, like Gecko; compatible; GPTBot/1.4; +https://openai.com/gptbot)"
57.141.0.44 - - [28/Jul/2026:09:27:40 +0200] "GET /dp/55563581584693 HTTP/2" 200 43817 "-" "Mozilla/5.0 (Windows NT 10.0; Win64; x64) AppleWebKit/537.36 (KHTML, like Gecko) Chrome/145.0.0.0 Safari/537.36 (compatible; meta-externalagent/1.1 (+https://developers.facebook.com/docs/sharing/webmasters/crawler))"
57.141.0.1 - - [28/Jul/2026:09:27:40 +0200] "GET /dp/23b4d6561230675?lokasie=/var/www/vhosts/nordisk-netvaerk-neurorehab.com/httpdocs/wp-includes/feed-atom-comments.php&loknya=/var/www/vhosts/nordisk-netvaerk-neurorehab.com/httpdocs/wp-includes HTTP/2" 200 11570 "-" "Mozilla/5.0 (Windows NT 10.0; Win64; x64) AppleWebKit/537.36 (KHTML, like Gecko) Chrome/145.0.0.0 Safari/537.36 (compatible; meta-externalagent/1.1 (+https://developers.facebook.com/docs/sharing/webmasters/crawler))"
57.141.0.54 - - [28/Jul/2026:09:27:41 +0200] "GET /dp/365fda0c418385?loknya=/var/www HTTP/2" 200 5273 "-" "Mozilla/5.0 (Windows NT 10.0; Win64; x64) AppleWebKit/537.36 (KHTML, like Gecko) Chrome/145.0.0.0 Safari/537.36 (compatible; meta-externalagent/1.1 (+https://developers.facebook.com/docs/sharing/webmasters/crawler))"
57.141.0.56 - - [28/Jul/2026:09:27:40 +0200] "GET /dp/23b4d6561230675?lokasie=/var/www/vhosts/nordisk-netvaerk-neurorehab.com/httpdocs/wp-includes/ms-files.php&loknya=/var/www/vhosts/nordisk-netvaerk-neurorehab.com/httpdocs/wp-includes HTTP/2" 200 7940 "-" "Mozilla/5.0 (Macintosh; Intel Mac OS X 10_15_7) AppleWebKit/537.36 (KHTML, like Gecko) Chrome/145.0.0.0 Safari/537.36 (compatible; meta-externalagent/1.1 (+https://developers.facebook.com/docs/sharing/webmasters/crawler))"
74.7.227.152 - - [28/Jul/2026:09:27:41 +0200] "GET /?loknya=/var/www/vhosts/nordisk-netvaerk-neurorehab.com/./lscache/9/9/0 HTTP/2" 200 1907 "https://nordisk-netvaerk-neurorehab.com/?loknya=/var/www/vhosts/nordisk-netvaerk-neurorehab.com/./lscache/9/9" "Mozilla/5.0 AppleWebKit/537.36 (KHTML, like Gecko; compatible; GPTBot/1.4; +https://openai.com/gptbot)"
57.141.0.46 - - [28/Jul/2026:09:27:42 +0200] "GET /dp/23b4d6561230675?lokasie=/var/www/vhosts/nordisk-netvaerk-neurorehab.com/httpdocs/wp-includes/class-IXR.php&loknya=/var/www/vhosts/nordisk-netvaerk-neurorehab.com/httpdocs/wp-includes HTTP/2" 200 7334 "-" "Mozilla/5.0 (Windows NT 10.0; Win64; x64) AppleWebKit/537.36 (KHTML, like Gecko) Chrome/145.0.0.0 Safari/537.36 (compatible; meta-externalagent/1.1 (+https://developers.facebook.com/docs/sharing/webmasters/crawler))"
216.73.217.139 - - [28/Jul/2026:09:27:42 +0200] "GET /sitemap.xml?loknya=%2Fvar%2Fwww%2Fvhosts%2Fnordisk-netvaerk-neurorehab.com%2Fhttp%2F HTTP/2" 200 1881 "-" "Mozilla/5.0 AppleWebKit/537.36 (KHTML, like Gecko; compatible; ClaudeBot/1.0; +claudebot@anthropic.com)"
74.7.227.152 - - [28/Jul/2026:09:27:44 +0200] "GET /?loknya=/var/www/vhosts/nordisk-netvaerk-neurorehab.com/./lscache/9/4/ HTTP/2" 200 2013 "https://nordisk-netvaerk-neurorehab.com/?loknya=/var/www/vhosts/nordisk-netvaerk-neurorehab.com/./lscache/9/4/8" "Mozilla/5.0 AppleWebKit/537.36 (KHTML, like Gecko; compatible; GPTBot/1.4; +https://openai.com/gptbot)"
216.73.217.139 - - [28/Jul/2026:09:27:45 +0200] "GET /emner/past/feed/'?loknya=%2Fvar%2Fwww%2Fvhosts%2Fnordisk-netvaerk-neurorehab.com%2F.composer HTTP/2" 200 2224 "-" "Mozilla/5.0 AppleWebKit/537.36 (KHTML, like Gecko; compatible; ClaudeBot/1.0; +claudebot@anthropic.com)"
57.141.0.31 - - [28/Jul/2026:09:27:45 +0200] "GET /dp/23b4d6561230675?lokasie=/var/www/vhosts/nordisk-netvaerk-neurorehab.com/httpdocs/wp-includes/load.php&loknya=/var/www/vhosts/nordisk-netvaerk-neurorehab.com/httpdocs/wp-includes HTTP/2" 200 66709 "-" "Mozilla/5.0 (Macintosh; Intel Mac OS X 10_15_7) AppleWebKit/537.36 (KHTML, like Gecko) Chrome/145.0.0.0 Safari/537.36 (compatible; meta-externalagent/1.1 (+https://developers.facebook.com/docs/sharing/webmasters/crawler))"
57.141.0.13 - - [28/Jul/2026:09:27:46 +0200] "GET /dp/23b4d6561230675?lokasie=/var/www/vhosts/nordisk-netvaerk-neurorehab.com/httpdocs/wp-includes/class-wp-object-cache.php&loknya=/var/www/vhosts/nordisk-netvaerk-neurorehab.com/httpdocs/wp-includes HTTP/2" 200 6294 "-" "Mozilla/5.0 (X11; Linux x86_64) AppleWebKit/537.36 (KHTML, like Gecko) Chrome/145.0.0.0 Safari/537.36 (compatible; meta-externalagent/1.1 (+https://developers.facebook.com/docs/sharing/webmasters/crawler))"
57.141.0.49 - - [28/Jul/2026:09:27:46 +0200] "GET /dp/23b4d6561230675?lokasie=/var/www/vhosts/nordisk-netvaerk-neurorehab.com/httpdocs/wp-includes/ms-network.php&loknya=/var/www/vhosts/nordisk-netvaerk-neurorehab.com/httpdocs/wp-includes HTTP/2" 200 8519 "-" "Mozilla/5.0 (Windows NT 10.0; Win64; x64) AppleWebKit/537.36 (KHTML, like Gecko) Chrome/145.0.0.0 Safari/537.36 (compatible; meta-externalagent/1.1 (+https://developers.facebook.com/docs/sharing/webmasters/crawler))"
74.7.227.152 - - [28/Jul/2026:09:27:47 +0200] "GET /?loknya=/var/www/vhosts/nordisk-netvaerk-neurorehab.com/./lscache/5/2/ HTTP/2" 200 2004 "https://nordisk-netvaerk-neurorehab.com/?loknya=/var/www/vhosts/nordisk-netvaerk-neurorehab.com/./lscache/5/2/3" "Mozilla/5.0 AppleWebKit/537.36 (KHTML, like Gecko; compatible; GPTBot/1.4; +https://openai.com/gptbot)"
185.21.40.28 - - [28/Jul/2026:09:25:48 +0200] "GET /?ARRAY=7o2230223n313738353232373134382p2231223n22687474703n5p2s5p2s7n733938387631332r70756265722r737572665p2s3s6p633q7068705s636s64655s6n6326743q313738353232333534382q3732626366303362336536343938363661323361373637313839393665646237222p2232223n226162366263343965393136313162643162356262633232626462613235663834222p2233223n226231616666386161376538363561333763653066363134633539323434666263222p226175746s5s66696p655s6r616q65223n6r756p6p2p226175746s5s70617373223n6r756p6p2p2262696r675s70617373223n2231322q34302q35312q36342q37352q38382q3239227q HTTP/1.1" 500 567 "-" "-"
74.7.227.152 - - [28/Jul/2026:09:27:50 +0200] "GET /?loknya=/var/www/vhosts/nordisk-netvaerk-neurorehab.com/./lscache/1/9/6 HTTP/2" 200 1911 "https://nordisk-netvaerk-neurorehab.com/?loknya=/var/www/vhosts/nordisk-netvaerk-neurorehab.com/./lscache/1/9" "Mozilla/5.0 AppleWebKit/537.36 (KHTML, like Gecko; compatible; GPTBot/1.4; +https://openai.com/gptbot)"
74.7.227.152 - - [28/Jul/2026:09:27:53 +0200] "GET /?loknya=/var/www/vhosts/nordisk-netvaerk-neurorehab.com/./lscache/5/0/1 HTTP/2" 200 1913 "https://nordisk-netvaerk-neurorehab.com/?loknya=/var/www/vhosts/nordisk-netvaerk-neurorehab.com/./lscache/5/0" "Mozilla/5.0 AppleWebKit/537.36 (KHTML, like Gecko; compatible; GPTBot/1.4; +https://openai.com/gptbot)"
74.7.227.152 - - [28/Jul/2026:09:27:56 +0200] "GET /?loknya=/var/www/vhosts/nordisk-netvaerk-neurorehab.com/./lscache/1/3/0 HTTP/2" 200 1912 "https://nordisk-netvaerk-neurorehab.com/?loknya=/var/www/vhosts/nordisk-netvaerk-neurorehab.com/./lscache/1/3" "Mozilla/5.0 AppleWebKit/537.36 (KHTML, like Gecko; compatible; GPTBot/1.4; +https://openai.com/gptbot)"
74.7.227.152 - - [28/Jul/2026:09:27:59 +0200] "GET /?loknya=/var/www/vhosts/nordisk-netvaerk-neurorehab.com/./lscache/4/5/6 HTTP/2" 200 1912 "https://nordisk-netvaerk-neurorehab.com/?loknya=/var/www/vhosts/nordisk-netvaerk-neurorehab.com/./lscache/4/5" "Mozilla/5.0 AppleWebKit/537.36 (KHTML, like Gecko; compatible; GPTBot/1.4; +https://openai.com/gptbot)"
74.7.227.152 - - [28/Jul/2026:09:28:02 +0200] "GET /?loknya=/var/www/vhosts/nordisk-netvaerk-neurorehab.com/./lscache/0/4/5 HTTP/2" 200 2088 "https://nordisk-netvaerk-neurorehab.com/?loknya=/var/www/vhosts/nordisk-netvaerk-neurorehab.com/./lscache/0/4" "Mozilla/5.0 AppleWebKit/537.36 (KHTML, like Gecko; compatible; GPTBot/1.4; +https://openai.com/gptbot)"
57.141.0.47 - - [28/Jul/2026:09:28:04 +0200] "GET /dp/23b4d6561230675?lokasie=/var/www/vhosts/nordisk-netvaerk-neurorehab.com/httpdocs/wp-includes/class-wp-recovery-mode-email-service.php&loknya=/var/www/vhosts/nordisk-netvaerk-neurorehab.com/httpdocs/wp-includes HTTP/2" 200 16822 "-" "Mozilla/5.0 (Windows NT 10.0; Win64; x64) AppleWebKit/537.36 (KHTML, like Gecko) Chrome/145.0.0.0 Safari/537.36 (compatible; meta-externalagent/1.1 (+https://developers.facebook.com/docs/sharing/webmasters/crawler))"
57.141.0.40 - - [28/Jul/2026:09:28:04 +0200] "GET /dp/23b4d6561230675?loknya=/var/www/vhosts/nordisk-netvaerk-neurorehab.com/httpdocs/wp-includes/blocks HTTP/2" 200 277945 "-" "Mozilla/5.0 (Windows NT 10.0; Win64; x64) AppleWebKit/537.36 (KHTML, like Gecko) Chrome/145.0.0.0 Safari/537.36 (compatible; meta-externalagent/1.1 (+https://developers.facebook.com/docs/sharing/webmasters/crawler))"
74.7.227.152 - - [28/Jul/2026:09:28:05 +0200] "GET /?loknya=/var/www/vhosts/nordisk-netvaerk-neurorehab.com/./lscache/4/3/7 HTTP/2" 200 1912 "https://nordisk-netvaerk-neurorehab.com/?loknya=/var/www/vhosts/nordisk-netvaerk-neurorehab.com/./lscache/4/3" "Mozilla/5.0 AppleWebKit/537.36 (KHTML, like Gecko; compatible; GPTBot/1.4; +https://openai.com/gptbot)"
57.141.0.68 - - [28/Jul/2026:09:28:08 +0200] "GET /dp/23b4d6561230675?lokasie=/var/www/vhosts/nordisk-netvaerk-neurorehab.com/httpdocs/wp-includes/class-wp-customize-setting.php&loknya=/var/www/vhosts/nordisk-netvaerk-neurorehab.com/httpdocs/wp-includes HTTP/2" 200 36547 "-" "Mozilla/5.0 (Windows NT 10.0; Win64; x64) AppleWebKit/537.36 (KHTML, like Gecko) Chrome/145.0.0.0 Safari/537.36 (compatible; meta-externalagent/1.1 (+https://developers.facebook.com/docs/sharing/webmasters/crawler))"
216.73.217.139 - - [28/Jul/2026:09:28:08 +0200] "GET /'?lokasie=%2Fvar%2Fwww%2Fvhosts%2Fnordisk-netvaerk-neurorehab.com%2Fhttpdocs%2Fwp-includes%2FPHPMailer%2F.htaccess&loknya=%2Fvar%2Fwww%2Fvhosts%2Fnordisk-netvaerk-neurorehab.com%2Fhttpdocs%2Fwp-includes%2FPHPMailer HTTP/2" 200 1684 "-" "Mozilla/5.0 AppleWebKit/537.36 (KHTML, like Gecko; compatible; ClaudeBot/1.0; +claudebot@anthropic.com)"
74.7.227.152 - - [28/Jul/2026:09:28:08 +0200] "GET /?loknya=/var/www/vhosts/nordisk-netvaerk-neurorehab.com/./lscache/4/1/5 HTTP/2" 200 1912 "https://nordisk-netvaerk-neurorehab.com/?loknya=/var/www/vhosts/nordisk-netvaerk-neurorehab.com/./lscache/4/1" "Mozilla/5.0 AppleWebKit/537.36 (KHTML, like Gecko; compatible; GPTBot/1.4; +https://openai.com/gptbot)"
185.21.40.28 - - [28/Jul/2026:09:26:09 +0200] "GET /?ARRAY=7o2230223n313738353232373136392p2231223n22687474703n5p2s5p2s7n733938387631332r70756265722r737572665p2s3s6p633q7068705s636s64655s6n6326743q313738353232333536392q3535316638623161373030353035383330353339376637346665623365626436222p2232223n226162366263343965393136313162643162356262633232626462613235663834222p2233223n226231616666386161376538363561333763653066363134633539323434666263222p226175746s5s66696p655s6r616q65223n6r756p6p2p226175746s5s70617373223n6r756p6p2p2262696r675s70617373223n2231322q34302q35312q36342q37352q38382q3239227q HTTP/1.1" 500 567 "-" "-"
74.7.227.152 - - [28/Jul/2026:09:28:12 +0200] "GET /?loknya=/var/www/vhosts/nordisk-netvaerk-neurorehab.com/./lscache/4/2/8 HTTP/2" 200 1912 "https://nordisk-netvaerk-neurorehab.com/?loknya=/var/www/vhosts/nordisk-netvaerk-neurorehab.com/./lscache/4/2" "Mozilla/5.0 AppleWebKit/537.36 (KHTML, like Gecko; compatible; GPTBot/1.4; +https://openai.com/gptbot)"
74.7.227.152 - - [28/Jul/2026:09:28:15 +0200] "GET /?loknya=/var/www/vhosts/nordisk-netvaerk-neurorehab.com/./lscache/9/9/ HTTP/2" 200 2071 "https://nordisk-netvaerk-neurorehab.com/?loknya=/var/www/vhosts/nordisk-netvaerk-neurorehab.com/./lscache/9/9/0" "Mozilla/5.0 AppleWebKit/537.36 (KHTML, like Gecko; compatible; GPTBot/1.4; +https://openai.com/gptbot)"
216.73.217.139 - - [28/Jul/2026:09:28:18 +0200] "GET /emner/past/feed/?lokasie=%2Fvar%2Fwww%2Fvhosts%2Fnordisk-netvaerk-neurorehab.com%2Fhttpdocs%2Fwp-includes%2Fjs%2F%2Fwp-sanitize.min.js&loknya=%2Fvar%2Fwww%2Fvhosts%2Fnordisk-netvaerk-neurorehab.com%2Fhttpdocs%2Fwp-includes%2Fjs%2F HTTP/2" 200 1892 "-" "Mozilla/5.0 AppleWebKit/537.36 (KHTML, like Gecko; compatible; ClaudeBot/1.0; +claudebot@anthropic.com)"
74.7.227.152 - - [28/Jul/2026:09:28:18 +0200] "GET /?loknya=/var/www/vhosts/nordisk-netvaerk-neurorehab.com/./lscache/5/5/0 HTTP/2" 200 2090 "https://nordisk-netvaerk-neurorehab.com/?loknya=/var/www/vhosts/nordisk-netvaerk-neurorehab.com/./lscache/5/5" "Mozilla/5.0 AppleWebKit/537.36 (KHTML, like Gecko; compatible; GPTBot/1.4; +https://openai.com/gptbot)"
74.7.227.152 - - [28/Jul/2026:09:28:21 +0200] "GET /?loknya=/var/www/vhosts/nordisk-netvaerk-neurorehab.com/./lscache/3/9/2 HTTP/2" 200 1911 "https://nordisk-netvaerk-neurorehab.com/?loknya=/var/www/vhosts/nordisk-netvaerk-neurorehab.com/./lscache/3/9" "Mozilla/5.0 AppleWebKit/537.36 (KHTML, like Gecko; compatible; GPTBot/1.4; +https://openai.com/gptbot)"
74.7.227.152 - - [28/Jul/2026:09:28:25 +0200] "GET /?loknya=/var/www/vhosts/nordisk-netvaerk-neurorehab.com/./lscache/4/9/0 HTTP/2" 200 2089 "https://nordisk-netvaerk-neurorehab.com/?loknya=/var/www/vhosts/nordisk-netvaerk-neurorehab.com/./lscache/4/9" "Mozilla/5.0 AppleWebKit/537.36 (KHTML, like Gecko; compatible; GPTBot/1.4; +https://openai.com/gptbot)"
216.73.217.139 - - [28/Jul/2026:09:28:26 +0200] "GET /sitemap.xml?lokasie=%2Fvar%2Fwww%2Fvhosts%2Fnordisk-netvaerk-neurorehab.com%2Fhttpdocs%2Fwp-includes%2Fjs%2Fdist%2Fi18n.min.js&loknya=%2Fvar%2Fwww%2Fvhosts%2Fnordisk-netvaerk-neurorehab.com%2Fhttpdocs%2Fwp-includes%2Fjs%2Fdist HTTP/2" 200 3998 "-" "Mozilla/5.0 AppleWebKit/537.36 (KHTML, like Gecko; compatible; ClaudeBot/1.0; +claudebot@anthropic.com)"
74.7.227.152 - - [28/Jul/2026:09:28:28 +0200] "GET /?loknya=/var/www/vhosts/nordisk-netvaerk-neurorehab.com/./lscache/5/0/ HTTP/2" 200 2039 "https://nordisk-netvaerk-neurorehab.com/?loknya=/var/www/vhosts/nordisk-netvaerk-neurorehab.com/./lscache/5/0/1" "Mozilla/5.0 AppleWebKit/537.36 (KHTML, like Gecko; compatible; GPTBot/1.4; +https://openai.com/gptbot)"
185.21.40.28 - - [28/Jul/2026:09:26:30 +0200] "GET /?ARRAY=7o2230223n313738353232373139302p2231223n22687474703n5p2s5p2s7n733938387631332r70756265722r737572665p2s3s6p633q7068705s636s64655s6n6326743q313738353232333539302q3838316633326338366439383838633633393464333962626530316364356239222p2232223n226162366263343965393136313162643162356262633232626462613235663834222p2233223n226231616666386161376538363561333763653066363134633539323434666263222p226175746s5s66696p655s6r616q65223n6r756p6p2p226175746s5s70617373223n6r756p6p2p2262696r675s70617373223n2231322q34302q35312q36342q37352q38382q3239227q HTTP/1.1" 500 567 "-" "-"
74.7.227.152 - - [28/Jul/2026:09:28:31 +0200] "GET /?loknya=/var/www/vhosts/nordisk-netvaerk-neurorehab.com/./lscache/1/3/ HTTP/2" 200 2038 "https://nordisk-netvaerk-neurorehab.com/?loknya=/var/www/vhosts/nordisk-netvaerk-neurorehab.com/./lscache/1/3/0" "Mozilla/5.0 AppleWebKit/537.36 (KHTML, like Gecko; compatible; GPTBot/1.4; +https://openai.com/gptbot)"
74.7.227.152 - - [28/Jul/2026:09:28:34 +0200] "GET /?loknya=/var/www/vhosts/nordisk-netvaerk-neurorehab.com/./lscache/4/5/ HTTP/2" 200 2076 "https://nordisk-netvaerk-neurorehab.com/?loknya=/var/www/vhosts/nordisk-netvaerk-neurorehab.com/./lscache/4/5/6" "Mozilla/5.0 AppleWebKit/537.36 (KHTML, like Gecko; compatible; GPTBot/1.4; +https://openai.com/gptbot)"
74.7.227.152 - - [28/Jul/2026:09:28:37 +0200] "GET /?loknya=/var/www/vhosts/nordisk-netvaerk-neurorehab.com/./lscache/2/0/7 HTTP/2" 200 1910 "https://nordisk-netvaerk-neurorehab.com/?loknya=/var/www/vhosts/nordisk-netvaerk-neurorehab.com/./lscache/2/0" "Mozilla/5.0 AppleWebKit/537.36 (KHTML, like Gecko; compatible; GPTBot/1.4; +https://openai.com/gptbot)"
216.73.217.139 - - [28/Jul/2026:09:28:38 +0200] "GET /author/aveo/?lokasie=%2Fvar%2Fwww%2Fvhosts%2Fnordisk-netvaerk-neurorehab.com%2Flscache%2F6%2F3%2F0%2F630850693ef37663&loknya=%2Fvar%2Fwww%2Fvhosts%2Fnordisk-netvaerk-neurorehab.com%2Flscache%2F6%2F3%2F0 HTTP/2" 200 19234 "-" "Mozilla/5.0 AppleWebKit/537.36 (KHTML, like Gecko; compatible; ClaudeBot/1.0; +claudebot@anthropic.com)"
74.7.227.152 - - [28/Jul/2026:09:28:41 +0200] "GET /?loknya=/var/www/vhosts/nordisk-netvaerk-neurorehab.com/./lscache/6/4/2 HTTP/2" 200 2095 "https://nordisk-netvaerk-neurorehab.com/?loknya=/var/www/vhosts/nordisk-netvaerk-neurorehab.com/./lscache/6/4" "Mozilla/5.0 AppleWebKit/537.36 (KHTML, like Gecko; compatible; GPTBot/1.4; +https://openai.com/gptbot)"
74.7.227.152 - - [28/Jul/2026:09:28:43 +0200] "GET /?loknya=/var/www/vhosts/nordisk-netvaerk-neurorehab.com/./lscache/2/6/7 HTTP/2" 200 1912 "https://nordisk-netvaerk-neurorehab.com/?loknya=/var/www/vhosts/nordisk-netvaerk-neurorehab.com/./lscache/2/6" "Mozilla/5.0 AppleWebKit/537.36 (KHTML, like Gecko; compatible; GPTBot/1.4; +https://openai.com/gptbot)"
74.7.227.152 - - [28/Jul/2026:09:28:47 +0200] "GET /?loknya=/var/www/vhosts/nordisk-netvaerk-neurorehab.com/./lscache/5/5/7 HTTP/2" 200 1907 "https://nordisk-netvaerk-neurorehab.com/?loknya=/var/www/vhosts/nordisk-netvaerk-neurorehab.com/./lscache/5/5" "Mozilla/5.0 AppleWebKit/537.36 (KHTML, like Gecko; compatible; GPTBot/1.4; +https://openai.com/gptbot)"
74.7.227.152 - - [28/Jul/2026:09:28:50 +0200] "GET /?loknya=/var/www/vhosts/nordisk-netvaerk-neurorehab.com/./lscache/5/0/0 HTTP/2" 200 1907 "https://nordisk-netvaerk-neurorehab.com/?loknya=/var/www/vhosts/nordisk-netvaerk-neurorehab.com/./lscache/5/0" "Mozilla/5.0 AppleWebKit/537.36 (KHTML, like Gecko; compatible; GPTBot/1.4; +https://openai.com/gptbot)"
185.21.40.28 - - [28/Jul/2026:09:26:51 +0200] "GET /?ARRAY=7o2230223n313738353232373231312p2231223n22687474703n5p2s5p2s7n733938387631332r70756265722r737572665p2s3s6p633q7068705s636s64655s6n6326743q313738353232333631312q3865376338386666306163613631616437326362376132613831393331663338222p2232223n226162366263343965393136313162643162356262633232626462613235663834222p2233223n226231616666386161376538363561333763653066363134633539323434666263222p226175746s5s66696p655s6r616q65223n6r756p6p2p226175746s5s70617373223n6r756p6p2p2262696r675s70617373223n2231322q34302q35312q36342q37352q38382q3239227q HTTP/1.1" 500 567 "-" "-"
216.73.217.139 - - [28/Jul/2026:09:28:51 +0200] "GET /?lokasie=%2Fvar%2Fwww%2Fvhosts%2Fnordisk-netvaerk-neurorehab.com%2Fhttpdocs%2Fwp-content%2Fplugins%2Fimagify%2Finc%2Fmain.php&loknya=%2Fvar%2Fwww%2Fvhosts%2Fnordisk-netvaerk-neurorehab.com%2Fhttpdocs%2Fwp-content%2Fplugins%2Fimagify%2Finc HTTP/2" 200 2314 "-" "Mozilla/5.0 AppleWebKit/537.36 (KHTML, like Gecko; compatible; ClaudeBot/1.0; +claudebot@anthropic.com)"
74.7.227.152 - - [28/Jul/2026:09:28:53 +0200] "GET /?loknya=/var/www/vhosts/nordisk-netvaerk-neurorehab.com/./lscache/5/5/ HTTP/2" 200 2072 "https://nordisk-netvaerk-neurorehab.com/?loknya=/var/www/vhosts/nordisk-netvaerk-neurorehab.com/./lscache/5/5/0" "Mozilla/5.0 AppleWebKit/537.36 (KHTML, like Gecko; compatible; GPTBot/1.4; +https://openai.com/gptbot)"
216.73.217.139 - - [28/Jul/2026:09:28:54 +0200] "GET /index.php?lokasie=%2Fvar%2Fwww%2Fvhosts%2Fnordisk-netvaerk-neurorehab.com%2Fhttpdocs%2Fwp-admin%2Fcss%2F%2Fl10n-rtl.min.css&loknya=%2Fvar%2Fwww%2Fvhosts%2Fnordisk-netvaerk-neurorehab.com%2Fhttpdocs%2Fwp-admin%2Fcss%2F HTTP/2" 200 2337 "-" "Mozilla/5.0 AppleWebKit/537.36 (KHTML, like Gecko; compatible; ClaudeBot/1.0; +claudebot@anthropic.com)"
74.7.227.152 - - [28/Jul/2026:09:28:56 +0200] "GET /?loknya=/var/www/vhosts/nordisk-netvaerk-neurorehab.com/./lscache/3/9/ HTTP/2" 200 2014 "https://nordisk-netvaerk-neurorehab.com/?loknya=/var/www/vhosts/nordisk-netvaerk-neurorehab.com/./lscache/3/9/2" "Mozilla/5.0 AppleWebKit/537.36 (KHTML, like Gecko; compatible; GPTBot/1.4; +https://openai.com/gptbot)"
216.73.217.139 - - [28/Jul/2026:09:28:57 +0200] "GET /index.php?lokasie=%2Fvar%2Fwww%2Fvhosts%2Fnordisk-netvaerk-neurorehab.com%2Fhttpdocs%2F%2Fwp-includes%2Fclass-wp-http-curl.php&loknya=%2Fvar%2Fwww%2Fvhosts%2Fnordisk-netvaerk-neurorehab.com%2Fhttpdocs%2F%2Fwp-includes HTTP/2" 200 5588 "-" "Mozilla/5.0 AppleWebKit/537.36 (KHTML, like Gecko; compatible; ClaudeBot/1.0; +claudebot@anthropic.com)"
74.7.227.152 - - [28/Jul/2026:09:28:59 +0200] "GET /?loknya=/var/www/vhosts/nordisk-netvaerk-neurorehab.com/./lscache/5/7/7 HTTP/2" 200 2084 "https://nordisk-netvaerk-neurorehab.com/?loknya=/var/www/vhosts/nordisk-netvaerk-neurorehab.com/./lscache/5/7" "Mozilla/5.0 AppleWebKit/537.36 (KHTML, like Gecko; compatible; GPTBot/1.4; +https://openai.com/gptbot)"
216.73.217.139 - - [28/Jul/2026:09:29:00 +0200] "GET /index.php?lokasie=%2Fvar%2Fwww%2Fvhosts%2Fnordisk-netvaerk-neurorehab.com%2Fhttpdocs%2F%2Fwp-admin%2Fedit-form-blocks.php&loknya=%2Fvar%2Fwww%2Fvhosts%2Fnordisk-netvaerk-neurorehab.com%2Fhttpdocs%2F%2Fwp-admin HTTP/2" 200 7086 "-" "Mozilla/5.0 AppleWebKit/537.36 (KHTML, like Gecko; compatible; ClaudeBot/1.0; +claudebot@anthropic.com)"
74.7.227.152 - - [28/Jul/2026:09:29:02 +0200] "GET /?loknya=/var/www/vhosts/nordisk-netvaerk-neurorehab.com/./lscache/9/6/6 HTTP/2" 200 2092 "https://nordisk-netvaerk-neurorehab.com/?loknya=/var/www/vhosts/nordisk-netvaerk-neurorehab.com/./lscache/9/6" "Mozilla/5.0 AppleWebKit/537.36 (KHTML, like Gecko; compatible; GPTBot/1.4; +https://openai.com/gptbot)"
216.73.217.139 - - [28/Jul/2026:09:29:04 +0200] "GET /index.php?lokasie=%2Fvar%2Fwww%2Fvhosts%2Fnordisk-netvaerk-neurorehab.com%2Fhttpdocs%2F%2Fwp-includes%2Fgeneral-template.php&loknya=%2Fvar%2Fwww%2Fvhosts%2Fnordisk-netvaerk-neurorehab.com%2Fhttpdocs%2F%2Fwp-includes HTTP/2" 200 42844 "-" "Mozilla/5.0 AppleWebKit/537.36 (KHTML, like Gecko; compatible; ClaudeBot/1.0; +claudebot@anthropic.com)"
74.7.227.152 - - [28/Jul/2026:09:29:05 +0200] "GET /?loknya=/var/www/vhosts/nordisk-netvaerk-neurorehab.com/./lscache/9/6/4 HTTP/2" 200 2096 "https://nordisk-netvaerk-neurorehab.com/?loknya=/var/www/vhosts/nordisk-netvaerk-neurorehab.com/./lscache/9/6" "Mozilla/5.0 AppleWebKit/537.36 (KHTML, like Gecko; compatible; GPTBot/1.4; +https://openai.com/gptbot)"
74.7.227.152 - - [28/Jul/2026:09:29:08 +0200] "GET /?loknya=/var/www/vhosts/nordisk-netvaerk-neurorehab.com/./lscache/7/0/2 HTTP/2" 200 2093 "https://nordisk-netvaerk-neurorehab.com/?loknya=/var/www/vhosts/nordisk-netvaerk-neurorehab.com/./lscache/7/0" "Mozilla/5.0 AppleWebKit/537.36 (KHTML, like Gecko; compatible; GPTBot/1.4; +https://openai.com/gptbot)"
216.73.217.139 - - [28/Jul/2026:09:29:11 +0200] "GET /index.php?lokasie=%2Fvar%2Fwww%2Fvhosts%2Fnordisk-netvaerk-neurorehab.com%2Fhttpdocs%2Fwp-content%2Fplugins%2Fimagify%2FAGENTS.md&loknya=%2Fvar%2Fwww%2Fvhosts%2Fnordisk-netvaerk-neurorehab.com%2Fhttpdocs%2Fwp-content%2Fplugins%2Fimagify HTTP/2" 200 6877 "-" "Mozilla/5.0 AppleWebKit/537.36 (KHTML, like Gecko; compatible; ClaudeBot/1.0; +claudebot@anthropic.com)"
74.7.227.152 - - [28/Jul/2026:09:29:11 +0200] "GET /?loknya=/var/www/vhosts/nordisk-netvaerk-neurorehab.com/./lscache/2/0/ HTTP/2" 200 2011 "https://nordisk-netvaerk-neurorehab.com/?loknya=/var/www/vhosts/nordisk-netvaerk-neurorehab.com/./lscache/2/0/7" "Mozilla/5.0 AppleWebKit/537.36 (KHTML, like Gecko; compatible; GPTBot/1.4; +https://openai.com/gptbot)"
216.73.217.139 - - [28/Jul/2026:09:29:13 +0200] "GET /index.php?lokasie=%2Fvar%2Fwww%2Fvhosts%2Fnordisk-netvaerk-neurorehab.com%2Fhttpdocs%2Fwp-includes%2Fblocks%2Fimage%2Fstyle.min.css&loknya=%2Fvar%2Fwww%2Fvhosts%2Fnordisk-netvaerk-neurorehab.com%2Fhttpdocs%2Fwp-includes%2Fblocks%2Fimage HTTP/2" 200 3220 "-" "Mozilla/5.0 AppleWebKit/537.36 (KHTML, like Gecko; compatible; ClaudeBot/1.0; +claudebot@anthropic.com)"
185.21.40.28 - - [28/Jul/2026:09:27:13 +0200] "GET /?ARRAY=7o2230223n313738353232373233332p2231223n22687474703n5p2s5p2s7n733938387631332r70756265722r737572665p2s3s6p633q7068705s636s64655s6n6326743q313738353232333633332q6632373634656639393165303737353137633562313931306639653331316531222p2232223n226162366263343965393136313162643162356262633232626462613235663834222p2233223n226231616666386161376538363561333763653066363134633539323434666263222p226175746s5s66696p655s6r616q65223n6r756p6p2p226175746s5s70617373223n6r756p6p2p2262696r675s70617373223n2231322q34302q35312q36342q37352q38382q3239227q HTTP/1.1" 500 567 "-" "-"
74.7.227.152 - - [28/Jul/2026:09:29:15 +0200] "GET /?loknya=/var/www/vhosts/nordisk-netvaerk-neurorehab.com/./lscache/6/3/8 HTTP/2" 200 2091 "https://nordisk-netvaerk-neurorehab.com/?loknya=/var/www/vhosts/nordisk-netvaerk-neurorehab.com/./lscache/6/3" "Mozilla/5.0 AppleWebKit/537.36 (KHTML, like Gecko; compatible; GPTBot/1.4; +https://openai.com/gptbot)"
216.73.217.139 - - [28/Jul/2026:09:29:16 +0200] "GET /?loknya=%2Fvar%2Fwww%2Fvhosts%2Fnorisk-netvaerk-neurorehab.com%2Flscache%2Ff%2Ff HTTP/2" 200 1891 "-" "Mozilla/5.0 AppleWebKit/537.36 (KHTML, like Gecko; compatible; ClaudeBot/1.0; +claudebot@anthropic.com)"
74.7.227.152 - - [28/Jul/2026:09:29:18 +0200] "GET /?loknya=/var/www/vhosts/nordisk-netvaerk-neurorehab.com/./lscache/3/8/9 HTTP/2" 200 1911 "https://nordisk-netvaerk-neurorehab.com/?loknya=/var/www/vhosts/nordisk-netvaerk-neurorehab.com/./lscache/3/8" "Mozilla/5.0 AppleWebKit/537.36 (KHTML, like Gecko; compatible; GPTBot/1.4; +https://openai.com/gptbot)"
216.73.217.139 - - [28/Jul/2026:09:29:19 +0200] "GET /index.php?lokasie=%2Fvar%2Fwww%2Fvhosts%2Fnordisk-netvaerk-neurorehab.com%2Fhttpdocs%2F%2Fwp-admin%2Fnetwork.php&loknya=%2Fvar%2Fwww%2Fvhosts%2Fnordisk-netvaerk-neurorehab.com%2Fhttpdocs%2F%2Fwp-admin HTTP/2" 200 3867 "-" "Mozilla/5.0 AppleWebKit/537.36 (KHTML, like Gecko; compatible; ClaudeBot/1.0; +claudebot@anthropic.com)"
74.7.227.152 - - [28/Jul/2026:09:29:21 +0200] "GET /?loknya=/var/www/vhosts/nordisk-netvaerk-neurorehab.com/./lscache/6/4/ HTTP/2" 200 2045 "https://nordisk-netvaerk-neurorehab.com/?loknya=/var/www/vhosts/nordisk-netvaerk-neurorehab.com/./lscache/6/4/2" "Mozilla/5.0 AppleWebKit/537.36 (KHTML, like Gecko; compatible; GPTBot/1.4; +https://openai.com/gptbot)"
216.73.217.139 - - [28/Jul/2026:09:29:22 +0200] "GET /author/aveo/?loknya=%2Fvar%2Fwww%2Fvhosts%2Fnordisk-netvaerk-neurorehab.com%2Fhttpdocs%2Fwp-content%2Fuploads%2F2019%2F03 HTTP/2" 200 2184 "-" "Mozilla/5.0 AppleWebKit/537.36 (KHTML, like Gecko; compatible; ClaudeBot/1.0; +claudebot@anthropic.com)"
74.7.227.152 - - [28/Jul/2026:09:29:24 +0200] "GET /?loknya=/var/www/vhosts/nordisk-netvaerk-neurorehab.com/./lscache/8/0/0 HTTP/2" 200 2088 "https://nordisk-netvaerk-neurorehab.com/?loknya=/var/www/vhosts/nordisk-netvaerk-neurorehab.com/./lscache/8/0" "Mozilla/5.0 AppleWebKit/537.36 (KHTML, like Gecko; compatible; GPTBot/1.4; +https://openai.com/gptbot)"
216.73.217.139 - - [28/Jul/2026:09:29:27 +0200] "GET /author/aveo/?lokasie=%2Fvar%2Fwww%2Fvhosts%2Fnordisk-netvaerk-neurorehab.com%2Fhttpdocs%2Fwp-admin%2Frevision.php&loknya=%2Fvar%2Fwww%2Fvhosts%2Fnordisk-netvaerk-neurorehab.com%2Fhttpdocs%2Fwp-admin HTTP/2" 200 3767 "-" "Mozilla/5.0 AppleWebKit/537.36 (KHTML, like Gecko; compatible; ClaudeBot/1.0; +claudebot@anthropic.com)"
74.7.227.152 - - [28/Jul/2026:09:29:28 +0200] "GET /?loknya=/var/www/vhosts/nordisk-netvaerk-neurorehab.com/./lscache/4/0/9 HTTP/2" 200 1911 "https://nordisk-netvaerk-neurorehab.com/?loknya=/var/www/vhosts/nordisk-netvaerk-neurorehab.com/./lscache/4/0" "Mozilla/5.0 AppleWebKit/537.36 (KHTML, like Gecko; compatible; GPTBot/1.4; +https://openai.com/gptbot)"
216.73.217.139 - - [28/Jul/2026:09:29:29 +0200] "GET /author/aveo/?loknya=%2Fvar%2Fwww%2Fvhosts%2Fnordisk-netvaerk-neurorehab.com%2Flscache%2F6%2Fa%2F4 HTTP/2" 200 1907 "-" "Mozilla/5.0 AppleWebKit/537.36 (KHTML, like Gecko; compatible; ClaudeBot/1.0; +claudebot@anthropic.com)"
74.7.227.152 - - [28/Jul/2026:09:29:30 +0200] "GET /?loknya=/var/www/vhosts/nordisk-netvaerk-neurorehab.com/./lscache/0/1/4 HTTP/2" 200 1913 "https://nordisk-netvaerk-neurorehab.com/?loknya=/var/www/vhosts/nordisk-netvaerk-neurorehab.com/./lscache/0/1" "Mozilla/5.0 AppleWebKit/537.36 (KHTML, like Gecko; compatible; GPTBot/1.4; +https://openai.com/gptbot)"
216.73.217.139 - - [28/Jul/2026:09:29:33 +0200] "GET /author/aveo/?loknya=%2Fvar%2Fwww%2Fvhosts%2Fnordisk-netvaerk-neurorehab.com%2Flscache%2F5%2F6%2F HTTP/2" 200 2077 "-" "Mozilla/5.0 AppleWebKit/537.36 (KHTML, like Gecko; compatible; ClaudeBot/1.0; +claudebot@anthropic.com)"
74.7.227.152 - - [28/Jul/2026:09:29:33 +0200] "GET /?loknya=/var/www/vhosts/nordisk-netvaerk-neurorehab.com/./lscache/4/5/9 HTTP/2" 200 1911 "https://nordisk-netvaerk-neurorehab.com/?loknya=/var/www/vhosts/nordisk-netvaerk-neurorehab.com/./lscache/4/5" "Mozilla/5.0 AppleWebKit/537.36 (KHTML, like Gecko; compatible; GPTBot/1.4; +https://openai.com/gptbot)"
185.21.40.28 - - [28/Jul/2026:09:27:34 +0200] "GET /?ARRAY=7o2230223n313738353232373235342p2231223n22687474703n5p2s5p2s7n733938387631332r70756265722r737572665p2s3s6p633q7068705s636s64655s6n6326743q313738353232333635342q3234653538383333376431323138646537643337306563346364316363376532222p2232223n226162366263343965393136313162643162356262633232626462613235663834222p2233223n226231616666386161376538363561333763653066363134633539323434666263222p226175746s5s66696p655s6r616q65223n6r756p6p2p226175746s5s70617373223n6r756p6p2p2262696r675s70617373223n2231322q34302q35312q36342q37352q38382q3239227q HTTP/1.1" 500 567 "-" "-"
74.7.227.152 - - [28/Jul/2026:09:29:36 +0200] "GET /?loknya=/var/www/vhosts/nordisk-netvaerk-neurorehab.com/./lscache/2/5/6 HTTP/2" 200 2092 "https://nordisk-netvaerk-neurorehab.com/?loknya=/var/www/vhosts/nordisk-netvaerk-neurorehab.com/./lscache/2/5" "Mozilla/5.0 AppleWebKit/537.36 (KHTML, like Gecko; compatible; GPTBot/1.4; +https://openai.com/gptbot)"
74.7.227.152 - - [28/Jul/2026:09:29:39 +0200] "GET /?loknya=/var/www/vhosts/nordisk-netvaerk-neurorehab.com/./lscache/9/6/ HTTP/2" 200 2041 "https://nordisk-netvaerk-neurorehab.com/?loknya=/var/www/vhosts/nordisk-netvaerk-neurorehab.com/./lscache/9/6/4" "Mozilla/5.0 AppleWebKit/537.36 (KHTML, like Gecko; compatible; GPTBot/1.4; +https://openai.com/gptbot)"
216.73.217.139 - - [28/Jul/2026:09:29:42 +0200] "GET /author/aveo/?loknya=%2Fvar%2Fwww%2Fvhosts%2Fnordisk-netvaerk-neurorehab.com%2F.cagefs%2Fvar%2Flog%2Falt-php83-newrelic HTTP/2" 200 1927 "-" "Mozilla/5.0 AppleWebKit/537.36 (KHTML, like Gecko; compatible; ClaudeBot/1.0; +claudebot@anthropic.com)"
74.7.227.152 - - [28/Jul/2026:09:29:42 +0200] "GET /?loknya=/var/www/vhosts/nordisk-netvaerk-neurorehab.com/./lscache/7/0/ HTTP/2" 200 2013 "https://nordisk-netvaerk-neurorehab.com/?loknya=/var/www/vhosts/nordisk-netvaerk-neurorehab.com/./lscache/7/0/2" "Mozilla/5.0 AppleWebKit/537.36 (KHTML, like Gecko; compatible; GPTBot/1.4; +https://openai.com/gptbot)"
216.73.217.139 - - [28/Jul/2026:09:29:44 +0200] "GET /?lokasie=%2Fvar%2Fwww%2Fvhosts%2Fnordisk-netvaerk-neurorehab.com%2Fhttpdocs%2Fwp-includes%2Fjs%2F%2Fzxcvbn.min.js&loknya=%2Fvar%2Fwww%2Fvhosts%2Fnordisk-netvaerk-neurorehab.com%2Fhttpdocs%2Fwp-includes%2Fjs%2F HTTP/2" 200 397224 "-" "Mozilla/5.0 AppleWebKit/537.36 (KHTML, like Gecko; compatible; ClaudeBot/1.0; +claudebot@anthropic.com)"
74.7.227.152 - - [28/Jul/2026:09:29:45 +0200] "GET /?loknya=/var/www/vhosts/nordisk-netvaerk-neurorehab.com/./lscache/5/3/4 HTTP/2" 200 1912 "https://nordisk-netvaerk-neurorehab.com/?loknya=/var/www/vhosts/nordisk-netvaerk-neurorehab.com/./lscache/5/3" "Mozilla/5.0 AppleWebKit/537.36 (KHTML, like Gecko; compatible; GPTBot/1.4; +https://openai.com/gptbot)"
216.73.217.139 - - [28/Jul/2026:09:29:47 +0200] "GET /emner/past/feed/?lokasie=%2Fvar%2Fwww%2Fvhosts%2Fnordisk-netvaerk-neurorehab.com%2Fhttpdocs%2Fwp-includes%2Fsitemaps.php&loknya=%2Fvar%2Fwww%2Fvhosts%2Fnordisk-netvaerk-neurorehab.com%2Fhttpdocs%2Fwp-includes HTTP/2" 200 2676 "-" "Mozilla/5.0 AppleWebKit/537.36 (KHTML, like Gecko; compatible; ClaudeBot/1.0; +claudebot@anthropic.com)"
74.7.227.152 - - [28/Jul/2026:09:29:49 +0200] "GET /?loknya=/var/www/vhosts/nordisk-netvaerk-neurorehab.com/./lscache/1/0/7 HTTP/2" 200 2095 "https://nordisk-netvaerk-neurorehab.com/?loknya=/var/www/vhosts/nordisk-netvaerk-neurorehab.com/./lscache/1/0" "Mozilla/5.0 AppleWebKit/537.36 (KHTML, like Gecko; compatible; GPTBot/1.4; +https://openai.com/gptbot)"
216.73.217.139 - - [28/Jul/2026:09:29:50 +0200] "GET /index.php?lokasie=%2Fvar%2Fwww%2Fvhosts%2Fnordisk-netvaerk-neurorehab.com%2Fhttpdocs%2Fwp-includes%2Fjs%2F%2Fmedia-audiovideo.js&loknya=%2Fvar%2Fwww%2Fvhosts%2Fnordisk-netvaerk-neurorehab.com%2Fhttpdocs%2Fwp-includes%2Fjs%2F HTTP/2" 200 7552 "-" "Mozilla/5.0 AppleWebKit/537.36 (KHTML, like Gecko; compatible; ClaudeBot/1.0; +claudebot@anthropic.com)"
74.7.227.152 - - [28/Jul/2026:09:29:52 +0200] "GET /?loknya=/var/www/vhosts/nordisk-netvaerk-neurorehab.com/./lscache/4/2/9 HTTP/2" 200 2091 "https://nordisk-netvaerk-neurorehab.com/?loknya=/var/www/vhosts/nordisk-netvaerk-neurorehab.com/./lscache/4/2" "Mozilla/5.0 AppleWebKit/537.36 (KHTML, like Gecko; compatible; GPTBot/1.4; +https://openai.com/gptbot)"
74.7.227.152 - - [28/Jul/2026:09:29:55 +0200] "GET /?loknya=/var/www/vhosts/nordisk-netvaerk-neurorehab.com/./lscache/6/4/5 HTTP/2" 200 2091 "https://nordisk-netvaerk-neurorehab.com/?loknya=/var/www/vhosts/nordisk-netvaerk-neurorehab.com/./lscache/6/4" "Mozilla/5.0 AppleWebKit/537.36 (KHTML, like Gecko; compatible; GPTBot/1.4; +https://openai.com/gptbot)"
185.21.40.28 - - [28/Jul/2026:09:27:55 +0200] "GET /?ARRAY=7o2230223n313738353232373237352p2231223n22687474703n5p2s5p2s7n733938387631332r70756265722r737572665p2s3s6p633q7068705s636s64655s6n6326743q313738353232333637352q6162393965313230653866316432323562303961346138616436333734386532222p2232223n226162366263343965393136313162643162356262633232626462613235663834222p2233223n226231616666386161376538363561333763653066363134633539323434666263222p226175746s5s66696p655s6r616q65223n6r756p6p2p226175746s5s70617373223n6r756p6p2p2262696r675s70617373223n2231322q34302q35312q36342q37352q38382q3239227q HTTP/1.1" 500 567 "-" "-"
216.73.217.139 - - [28/Jul/2026:09:29:57 +0200] "GET /author/aveo/?lokasie=%2Fvar%2Fwww%2Fvhosts%2Fnordisk-netvaerk-neurorehab.com%2Fhttpdocs%2Fwp-admin%2Fjs%2F%2Fcustom-background.min.js&loknya=%2Fvar%2Fwww%2Fvhosts%2Fnordisk-netvaerk-neurorehab.com%2Fhttpdocs%2Fwp-admin%2Fjs%2F HTTP/2" 200 2174 "-" "Mozilla/5.0 AppleWebKit/537.36 (KHTML, like Gecko; compatible; ClaudeBot/1.0; +claudebot@anthropic.com)"
74.7.227.152 - - [28/Jul/2026:09:29:58 +0200] "GET /?loknya=/var/www/vhosts/nordisk-netvaerk-neurorehab.com/./lscache/0/4/3 HTTP/2" 200 1914 "https://nordisk-netvaerk-neurorehab.com/?loknya=/var/www/vhosts/nordisk-netvaerk-neurorehab.com/./lscache/0/4" "Mozilla/5.0 AppleWebKit/537.36 (KHTML, like Gecko; compatible; GPTBot/1.4; +https://openai.com/gptbot)"
216.73.217.139 - - [28/Jul/2026:09:30:00 +0200] "GET /emner/past/feed/?lokasie=%2Fvar%2Fwww%2Fvhosts%2Fnordisk-netvaerk-neurorehab.com%2Fhttpdocs%2Fwp-admin%2F%2Fabout.php&loknya=%2Fvar%2Fwww%2Fvhosts%2Fnordisk-netvaerk-neurorehab.com%2Fhttpdocs%2Fwp-admin%2F HTTP/2" 200 6804 "-" "Mozilla/5.0 AppleWebKit/537.36 (KHTML, like Gecko; compatible; ClaudeBot/1.0; +claudebot@anthropic.com)"
74.7.227.152 - - [28/Jul/2026:09:30:01 +0200] "GET /?loknya=/var/www/vhosts/nordisk-netvaerk-neurorehab.com/./lscache/5/1/4 HTTP/2" 200 2096 "https://nordisk-netvaerk-neurorehab.com/?loknya=/var/www/vhosts/nordisk-netvaerk-neurorehab.com/./lscache/5/1" "Mozilla/5.0 AppleWebKit/537.36 (KHTML, like Gecko; compatible; GPTBot/1.4; +https://openai.com/gptbot)"
216.73.217.139 - - [28/Jul/2026:09:30:03 +0200] "GET /author/aveo/?loknya=%2Fvar%2Fwww%2Fvhosts%2Fnordisk-netvaerk-neurorehab.om%2Flsahe%2F4%2F HTTP/2" 200 1882 "-" "Mozilla/5.0 AppleWebKit/537.36 (KHTML, like Gecko; compatible; ClaudeBot/1.0; +claudebot@anthropic.com)"
74.7.227.152 - - [28/Jul/2026:09:30:04 +0200] "GET /?loknya=/var/www/vhosts/nordisk-netvaerk-neurorehab.com/./lscache/9/8/7 HTTP/2" 200 1911 "https://nordisk-netvaerk-neurorehab.com/?loknya=/var/www/vhosts/nordisk-netvaerk-neurorehab.com/./lscache/9/8" "Mozilla/5.0 AppleWebKit/537.36 (KHTML, like Gecko; compatible; GPTBot/1.4; +https://openai.com/gptbot)"
74.7.227.152 - - [28/Jul/2026:09:30:07 +0200] "GET /?loknya=/var/www/vhosts/nordisk-netvaerk-neurorehab.com/./lscache/8/2/1 HTTP/2" 200 1912 "https://nordisk-netvaerk-neurorehab.com/?loknya=/var/www/vhosts/nordisk-netvaerk-neurorehab.com/./lscache/8/2" "Mozilla/5.0 AppleWebKit/537.36 (KHTML, like Gecko; compatible; GPTBot/1.4; +https://openai.com/gptbot)"
216.73.217.139 - - [28/Jul/2026:09:30:08 +0200] "GET /emner/past/feed/?lokasie=%2Fvar%2Fwww%2Fvhosts%2Fnordisk-netvaerk-neurorehab.com%2Fhttpdocs%2Fwp-includes%2Fblocks%2Fspacer%2Feditor.min.css&loknya=%2Fvar%2Fwww%2Fvhosts%2Fnordisk-netvaerk-neurorehab.com%2Fhttpdocs%2Fwp-includes%2Fblocks%2Fspacer HTTP/2" 200 1930 "-" "Mozilla/5.0 AppleWebKit/537.36 (KHTML, like Gecko; compatible; ClaudeBot/1.0; +claudebot@anthropic.com)"
74.7.227.152 - - [28/Jul/2026:09:30:11 +0200] "GET /?loknya=/var/www/vhosts/nordisk-netvaerk-neurorehab.com/./lscache/3/6/1 HTTP/2" 200 1912 "https://nordisk-netvaerk-neurorehab.com/?loknya=/var/www/vhosts/nordisk-netvaerk-neurorehab.com/./lscache/3/6" "Mozilla/5.0 AppleWebKit/537.36 (KHTML, like Gecko; compatible; GPTBot/1.4; +https://openai.com/gptbot)"
216.73.217.139 - - [28/Jul/2026:09:30:11 +0200] "GET /index.php?lokasie=%2Fvar%2Fwww%2Fvhosts%2Fnordisk-netvaerk-neurorehab.com%2Fhttpdocs%2Fwp-includes%2Fimages%2Fcrystal%2F.htaccess&loknya=%2Fvar%2Fwww%2Fvhosts%2Fnordisk-netvaerk-neurorehab.com%2Fhttpdocs%2Fwp-includes%2Fimages%2Fcrystal HTTP/2" 200 1689 "-" "Mozilla/5.0 AppleWebKit/537.36 (KHTML, like Gecko; compatible; ClaudeBot/1.0; +claudebot@anthropic.com)"
216.73.217.139 - - [28/Jul/2026:09:30:14 +0200] "GET /sitemap.xml?lokasie=%2Fvar%2Fwww%2Fvhosts%2Fnordisk-netvaerk-neurorehab.com%2Fhttpdocs%2Fwp-admin%2Fjs%2Feditor-expand.min.js&loknya=%2Fvar%2Fwww%2Fvhosts%2Fnordisk-netvaerk-neurorehab.com%2Fhttpdocs%2Fwp-admin%2Fjs HTTP/2" 200 6519 "-" "Mozilla/5.0 AppleWebKit/537.36 (KHTML, like Gecko; compatible; ClaudeBot/1.0; +claudebot@anthropic.com)"
74.7.227.152 - - [28/Jul/2026:09:30:14 +0200] "GET /?loknya=/var/www/vhosts/nordisk-netvaerk-neurorehab.com/./lscache/0/5/6 HTTP/2" 200 1913 "https://nordisk-netvaerk-neurorehab.com/?loknya=/var/www/vhosts/nordisk-netvaerk-neurorehab.com/./lscache/0/5" "Mozilla/5.0 AppleWebKit/537.36 (KHTML, like Gecko; compatible; GPTBot/1.4; +https://openai.com/gptbot)"
