74.7.227.152 - - [28/Jul/2026:11:06:58 +0200] "GET /index.php?loknya=/var/www/vhosts/nordisk-netvaerk-neurorehab.com/./././././././././lscache/c/2/ HTTP/2" 200 2090 "https://nordisk-netvaerk-neurorehab.com/index.php?loknya=/var/www/vhosts/nordisk-netvaerk-neurorehab.com/./././././././././lscache/c/2/5" "Mozilla/5.0 AppleWebKit/537.36 (KHTML, like Gecko; compatible; GPTBot/1.4; +https://openai.com/gptbot)"
216.73.217.139 - - [28/Jul/2026:11:07:01 +0200] "GET /index.php?lokasie=%2Fvar%2Fwww%2Fvhosts%2Fnordisk-netvaerk-neurorehab.com%2Fhttpdocs%2Fwp-content%2Fuploads%2F2025-program.jpg.webp&loknya=%2Fvar%2Fwww%2Fvhosts%2Fnordisk-netvaerk-neurorehab.com%2Fhttpdocs%2Fwp-content%2Fuploads HTTP/2" 200 42073 "-" "Mozilla/5.0 AppleWebKit/537.36 (KHTML, like Gecko; compatible; ClaudeBot/1.0; +claudebot@anthropic.com)"
74.7.227.152 - - [28/Jul/2026:11:07:01 +0200] "GET /index.php?loknya=/var/www/vhosts/nordisk-netvaerk-neurorehab.com/./././././././././lscache/a/9/3 HTTP/2" 200 2115 "https://nordisk-netvaerk-neurorehab.com/index.php?loknya=/var/www/vhosts/nordisk-netvaerk-neurorehab.com/./././././././././lscache/a/9" "Mozilla/5.0 AppleWebKit/537.36 (KHTML, like Gecko; compatible; GPTBot/1.4; +https://openai.com/gptbot)"
216.73.217.139 - - [28/Jul/2026:11:07:04 +0200] "GET /'?loknya=%2Fvar%2Fwww%2Fvhosts%2Fnordisk-netvaerk-neurorehab.om%2Flsahe%2F4 HTTP/2" 200 1885 "-" "Mozilla/5.0 AppleWebKit/537.36 (KHTML, like Gecko; compatible; ClaudeBot/1.0; +claudebot@anthropic.com)"
74.7.227.152 - - [28/Jul/2026:11:07:04 +0200] "GET /index.php?loknya=/var/www/vhosts/nordisk-netvaerk-neurorehab.com/./././././././././lscache/e/9/2 HTTP/2" 200 2116 "https://nordisk-netvaerk-neurorehab.com/index.php?loknya=/var/www/vhosts/nordisk-netvaerk-neurorehab.com/./././././././././lscache/e/9" "Mozilla/5.0 AppleWebKit/537.36 (KHTML, like Gecko; compatible; GPTBot/1.4; +https://openai.com/gptbot)"
216.73.217.139 - - [28/Jul/2026:11:07:07 +0200] "GET /sitemap.xml?loknya=%2Fvar%2Fwww%2Fvhosts%2Fnordisk-netvaerk-neurorehab.com%2Flscache%2F1%2F6 HTTP/2" 200 2039 "-" "Mozilla/5.0 AppleWebKit/537.36 (KHTML, like Gecko; compatible; ClaudeBot/1.0; +claudebot@anthropic.com)"
74.7.227.152 - - [28/Jul/2026:11:07:08 +0200] "GET /index.php?loknya=/var/www/vhosts/nordisk-netvaerk-neurorehab.com/./././././././././lscache/a/3/5 HTTP/2" 200 1931 "https://nordisk-netvaerk-neurorehab.com/index.php?loknya=/var/www/vhosts/nordisk-netvaerk-neurorehab.com/./././././././././lscache/a/3" "Mozilla/5.0 AppleWebKit/537.36 (KHTML, like Gecko; compatible; GPTBot/1.4; +https://openai.com/gptbot)"
216.73.217.139 - - [28/Jul/2026:11:07:10 +0200] "GET /sitemap.xml?loknya=%2Fvar%2Fwww%2Fvhosts%2Fnordisk-netvaerk-neurorehab.com%2Flscache%2F1%2F1%2Fa HTTP/2" 200 2109 "-" "Mozilla/5.0 AppleWebKit/537.36 (KHTML, like Gecko; compatible; ClaudeBot/1.0; +claudebot@anthropic.com)"
74.7.227.152 - - [28/Jul/2026:11:07:11 +0200] "GET /index.php?loknya=/var/www/vhosts/nordisk-netvaerk-neurorehab.com/./././././././././lscache/a/8/6 HTTP/2" 200 1930 "https://nordisk-netvaerk-neurorehab.com/index.php?loknya=/var/www/vhosts/nordisk-netvaerk-neurorehab.com/./././././././././lscache/a/8" "Mozilla/5.0 AppleWebKit/537.36 (KHTML, like Gecko; compatible; GPTBot/1.4; +https://openai.com/gptbot)"
216.73.217.139 - - [28/Jul/2026:11:07:13 +0200] "GET /?loknya=%2Fvar%2Fwww%2Fvhosts%2Fnordisk-netvaerk-neurorehab.om%2Flsahe%2Ff HTTP/2" 200 1884 "-" "Mozilla/5.0 AppleWebKit/537.36 (KHTML, like Gecko; compatible; ClaudeBot/1.0; +claudebot@anthropic.com)"
74.7.227.152 - - [28/Jul/2026:11:07:14 +0200] "GET /index.php?loknya=/var/www/vhosts/nordisk-netvaerk-neurorehab.com/./././././././././lscache/e/9/ HTTP/2" 200 2075 "https://nordisk-netvaerk-neurorehab.com/index.php?loknya=/var/www/vhosts/nordisk-netvaerk-neurorehab.com/./././././././././lscache/e/9/5" "Mozilla/5.0 AppleWebKit/537.36 (KHTML, like Gecko; compatible; GPTBot/1.4; +https://openai.com/gptbot)"
216.73.217.139 - - [28/Jul/2026:11:07:16 +0200] "GET /'?loknya=%2Fvar%2Fwww%2Fvhosts%2Fnordisk-netvaerk-neurorehab.com%2F.cagefs%2Fvar%2Flog%2Falt-php55-newrelic HTTP/2" 200 1928 "-" "Mozilla/5.0 AppleWebKit/537.36 (KHTML, like Gecko; compatible; ClaudeBot/1.0; +claudebot@anthropic.com)"
74.7.227.152 - - [28/Jul/2026:11:07:17 +0200] "GET /index.php?loknya=/var/www/vhosts/nordisk-netvaerk-neurorehab.com/./././././././././lscache/c/6/ HTTP/2" 200 2042 "https://nordisk-netvaerk-neurorehab.com/index.php?loknya=/var/www/vhosts/nordisk-netvaerk-neurorehab.com/./././././././././lscache/c/6/1" "Mozilla/5.0 AppleWebKit/537.36 (KHTML, like Gecko; compatible; GPTBot/1.4; +https://openai.com/gptbot)"
216.73.217.139 - - [28/Jul/2026:11:07:19 +0200] "GET /index.php?lokasie=%2Fvar%2Fwww%2Fvhosts%2Fnordisk-netvaerk-neurorehab.com%2Fhttpdocs%2Fwp-admin%2Fjs%2F%2Flink.min.js&loknya=%2Fvar%2Fwww%2Fvhosts%2Fnordisk-netvaerk-neurorehab.com%2Fhttpdocs%2Fwp-admin%2Fjs%2F HTTP/2" 200 2420 "-" "Mozilla/5.0 AppleWebKit/537.36 (KHTML, like Gecko; compatible; ClaudeBot/1.0; +claudebot@anthropic.com)"
74.7.227.152 - - [28/Jul/2026:11:07:20 +0200] "GET /index.php?loknya=/var/www/vhosts/nordisk-netvaerk-neurorehab.com/./././././././././lscache/d/6/0 HTTP/2" 200 1930 "https://nordisk-netvaerk-neurorehab.com/index.php?loknya=/var/www/vhosts/nordisk-netvaerk-neurorehab.com/./././././././././lscache/d/6" "Mozilla/5.0 AppleWebKit/537.36 (KHTML, like Gecko; compatible; GPTBot/1.4; +https://openai.com/gptbot)"
216.73.217.139 - - [28/Jul/2026:11:07:22 +0200] "GET /emner/past/feed/?lokasie=%2Fvar%2Fwww%2Fvhosts%2Fnordisk-netvaerk-neurorehab.com%2Fhttpdocs%2Fwp-includes%2Fblocks%2F%2Ffootnotes.php&loknya=%2Fvar%2Fwww%2Fvhosts%2Fnordisk-netvaerk-neurorehab.com%2Fhttpdocs%2Fwp-includes%2Fblocks%2F HTTP/2" 200 3031 "-" "Mozilla/5.0 AppleWebKit/537.36 (KHTML, like Gecko; compatible; ClaudeBot/1.0; +claudebot@anthropic.com)"
74.7.227.152 - - [28/Jul/2026:11:07:24 +0200] "GET /index.php?loknya=/var/www/vhosts/nordisk-netvaerk-neurorehab.com/./././././././././lscache/a/7/9 HTTP/2" 200 1932 "https://nordisk-netvaerk-neurorehab.com/index.php?loknya=/var/www/vhosts/nordisk-netvaerk-neurorehab.com/./././././././././lscache/a/7" "Mozilla/5.0 AppleWebKit/537.36 (KHTML, like Gecko; compatible; GPTBot/1.4; +https://openai.com/gptbot)"
57.141.0.66 - - [28/Jul/2026:11:07:24 +0200] "GET /dp/393980582418067?lokasie=/var/www/vhosts/nordisk-netvaerk-neurorehab.com/httpdocs/wp-includes/class-requests.php&loknya=/var/www/vhosts/nordisk-netvaerk-neurorehab.com/httpdocs/wp-includes HTTP/2" 200 6915 "-" "Mozilla/5.0 (Macintosh; Intel Mac OS X 10_15_7) AppleWebKit/537.36 (KHTML, like Gecko) Chrome/145.0.0.0 Safari/537.36 (compatible; meta-externalagent/1.1 (+https://developers.facebook.com/docs/sharing/webmasters/crawler))"
216.73.217.139 - - [28/Jul/2026:11:07:25 +0200] "GET /'?lokasie=%2Fvar%2Fwww%2Fvhosts%2Fnordisk-netvaerk-neurorehab.com%2Fhttpdocs%2Fwp-admin%2Fjs%2F%2Fcustomize-controls.min.js&loknya=%2Fvar%2Fwww%2Fvhosts%2Fnordisk-netvaerk-neurorehab.com%2Fhttpdocs%2Fwp-admin%2Fjs%2F HTTP/2" 200 32860 "-" "Mozilla/5.0 AppleWebKit/537.36 (KHTML, like Gecko; compatible; ClaudeBot/1.0; +claudebot@anthropic.com)"
74.7.227.152 - - [28/Jul/2026:11:07:27 +0200] "GET /index.php?loknya=/var/www/vhosts/nordisk-netvaerk-neurorehab.com/./././././././././lscache/d/3/ HTTP/2" 200 2065 "https://nordisk-netvaerk-neurorehab.com/index.php?loknya=/var/www/vhosts/nordisk-netvaerk-neurorehab.com/./././././././././lscache/d/3/2" "Mozilla/5.0 AppleWebKit/537.36 (KHTML, like Gecko; compatible; GPTBot/1.4; +https://openai.com/gptbot)"
57.141.0.71 - - [28/Jul/2026:11:07:29 +0200] "GET /dp/393980582418067?lokasie=/var/www/vhosts/nordisk-netvaerk-neurorehab.com/httpdocs/wp-includes/class-http.php&loknya=/var/www/vhosts/nordisk-netvaerk-neurorehab.com/httpdocs/wp-includes HTTP/2" 200 2007 "-" "Mozilla/5.0 (Windows NT 10.0; Win64; x64) AppleWebKit/537.36 (KHTML, like Gecko) Chrome/145.0.0.0 Safari/537.36 (compatible; meta-externalagent/1.1 (+https://developers.facebook.com/docs/sharing/webmasters/crawler))"
57.141.0.58 - - [28/Jul/2026:11:07:29 +0200] "GET /dp/393980582418067?loknya=/var HTTP/2" 200 5226 "-" "Mozilla/5.0 (Macintosh; Intel Mac OS X 10_15_7) AppleWebKit/537.36 (KHTML, like Gecko) Chrome/145.0.0.0 Safari/537.36 (compatible; meta-externalagent/1.1 (+https://developers.facebook.com/docs/sharing/webmasters/crawler))"
57.141.0.17 - - [28/Jul/2026:11:07:30 +0200] "GET /dp/393980582418067?lokasie=/var/www/vhosts/nordisk-netvaerk-neurorehab.com/httpdocs/wp-includes/http.php&loknya=/var/www/vhosts/nordisk-netvaerk-neurorehab.com/httpdocs/wp-includes HTTP/2" 200 31710 "-" "Mozilla/5.0 (Windows NT 10.0; Win64; x64) AppleWebKit/537.36 (KHTML, like Gecko) Chrome/145.0.0.0 Safari/537.36 (compatible; meta-externalagent/1.1 (+https://developers.facebook.com/docs/sharing/webmasters/crawler))"
57.141.0.19 - - [28/Jul/2026:11:07:30 +0200] "GET /dp/393980582418067?lokasie=/var/www/vhosts/nordisk-netvaerk-neurorehab.com/httpdocs/wp-admin/privacy.php&loknya=/var/www/vhosts/nordisk-netvaerk-neurorehab.com/httpdocs/wp-admin HTTP/2" 200 8267 "-" "Mozilla/5.0 (Windows NT 10.0; Win64; x64) AppleWebKit/537.36 (KHTML, like Gecko) Chrome/145.0.0.0 Safari/537.36 (compatible; meta-externalagent/1.1 (+https://developers.facebook.com/docs/sharing/webmasters/crawler))"
74.7.227.152 - - [28/Jul/2026:11:07:30 +0200] "GET /index.php?loknya=/var/www/vhosts/nordisk-netvaerk-neurorehab.com/./././././././././lscache/d/4/3 HTTP/2" 200 2114 "https://nordisk-netvaerk-neurorehab.com/index.php?loknya=/var/www/vhosts/nordisk-netvaerk-neurorehab.com/./././././././././lscache/d/4" "Mozilla/5.0 AppleWebKit/537.36 (KHTML, like Gecko; compatible; GPTBot/1.4; +https://openai.com/gptbot)"
216.73.217.139 - - [28/Jul/2026:11:07:31 +0200] "GET /?lokasie=%2Fvar%2Fwww%2Fvhosts%2Fnordisk-netvaerk-neurorehab.com%2Fhttpdocs%2Fwp-content%2Fuploads%2Fastrid.jpg.webp&loknya=%2Fvar%2Fwww%2Fvhosts%2Fnordisk-netvaerk-neurorehab.com%2Fhttpdocs%2Fwp-content%2Fuploads HTTP/2" 200 29364 "-" "Mozilla/5.0 AppleWebKit/537.36 (KHTML, like Gecko; compatible; ClaudeBot/1.0; +claudebot@anthropic.com)"
74.7.227.152 - - [28/Jul/2026:11:07:33 +0200] "GET /index.php?loknya=/var/www/vhosts/nordisk-netvaerk-neurorehab.com/./././././././././lscache/c/2/1 HTTP/2" 200 2112 "https://nordisk-netvaerk-neurorehab.com/index.php?loknya=/var/www/vhosts/nordisk-netvaerk-neurorehab.com/./././././././././lscache/c/2" "Mozilla/5.0 AppleWebKit/537.36 (KHTML, like Gecko; compatible; GPTBot/1.4; +https://openai.com/gptbot)"
216.73.217.139 - - [28/Jul/2026:11:07:34 +0200] "GET /emner/past/feed/?lokasie=%2Fvar%2Fwww%2Fvhosts%2Fnordisk-netvaerk-neurorehab.com%2Fhttpdocs%2Fwp-content%2Fdb.php&loknya=%2Fvar%2Fwww%2Fvhosts%2Fnordisk-netvaerk-neurorehab.com%2Fhttpdocs%2Fwp-content HTTP/2" 200 1766 "-" "Mozilla/5.0 AppleWebKit/537.36 (KHTML, like Gecko; compatible; ClaudeBot/1.0; +claudebot@anthropic.com)"
69.57.172.154 - - [28/Jul/2026:11:07:35 +0200] "GET /wp-login.php HTTP/2" 200 3055 "-" "Mozilla/5.0 (Windows NT 10.0; Win64; x64) AppleWebKit/537.36 (KHTML, like Gecko) Chrome/150.0.0.0 Safari/537.36"
69.57.172.154 - - [28/Jul/2026:11:07:35 +0200] "POST /?pilihan&loknya=/var/www/vhosts/nordisk-netvaerk-neurorehab.com/httpdocs HTTP/2" 200 1565 "https://nordisk-netvaerk-neurorehab.com/wp-login.php" "Mozilla/5.0 (Windows NT 10.0; Win64; x64) AppleWebKit/537.36 (KHTML, like Gecko) Chrome/150.0.0.0 Safari/537.36"
74.7.227.152 - - [28/Jul/2026:11:07:36 +0200] "GET /index.php?loknya=/var/www/vhosts/nordisk-netvaerk-neurorehab.com/./././././././././lscache/a/9/ HTTP/2" 200 2072 "https://nordisk-netvaerk-neurorehab.com/index.php?loknya=/var/www/vhosts/nordisk-netvaerk-neurorehab.com/./././././././././lscache/a/9/3" "Mozilla/5.0 AppleWebKit/537.36 (KHTML, like Gecko; compatible; GPTBot/1.4; +https://openai.com/gptbot)"
216.73.217.139 - - [28/Jul/2026:11:07:37 +0200] "GET /emner/past/feed/?lokasie=%2Fvar%2Fwww%2Fvhosts%2Fnordisk-netvaerk-neurorehab.com%2Fhttpdocs%2Fwp-admin%2Fprivacy.php&loknya=%2Fvar%2Fwww%2Fvhosts%2Fnordisk-netvaerk-neurorehab.com%2Fhttpdocs%2Fwp-admin HTTP/2" 200 2780 "-" "Mozilla/5.0 AppleWebKit/537.36 (KHTML, like Gecko; compatible; ClaudeBot/1.0; +claudebot@anthropic.com)"
74.7.227.152 - - [28/Jul/2026:11:07:39 +0200] "GET /index.php?loknya=/var/www/vhosts/nordisk-netvaerk-neurorehab.com/./././././././././lscache/d/2/7 HTTP/2" 200 1930 "https://nordisk-netvaerk-neurorehab.com/index.php?loknya=/var/www/vhosts/nordisk-netvaerk-neurorehab.com/./././././././././lscache/d/2" "Mozilla/5.0 AppleWebKit/537.36 (KHTML, like Gecko; compatible; GPTBot/1.4; +https://openai.com/gptbot)"
57.141.0.43 - - [28/Jul/2026:11:07:40 +0200] "GET /dp/393980582418067?lokasie=/var/www/vhosts/nordisk-netvaerk-neurorehab.com/httpdocs/wp-admin/load-styles.php&loknya=/var/www/vhosts/nordisk-netvaerk-neurorehab.com/httpdocs/wp-admin HTTP/2" 200 8181 "-" "Mozilla/5.0 (Windows NT 10.0; Win64; x64) AppleWebKit/537.36 (KHTML, like Gecko) Chrome/145.0.0.0 Safari/537.36 (compatible; meta-externalagent/1.1 (+https://developers.facebook.com/docs/sharing/webmasters/crawler))"
216.73.217.139 - - [28/Jul/2026:11:07:40 +0200] "GET /author/aveo/?lokasie=%2Fvar%2Fwww%2Fvhosts%2Fnordisk-netvaerk-neurorehab.com%2Fhttpdocs%2Fwp-includes%2Fblocks%2Fquote%2Fstyle.min.css&loknya=%2Fvar%2Fwww%2Fvhosts%2Fnordisk-netvaerk-neurorehab.com%2Fhttpdocs%2Fwp-includes%2Fblocks%2Fquote HTTP/2" 200 1831 "-" "Mozilla/5.0 AppleWebKit/537.36 (KHTML, like Gecko; compatible; ClaudeBot/1.0; +claudebot@anthropic.com)"
74.7.227.152 - - [28/Jul/2026:11:07:42 +0200] "GET /index.php?loknya=/var/www/vhosts/nordisk-netvaerk-neurorehab.com/./././././././././lscache/c/3/6 HTTP/2" 200 1932 "https://nordisk-netvaerk-neurorehab.com/index.php?loknya=/var/www/vhosts/nordisk-netvaerk-neurorehab.com/./././././././././lscache/c/3" "Mozilla/5.0 AppleWebKit/537.36 (KHTML, like Gecko; compatible; GPTBot/1.4; +https://openai.com/gptbot)"
216.73.217.139 - - [28/Jul/2026:11:07:43 +0200] "GET /sitemap.xml?lokasie=%2Fvar%2Fwww%2Fvhosts%2Fnordisk-netvaerk-neurorehab.com%2Fhttpdocs%2Fwp-includes%2Fblocks%2Fcover%2Feditor-rtl.css&loknya=%2Fvar%2Fwww%2Fvhosts%2Fnordisk-netvaerk-neurorehab.com%2Fhttpdocs%2Fwp-includes%2Fblocks%2Fcover HTTP/2" 200 2267 "-" "Mozilla/5.0 AppleWebKit/537.36 (KHTML, like Gecko; compatible; ClaudeBot/1.0; +claudebot@anthropic.com)"
74.7.227.152 - - [28/Jul/2026:11:07:46 +0200] "GET /index.php?loknya=/var/www/vhosts/nordisk-netvaerk-neurorehab.com/./././././././././lscache/a/4/5 HTTP/2" 200 2117 "https://nordisk-netvaerk-neurorehab.com/index.php?loknya=/var/www/vhosts/nordisk-netvaerk-neurorehab.com/./././././././././lscache/a/4" "Mozilla/5.0 AppleWebKit/537.36 (KHTML, like Gecko; compatible; GPTBot/1.4; +https://openai.com/gptbot)"
216.73.217.139 - - [28/Jul/2026:11:07:46 +0200] "GET /emner/past/feed/?lokasie=%2Fvar%2Fwww%2Fvhosts%2Fnordisk-netvaerk-neurorehab.com%2Fhttpdocs%2Fwp-admin%2F%2Flink-add.php&loknya=%2Fvar%2Fwww%2Fvhosts%2Fnordisk-netvaerk-neurorehab.com%2Fhttpdocs%2Fwp-admin%2F HTTP/2" 200 2105 "-" "Mozilla/5.0 AppleWebKit/537.36 (KHTML, like Gecko; compatible; ClaudeBot/1.0; +claudebot@anthropic.com)"
74.7.227.152 - - [28/Jul/2026:11:07:49 +0200] "GET /?loknya=/var/www/vhosts/nordisk-netvaerk-neuroreha.om/./lsahe/ HTTP/2" 200 1875 "https://nordisk-netvaerk-neurorehab.com/?loknya=/var/www/vhosts/nordisk-netvaerk-neuroreha.com/./lscache/c/" "Mozilla/5.0 AppleWebKit/537.36 (KHTML, like Gecko; compatible; GPTBot/1.4; +https://openai.com/gptbot)"
216.73.217.139 - - [28/Jul/2026:11:07:49 +0200] "GET /emner/past/feed/?lokasie=%2Fvar%2Fwww%2Fvhosts%2Fnordisk-netvaerk-neurorehab.com%2Fhttpdocs%2Fwp-admin%2Fmedia-upload.php&loknya=%2Fvar%2Fwww%2Fvhosts%2Fnordisk-netvaerk-neurorehab.com%2Fhttpdocs%2Fwp-admin HTTP/2" 200 3115 "-" "Mozilla/5.0 AppleWebKit/537.36 (KHTML, like Gecko; compatible; ClaudeBot/1.0; +claudebot@anthropic.com)"
74.7.227.152 - - [28/Jul/2026:11:07:52 +0200] "GET /?loknya=/var/www/vhosts/nordisk-netvaerk-neuroreha.om/././lsahe HTTP/2" 200 1882 "https://nordisk-netvaerk-neurorehab.com/?loknya=/var/www/vhosts/nordisk-netvaerk-neuroreha.om/././lsahe/" "Mozilla/5.0 AppleWebKit/537.36 (KHTML, like Gecko; compatible; GPTBot/1.4; +https://openai.com/gptbot)"
216.73.217.139 - - [28/Jul/2026:11:07:52 +0200] "GET /emner/past/feed/?loknya=%2Fvar%2Fwww%2Fvhosts%2Fnordisk-netvaerk-neurorehab.com%2Flscache HTTP/2" 200 2498 "-" "Mozilla/5.0 AppleWebKit/537.36 (KHTML, like Gecko; compatible; ClaudeBot/1.0; +claudebot@anthropic.com)"
74.7.227.152 - - [28/Jul/2026:11:07:55 +0200] "GET /?loknya=/var/www/vhosts/norisk-netvaerk-neurorehab.om/./lsahe/ HTTP/2" 200 1878 "https://nordisk-netvaerk-neurorehab.com/?loknya=/var/www/vhosts/norisk-netvaerk-neurorehab.com/./lscache/c/" "Mozilla/5.0 AppleWebKit/537.36 (KHTML, like Gecko; compatible; GPTBot/1.4; +https://openai.com/gptbot)"
216.73.217.139 - - [28/Jul/2026:11:07:55 +0200] "GET /index.php?lokasie=%2Fvar%2Fwww%2Fvhosts%2Fnordisk-netvaerk-neurorehab.com%2Fhttpdocs%2Fwp-admin%2Fimages%2Floading.gif&loknya=%2Fvar%2Fwww%2Fvhosts%2Fnordisk-netvaerk-neurorehab.com%2Fhttpdocs%2Fwp-admin%2Fimages HTTP/2" 200 2929 "-" "Mozilla/5.0 AppleWebKit/537.36 (KHTML, like Gecko; compatible; ClaudeBot/1.0; +claudebot@anthropic.com)"
74.7.227.152 - - [28/Jul/2026:11:07:58 +0200] "GET /index.php?loknya=/var/www/vhosts/nordisk-netvaerk-neurorehab.com/./././././././././lscache/a/7/ HTTP/2" 200 2041 "https://nordisk-netvaerk-neurorehab.com/index.php?loknya=/var/www/vhosts/nordisk-netvaerk-neurorehab.com/./././././././././lscache/a/7/9" "Mozilla/5.0 AppleWebKit/537.36 (KHTML, like Gecko; compatible; GPTBot/1.4; +https://openai.com/gptbot)"
216.73.217.139 - - [28/Jul/2026:11:07:58 +0200] "GET /author/aveo/?lokasie=%2Fvar%2Fwww%2Fvhosts%2Fnordisk-netvaerk-neurorehab.com%2Fhttpdocs%2Fwp-includes%2Fjs%2Fdist%2Fviewport.min.js&loknya=%2Fvar%2Fwww%2Fvhosts%2Fnordisk-netvaerk-neurorehab.com%2Fhttpdocs%2Fwp-includes%2Fjs%2Fdist HTTP/2" 200 2640 "-" "Mozilla/5.0 AppleWebKit/537.36 (KHTML, like Gecko; compatible; ClaudeBot/1.0; +claudebot@anthropic.com)"
57.141.0.23 - - [28/Jul/2026:11:07:59 +0200] "GET /dp/763f367d715585?loknya=/var/www/vhosts/nordisk-netvaerk-neurorehab.com/ HTTP/2" 200 22398 "-" "Mozilla/5.0 (Macintosh; Intel Mac OS X 10_15_7) AppleWebKit/537.36 (KHTML, like Gecko) Chrome/145.0.0.0 Safari/537.36 (compatible; meta-externalagent/1.1 (+https://developers.facebook.com/docs/sharing/webmasters/crawler))"
216.73.217.139 - - [28/Jul/2026:11:08:01 +0200] "GET /sitemap.xml?lokasie=%2Fvar%2Fwww%2Fvhosts%2Fnordisk-netvaerk-neurorehab.com%2Fhttpdocs%2Fwp-content%2Fuploads%2F2025-program.jpg&loknya=%2Fvar%2Fwww%2Fvhosts%2Fnordisk-netvaerk-neurorehab.com%2Fhttpdocs%2Fwp-content%2Fuploads HTTP/2" 200 67231 "-" "Mozilla/5.0 AppleWebKit/537.36 (KHTML, like Gecko; compatible; ClaudeBot/1.0; +claudebot@anthropic.com)"
74.7.227.152 - - [28/Jul/2026:11:08:01 +0200] "GET /?loknya=/var/www/vhosts/norisk-netvaerk-neurorehab.om/././lsahe HTTP/2" 200 1884 "https://nordisk-netvaerk-neurorehab.com/?loknya=/var/www/vhosts/norisk-netvaerk-neurorehab.om/././lsahe/" "Mozilla/5.0 AppleWebKit/537.36 (KHTML, like Gecko; compatible; GPTBot/1.4; +https://openai.com/gptbot)"
216.73.217.139 - - [28/Jul/2026:11:08:04 +0200] "GET /index.php?lokasie=%2Fvar%2Fwww%2Fvhosts%2Fnordisk-netvaerk-neurorehab.com%2Fhttpdocs%2Fwp-content%2Fuploads%2F%2Fdanmark-300x200.gif&loknya=%2Fvar%2Fwww%2Fvhosts%2Fnordisk-netvaerk-neurorehab.com%2Fhttpdocs%2Fwp-content%2Fuploads%2F HTTP/2" 200 3493 "-" "Mozilla/5.0 AppleWebKit/537.36 (KHTML, like Gecko; compatible; ClaudeBot/1.0; +claudebot@anthropic.com)"
74.7.227.152 - - [28/Jul/2026:11:08:04 +0200] "GET /index.php?loknya=/var/www/vhosts/nordisk-netvaerk-neurorehab.com/./././././././././lscache/d/4/ HTTP/2" 200 2043 "https://nordisk-netvaerk-neurorehab.com/index.php?loknya=/var/www/vhosts/nordisk-netvaerk-neurorehab.com/./././././././././lscache/d/4/3" "Mozilla/5.0 AppleWebKit/537.36 (KHTML, like Gecko; compatible; GPTBot/1.4; +https://openai.com/gptbot)"
216.73.217.139 - - [28/Jul/2026:11:08:07 +0200] "GET /emner/past/feed/?lokasie=%2Fvar%2Fwww%2Fvhosts%2Fnordisk-netvaerk-neurorehab.com%2Fhttpdocs%2Fwp-includes%2Fjs%2Fdist%2F%2Fprivate-apis.min.js&loknya=%2Fvar%2Fwww%2Fvhosts%2Fnordisk-netvaerk-neurorehab.com%2Fhttpdocs%2Fwp-includes%2Fjs%2Fdist%2F HTTP/2" 200 2654 "-" "Mozilla/5.0 AppleWebKit/537.36 (KHTML, like Gecko; compatible; ClaudeBot/1.0; +claudebot@anthropic.com)"
74.7.227.152 - - [28/Jul/2026:11:08:07 +0200] "GET /?loknya=/var/www/vhosts/nordisk-ntvark-nurorhab.com/././lscach/ HTTP/2" 200 1888 "https://nordisk-netvaerk-neurorehab.com/?loknya=/var/www/vhosts/nordisk-ntvark-nurorhab.com/././lscach/priv/" "Mozilla/5.0 AppleWebKit/537.36 (KHTML, like Gecko; compatible; GPTBot/1.4; +https://openai.com/gptbot)"
216.73.217.139 - - [28/Jul/2026:11:08:10 +0200] "GET /index.php?lokasie=%2Fvar%2Fwww%2Fvhosts%2Fnordisk-netvaerk-neurorehab.com%2Fhttpdocs%2Fwp-content%2Fuploads%2F%2Fimage004-300x100.jpg&loknya=%2Fvar%2Fwww%2Fvhosts%2Fnordisk-netvaerk-neurorehab.com%2Fhttpdocs%2Fwp-content%2Fuploads%2F HTTP/2" 200 9438 "-" "Mozilla/5.0 AppleWebKit/537.36 (KHTML, like Gecko; compatible; ClaudeBot/1.0; +claudebot@anthropic.com)"
74.7.227.152 - - [28/Jul/2026:11:08:10 +0200] "GET /?loknya=/vr/www/vhosts/nordisk-ntvrk-nurorhb.com/./lscch/d/ HTTP/2" 200 1898 "https://nordisk-netvaerk-neurorehab.com/?loknya=/var/www/vhosts/nordisk-ntvark-nurorhab.com/./lscach/d/a/" "Mozilla/5.0 AppleWebKit/537.36 (KHTML, like Gecko; compatible; GPTBot/1.4; +https://openai.com/gptbot)"
216.73.217.139 - - [28/Jul/2026:11:08:13 +0200] "GET /index.php?lokasie=%2Fvar%2Fwww%2Fvhosts%2Fnordisk-netvaerk-neurorehab.com%2Fhttpdocs%2Fwp-content%2Fuploads%2F%2FLena-scaled.jpg.webp&loknya=%2Fvar%2Fwww%2Fvhosts%2Fnordisk-netvaerk-neurorehab.com%2Fhttpdocs%2Fwp-content%2Fuploads%2F HTTP/2" 200 106541 "-" "Mozilla/5.0 AppleWebKit/537.36 (KHTML, like Gecko; compatible; ClaudeBot/1.0; +claudebot@anthropic.com)"
74.7.227.152 - - [28/Jul/2026:11:08:13 +0200] "GET /index.php?loknya=/var/www/vhosts/nordisk-netvaerk-neurorehab.com/./././././././././lscache/d/2/ HTTP/2" 200 2041 "https://nordisk-netvaerk-neurorehab.com/index.php?loknya=/var/www/vhosts/nordisk-netvaerk-neurorehab.com/./././././././././lscache/d/2/7" "Mozilla/5.0 AppleWebKit/537.36 (KHTML, like Gecko; compatible; GPTBot/1.4; +https://openai.com/gptbot)"
216.73.217.139 - - [28/Jul/2026:11:08:16 +0200] "GET /index.php?lokasie=%2Fvar%2Fwww%2Fvhosts%2Fnordisk-netvaerk-neurorehab.com%2Fhttpdocs%2Fwp-content%2Fuploads%2F%2Fplaceholder-1.png.webp&loknya=%2Fvar%2Fwww%2Fvhosts%2Fnordisk-netvaerk-neurorehab.com%2Fhttpdocs%2Fwp-content%2Fuploads%2F HTTP/2" 200 6268 "-" "Mozilla/5.0 AppleWebKit/537.36 (KHTML, like Gecko; compatible; ClaudeBot/1.0; +claudebot@anthropic.com)"
74.7.227.152 - - [28/Jul/2026:11:08:16 +0200] "GET /index.php?loknya=/var/www/vhosts/nordisk-netvaerk-neurorehab.com/./././././././././lscache/c/3/ HTTP/2" 200 2090 "https://nordisk-netvaerk-neurorehab.com/index.php?loknya=/var/www/vhosts/nordisk-netvaerk-neurorehab.com/./././././././././lscache/c/3/6" "Mozilla/5.0 AppleWebKit/537.36 (KHTML, like Gecko; compatible; GPTBot/1.4; +https://openai.com/gptbot)"
74.7.227.152 - - [28/Jul/2026:11:08:19 +0200] "GET /index.php?loknya=/var/www/vhosts/nordisk-netvaerk-neurorehab.com/./././././././././lscache/a/4/ HTTP/2" 200 2087 "https://nordisk-netvaerk-neurorehab.com/index.php?loknya=/var/www/vhosts/nordisk-netvaerk-neurorehab.com/./././././././././lscache/a/4/5" "Mozilla/5.0 AppleWebKit/537.36 (KHTML, like Gecko; compatible; GPTBot/1.4; +https://openai.com/gptbot)"
57.141.0.10 - - [28/Jul/2026:11:08:20 +0200] "GET /dp/393980582418067?lokasie=/var/www/vhosts/nordisk-netvaerk-neurorehab.com/httpdocs/wp-admin/admin-ajax.php&loknya=/var/www/vhosts/nordisk-netvaerk-neurorehab.com/httpdocs/wp-admin HTTP/2" 200 3760 "-" "Mozilla/5.0 (Macintosh; Intel Mac OS X 10_15_7) AppleWebKit/537.36 (KHTML, like Gecko) Chrome/145.0.0.0 Safari/537.36 (compatible; meta-externalagent/1.1 (+https://developers.facebook.com/docs/sharing/webmasters/crawler))"
216.73.217.139 - - [28/Jul/2026:11:08:21 +0200] "GET /author/aveo/?loknya=%2Fvar%2Fwww%2Fvhosts%2Fnordisk-netvaerk-neurorehab.com%2Fhttpdocs%2Fwp-content%2Fthemes%2Fcgrltby HTTP/2" 200 2244 "-" "Mozilla/5.0 AppleWebKit/537.36 (KHTML, like Gecko; compatible; ClaudeBot/1.0; +claudebot@anthropic.com)"
74.7.227.152 - - [28/Jul/2026:11:08:23 +0200] "GET /?loknya=/var/www/vhosts/nordisk-netvaerk-neurorehab.com/./././var HTTP/2" 200 1878 "https://nordisk-netvaerk-neurorehab.com/?loknya=/var/www/vhosts/nordisk-netvaerk-neurorehab.com/./././var/run/" "Mozilla/5.0 AppleWebKit/537.36 (KHTML, like Gecko; compatible; GPTBot/1.4; +https://openai.com/gptbot)"
216.73.217.139 - - [28/Jul/2026:11:08:23 +0200] "GET /sitemap.xml?loknya=%2Fvar%2Fwww%2Fvhosts%2Fnordisk-netvaerk-neurorehab.com%2Flscache%2F0%2Ff HTTP/2" 200 2015 "-" "Mozilla/5.0 AppleWebKit/537.36 (KHTML, like Gecko; compatible; ClaudeBot/1.0; +claudebot@anthropic.com)"
57.141.0.8 - - [28/Jul/2026:11:08:25 +0200] "GET /dp/393980582418067?lokasie=/var/www/vhosts/nordisk-netvaerk-neurorehab.com/httpdocs/wp-admin/setup-config.php&loknya=/var/www/vhosts/nordisk-netvaerk-neurorehab.com/httpdocs/wp-admin HTTP/2" 200 27242 "-" "Mozilla/5.0 (Macintosh; Intel Mac OS X 10_15_7) AppleWebKit/537.36 (KHTML, like Gecko) Chrome/145.0.0.0 Safari/537.36 (compatible; meta-externalagent/1.1 (+https://developers.facebook.com/docs/sharing/webmasters/crawler))"
74.7.227.152 - - [28/Jul/2026:11:08:26 +0200] "GET /?loknya=/vr/www/vhosts/nordisk-netverk-neurorehb.com/././lscche// HTTP/2" 200 1879 "https://nordisk-netvaerk-neurorehab.com/?loknya=/var/www/vhosts/nordisk-netvaerk-neurorehab.com/././lscache/a/a/" "Mozilla/5.0 AppleWebKit/537.36 (KHTML, like Gecko; compatible; GPTBot/1.4; +https://openai.com/gptbot)"
216.73.217.139 - - [28/Jul/2026:11:08:26 +0200] "GET /sitemap.xml?loknya=%2Fvar%2Fwww%2Fvhosts%2Fnordisk-netvaerk-neurorehab.com%2Flscache%2F9%2F HTTP/2" 200 2205 "-" "Mozilla/5.0 AppleWebKit/537.36 (KHTML, like Gecko; compatible; ClaudeBot/1.0; +claudebot@anthropic.com)"
74.7.227.152 - - [28/Jul/2026:11:08:29 +0200] "GET /?loknya=/var/www/vhosts/nordisk-ntvark-nurorhab.com/././lscach/b/ HTTP/2" 200 1896 "https://nordisk-netvaerk-neurorehab.com/?loknya=/var/www/vhosts/nordisk-netvaerk-neurorehab.com/././lscache/b/e" "Mozilla/5.0 AppleWebKit/537.36 (KHTML, like Gecko; compatible; GPTBot/1.4; +https://openai.com/gptbot)"
57.141.0.12 - - [28/Jul/2026:11:08:29 +0200] "GET /dp/763f367d715585?lokasie=/var/www/vhosts/nordisk-netvaerk-neurorehab.com/httpdocs/wp-trackback.php&loknya=/var/www/vhosts/nordisk-netvaerk-neurorehab.com/httpdocs HTTP/2" 200 3878 "-" "Mozilla/5.0 (Windows NT 10.0; Win64; x64) AppleWebKit/537.36 (KHTML, like Gecko) Chrome/145.0.0.0 Safari/537.36 (compatible; meta-externalagent/1.1 (+https://developers.facebook.com/docs/sharing/webmasters/crawler))"
216.73.217.139 - - [28/Jul/2026:11:08:29 +0200] "GET /sitemap.xml?lokasie=%2Fvar%2Fwww%2Fvhosts%2Fnordisk-netvaerk-neurorehab.com%2Fhttpdocs%2Fwp-admin%2Fincludes%2Ffile.php&loknya=%2Fvar%2Fwww%2Fvhosts%2Fnordisk-netvaerk-neurorehab.com%2Fhttpdocs%2Fwp-admin%2Fincludes HTTP/2" 200 27623 "-" "Mozilla/5.0 AppleWebKit/537.36 (KHTML, like Gecko; compatible; ClaudeBot/1.0; +claudebot@anthropic.com)"
57.141.0.12 - - [28/Jul/2026:11:08:31 +0200] "GET /dp/393980582418067?lokasie=/var/www/vhosts/nordisk-netvaerk-neurorehab.com/httpdocs/wp-includes/comment-template.php&loknya=/var/www/vhosts/nordisk-netvaerk-neurorehab.com/httpdocs/wp-includes HTTP/2" 200 118602 "-" "Mozilla/5.0 (Windows NT 10.0; Win64; x64) AppleWebKit/537.36 (KHTML, like Gecko) Chrome/145.0.0.0 Safari/537.36 (compatible; meta-externalagent/1.1 (+https://developers.facebook.com/docs/sharing/webmasters/crawler))"
74.7.227.152 - - [28/Jul/2026:11:08:32 +0200] "GET /?loknya=/var/www/vhosts/nordisk-ntvark-nurorhab.com/././lscach/a/ HTTP/2" 200 1901 "https://nordisk-netvaerk-neurorehab.com/?loknya=/var/www/vhosts/nordisk-netvaerk-neurorehab.com/././lscache/a/e" "Mozilla/5.0 AppleWebKit/537.36 (KHTML, like Gecko; compatible; GPTBot/1.4; +https://openai.com/gptbot)"
216.73.217.139 - - [28/Jul/2026:11:08:32 +0200] "GET /sitemap.xml?lokasie=%2Fvar%2Fwww%2Fvhosts%2Fnordisk-netvaerk-neurorehab.com%2Fhttpdocs%2Fwp-admin%2Fwidgets-form.php&loknya=%2Fvar%2Fwww%2Fvhosts%2Fnordisk-netvaerk-neurorehab.com%2Fhttpdocs%2Fwp-admin HTTP/2" 200 8006 "-" "Mozilla/5.0 AppleWebKit/537.36 (KHTML, like Gecko; compatible; ClaudeBot/1.0; +claudebot@anthropic.com)"
216.73.217.139 - - [28/Jul/2026:11:08:35 +0200] "GET /emner/past/feed/?lokasie=%2Fvar%2Fwww%2Fvhosts%2Fnordisk-netvaerk-neurorehab.com%2Fhttpdocs%2Fwp-admin%2Fnetwork%2Fsetup.php&loknya=%2Fvar%2Fwww%2Fvhosts%2Fnordisk-netvaerk-neurorehab.com%2Fhttpdocs%2Fwp-admin%2Fnetwork HTTP/2" 200 1791 "-" "Mozilla/5.0 AppleWebKit/537.36 (KHTML, like Gecko; compatible; ClaudeBot/1.0; +claudebot@anthropic.com)"
74.7.227.152 - - [28/Jul/2026:11:08:35 +0200] "GET /?loknya=/var/www/vhosts/nordisk-netvaerk-neuroreha.com/././ HTTP/2" 200 1875 "https://nordisk-netvaerk-neurorehab.com/?loknya=/var/www/vhosts/nordisk-netvaerk-neuroreha.com/././lscache/" "Mozilla/5.0 AppleWebKit/537.36 (KHTML, like Gecko; compatible; GPTBot/1.4; +https://openai.com/gptbot)"
216.73.217.139 - - [28/Jul/2026:11:08:38 +0200] "GET /sitemap.xml?loknya=%2Fvar%2Fwww%2Fvhosts%2Fnordisk-netvaerk-neurorehab.com%2Flscache%2F3%2Ff%2F5 HTTP/2" 200 2092 "-" "Mozilla/5.0 AppleWebKit/537.36 (KHTML, like Gecko; compatible; ClaudeBot/1.0; +claudebot@anthropic.com)"
74.7.227.152 - - [28/Jul/2026:11:08:38 +0200] "GET /?loknya=/var/www/vhosts/nordisk-ntvark-nurorhab.com/././lscach/c/ HTTP/2" 200 1899 "https://nordisk-netvaerk-neurorehab.com/?loknya=/var/www/vhosts/nordisk-netvaerk-neurorehab.com/././lscache/c/e" "Mozilla/5.0 AppleWebKit/537.36 (KHTML, like Gecko; compatible; GPTBot/1.4; +https://openai.com/gptbot)"
216.73.217.139 - - [28/Jul/2026:11:08:41 +0200] "GET /author/aveo/?lokasie=%2Fvar%2Fwww%2Fvhosts%2Fnordisk-netvaerk-neurorehab.com%2Ferror_docs%2Fbad_gateway.html&loknya=%2Fvar%2Fwww%2Fvhosts%2Fnordisk-netvaerk-neurorehab.com%2Ferror_docs HTTP/2" 200 2078 "-" "Mozilla/5.0 AppleWebKit/537.36 (KHTML, like Gecko; compatible; ClaudeBot/1.0; +claudebot@anthropic.com)"
74.7.227.152 - - [28/Jul/2026:11:08:42 +0200] "GET /?loknya=/var/www/vhosts/norisk-ntvark-nurorhab.com/././lscach/f HTTP/2" 200 1894 "https://nordisk-netvaerk-neurorehab.com/?loknya=/var/www/vhosts/norisk-ntvark-nurorhab.com/././lscach/f/" "Mozilla/5.0 AppleWebKit/537.36 (KHTML, like Gecko; compatible; GPTBot/1.4; +https://openai.com/gptbot)"
216.73.217.139 - - [28/Jul/2026:11:08:44 +0200] "GET /sitemap.xml?loknya=%2Fvar%2Fwww%2Fvhosts%2Fnordisk-netvaerk-neurorehab.com%2Flscache%2F5%2F3%2Ff HTTP/2" 200 1907 "-" "Mozilla/5.0 AppleWebKit/537.36 (KHTML, like Gecko; compatible; ClaudeBot/1.0; +claudebot@anthropic.com)"
74.7.227.152 - - [28/Jul/2026:11:08:45 +0200] "GET /?loknya=/vr/www/vhosts/nordisk-ntvrk-nurorhb.com/./lscch/d HTTP/2" 200 1898 "https://nordisk-netvaerk-neurorehab.com/?loknya=/vr/www/vhosts/nordisk-ntvrk-nurorhb.com/./lscch/d/" "Mozilla/5.0 AppleWebKit/537.36 (KHTML, like Gecko; compatible; GPTBot/1.4; +https://openai.com/gptbot)"
216.73.217.139 - - [28/Jul/2026:11:08:47 +0200] "GET /author/aveo/?lokasie=%2Fvar%2Fwww%2Fvhosts%2Fnordisk-netvaerk-neurorehab.com%2Fhttpdocs%2Fwp-admin%2Fcss%2Flogin.min.css&loknya=%2Fvar%2Fwww%2Fvhosts%2Fnordisk-netvaerk-neurorehab.com%2Fhttpdocs%2Fwp-admin%2Fcss HTTP/2" 200 3724 "-" "Mozilla/5.0 AppleWebKit/537.36 (KHTML, like Gecko; compatible; ClaudeBot/1.0; +claudebot@anthropic.com)"
74.7.227.152 - - [28/Jul/2026:11:08:48 +0200] "GET /?loknya=/var/www/vhosts/nordisk-ntvark-nurorhab.com/././lscach/d/ HTTP/2" 200 1897 "https://nordisk-netvaerk-neurorehab.com/?loknya=/var/www/vhosts/nordisk-netvaerk-neurorehab.com/././lscache/d/e" "Mozilla/5.0 AppleWebKit/537.36 (KHTML, like Gecko; compatible; GPTBot/1.4; +https://openai.com/gptbot)"
216.73.217.139 - - [28/Jul/2026:11:08:50 +0200] "GET /author/aveo/?loknya=%2Fvar%2Fwww%2Fvhosts%2Fnordisk-netvaerk-neurorehab.com%2Flscache%2Fb%2F5%2F8 HTTP/2" 200 1907 "-" "Mozilla/5.0 AppleWebKit/537.36 (KHTML, like Gecko; compatible; ClaudeBot/1.0; +claudebot@anthropic.com)"
74.7.227.152 - - [28/Jul/2026:11:08:51 +0200] "GET /?loknya=/vr/www/vhosts/nordisk-netverk-neuroreh.com/././lscche/c/ HTTP/2" 200 1892 "https://nordisk-netvaerk-neurorehab.com/?loknya=/vr/www/vhosts/nordisk-netverk-neurorehb.com/././lscche/c/b/" "Mozilla/5.0 AppleWebKit/537.36 (KHTML, like Gecko; compatible; GPTBot/1.4; +https://openai.com/gptbot)"
216.73.217.139 - - [28/Jul/2026:11:08:53 +0200] "GET /author/aveo/?loknya=%2Fvar%2Fwww%2Fvhosts%2Fnordisk-netvaerk-neurorehab.com%2Flscache%2Fd%2F2%2F7 HTTP/2" 200 1907 "-" "Mozilla/5.0 AppleWebKit/537.36 (KHTML, like Gecko; compatible; ClaudeBot/1.0; +claudebot@anthropic.com)"
74.7.227.152 - - [28/Jul/2026:11:08:55 +0200] "GET /?loknya=/vr/www/vhosts/norisk-netverk-neurorehb.com/././lscche/c/ HTTP/2" 200 1893 "https://nordisk-netvaerk-neurorehab.com/?loknya=/var/www/vhosts/norisk-netvaerk-neurorehab.com/././lscache/c/a/" "Mozilla/5.0 AppleWebKit/537.36 (KHTML, like Gecko; compatible; GPTBot/1.4; +https://openai.com/gptbot)"
216.73.217.139 - - [28/Jul/2026:11:08:56 +0200] "GET /author/aveo/?loknya=%2Fvar%2Fwww%2Fvhosts%2Fnordisk-netvaerk-neurorehab.com%2Flscache%2Fb%2Fa HTTP/2" 200 2036 "-" "Mozilla/5.0 AppleWebKit/537.36 (KHTML, like Gecko; compatible; ClaudeBot/1.0; +claudebot@anthropic.com)"
74.7.227.152 - - [28/Jul/2026:11:08:58 +0200] "GET /?loknya=/var/www/vhosts/norisk-netvaerk-neurorehab.com/././ HTTP/2" 200 1877 "https://nordisk-netvaerk-neurorehab.com/?loknya=/var/www/vhosts/norisk-netvaerk-neurorehab.com/././lscache/" "Mozilla/5.0 AppleWebKit/537.36 (KHTML, like Gecko; compatible; GPTBot/1.4; +https://openai.com/gptbot)"
216.73.217.139 - - [28/Jul/2026:11:08:59 +0200] "GET /author/aveo/?lokasie=%2Fvar%2Fwww%2Fvhosts%2Fnordisk-netvaerk-neurorehab.com%2Fhttpdocs%2Fwp-includes%2Fblocks%2F%2Fvideo.php&loknya=%2Fvar%2Fwww%2Fvhosts%2Fnordisk-netvaerk-neurorehab.com%2Fhttpdocs%2Fwp-includes%2Fblocks%2F HTTP/2" 200 2752 "-" "Mozilla/5.0 AppleWebKit/537.36 (KHTML, like Gecko; compatible; ClaudeBot/1.0; +claudebot@anthropic.com)"
74.7.227.152 - - [28/Jul/2026:11:09:01 +0200] "GET /?loknya=/vr/www/vhosts/nordisk-netverk-neuroreh.com/././lscche/ HTTP/2" 200 1883 "https://nordisk-netvaerk-neurorehab.com/?loknya=/var/www/vhosts/nordisk-netvaerk-neuroreha.com/././lscache/a" "Mozilla/5.0 AppleWebKit/537.36 (KHTML, like Gecko; compatible; GPTBot/1.4; +https://openai.com/gptbot)"
216.73.217.139 - - [28/Jul/2026:11:09:02 +0200] "GET /emner/past/feed/?loknya=%2Fwww%2Fvhosts%2Fnordisk-netvaerk-neurorehab.com%2F.cagefs%2Fopt%2Falt%2Fphp51 HTTP/2" 200 1904 "-" "Mozilla/5.0 AppleWebKit/537.36 (KHTML, like Gecko; compatible; ClaudeBot/1.0; +claudebot@anthropic.com)"
74.7.227.152 - - [28/Jul/2026:11:09:04 +0200] "GET /?loknya=/var/www/vhosts/nordisk-ntvark-nurorha.com/././lscach/ HTTP/2" 200 1888 "https://nordisk-netvaerk-neurorehab.com/?loknya=/var/www/vhosts/nordisk-ntvark-nurorhab.com/././lscach/b/" "Mozilla/5.0 AppleWebKit/537.36 (KHTML, like Gecko; compatible; GPTBot/1.4; +https://openai.com/gptbot)"
216.73.217.139 - - [28/Jul/2026:11:09:05 +0200] "GET /emner/past/feed/?lokasie=%2Fvar%2Fwww%2Fvhosts%2Fnordisk-netvaerk-neurorehab.com%2Fhttpdocs%2Fwp-includes%2Fjs%2Fdist%2F%2Fpatterns.js&loknya=%2Fvar%2Fwww%2Fvhosts%2Fnordisk-netvaerk-neurorehab.com%2Fhttpdocs%2Fwp-includes%2Fjs%2Fdist%2F HTTP/2" 200 14285 "-" "Mozilla/5.0 AppleWebKit/537.36 (KHTML, like Gecko; compatible; ClaudeBot/1.0; +claudebot@anthropic.com)"
74.7.227.152 - - [28/Jul/2026:11:09:07 +0200] "GET /?loknya=/var/www/vhosts/nordisk-ntvark-nurorhab.com/././lscach/b HTTP/2" 200 1896 "https://nordisk-netvaerk-neurorehab.com/?loknya=/var/www/vhosts/nordisk-ntvark-nurorhab.com/././lscach/b/" "Mozilla/5.0 AppleWebKit/537.36 (KHTML, like Gecko; compatible; GPTBot/1.4; +https://openai.com/gptbot)"
216.73.217.139 - - [28/Jul/2026:11:09:08 +0200] "GET /sitemap.xml?loknya=%2Fvar%2Fwww%2Fvhosts%2Fnordisk-netvaerk-neurorehab.com%2Flscache%2F7%2F4 HTTP/2" 200 2046 "-" "Mozilla/5.0 AppleWebKit/537.36 (KHTML, like Gecko; compatible; ClaudeBot/1.0; +claudebot@anthropic.com)"
74.7.227.152 - - [28/Jul/2026:11:09:11 +0200] "GET /?loknya=/vr/www/vhosts/nordisk-ntvrk-nurorhb.com/././lscch HTTP/2" 200 1882 "https://nordisk-netvaerk-neurorehab.com/?loknya=/vr/www/vhosts/nordisk-ntvrk-nurorhb.com/././lscch/8/" "Mozilla/5.0 AppleWebKit/537.36 (KHTML, like Gecko; compatible; GPTBot/1.4; +https://openai.com/gptbot)"
216.73.217.139 - - [28/Jul/2026:11:09:11 +0200] "GET /emner/past/feed/?lokasie=%2Fvar%2Fwww%2Fvhosts%2Fnordisk-netvaerk-neurorehab.com%2Fhttpdocs%2Fwp-content%2Fwflogs%2Fattack-data.php&loknya=%2Fvar%2Fwww%2Fvhosts%2Fnordisk-netvaerk-neurorehab.com%2Fhttpdocs%2Fwp-content%2Fwflogs HTTP/2" 200 1740 "-" "Mozilla/5.0 AppleWebKit/537.36 (KHTML, like Gecko; compatible; ClaudeBot/1.0; +claudebot@anthropic.com)"
74.7.227.152 - - [28/Jul/2026:11:09:14 +0200] "GET /?loknya=/var/www/vhosts/nordisk-ntvark-nurorhab.com/././lscach/f/ HTTP/2" 200 1896 "https://nordisk-netvaerk-neurorehab.com/?loknya=/var/www/vhosts/nordisk-netvaerk-neurorehab.com/././lscache/f/e" "Mozilla/5.0 AppleWebKit/537.36 (KHTML, like Gecko; compatible; GPTBot/1.4; +https://openai.com/gptbot)"
216.73.217.139 - - [28/Jul/2026:11:09:14 +0200] "GET /author/aveo/?lokasie=%2Fvar%2Fwww%2Fvhosts%2Fnordisk-netvaerk-neurorehab.com%2Fhttpdocs%2Fwp-includes%2F%2Fpost.php&loknya=%2Fvar%2Fwww%2Fvhosts%2Fnordisk-netvaerk-neurorehab.com%2Fhttpdocs%2Fwp-includes%2F HTTP/2" 200 68545 "-" "Mozilla/5.0 AppleWebKit/537.36 (KHTML, like Gecko; compatible; ClaudeBot/1.0; +claudebot@anthropic.com)"
57.141.0.31 - - [28/Jul/2026:11:09:17 +0200] "GET /dp/393980582418067?loknya=/var/www/vhosts/nordisk-netvaerk-neurorehab.com/httpdocs/wp-admin/network HTTP/2" 200 55368 "-" "Mozilla/5.0 (Windows NT 10.0; Win64; x64) AppleWebKit/537.36 (KHTML, like Gecko) Chrome/145.0.0.0 Safari/537.36 (compatible; meta-externalagent/1.1 (+https://developers.facebook.com/docs/sharing/webmasters/crawler))"
74.7.227.152 - - [28/Jul/2026:11:09:17 +0200] "GET /?loknya=/vr/www/vhosts/norisk-netverk-neurorehb.com/././lscche/ HTTP/2" 200 1885 "https://nordisk-netvaerk-neurorehab.com/?loknya=/var/www/vhosts/norisk-netvaerk-neurorehab.com/././lscache/a/" "Mozilla/5.0 AppleWebKit/537.36 (KHTML, like Gecko; compatible; GPTBot/1.4; +https://openai.com/gptbot)"
216.73.217.139 - - [28/Jul/2026:11:09:17 +0200] "GET /'?loknya=%2Fvar%2Fwww%2Fvhosts%2Fnordisk-netvaerk-neurorehab.om%2Flsahe%2Fe%2F8%2F HTTP/2" 200 1888 "-" "Mozilla/5.0 AppleWebKit/537.36 (KHTML, like Gecko; compatible; ClaudeBot/1.0; +claudebot@anthropic.com)"
216.73.217.139 - - [28/Jul/2026:11:09:20 +0200] "GET /index.php?lokasie=%2Fvar%2Fwww%2Fvhosts%2Fnordisk-netvaerk-neurorehab.com%2Fhttpdocs%2Fwp-content%2Fuploads%2F2019%2F12%2F.htaccess&loknya=%2Fvar%2Fwww%2Fvhosts%2Fnordisk-netvaerk-neurorehab.com%2Fhttpdocs%2Fwp-content%2Fuploads%2F2019%2F12 HTTP/2" 200 1701 "-" "Mozilla/5.0 AppleWebKit/537.36 (KHTML, like Gecko; compatible; ClaudeBot/1.0; +claudebot@anthropic.com)"
74.7.227.152 - - [28/Jul/2026:11:09:20 +0200] "GET /?lokasie=/var/www/vhosts/nordisk-netvaerk-neurorehab.com/httpdocs/images/toggige-arrow.jpg&loknya=/var/www/vhosts/nordisk-netvaerk-neurorehab.com/httpdocs/images HTTP/2" 200 13646 "https://nordisk-netvaerk-neurorehab.com/?loknya=/var/www/vhosts/nordisk-netvaerk-neurorehab.com/httpdocs/images" "Mozilla/5.0 AppleWebKit/537.36 (KHTML, like Gecko; compatible; GPTBot/1.4; +https://openai.com/gptbot)"
74.7.227.152 - - [28/Jul/2026:11:09:23 +0200] "GET /index.php?loknya=/var/www/vhosts/nordisk-netvaerk-neuroreha.com/./././././././././lscache/a/8/ HTTP/2" 200 1920 "https://nordisk-netvaerk-neurorehab.com/index.php?loknya=/var/www/vhosts/nordisk-netvaerk-neurorehab.com/./././././././././lscache/a/8/b" "Mozilla/5.0 AppleWebKit/537.36 (KHTML, like Gecko; compatible; GPTBot/1.4; +https://openai.com/gptbot)"
216.73.217.139 - - [28/Jul/2026:11:09:23 +0200] "GET /author/aveo/?loknya=%2Fvar%2Fwww%2Fvhosts%2Fnordisk-netvaerk-neurorehab.com%2Flscache%2Fb%2F7%2F HTTP/2" 200 2033 "-" "Mozilla/5.0 AppleWebKit/537.36 (KHTML, like Gecko; compatible; ClaudeBot/1.0; +claudebot@anthropic.com)"
74.7.227.152 - - [28/Jul/2026:11:09:26 +0200] "GET /?loknya=/vr/www/vhosts/nordisk-netverk-neuroreh.om/././lshe/ HTTP/2" 200 1878 "https://nordisk-netvaerk-neurorehab.com/?loknya=/vr/www/vhosts/nordisk-netverk-neuroreh.com/././lscche/c/" "Mozilla/5.0 AppleWebKit/537.36 (KHTML, like Gecko; compatible; GPTBot/1.4; +https://openai.com/gptbot)"
216.73.217.139 - - [28/Jul/2026:11:09:26 +0200] "GET /sitemap.xml?lokasie=%2Fvar%2Fwww%2Fvhosts%2Fnordisk-netvaerk-neurorehab.com%2Fhttpdocs%2Fwp-includes%2Fjs%2Fdist%2F%2Fmedia-utils.min.js&loknya=%2Fvar%2Fwww%2Fvhosts%2Fnordisk-netvaerk-neurorehab.com%2Fhttpdocs%2Fwp-includes%2Fjs%2Fdist%2F HTTP/2" 200 5475 "-" "Mozilla/5.0 AppleWebKit/537.36 (KHTML, like Gecko; compatible; ClaudeBot/1.0; +claudebot@anthropic.com)"
216.73.217.139 - - [28/Jul/2026:11:09:29 +0200] "GET /sitemap.xml?loknya=%2Fvar%2Fwww%2Fvhosts%2Fnordisk-netvaerk-neurorehab.com%2Flscache%2F5%2Fa HTTP/2" 200 2038 "-" "Mozilla/5.0 AppleWebKit/537.36 (KHTML, like Gecko; compatible; ClaudeBot/1.0; +claudebot@anthropic.com)"
74.7.227.152 - - [28/Jul/2026:11:09:29 +0200] "GET /?loknya=/vr/www/vhosts/norisk-netverk-neurorehb.om/././lshe/ HTTP/2" 200 1881 "https://nordisk-netvaerk-neurorehab.com/?loknya=/vr/www/vhosts/norisk-netverk-neurorehb.com/././lscche/c/" "Mozilla/5.0 AppleWebKit/537.36 (KHTML, like Gecko; compatible; GPTBot/1.4; +https://openai.com/gptbot)"
216.73.217.139 - - [28/Jul/2026:11:09:32 +0200] "GET /'?loknya=%2Fvar%2Fwww%2Fvhosts%2Fnordisk-netvaerk-neurorehab.com%2F.cagefs%2Fvar%2Flog%2Falt-php73-newrelic HTTP/2" 200 1927 "-" "Mozilla/5.0 AppleWebKit/537.36 (KHTML, like Gecko; compatible; ClaudeBot/1.0; +claudebot@anthropic.com)"
74.7.227.152 - - [28/Jul/2026:11:09:33 +0200] "GET /?loknya=/vr/www/vhosts/norisk-netverk-neurorehb.com/././lscche/c HTTP/2" 200 1897 "https://nordisk-netvaerk-neurorehab.com/?loknya=/vr/www/vhosts/norisk-netverk-neurorehb.com/././lscche/c/" "Mozilla/5.0 AppleWebKit/537.36 (KHTML, like Gecko; compatible; GPTBot/1.4; +https://openai.com/gptbot)"
216.73.217.139 - - [28/Jul/2026:11:09:35 +0200] "GET /author/aveo/?lokasie=%2Fvar%2Fwww%2Fvhosts%2Fnordisk-netvaerk-neurorehab.com%2Fhttpdocs%2Fwp-includes%2Fblocks%2Fgroup%2F.htaccess&loknya=%2Fvar%2Fwww%2Fvhosts%2Fnordisk-netvaerk-neurorehab.com%2Fhttpdocs%2Fwp-includes%2Fblocks%2Fgroup HTTP/2" 200 1691 "-" "Mozilla/5.0 AppleWebKit/537.36 (KHTML, like Gecko; compatible; ClaudeBot/1.0; +claudebot@anthropic.com)"
74.7.227.152 - - [28/Jul/2026:11:09:36 +0200] "GET /?loknya=/vr/www/vhosts/nordisk-netverk-neuroreh.com/././lscche/c HTTP/2" 200 1895 "https://nordisk-netvaerk-neurorehab.com/?loknya=/vr/www/vhosts/nordisk-netverk-neuroreh.com/././lscche/c/" "Mozilla/5.0 AppleWebKit/537.36 (KHTML, like Gecko; compatible; GPTBot/1.4; +https://openai.com/gptbot)"
57.141.0.39 - - [28/Jul/2026:11:09:36 +0200] "GET /dp/36461092601690 HTTP/2" 200 43844 "-" "Mozilla/5.0 (Windows NT 10.0; Win64; x64) AppleWebKit/537.36 (KHTML, like Gecko) Chrome/145.0.0.0 Safari/537.36 (compatible; meta-externalagent/1.1 (+https://developers.facebook.com/docs/sharing/webmasters/crawler))"
216.73.217.139 - - [28/Jul/2026:11:09:38 +0200] "GET /author/aveo/?loknya=%2Fvar%2Fwww%2Fvhosts%2Fnordisk-netvaerk-neurorehab.com%2Flscache%2F2%2Fb HTTP/2" 200 2060 "-" "Mozilla/5.0 AppleWebKit/537.36 (KHTML, like Gecko; compatible; ClaudeBot/1.0; +claudebot@anthropic.com)"
74.7.227.152 - - [28/Jul/2026:11:09:39 +0200] "GET /?loknya=/vr/www/vhosts/nordisk-netverk-neuroreh.com/././ HTTP/2" 200 1868 "https://nordisk-netvaerk-neurorehab.com/?loknya=/vr/www/vhosts/nordisk-netverk-neuroreh.com/././lscche/" "Mozilla/5.0 AppleWebKit/537.36 (KHTML, like Gecko; compatible; GPTBot/1.4; +https://openai.com/gptbot)"
216.73.217.139 - - [28/Jul/2026:11:09:41 +0200] "GET /emner/past/feed/?lokasie=%2Fvar%2Fwww%2Fvhosts%2Fnordisk-netvaerk-neurorehab.com%2Fhttpdocs%2Fwp-content%2Fplugins%2Fgpltimes%2F%2Funinstall.php&loknya=%2Fvar%2Fwww%2Fvhosts%2Fnordisk-netvaerk-neurorehab.com%2Fhttpdocs%2Fwp-content%2Fplugins%2Fgpltimes%2F HTTP/2" 200 2752 "-" "Mozilla/5.0 AppleWebKit/537.36 (KHTML, like Gecko; compatible; ClaudeBot/1.0; +claudebot@anthropic.com)"
74.7.227.152 - - [28/Jul/2026:11:09:42 +0200] "GET /?loknya=/vr/www/vhosts/nordisk-netverk-neuroreh.com/././lscche HTTP/2" 200 1883 "https://nordisk-netvaerk-neurorehab.com/?loknya=/vr/www/vhosts/nordisk-netverk-neuroreh.com/././lscche/c/" "Mozilla/5.0 AppleWebKit/537.36 (KHTML, like Gecko; compatible; GPTBot/1.4; +https://openai.com/gptbot)"
216.73.217.139 - - [28/Jul/2026:11:09:44 +0200] "GET /author/aveo/?lokasie=%2Fvar%2Fwww%2Fvhosts%2Fnordisk-netvaerk-neurorehab.com%2Fhttpdocs%2Fwp-includes%2F%2Fcompat.php&loknya=%2Fvar%2Fwww%2Fvhosts%2Fnordisk-netvaerk-neurorehab.com%2Fhttpdocs%2Fwp-includes%2F HTTP/2" 200 5892 "-" "Mozilla/5.0 AppleWebKit/537.36 (KHTML, like Gecko; compatible; ClaudeBot/1.0; +claudebot@anthropic.com)"
74.7.227.152 - - [28/Jul/2026:11:09:45 +0200] "GET /?loknya=/vr/www/vhosts/norisk-netverk-neurorehb.com/././lscche HTTP/2" 200 1885 "https://nordisk-netvaerk-neurorehab.com/?loknya=/vr/www/vhosts/norisk-netverk-neurorehb.com/././lscche/c/" "Mozilla/5.0 AppleWebKit/537.36 (KHTML, like Gecko; compatible; GPTBot/1.4; +https://openai.com/gptbot)"
216.73.217.139 - - [28/Jul/2026:11:09:47 +0200] "GET /sitemap.xml?loknya=%2Fvar%2Fwww%2Fvhosts%2Fnordisk-netvaerk-neurorehab.com%2Flscache%2F8%2F HTTP/2" 200 2258 "-" "Mozilla/5.0 AppleWebKit/537.36 (KHTML, like Gecko; compatible; ClaudeBot/1.0; +claudebot@anthropic.com)"
74.7.227.152 - - [28/Jul/2026:11:09:48 +0200] "GET /?loknya=/vr/www/vhosts/nordisk-netverk-neuroreh.com/./. HTTP/2" 200 1865 "https://nordisk-netvaerk-neurorehab.com/?loknya=/vr/www/vhosts/nordisk-netverk-neuroreh.com/././lscche/c/" "Mozilla/5.0 AppleWebKit/537.36 (KHTML, like Gecko; compatible; GPTBot/1.4; +https://openai.com/gptbot)"
216.73.217.139 - - [28/Jul/2026:11:09:50 +0200] "GET /emner/past/feed/?loknya=%2Fwww%2Fvhosts%2Fnordisk-netvaerk-neurorehab.com%2F.cagefs%2Fopt%2Falt%2Fphp53%2F HTTP/2" 200 1900 "-" "Mozilla/5.0 AppleWebKit/537.36 (KHTML, like Gecko; compatible; ClaudeBot/1.0; +claudebot@anthropic.com)"
74.7.227.152 - - [28/Jul/2026:11:09:52 +0200] "GET /?loknya=/vr/www/vhosts/norisk-netverk-neurorehb.com/././ HTTP/2" 200 1868 "https://nordisk-netvaerk-neurorehab.com/?loknya=/vr/www/vhosts/norisk-netverk-neurorehb.com/././lscche/" "Mozilla/5.0 AppleWebKit/537.36 (KHTML, like Gecko; compatible; GPTBot/1.4; +https://openai.com/gptbot)"
216.73.217.139 - - [28/Jul/2026:11:09:53 +0200] "GET /?loknya=%2Fvar%2Fwww%2Fvhosts%2Fnordisk-netvaerk-neurorehab.com%2Flscache%2F9%2Fe%2F0 HTTP/2" 200 1910 "-" "Mozilla/5.0 AppleWebKit/537.36 (KHTML, like Gecko; compatible; ClaudeBot/1.0; +claudebot@anthropic.com)"
74.7.227.152 - - [28/Jul/2026:11:09:55 +0200] "GET /?loknya=/vr/www/vhosts/norisk-netverk-neurorehb.com/./. HTTP/2" 200 1867 "https://nordisk-netvaerk-neurorehab.com/?loknya=/vr/www/vhosts/norisk-netverk-neurorehb.com/././lscche/c/" "Mozilla/5.0 AppleWebKit/537.36 (KHTML, like Gecko; compatible; GPTBot/1.4; +https://openai.com/gptbot)"
216.73.217.139 - - [28/Jul/2026:11:09:56 +0200] "GET /sitemap.xml?loknya=%2Fvar%2Fwww%2Fvhosts%2Fnordisk-netvaerk-neurorehab.com%2Flscache%2F2%2F5%2F7 HTTP/2" 200 1907 "-" "Mozilla/5.0 AppleWebKit/537.36 (KHTML, like Gecko; compatible; ClaudeBot/1.0; +claudebot@anthropic.com)"
74.7.227.152 - - [28/Jul/2026:11:09:58 +0200] "GET /index.php?loknya=/var/www/vhosts/nordisk-netvaerk-neuroreha.com/./././././././././lscache/a/ HTTP/2" 200 1925 "https://nordisk-netvaerk-neurorehab.com/index.php?loknya=/var/www/vhosts/nordisk-netvaerk-neuroreha.com/./././././././././lscache/a/8/" "Mozilla/5.0 AppleWebKit/537.36 (KHTML, like Gecko; compatible; GPTBot/1.4; +https://openai.com/gptbot)"
216.73.217.139 - - [28/Jul/2026:11:09:59 +0200] "GET /emner/past/feed/?lokasie=%2Fvar%2Fwww%2Fvhosts%2Fnordisk-netvaerk-neurorehab.com%2Fhttpdocs%2Fwp-admin%2Fcss%2Fcommon.min.css&loknya=%2Fvar%2Fwww%2Fvhosts%2Fnordisk-netvaerk-neurorehab.com%2Fhttpdocs%2Fwp-admin%2Fcss HTTP/2" 200 15327 "-" "Mozilla/5.0 AppleWebKit/537.36 (KHTML, like Gecko; compatible; ClaudeBot/1.0; +claudebot@anthropic.com)"
74.7.227.152 - - [28/Jul/2026:11:10:01 +0200] "GET /?loknya=/vr/www/vhosts/nordisk-netverk-neuroreh.om/././lshe HTTP/2" 200 1882 "https://nordisk-netvaerk-neurorehab.com/?loknya=/vr/www/vhosts/nordisk-netverk-neuroreh.om/././lshe/" "Mozilla/5.0 AppleWebKit/537.36 (KHTML, like Gecko; compatible; GPTBot/1.4; +https://openai.com/gptbot)"
57.141.0.53 - - [28/Jul/2026:11:10:02 +0200] "GET /dp/393980582418067?lokasie=/var/www/vhosts/nordisk-netvaerk-neurorehab.com/httpdocs/wp-includes/ms-settings.php&loknya=/var/www/vhosts/nordisk-netvaerk-neurorehab.com/httpdocs/wp-includes HTTP/2" 200 9063 "-" "Mozilla/5.0 (Windows NT 10.0; Win64; x64) AppleWebKit/537.36 (KHTML, like Gecko) Chrome/145.0.0.0 Safari/537.36 (compatible; meta-externalagent/1.1 (+https://developers.facebook.com/docs/sharing/webmasters/crawler))"
216.73.217.139 - - [28/Jul/2026:11:10:02 +0200] "GET /author/aveo/?loknya=%2Fvar%2Fwww%2Fvhosts%2Fnorisk-netvaerk-neurorehab.com%2Flscache%2Fc%2Fe HTTP/2" 200 1905 "-" "Mozilla/5.0 AppleWebKit/537.36 (KHTML, like Gecko; compatible; ClaudeBot/1.0; +claudebot@anthropic.com)"
74.7.227.152 - - [28/Jul/2026:11:10:04 +0200] "GET /?loknya=/vr/www/vhosts/norisk-netverk-neurorehb.om/././lshe HTTP/2" 200 1884 "https://nordisk-netvaerk-neurorehab.com/?loknya=/vr/www/vhosts/norisk-netverk-neurorehb.om/././lshe/" "Mozilla/5.0 AppleWebKit/537.36 (KHTML, like Gecko; compatible; GPTBot/1.4; +https://openai.com/gptbot)"
