158.94.208.36 - - [06/Jul/2026:15:39:35 +0200] "GET /actuator/configprops HTTP/1.1" 404 14749 "-" "python-httpx/0.28.1"
51.68.111.243 - - [06/Jul/2026:15:39:56 +0200] "GET /robots.txt HTTP/1.1" 200 570 "-" "Mozilla/5.0 (compatible; MJ12bot/v2.0.5; http://mj12bot.com/)"
51.68.111.243 - - [06/Jul/2026:15:39:56 +0200] "GET / HTTP/1.1" 200 17232 "-" "Mozilla/5.0 (compatible; MJ12bot/v2.0.5; http://mj12bot.com/)"
185.21.40.28 - - [06/Jul/2026:15:51:47 +0200] "POST /wp-cron.php?doing_wp_cron=1783345907.1827061176300048828125 HTTP/1.1" 200 474 "-" "2pd8u0llAhM6"
54.198.33.233 - - [06/Jul/2026:15:51:43 +0200] "GET /wp-json/oembed/1.0/embed?url=https://nordisk-netvaerk-neurorehab.com/ HTTP/1.1" 200 2235 "-" "Mozilla/5.0 AppleWebKit/537.36 (KHTML, like Gecko; compatible; Amazonbot/0.1; +https://developer.amazon.com/support/amazonbot) Chrome/119.0.6045.214 Safari/537.36"
185.21.40.231 - - [06/Jul/2026:16:02:02 +0200] "HEAD / HTTP/1.1" 200 729 "https://sitecare.aveosupport.dk" "Mozilla/5.0 (compatible; MainWP/6.0.9; +http://mainwp.com)"
185.21.40.231 - - [06/Jul/2026:16:02:02 +0200] "HEAD / HTTP/1.1" 200 729 "https://sitecare.aveosupport.dk" "Mozilla/5.0 (compatible; MainWP/6.0.9; +http://mainwp.com)"
185.21.40.28 - - [06/Jul/2026:16:04:52 +0200] "POST /wp-cron.php?doing_wp_cron=1783346692.6658089160919189453125 HTTP/1.1" 200 474 "-" "kuZxICWe37z4"
172.184.211.80 - - [06/Jul/2026:16:04:49 +0200] "GET /wp/wp-login.php HTTP/1.1" 404 14750 "-" "Mozilla/5.0 (Windows NT 10.0; Win64; x64) AppleWebKit/537.36 (KHTML, like Gecko) Chrome/120.0.0.0 Safari/537.36 Edg/120.0.0.0"
172.184.211.80 - - [06/Jul/2026:16:04:52 +0200] "POST /wp/wp-login.php HTTP/1.1" 404 14436 "https://nordisk-netvaerk-neurorehab.com/wp/wp-login.php" "Mozilla/5.0 (Windows NT 10.0; Win64; x64) AppleWebKit/537.36 (KHTML, like Gecko) Chrome/120.0.0.0 Safari/537.36 Edg/120.0.0.0"
47.128.28.112 - - [06/Jul/2026:16:05:27 +0200] "GET / HTTP/2" 301 795 "-" "Mozilla/5.0 (Linux; Android 5.0) AppleWebKit/537.36 (KHTML, like Gecko) Mobile Safari/537.36 (compatible; Bytespider; spider-feedback@bytedance.com)"
47.128.28.112 - - [06/Jul/2026:16:05:29 +0200] "GET / HTTP/2" 200 16613 "-" "Mozilla/5.0 (Linux; Android 5.0) AppleWebKit/537.36 (KHTML, like Gecko) Mobile Safari/537.36 (compatible; Bytespider; spider-feedback@bytedance.com)"
47.128.28.112 - - [06/Jul/2026:16:05:30 +0200] "GET /wp-content/plugins/complianz-gdpr/assets/css/cookieblocker.min.css?ver=1778071862 HTTP/2" 200 615 "https://nordisk-netvaerk-neurorehab.com/" "Mozilla/5.0 (Linux; Android 5.0) AppleWebKit/537.36 (KHTML, like Gecko) Mobile Safari/537.36 (compatible; Bytespider; spider-feedback@bytedance.com)"
47.128.28.112 - - [06/Jul/2026:16:05:30 +0200] "GET /wp-content/plugins/honeypot/includes/css/wpa.css?ver=2.3.04 HTTP/2" 200 249 "https://nordisk-netvaerk-neurorehab.com/" "Mozilla/5.0 (Linux; Android 5.0) AppleWebKit/537.36 (KHTML, like Gecko) Mobile Safari/537.36 (compatible; Bytespider; spider-feedback@bytedance.com)"
47.128.28.112 - - [06/Jul/2026:16:05:31 +0200] "GET /wp-content/themes/hello-elementor/assets/css/theme.css?ver=3.4.7 HTTP/2" 200 1126 "https://nordisk-netvaerk-neurorehab.com/" "Mozilla/5.0 (Linux; Android 5.0) AppleWebKit/537.36 (KHTML, like Gecko) Mobile Safari/537.36 (compatible; Bytespider; spider-feedback@bytedance.com)"
47.128.28.112 - - [06/Jul/2026:16:05:31 +0200] "GET /wp-content/themes/hello-elementor/assets/css/reset.css?ver=3.4.7 HTTP/2" 200 1581 "https://nordisk-netvaerk-neurorehab.com/" "Mozilla/5.0 (Linux; Android 5.0) AppleWebKit/537.36 (KHTML, like Gecko) Mobile Safari/537.36 (compatible; Bytespider; spider-feedback@bytedance.com)"
47.128.28.112 - - [06/Jul/2026:16:05:31 +0200] "GET /wp-content/plugins/elementor/assets/css/widget-image.min.css?ver=4.0.7 HTTP/2" 200 96 "https://nordisk-netvaerk-neurorehab.com/" "Mozilla/5.0 (Linux; Android 5.0) AppleWebKit/537.36 (KHTML, like Gecko) Mobile Safari/537.36 (compatible; Bytespider; spider-feedback@bytedance.com)"
47.128.28.112 - - [06/Jul/2026:16:05:32 +0200] "GET /wp-content/themes/hello-elementor/assets/css/header-footer.css?ver=3.4.7 HTTP/2" 200 1261 "https://nordisk-netvaerk-neurorehab.com/" "Mozilla/5.0 (Linux; Android 5.0) AppleWebKit/537.36 (KHTML, like Gecko) Mobile Safari/537.36 (compatible; Bytespider; spider-feedback@bytedance.com)"
47.128.28.112 - - [06/Jul/2026:16:05:32 +0200] "GET /wp-content/plugins/elementor-pro/assets/css/modules/sticky.min.css?ver=4.0.4 HTTP/2" 200 162 "https://nordisk-netvaerk-neurorehab.com/" "Mozilla/5.0 (Linux; Android 5.0) AppleWebKit/537.36 (KHTML, like Gecko) Mobile Safari/537.36 (compatible; Bytespider; spider-feedback@bytedance.com)"
47.128.28.112 - - [06/Jul/2026:16:05:32 +0200] "GET /wp-content/plugins/elementor-pro/assets/css/widget-nav-menu.min.css?ver=4.0.4 HTTP/2" 200 3241 "https://nordisk-netvaerk-neurorehab.com/" "Mozilla/5.0 (Linux; Android 5.0) AppleWebKit/537.36 (KHTML, like Gecko) Mobile Safari/537.36 (compatible; Bytespider; spider-feedback@bytedance.com)"
47.128.28.112 - - [06/Jul/2026:16:05:32 +0200] "GET /wp-content/plugins/elementor/assets/css/frontend.min.css?ver=4.0.7 HTTP/2" 200 6613 "https://nordisk-netvaerk-neurorehab.com/" "Mozilla/5.0 (Linux; Android 5.0) AppleWebKit/537.36 (KHTML, like Gecko) Mobile Safari/537.36 (compatible; Bytespider; spider-feedback@bytedance.com)"
47.128.28.112 - - [06/Jul/2026:16:05:32 +0200] "GET /wp-content/plugins/elementor/assets/lib/eicons/css/elementor-icons.min.css?ver=5.48.0 HTTP/2" 200 4087 "https://nordisk-netvaerk-neurorehab.com/" "Mozilla/5.0 (Linux; Android 5.0) AppleWebKit/537.36 (KHTML, like Gecko) Mobile Safari/537.36 (compatible; Bytespider; spider-feedback@bytedance.com)"
47.128.28.112 - - [06/Jul/2026:16:05:32 +0200] "GET /wp-content/plugins/elementor/assets/css/widget-icon-list.min.css?ver=4.0.7 HTTP/2" 200 928 "https://nordisk-netvaerk-neurorehab.com/" "Mozilla/5.0 (Linux; Android 5.0) AppleWebKit/537.36 (KHTML, like Gecko) Mobile Safari/537.36 (compatible; Bytespider; spider-feedback@bytedance.com)"
47.128.28.112 - - [06/Jul/2026:16:05:33 +0200] "GET /wp-content/plugins/elementor/assets/lib/font-awesome/css/all.min.css?ver=4.0.7 HTTP/2" 200 12380 "https://nordisk-netvaerk-neurorehab.com/" "Mozilla/5.0 (Linux; Android 5.0) AppleWebKit/537.36 (KHTML, like Gecko) Mobile Safari/537.36 (compatible; Bytespider; spider-feedback@bytedance.com)"
47.128.28.112 - - [06/Jul/2026:16:05:33 +0200] "GET /wp-content/uploads/elementor/css/post-1041.css?ver=1782266807 HTTP/2" 200 925 "https://nordisk-netvaerk-neurorehab.com/" "Mozilla/5.0 (Linux; Android 5.0) AppleWebKit/537.36 (KHTML, like Gecko) Mobile Safari/537.36 (compatible; Bytespider; spider-feedback@bytedance.com)"
47.128.28.112 - - [06/Jul/2026:16:05:33 +0200] "GET /wp-content/plugins/elementor/assets/css/widget-heading.min.css?ver=4.0.7 HTTP/2" 200 126 "https://nordisk-netvaerk-neurorehab.com/" "Mozilla/5.0 (Linux; Android 5.0) AppleWebKit/537.36 (KHTML, like Gecko) Mobile Safari/537.36 (compatible; Bytespider; spider-feedback@bytedance.com)"
47.128.28.112 - - [06/Jul/2026:16:05:34 +0200] "GET /wp-content/plugins/elementor/assets/lib/font-awesome/css/v4-shims.min.css?ver=4.0.7 HTTP/2" 200 3987 "https://nordisk-netvaerk-neurorehab.com/" "Mozilla/5.0 (Linux; Android 5.0) AppleWebKit/537.36 (KHTML, like Gecko) Mobile Safari/537.36 (compatible; Bytespider; spider-feedback@bytedance.com)"
47.128.28.112 - - [06/Jul/2026:16:05:34 +0200] "GET /wp-content/plugins/elementor/assets/lib/animations/styles/slideInLeft.min.css?ver=4.0.7 HTTP/2" 200 153 "https://nordisk-netvaerk-neurorehab.com/" "Mozilla/5.0 (Linux; Android 5.0) AppleWebKit/537.36 (KHTML, like Gecko) Mobile Safari/537.36 (compatible; Bytespider; spider-feedback@bytedance.com)"
47.128.28.112 - - [06/Jul/2026:16:05:34 +0200] "GET /wp-content/plugins/elementor/assets/lib/animations/styles/slideInUp.min.css?ver=4.0.7 HTTP/2" 200 146 "https://nordisk-netvaerk-neurorehab.com/" "Mozilla/5.0 (Linux; Android 5.0) AppleWebKit/537.36 (KHTML, like Gecko) Mobile Safari/537.36 (compatible; Bytespider; spider-feedback@bytedance.com)"
47.128.28.112 - - [06/Jul/2026:16:05:34 +0200] "GET /wp-content/plugins/elementor/assets/css/conditionals/e-swiper.min.css?ver=4.0.7 HTTP/2" 200 699 "https://nordisk-netvaerk-neurorehab.com/" "Mozilla/5.0 (Linux; Android 5.0) AppleWebKit/537.36 (KHTML, like Gecko) Mobile Safari/537.36 (compatible; Bytespider; spider-feedback@bytedance.com)"
47.128.28.112 - - [06/Jul/2026:16:05:34 +0200] "GET /wp-content/plugins/elementor/assets/lib/swiper/v8/css/swiper.min.css?ver=8.4.5 HTTP/2" 200 4248 "https://nordisk-netvaerk-neurorehab.com/" "Mozilla/5.0 (Linux; Android 5.0) AppleWebKit/537.36 (KHTML, like Gecko) Mobile Safari/537.36 (compatible; Bytespider; spider-feedback@bytedance.com)"
47.128.28.112 - - [06/Jul/2026:16:05:34 +0200] "GET /wp-content/plugins/elementor-pro/assets/css/widget-loop-carousel.min.css?ver=4.0.4 HTTP/2" 200 1244 "https://nordisk-netvaerk-neurorehab.com/" "Mozilla/5.0 (Linux; Android 5.0) AppleWebKit/537.36 (KHTML, like Gecko) Mobile Safari/537.36 (compatible; Bytespider; spider-feedback@bytedance.com)"
47.128.28.112 - - [06/Jul/2026:16:05:34 +0200] "GET /wp-content/plugins/elementor-pro/assets/css/widget-loop-common.min.css?ver=4.0.4 HTTP/2" 200 118 "https://nordisk-netvaerk-neurorehab.com/" "Mozilla/5.0 (Linux; Android 5.0) AppleWebKit/537.36 (KHTML, like Gecko) Mobile Safari/537.36 (compatible; Bytespider; spider-feedback@bytedance.com)"
47.128.28.112 - - [06/Jul/2026:16:05:34 +0200] "GET /wp-content/plugins/aveo-elementor/content/dynamic-tags/scroll-to-top/scroll-to-top.css?ver=1778071857 HTTP/2" 200 37 "https://nordisk-netvaerk-neurorehab.com/" "Mozilla/5.0 (Linux; Android 5.0) AppleWebKit/537.36 (KHTML, like Gecko) Mobile Safari/537.36 (compatible; Bytespider; spider-feedback@bytedance.com)"
47.128.28.112 - - [06/Jul/2026:16:05:34 +0200] "GET /wp-content/uploads/elementor/css/post-1070.css?ver=1782266808 HTTP/2" 200 1546 "https://nordisk-netvaerk-neurorehab.com/" "Mozilla/5.0 (Linux; Android 5.0) AppleWebKit/537.36 (KHTML, like Gecko) Mobile Safari/537.36 (compatible; Bytespider; spider-feedback@bytedance.com)"
47.128.28.112 - - [06/Jul/2026:16:05:34 +0200] "GET /wp-content/uploads/elementor/css/post-1045.css?ver=1782266808 HTTP/2" 200 1253 "https://nordisk-netvaerk-neurorehab.com/" "Mozilla/5.0 (Linux; Android 5.0) AppleWebKit/537.36 (KHTML, like Gecko) Mobile Safari/537.36 (compatible; Bytespider; spider-feedback@bytedance.com)"
47.128.28.112 - - [06/Jul/2026:16:05:34 +0200] "GET /wp-content/uploads/elementor/css/post-1051.css?ver=1782266808 HTTP/2" 200 1543 "https://nordisk-netvaerk-neurorehab.com/" "Mozilla/5.0 (Linux; Android 5.0) AppleWebKit/537.36 (KHTML, like Gecko) Mobile Safari/537.36 (compatible; Bytespider; spider-feedback@bytedance.com)"
47.128.28.112 - - [06/Jul/2026:16:05:35 +0200] "GET /wp-content/uploads/primary_charcoal-web.svg HTTP/2" 206 500 "https://nordisk-netvaerk-neurorehab.com/" "Mozilla/5.0 (Linux; Android 5.0) AppleWebKit/537.36 (KHTML, like Gecko) Mobile Safari/537.36 (compatible; Bytespider; spider-feedback@bytedance.com)"
47.128.28.112 - - [06/Jul/2026:16:05:35 +0200] "GET /wp-content/themes/aveo-child/style.css?ver=1.0 HTTP/2" 200 161 "https://nordisk-netvaerk-neurorehab.com/" "Mozilla/5.0 (Linux; Android 5.0) AppleWebKit/537.36 (KHTML, like Gecko) Mobile Safari/537.36 (compatible; Bytespider; spider-feedback@bytedance.com)"
47.128.28.112 - - [06/Jul/2026:16:05:35 +0200] "GET /wp-content/uploads/elementor/google-fonts/css/poppins.css?ver=1751966186 HTTP/2" 200 791 "https://nordisk-netvaerk-neurorehab.com/" "Mozilla/5.0 (Linux; Android 5.0) AppleWebKit/537.36 (KHTML, like Gecko) Mobile Safari/537.36 (compatible; Bytespider; spider-feedback@bytedance.com)"
47.128.28.112 - - [06/Jul/2026:16:05:35 +0200] "GET /wp-content/uploads/close-up-aged-person-pulling-resistance-band-exercise-sitting-fitness-toning-ball-senior-man-training-with-elastic-belt-looking-video-workout-lesson-laptop-768x432.jpg HTTP/2" 206 500 "https://nordisk-netvaerk-neurorehab.com/" "Mozilla/5.0 (Linux; Android 5.0) AppleWebKit/537.36 (KHTML, like Gecko) Mobile Safari/537.36 (compatible; Bytespider; spider-feedback@bytedance.com)"
47.128.28.112 - - [06/Jul/2026:16:05:36 +0200] "GET /wp-content/uploads/Bodil-Eskesen-Danmark-1-768x512.webp HTTP/2" 206 500 "https://nordisk-netvaerk-neurorehab.com/" "Mozilla/5.0 (Linux; Android 5.0) AppleWebKit/537.36 (KHTML, like Gecko) Mobile Safari/537.36 (compatible; Bytespider; spider-feedback@bytedance.com)"
47.128.28.112 - - [06/Jul/2026:16:05:36 +0200] "GET /wp-content/uploads/close-up-aged-person-pulling-resistance-band-exercise-sitting-fitness-toning-ball-senior-man-training-with-elastic-belt-looking-video-workout-lesson-laptop-768x432.jpg HTTP/2" 304 0 "https://nordisk-netvaerk-neurorehab.com/" "Mozilla/5.0 (Linux; Android 5.0) AppleWebKit/537.36 (KHTML, like Gecko) Mobile Safari/537.36 (compatible; Bytespider; spider-feedback@bytedance.com)"
47.128.28.112 - - [06/Jul/2026:16:05:36 +0200] "GET /wp-content/uploads/primary_charcoal-web.svg HTTP/2" 304 0 "https://nordisk-netvaerk-neurorehab.com/" "Mozilla/5.0 (Linux; Android 5.0) AppleWebKit/537.36 (KHTML, like Gecko) Mobile Safari/537.36 (compatible; Bytespider; spider-feedback@bytedance.com)"
47.128.28.112 - - [06/Jul/2026:16:05:37 +0200] "GET /wp-content/uploads/close-up-aged-person-pulling-resistance-band-exercise-sitting-fitness-toning-ball-senior-man-training-with-elastic-belt-looking-video-workout-lesson-laptop-768x432.jpg HTTP/2" 206 31504 "https://nordisk-netvaerk-neurorehab.com/" "Mozilla/5.0 (Linux; Android 5.0) AppleWebKit/537.36 (KHTML, like Gecko) Mobile Safari/537.36 (compatible; Bytespider; spider-feedback@bytedance.com)"
47.128.28.112 - - [06/Jul/2026:16:05:37 +0200] "GET /wp-content/uploads/primary_charcoal-web.svg HTTP/2" 206 13256 "https://nordisk-netvaerk-neurorehab.com/" "Mozilla/5.0 (Linux; Android 5.0) AppleWebKit/537.36 (KHTML, like Gecko) Mobile Safari/537.36 (compatible; Bytespider; spider-feedback@bytedance.com)"
47.128.28.112 - - [06/Jul/2026:16:05:37 +0200] "GET /wp-content/uploads/image002-768x512.jpg HTTP/2" 206 500 "https://nordisk-netvaerk-neurorehab.com/" "Mozilla/5.0 (Linux; Android 5.0) AppleWebKit/537.36 (KHTML, like Gecko) Mobile Safari/537.36 (compatible; Bytespider; spider-feedback@bytedance.com)"
47.128.28.112 - - [06/Jul/2026:16:05:38 +0200] "GET /wp-content/plugins/elementor-pro/assets/css/widget-post-info.min.css?ver=4.0.4 HTTP/2" 200 167 "https://nordisk-netvaerk-neurorehab.com/" "Mozilla/5.0 (Linux; Android 5.0) AppleWebKit/537.36 (KHTML, like Gecko) Mobile Safari/537.36 (compatible; Bytespider; spider-feedback@bytedance.com)"
47.128.28.112 - - [06/Jul/2026:16:05:38 +0200] "GET /wp-content/uploads/Fall-back-image.png HTTP/2" 206 500 "https://nordisk-netvaerk-neurorehab.com/wp-content/uploads/elementor/css/post-1070.css?ver=1782266808" "Mozilla/5.0 (Linux; Android 5.0) AppleWebKit/537.36 (KHTML, like Gecko) Mobile Safari/537.36 (compatible; Bytespider; spider-feedback@bytedance.com)"
43.134.91.35 - - [06/Jul/2026:16:19:25 +0200] "GET / HTTP/1.1" 200 19985 "http://nordisk-netvaerk-neurorehab.com" "Mozilla/5.0 (iPhone; CPU iPhone OS 13_2_3 like Mac OS X) AppleWebKit/605.1.15 (KHTML, like Gecko) Version/13.0.3 Mobile/15E148 Safari/604.1"
185.242.3.25 - - [06/Jul/2026:16:20:13 +0200] "GET / HTTP/1.1" 200 88962 "-" "-"
185.21.40.28 - - [06/Jul/2026:16:20:20 +0200] "POST /wp-cron.php?doing_wp_cron=1783347620.1352119445800781250000 HTTP/1.1" 200 474 "-" "WordPress/6.9.4; https://nordisk-netvaerk-neurorehab.com"
185.242.3.25 - - [06/Jul/2026:16:20:16 +0200] "GET /wp-admin/install.php HTTP/1.1" 200 1736 "-" "-"
185.242.3.25 - - [06/Jul/2026:16:20:20 +0200] "GET /wp-admin/setup-config.php HTTP/1.1" 409 3026 "-" "-"
98.80.16.166 - - [06/Jul/2026:16:22:22 +0200] "GET /robots.txt HTTP/1.1" 301 1214 "-" "Mozilla/5.0 (Macintosh; Intel Mac OS X 10_10_1) AppleWebKit/600.2.5 (KHTML, like Gecko) Version/8.0.2 Safari/600.2.5 (Gort)"
52.2.226.16 - - [06/Jul/2026:16:22:23 +0200] "GET /robots.txt HTTP/1.1" 200 533 "-" "Mozilla/5.0 (Macintosh; Intel Mac OS X 10_10_1) AppleWebKit/600.2.5 (KHTML, like Gecko) Version/8.0.2 Safari/600.2.5 (Gort)"
74.7.230.10 - - [06/Jul/2026:16:32:52 +0200] "GET /robots.txt HTTP/2" 200 82 "-" "Mozilla/5.0 (Macintosh; Intel Mac OS X 10_15_7) AppleWebKit/537.36 (KHTML, like Gecko) Chrome/131.0.0.0 Safari/537.36; compatible; OAI-SearchBot/1.4; robots.txt; +https://openai.com/searchbot"
74.7.242.21 - - [06/Jul/2026:16:32:52 +0200] "GET / HTTP/2" 200 16613 "https://robuta.com" "Mozilla/5.0 AppleWebKit/537.36 (KHTML, like Gecko; compatible; GPTBot/1.4; +https://openai.com/gptbot)"
74.7.242.21 - - [06/Jul/2026:16:32:55 +0200] "GET /aim/ HTTP/2" 200 13707 "https://nordisk-netvaerk-neurorehab.com/" "Mozilla/5.0 AppleWebKit/537.36 (KHTML, like Gecko; compatible; GPTBot/1.4; +https://openai.com/gptbot)"
74.7.242.21 - - [06/Jul/2026:16:33:06 +0200] "GET /wp-content/uploads/Tegnebraet-37-tryk.svg HTTP/2" 200 377 "https://nordisk-netvaerk-neurorehab.com/" "Mozilla/5.0 AppleWebKit/537.36 (KHTML, like Gecko; compatible; GPTBot/1.4; +https://openai.com/gptbot)"
185.21.40.28 - - [06/Jul/2026:16:33:19 +0200] "POST /wp-cron.php?doing_wp_cron=1783348399.2520821094512939453125 HTTP/1.1" 200 474 "-" "vZfB1C7XpDiO"
74.7.242.21 - - [06/Jul/2026:16:33:16 +0200] "GET /xmlrpc.php?rsd HTTP/2" 200 307 "https://nordisk-netvaerk-neurorehab.com/" "Mozilla/5.0 AppleWebKit/537.36 (KHTML, like Gecko; compatible; GPTBot/1.4; +https://openai.com/gptbot)"
74.7.242.21 - - [06/Jul/2026:16:33:27 +0200] "GET /comments/feed/ HTTP/2" 200 391 "https://nordisk-netvaerk-neurorehab.com/" "Mozilla/5.0 AppleWebKit/537.36 (KHTML, like Gecko; compatible; GPTBot/1.4; +https://openai.com/gptbot)"
74.7.242.21 - - [06/Jul/2026:16:33:37 +0200] "GET /wp-content/uploads/primary_charcoal-web.svg HTTP/2" 200 4101 "https://nordisk-netvaerk-neurorehab.com/" "Mozilla/5.0 AppleWebKit/537.36 (KHTML, like Gecko; compatible; GPTBot/1.4; +https://openai.com/gptbot)"
74.7.242.21 - - [06/Jul/2026:16:33:48 +0200] "GET /wp-content/plugins/elementor-pro/modules/lottie/assets/animations/default.json HTTP/2" 200 14301 "https://nordisk-netvaerk-neurorehab.com/" "Mozilla/5.0 AppleWebKit/537.36 (KHTML, like Gecko; compatible; GPTBot/1.4; +https://openai.com/gptbot)"
74.7.242.21 - - [06/Jul/2026:16:33:59 +0200] "GET /feed/ HTTP/2" 200 3927 "https://nordisk-netvaerk-neurorehab.com/" "Mozilla/5.0 AppleWebKit/537.36 (KHTML, like Gecko; compatible; GPTBot/1.4; +https://openai.com/gptbot)"
216.73.216.190 - - [06/Jul/2026:16:36:19 +0200] "GET /robots.txt HTTP/2" 200 82 "-" "Mozilla/5.0 AppleWebKit/537.36 (KHTML, like Gecko; compatible; ClaudeBot/1.0; +claudebot@anthropic.com)"
185.21.40.28 - - [06/Jul/2026:16:36:21 +0200] "POST /wp-cron.php?doing_wp_cron=1783348581.7956340312957763671875 HTTP/1.1" 200 474 "-" "cm8HdE7vSmEg"
216.73.216.190 - - [06/Jul/2026:16:36:20 +0200] "GET /sitemap.xml HTTP/2" 301 0 "-" "Mozilla/5.0 AppleWebKit/537.36 (KHTML, like Gecko; compatible; ClaudeBot/1.0; +claudebot@anthropic.com)"
216.73.216.190 - - [06/Jul/2026:16:36:21 +0200] "GET /sitemap_index.xml HTTP/2" 200 293 "https://nordisk-netvaerk-neurorehab.com/sitemap.xml" "Mozilla/5.0 AppleWebKit/537.36 (KHTML, like Gecko; compatible; ClaudeBot/1.0; +claudebot@anthropic.com)"
3.75.46.110 - - [06/Jul/2026:16:46:37 +0200] "GET / HTTP/1.1" 200 89103 "-" "check_http/v2.4.0 (monitoring-plugins 2.4.0)"
3.75.46.110 - - [06/Jul/2026:16:46:55 +0200] "GET /wp-login.php HTTP/1.1" 200 17996 "-" "check_http/v2.4.0 (monitoring-plugins 2.4.0)"
3.75.46.110 - - [06/Jul/2026:16:47:14 +0200] "GET / HTTP/1.1" 200 89103 "-" "check_http/v2.4.0 (monitoring-plugins 2.4.0)"
47.128.27.72 - - [06/Jul/2026:16:51:49 +0200] "GET /robots.txt HTTP/1.1" 301 1214 "-" "Mozilla/5.0 (Linux; Android 5.0) AppleWebKit/537.36 (KHTML, like Gecko) Mobile Safari/537.36 (compatible; Bytespider; spider-feedback@bytedance.com)"
47.128.27.72 - - [06/Jul/2026:16:51:51 +0200] "GET /robots.txt HTTP/1.1" 200 533 "-" "Mozilla/5.0 (Linux; Android 5.0) AppleWebKit/537.36 (KHTML, like Gecko) Mobile Safari/537.36 (compatible; Bytespider; spider-feedback@bytedance.com)"
104.196.25.226 - - [06/Jul/2026:16:57:41 +0200] "GET / HTTP/2" 200 19186 "http://www.nordisk-netvaerk-neurorehab.com" "Mozilla/5.0 (compatible; CMS-Checker/1.0; +https://example.com)"
173.252.107.115 - - [06/Jul/2026:17:03:46 +0200] "GET /robots.txt HTTP/2" 206 82 "-" "facebookexternalhit/1.1 (+http://www.facebook.com/externalhit_uatext.php)"
173.252.107.40 - - [06/Jul/2026:17:03:46 +0200] "GET /robots.txt HTTP/2" 206 82 "-" "facebookexternalhit/1.1 (+http://www.facebook.com/externalhit_uatext.php)"
43.157.22.57 - - [06/Jul/2026:17:08:21 +0200] "GET / HTTP/1.1" 200 19985 "http://www.nordisk-netvaerk-neurorehab.com" "Mozilla/5.0 (iPhone; CPU iPhone OS 13_2_3 like Mac OS X) AppleWebKit/605.1.15 (KHTML, like Gecko) Version/13.0.3 Mobile/15E148 Safari/604.1"
68.183.226.33 - - [06/Jul/2026:17:26:27 +0200] "GET /wp-login.php HTTP/1.1" 301 1253 "-" "Mozilla/5.0 (Windows NT 10.0; Win64; x64; rv:118.0) Gecko/20100101 Firefox/118.0"
185.21.40.28 - - [06/Jul/2026:17:26:29 +0200] "POST /wp-cron.php?doing_wp_cron=1783351589.8008089065551757812500 HTTP/1.1" 200 474 "-" "WordPress/6.9.4; https://nordisk-netvaerk-neurorehab.com"
143.198.202.164 - - [06/Jul/2026:17:26:28 +0200] "GET /wp-admin/install.php HTTP/1.1" 200 1109 "-" "Mozilla/5.0 (Macintosh; Intel Mac OS X 10_10_1) AppleWebKit/537.36 (KHTML, like Gecko) Chrome/39.0.2171.95 Safari/537.36"
68.183.226.33 - - [06/Jul/2026:17:26:37 +0200] "GET /wp-login.php HTTP/1.1" 200 5204 "-" "Mozilla/5.0 (Windows NT 10.0; Win64; x64; rv:118.0) Gecko/20100101 Firefox/118.0"
68.183.226.33 - - [06/Jul/2026:17:26:55 +0200] "GET /wp-login.php HTTP/1.1" 200 5204 "https://www.google.com/" "Mozilla/5.0 (Macintosh; Intel Mac OS X 13_6_1) AppleWebKit/537.36 (KHTML, like Gecko) Chrome/120.0.0.0 Safari/537.36"
68.183.226.33 - - [06/Jul/2026:17:27:06 +0200] "GET /wp-admin/ HTTP/1.1" 301 1250 "https://www.bing.com/" "Mozilla/5.0 (Windows NT 10.0; Win64; x64; rv:120.0) Gecko/20100101 Firefox/120.0"
185.21.40.28 - - [06/Jul/2026:17:27:16 +0200] "POST /wp-cron.php?doing_wp_cron=1783351636.4268829822540283203125 HTTP/1.1" 200 474 "-" "f1pILsmLhv10"
68.183.226.33 - - [06/Jul/2026:17:27:15 +0200] "GET /wp-admin/ HTTP/1.1" 302 741 "https://www.bing.com/" "Mozilla/5.0 (Windows NT 10.0; Win64; x64; rv:120.0) Gecko/20100101 Firefox/120.0"
185.21.40.28 - - [06/Jul/2026:17:27:34 +0200] "POST /wp-cron.php?doing_wp_cron=1783351654.2083210945129394531250 HTTP/1.1" 200 474 "-" "6RpURg95645c"
68.183.226.33 - - [06/Jul/2026:17:27:33 +0200] "GET /wp-login.php?redirect_to=https%3A%2F%2Fnordisk-netvaerk-neurorehab.com%2Fwp-admin%2F&reauth=1 HTTP/1.1" 200 7418 "https://www.bing.com/" "Mozilla/5.0 (Windows NT 10.0; Win64; x64; rv:120.0) Gecko/20100101 Firefox/120.0"
185.21.40.28 - - [06/Jul/2026:17:28:39 +0200] "POST /wp-cron.php?doing_wp_cron=1783351719.6109890937805175781250 HTTP/1.1" 200 474 "-" "xqm7B2HazFTY"
143.198.202.164 - - [06/Jul/2026:17:28:38 +0200] "GET /wordpress/wp-admin/install.php HTTP/1.1" 404 14695 "-" "Mozilla/5.0 (Macintosh; Intel Mac OS X 10_10_1) AppleWebKit/537.36 (KHTML, like Gecko) Chrome/39.0.2171.95 Safari/537.36"
143.198.202.164 - - [06/Jul/2026:17:28:48 +0200] "GET /test/wp-admin/install.php HTTP/1.1" 404 14533 "-" "Mozilla/5.0 (Macintosh; Intel Mac OS X 10_10_1) AppleWebKit/537.36 (KHTML, like Gecko) Chrome/39.0.2171.95 Safari/537.36"
143.198.202.164 - - [06/Jul/2026:17:28:59 +0200] "GET /blog/wp-admin/install.php HTTP/1.1" 404 14695 "-" "Mozilla/5.0 (Macintosh; Intel Mac OS X 10_10_1) AppleWebKit/537.36 (KHTML, like Gecko) Chrome/39.0.2171.95 Safari/537.36"
185.21.40.28 - - [06/Jul/2026:17:29:31 +0200] "POST /wp-cron.php?doing_wp_cron=1783351771.7466359138488769531250 HTTP/1.1" 200 474 "-" "UziI2lhNQIua"
143.198.202.164 - - [06/Jul/2026:17:29:31 +0200] "GET /web/wp-admin/install.php HTTP/1.1" 404 14696 "-" "Mozilla/5.0 (Macintosh; Intel Mac OS X 10_10_1) AppleWebKit/537.36 (KHTML, like Gecko) Chrome/39.0.2171.95 Safari/537.36"
143.198.202.164 - - [06/Jul/2026:17:29:45 +0200] "GET /backup/wp-admin/install.php HTTP/1.1" 404 14532 "-" "Mozilla/5.0 (Macintosh; Intel Mac OS X 10_10_1) AppleWebKit/537.36 (KHTML, like Gecko) Chrome/39.0.2171.95 Safari/537.36"
185.21.40.28 - - [06/Jul/2026:17:29:59 +0200] "POST /wp-cron.php?doing_wp_cron=1783351799.4628429412841796875000 HTTP/1.1" 200 474 "-" "TflAf48DDzpG"
143.198.202.164 - - [06/Jul/2026:17:29:59 +0200] "GET /site/wp-admin/install.php HTTP/1.1" 404 14694 "-" "Mozilla/5.0 (Macintosh; Intel Mac OS X 10_10_1) AppleWebKit/537.36 (KHTML, like Gecko) Chrome/39.0.2171.95 Safari/537.36"
185.21.40.28 - - [06/Jul/2026:17:30:27 +0200] "POST /wp-cron.php?doing_wp_cron=1783351827.6306390762329101562500 HTTP/1.1" 200 474 "-" "ZivEZm0Dv5Q3"
143.198.202.164 - - [06/Jul/2026:17:30:27 +0200] "GET /oldsite/wp-admin/install.php HTTP/1.1" 404 14694 "-" "Mozilla/5.0 (Macintosh; Intel Mac OS X 10_10_1) AppleWebKit/537.36 (KHTML, like Gecko) Chrome/39.0.2171.95 Safari/537.36"
216.73.216.190 - - [06/Jul/2026:17:30:39 +0200] "GET /robots.txt HTTP/2" 301 795 "-" "Mozilla/5.0 AppleWebKit/537.36 (KHTML, like Gecko; compatible; ClaudeBot/1.0; +claudebot@anthropic.com)"
216.73.216.190 - - [06/Jul/2026:17:30:41 +0200] "GET /robots.txt HTTP/2" 200 82 "https://www.nordisk-netvaerk-neurorehab.com/robots.txt" "Mozilla/5.0 AppleWebKit/537.36 (KHTML, like Gecko; compatible; ClaudeBot/1.0; +claudebot@anthropic.com)"
216.73.216.190 - - [06/Jul/2026:17:30:41 +0200] "GET /sitemap.xml HTTP/2" 301 795 "-" "Mozilla/5.0 AppleWebKit/537.36 (KHTML, like Gecko; compatible; ClaudeBot/1.0; +claudebot@anthropic.com)"
216.73.216.190 - - [06/Jul/2026:17:30:41 +0200] "GET /sitemap.xml HTTP/2" 301 0 "https://www.nordisk-netvaerk-neurorehab.com/sitemap.xml" "Mozilla/5.0 AppleWebKit/537.36 (KHTML, like Gecko; compatible; ClaudeBot/1.0; +claudebot@anthropic.com)"
216.73.216.190 - - [06/Jul/2026:17:30:42 +0200] "GET /sitemap_index.xml HTTP/2" 200 293 "https://nordisk-netvaerk-neurorehab.com/sitemap.xml" "Mozilla/5.0 AppleWebKit/537.36 (KHTML, like Gecko; compatible; ClaudeBot/1.0; +claudebot@anthropic.com)"
104.196.25.226 - - [06/Jul/2026:17:31:03 +0200] "GET / HTTP/1.1" 200 89140 "-" "Mozilla/5.0 (Windows NT 10.0; Win64; x64) AppleWebKit/537.36 (KHTML, like Gecko) Chrome/78.0.3904.108 Safari/537.36"
104.196.25.226 - - [06/Jul/2026:17:31:03 +0200] "GET //wp-includes/wlwmanifest.xml HTTP/1.1" 301 540 "-" "Mozilla/5.0 (Windows NT 10.0; Win64; x64) AppleWebKit/537.36 (KHTML, like Gecko) Chrome/78.0.3904.108 Safari/537.36"
104.196.25.226 - - [06/Jul/2026:17:31:04 +0200] "GET //xmlrpc.php?rsd HTTP/1.1" 200 1251 "-" "Mozilla/5.0 (Windows NT 10.0; Win64; x64) AppleWebKit/537.36 (KHTML, like Gecko) Chrome/78.0.3904.108 Safari/537.36"
104.196.25.226 - - [06/Jul/2026:17:31:04 +0200] "GET //?author=1 HTTP/1.1" 301 356 "-" "Mozilla/5.0 (Windows NT 10.0; Win64; x64) AppleWebKit/537.36 (KHTML, like Gecko) Chrome/78.0.3904.108 Safari/537.36"
104.196.25.226 - - [06/Jul/2026:17:31:04 +0200] "GET //?author=2 HTTP/1.1" 301 356 "-" "Mozilla/5.0 (Windows NT 10.0; Win64; x64) AppleWebKit/537.36 (KHTML, like Gecko) Chrome/78.0.3904.108 Safari/537.36"
104.196.25.226 - - [06/Jul/2026:17:31:04 +0200] "GET //wp-json/wp/v2/users/ HTTP/1.1" 200 1514 "-" "Mozilla/5.0 (Windows NT 10.0; Win64; x64) AppleWebKit/537.36 (KHTML, like Gecko) Chrome/78.0.3904.108 Safari/537.36"
104.196.25.226 - - [06/Jul/2026:17:31:04 +0200] "POST //xmlrpc.php HTTP/1.1" 200 782 "-" "Mozilla/5.0 (Windows NT 10.0; Win64; x64) AppleWebKit/537.36 (KHTML, like Gecko) Chrome/78.0.3904.108 Safari/537.36"
104.196.25.226 - - [06/Jul/2026:17:31:05 +0200] "POST //xmlrpc.php HTTP/1.1" 200 782 "-" "Mozilla/5.0 (Windows NT 10.0; Win64; x64) AppleWebKit/537.36 (KHTML, like Gecko) Chrome/78.0.3904.108 Safari/537.36"
104.196.25.226 - - [06/Jul/2026:17:31:05 +0200] "POST //xmlrpc.php HTTP/1.1" 200 782 "-" "Mozilla/5.0 (Windows NT 10.0; Win64; x64) AppleWebKit/537.36 (KHTML, like Gecko) Chrome/78.0.3904.108 Safari/537.36"
104.196.25.226 - - [06/Jul/2026:17:31:06 +0200] "POST //xmlrpc.php HTTP/1.1" 200 782 "-" "Mozilla/5.0 (Windows NT 10.0; Win64; x64) AppleWebKit/537.36 (KHTML, like Gecko) Chrome/78.0.3904.108 Safari/537.36"
104.196.25.226 - - [06/Jul/2026:17:31:06 +0200] "POST //xmlrpc.php HTTP/1.1" 200 782 "-" "Mozilla/5.0 (Windows NT 10.0; Win64; x64) AppleWebKit/537.36 (KHTML, like Gecko) Chrome/78.0.3904.108 Safari/537.36"
104.196.25.226 - - [06/Jul/2026:17:31:07 +0200] "POST //xmlrpc.php HTTP/1.1" 200 782 "-" "Mozilla/5.0 (Windows NT 10.0; Win64; x64) AppleWebKit/537.36 (KHTML, like Gecko) Chrome/78.0.3904.108 Safari/537.36"
51.68.236.68 - - [06/Jul/2026:17:49:24 +0200] "GET /robots.txt HTTP/1.1" 200 570 "-" "Mozilla/5.0 (compatible; MJ12bot/v2.0.5; http://mj12bot.com/)"
51.68.236.68 - - [06/Jul/2026:17:49:24 +0200] "GET / HTTP/1.1" 200 17232 "-" "Mozilla/5.0 (compatible; MJ12bot/v2.0.5; http://mj12bot.com/)"
185.21.40.28 - - [06/Jul/2026:17:55:22 +0200] "POST /wp-cron.php?doing_wp_cron=1783353322.1601359844207763671875 HTTP/1.1" 200 474 "-" "IlslL9zIucVa"
185.21.40.231 - - [06/Jul/2026:17:55:19 +0200] "GET /?login_required=1&user=AVEO&mainwpsignature=QV7qFvy9GpI9TGNEYe%2FeZZM0BgT90p7bqJNCoQKp%2FXTTEb3m%2Fd7h4EGUFcMQ%2B0ob%2FG4RyFFC4vmOLFTSE2sXDa1XOBt5KfxkL6VxxZNWJNfJy5sxqorqD%2Bk0mHVCbIkMkECWqzW6IJvg3a%2FF670%2FWMqDenIgZbY4MYEjH07YWGiGoUOPu1AWIRIFzN9JfN7%2FBicfClgQGGNBSj%2BkhJ4OGsJ6N2SSCS0IaCgdL9jZXWTaJyH4ty%2F%2FlKSDL%2B43Q5eydUO5hFfIM95uoknlHQkolYbc%2FM7xqgg%2BFmzKn0GYY8lvLlw8vTv5%2FM65%2Bev%2F8R%2FI56BivH%2BbOBIW%2FOOucUvvIQ%3D%3D&nonce=7244&where=plugins.php%3F_detect_plugins_updates%3Dyes&sign_algo=7 HTTP/1.1" 302 1443 "-" "WordPress/6.9.4; https://sitecare.aveosupport.dk"
185.21.40.28 - - [06/Jul/2026:17:55:23 +0200] "GET /wp-content/plugins/really-simple-ssl/ssl-test-page.php HTTP/1.1" 200 636 "-" "WordPress/6.9.4; https://nordisk-netvaerk-neurorehab.com"
185.21.40.28 - - [06/Jul/2026:17:55:23 +0200] "GET /wp-json/ HTTP/1.1" 200 20548 "-" "WordPress/6.9.4; https://nordisk-netvaerk-neurorehab.com"
185.21.40.28 - - [06/Jul/2026:17:55:23 +0200] "GET /wp-content/uploads/code-execution.php HTTP/1.1" 200 458 "-" "WordPress/6.9.4; https://nordisk-netvaerk-neurorehab.com"
185.21.40.28 - - [06/Jul/2026:17:55:23 +0200] "GET /indexing-test/ HTTP/1.1" 404 374 "-" "WordPress/6.9.4; https://nordisk-netvaerk-neurorehab.com"
185.21.40.28 - - [06/Jul/2026:17:55:23 +0200] "GET / HTTP/1.1" 200 17373 "-" "WordPress/6.9.4; https://nordisk-netvaerk-neurorehab.com"
185.21.40.231 - - [06/Jul/2026:17:55:22 +0200] "GET /wp-admin/plugins.php?_detect_plugins_updates=yes HTTP/1.1" 200 44241 "-" "WordPress/6.9.4; https://sitecare.aveosupport.dk"
185.21.40.231 - - [06/Jul/2026:17:55:26 +0200] "POST /wp-admin/admin-ajax.php HTTP/1.1" 200 36662 "https://sitecare.aveosupport.dk" "Mozilla/5.0 (compatible; MainWP/6.0.9; +http://mainwp.com)"
185.21.40.231 - - [06/Jul/2026:17:55:32 +0200] "POST /wp-admin/admin-ajax.php HTTP/1.1" 200 614 "https://sitecare.aveosupport.dk" "Mozilla/5.0 (compatible; MainWP/6.0.9; +http://mainwp.com)"
185.21.40.231 - - [06/Jul/2026:17:55:32 +0200] "GET /wp-content/uploads/Tegnebraet-37-tryk.svg HTTP/1.1" 200 1486 "-" "Mozilla/5.0 (compatible; MainWP/6.0.9; +http://mainwp.com)"
185.21.40.28 - - [06/Jul/2026:18:05:17 +0200] "POST /wp-cron.php?doing_wp_cron=1783353917.6436059474945068359375 HTTP/1.1" 200 474 "-" "kr1i2h2mBszJ"
57.141.0.4 - - [06/Jul/2026:18:05:14 +0200] "GET /SiteMap.aspx HTTP/2" 404 56617 "-" "meta-externalagent/1.1 (+https://developers.facebook.com/docs/sharing/webmasters/crawler)"
216.73.216.190 - - [06/Jul/2026:18:22:51 +0200] "GET /robots.txt HTTP/2" 200 82 "-" "Mozilla/5.0 AppleWebKit/537.36 (KHTML, like Gecko; compatible; ClaudeBot/1.0; +claudebot@anthropic.com)"
216.73.216.190 - - [06/Jul/2026:18:22:51 +0200] "GET / HTTP/2" 200 16613 "-" "Mozilla/5.0 AppleWebKit/537.36 (KHTML, like Gecko; compatible; ClaudeBot/1.0; +claudebot@anthropic.com)"
185.21.40.28 - - [06/Jul/2026:18:30:41 +0200] "POST /wp-cron.php?doing_wp_cron=1783355441.1965570449829101562500 HTTP/1.1" 200 474 "-" "L5z8wHbEVg9z"
216.73.216.190 - - [06/Jul/2026:18:30:38 +0200] "GET /sitemap.xml HTTP/2" 301 0 "-" "Mozilla/5.0 AppleWebKit/537.36 (KHTML, like Gecko; compatible; ClaudeBot/1.0; +claudebot@anthropic.com)"
216.73.216.190 - - [06/Jul/2026:18:30:41 +0200] "GET /sitemap_index.xml HTTP/2" 200 293 "https://nordisk-netvaerk-neurorehab.com/sitemap.xml" "Mozilla/5.0 AppleWebKit/537.36 (KHTML, like Gecko; compatible; ClaudeBot/1.0; +claudebot@anthropic.com)"
216.73.216.190 - - [06/Jul/2026:18:52:53 +0200] "GET /robots.txt HTTP/2" 301 795 "-" "Mozilla/5.0 AppleWebKit/537.36 (KHTML, like Gecko; compatible; ClaudeBot/1.0; +claudebot@anthropic.com)"
216.73.216.190 - - [06/Jul/2026:18:52:53 +0200] "GET /robots.txt HTTP/2" 200 82 "https://www.nordisk-netvaerk-neurorehab.com/robots.txt" "Mozilla/5.0 AppleWebKit/537.36 (KHTML, like Gecko; compatible; ClaudeBot/1.0; +claudebot@anthropic.com)"
216.73.216.190 - - [06/Jul/2026:18:52:53 +0200] "GET / HTTP/2" 301 795 "-" "Mozilla/5.0 AppleWebKit/537.36 (KHTML, like Gecko; compatible; ClaudeBot/1.0; +claudebot@anthropic.com)"
216.73.216.190 - - [06/Jul/2026:18:52:53 +0200] "GET / HTTP/2" 200 16613 "https://www.nordisk-netvaerk-neurorehab.com/" "Mozilla/5.0 AppleWebKit/537.36 (KHTML, like Gecko; compatible; ClaudeBot/1.0; +claudebot@anthropic.com)"
185.21.40.28 - - [06/Jul/2026:19:03:36 +0200] "POST /wp-cron.php?doing_wp_cron=1783357416.7306230068206787109375 HTTP/1.1" 200 474 "-" "WordPress/6.9.4; https://nordisk-netvaerk-neurorehab.com"
143.198.202.164 - - [06/Jul/2026:19:03:35 +0200] "GET /wp-admin/install.php HTTP/1.1" 200 1109 "-" "Mozilla/5.0 (Macintosh; Intel Mac OS X 10_10_1) AppleWebKit/537.36 (KHTML, like Gecko) Chrome/39.0.2171.95 Safari/537.36"
185.21.40.28 - - [06/Jul/2026:19:03:42 +0200] "POST /wp-cron.php?doing_wp_cron=1783357422.1509649753570556640625 HTTP/1.1" 200 474 "-" "b22c2NnReN52"
143.198.202.164 - - [06/Jul/2026:19:03:41 +0200] "GET /wp/wp-admin/install.php HTTP/1.1" 404 14696 "-" "Mozilla/5.0 (Macintosh; Intel Mac OS X 10_10_1) AppleWebKit/537.36 (KHTML, like Gecko) Chrome/39.0.2171.95 Safari/537.36"
143.198.202.164 - - [06/Jul/2026:19:04:02 +0200] "GET /new/wp-admin/install.php HTTP/1.1" 404 14695 "-" "Mozilla/5.0 (Macintosh; Intel Mac OS X 10_10_1) AppleWebKit/537.36 (KHTML, like Gecko) Chrome/39.0.2171.95 Safari/537.36"
185.21.40.28 - - [06/Jul/2026:19:04:25 +0200] "POST /wp-cron.php?doing_wp_cron=1783357465.1713581085205078125000 HTTP/1.1" 200 474 "-" "FFu274FG0uUi"
143.198.202.164 - - [06/Jul/2026:19:04:24 +0200] "GET /old/wp-admin/install.php HTTP/1.1" 404 14694 "-" "Mozilla/5.0 (Macintosh; Intel Mac OS X 10_10_1) AppleWebKit/537.36 (KHTML, like Gecko) Chrome/39.0.2171.95 Safari/537.36"
185.21.40.28 - - [06/Jul/2026:19:05:02 +0200] "POST /wp-cron.php?doing_wp_cron=1783357502.7342059612274169921875 HTTP/1.1" 200 474 "-" "6wzAFGxPquHH"
143.198.202.164 - - [06/Jul/2026:19:05:02 +0200] "GET /wordpress/wp-admin/install.php HTTP/1.1" 404 14694 "-" "Mozilla/5.0 (Macintosh; Intel Mac OS X 10_10_1) AppleWebKit/537.36 (KHTML, like Gecko) Chrome/39.0.2171.95 Safari/537.36"
185.21.40.28 - - [06/Jul/2026:19:05:27 +0200] "POST /wp-cron.php?doing_wp_cron=1783357527.1143031120300292968750 HTTP/1.1" 200 474 "-" "qb53gVkgRKRI"
143.198.202.164 - - [06/Jul/2026:19:05:26 +0200] "GET /test/wp-admin/install.php HTTP/1.1" 404 14695 "-" "Mozilla/5.0 (Macintosh; Intel Mac OS X 10_10_1) AppleWebKit/537.36 (KHTML, like Gecko) Chrome/39.0.2171.95 Safari/537.36"
143.198.202.164 - - [06/Jul/2026:19:06:03 +0200] "GET /blog/wp-admin/install.php HTTP/1.1" 404 14693 "-" "Mozilla/5.0 (Macintosh; Intel Mac OS X 10_10_1) AppleWebKit/537.36 (KHTML, like Gecko) Chrome/39.0.2171.95 Safari/537.36"
185.21.40.28 - - [06/Jul/2026:19:06:41 +0200] "POST /wp-cron.php?doing_wp_cron=1783357601.9800279140472412109375 HTTP/1.1" 200 474 "-" "lVD79BictWME"
143.198.202.164 - - [06/Jul/2026:19:06:41 +0200] "GET /web/wp-admin/install.php HTTP/1.1" 404 14692 "-" "Mozilla/5.0 (Macintosh; Intel Mac OS X 10_10_1) AppleWebKit/537.36 (KHTML, like Gecko) Chrome/39.0.2171.95 Safari/537.36"
143.198.202.164 - - [06/Jul/2026:19:06:49 +0200] "GET /backup/wp-admin/install.php HTTP/1.1" 404 14694 "-" "Mozilla/5.0 (Macintosh; Intel Mac OS X 10_10_1) AppleWebKit/537.36 (KHTML, like Gecko) Chrome/39.0.2171.95 Safari/537.36"
185.21.40.28 - - [06/Jul/2026:19:07:41 +0200] "POST /wp-cron.php?doing_wp_cron=1783357660.9849030971527099609375 HTTP/1.1" 200 474 "-" "VDImowiUSaNj"
143.198.202.164 - - [06/Jul/2026:19:07:40 +0200] "GET /site/wp-admin/install.php HTTP/1.1" 404 14695 "-" "Mozilla/5.0 (Macintosh; Intel Mac OS X 10_10_1) AppleWebKit/537.36 (KHTML, like Gecko) Chrome/39.0.2171.95 Safari/537.36"
143.198.202.164 - - [06/Jul/2026:19:07:56 +0200] "GET /oldsite/wp-admin/install.php HTTP/1.1" 404 14695 "-" "Mozilla/5.0 (Macintosh; Intel Mac OS X 10_10_1) AppleWebKit/537.36 (KHTML, like Gecko) Chrome/39.0.2171.95 Safari/537.36"
216.73.216.82 - - [06/Jul/2026:19:27:01 +0200] "GET /sitemap.xml HTTP/2" 301 795 "-" "Mozilla/5.0 AppleWebKit/537.36 (KHTML, like Gecko; compatible; ClaudeBot/1.0; +claudebot@anthropic.com)"
216.73.216.82 - - [06/Jul/2026:19:27:01 +0200] "GET /sitemap.xml HTTP/2" 301 0 "https://www.nordisk-netvaerk-neurorehab.com/sitemap.xml" "Mozilla/5.0 AppleWebKit/537.36 (KHTML, like Gecko; compatible; ClaudeBot/1.0; +claudebot@anthropic.com)"
185.21.40.28 - - [06/Jul/2026:19:27:04 +0200] "POST /wp-cron.php?doing_wp_cron=1783358824.4905800819396972656250 HTTP/1.1" 200 474 "-" "bmXPOH5G2lHi"
216.73.216.82 - - [06/Jul/2026:19:27:02 +0200] "GET /sitemap_index.xml HTTP/2" 200 293 "https://nordisk-netvaerk-neurorehab.com/sitemap.xml" "Mozilla/5.0 AppleWebKit/537.36 (KHTML, like Gecko; compatible; ClaudeBot/1.0; +claudebot@anthropic.com)"
157.55.39.225 - - [06/Jul/2026:19:50:59 +0200] "GET /robots.txt HTTP/2" 200 82 "-" "Mozilla/5.0 AppleWebKit/537.36 (KHTML, like Gecko; compatible; bingbot/2.0; +http://www.bing.com/bingbot.htm) Chrome/116.0.1938.76 Safari/537.36"
185.21.40.28 - - [06/Jul/2026:19:51:17 +0200] "POST /wp-cron.php?doing_wp_cron=1783360277.2821290493011474609375 HTTP/1.1" 200 474 "-" "6xONeAzUPV1c"
52.167.144.21 - - [06/Jul/2026:19:51:13 +0200] "GET /shop/ HTTP/2" 404 12432 "-" "Mozilla/5.0 AppleWebKit/537.36 (KHTML, like Gecko; compatible; bingbot/2.0; +http://www.bing.com/bingbot.htm) Chrome/116.0.1938.76 Safari/537.36"
185.21.40.28 - - [06/Jul/2026:19:56:43 +0200] "POST /wp-cron.php?doing_wp_cron=1783360603.4728178977966308593750 HTTP/1.1" 200 474 "-" "7H4cLbxdJzG1"
83.110.128.51 - - [06/Jul/2026:19:56:41 +0200] "POST /xmlrpc.php HTTP/1.1" 200 962 "-" "Jetpack by WordPress.com"
83.110.128.51 - - [06/Jul/2026:19:56:51 +0200] "POST /xmlrpc.php HTTP/1.1" 200 784 "-" "WordPress.com; https://wordpress.com"
83.110.128.51 - - [06/Jul/2026:19:57:01 +0200] "POST /xmlrpc.php HTTP/1.1" 200 784 "-" "WordPress.com; https://wordpress.com"
83.110.128.51 - - [06/Jul/2026:19:57:12 +0200] "POST /xmlrpc.php HTTP/1.1" 200 784 "-" "Jetpack by WordPress.com (Jetpack 12.1; WordPress 6.2)"
83.110.128.51 - - [06/Jul/2026:19:57:23 +0200] "POST /xmlrpc.php HTTP/1.1" 200 784 "-" "WordPress.com; https://wordpress.com"
104.43.48.106 - - [06/Jul/2026:20:02:59 +0200] "GET /wp-login.php HTTP/2" 200 4365 "-" "Mozilla/5.0 (X11; CrOS x86_64 14541.0.0) AppleWebKit/537.36 (KHTML, like Gecko) Chrome/133.0.0.0 Safari/537.36"
185.21.40.28 - - [06/Jul/2026:20:03:02 +0200] "POST /wp-cron.php?doing_wp_cron=1783360982.4524760246276855468750 HTTP/1.1" 200 474 "-" "LYICeiNk4bjv"
104.43.48.106 - - [06/Jul/2026:20:03:00 +0200] "POST /wp-login.php HTTP/2" 200 4494 "https://nordisk-netvaerk-neurorehab.com/wp-login.php" "Mozilla/5.0 (X11; CrOS x86_64 14541.0.0) AppleWebKit/537.36 (KHTML, like Gecko) Chrome/133.0.0.0 Safari/537.36"
49.51.183.84 - - [06/Jul/2026:20:06:19 +0200] "GET / HTTP/1.1" 200 19985 "http://nordisk-netvaerk-neurorehab.com" "Mozilla/5.0 (iPhone; CPU iPhone OS 13_2_3 like Mac OS X) AppleWebKit/605.1.15 (KHTML, like Gecko) Version/13.0.3 Mobile/15E148 Safari/604.1"
185.21.40.28 - - [06/Jul/2026:20:07:32 +0200] "POST /wp-cron.php?doing_wp_cron=1783361252.5882189273834228515625 HTTP/1.1" 200 474 "-" "ECxZl5W1geKU"
83.110.128.51 - - [06/Jul/2026:20:07:30 +0200] "POST /xmlrpc.php HTTP/1.1" 200 962 "-" "Jetpack by WordPress.com (Jetpack 13.0; WordPress 6.3)"
83.110.128.51 - - [06/Jul/2026:20:07:41 +0200] "POST /xmlrpc.php HTTP/1.1" 200 784 "-" "Jetpack by WordPress.com (Jetpack 12.5; WordPress 6.2)"
83.110.128.51 - - [06/Jul/2026:20:07:52 +0200] "POST /xmlrpc.php HTTP/1.1" 200 784 "-" "Jetpack/13.0; WordPress/6.3; http://site70515482.com"
83.110.128.51 - - [06/Jul/2026:20:08:03 +0200] "POST /xmlrpc.php HTTP/1.1" 200 784 "-" "Jetpack by WordPress.com (Jetpack 12.0; WordPress 6.3)"
83.110.128.51 - - [06/Jul/2026:20:08:13 +0200] "POST /xmlrpc.php HTTP/1.1" 200 784 "-" "Jetpack by WordPress.com (Jetpack 13.0; WordPress 6.1)"
93.159.230.85 - - [06/Jul/2026:20:12:03 +0200] "GET / HTTP/1.1" 200 19985 "-" "Mozilla/5.0 (Linux; arm_64; Android 12; CPH2205) AppleWebKit/537.36 (KHTML, like Gecko) Chrome/110.0.0.0 YaBrowser/23.3.3.86.00 SA/3 Mobile Safari/537.36"
114.119.154.124 - - [06/Jul/2026:20:24:39 +0200] "GET /robots.txt HTTP/1.1" 200 533 "http://nordisk-netvaerk-neurorehab.com/robots.txt" "Mozilla/5.0 (Windows NT 10.0; Win64; x64) AppleWebKit/537.36 (KHTML, like Gecko) Chrome/148.0.0.0 Safari/537.36"
40.122.235.112 - - [06/Jul/2026:20:34:28 +0200] "GET /wp-content/uploads/Psychopharmacological-treatment-of-agitation-caused-by-brain-injury-okt-2021_TS.pdf HTTP/2" 200 140362 "-" "Mozilla/5.0 AppleWebKit/537.36 (KHTML, like Gecko); compatible; ChatGPT-User/1.0; +https://openai.com/bot"
111.225.148.201 - - [06/Jul/2026:20:37:04 +0200] "GET /robots.txt HTTP/1.1" 200 533 "-" "Mozilla/5.0 (Linux; Android 5.0) AppleWebKit/537.36 (KHTML, like Gecko) Mobile Safari/537.36 (compatible; Bytespider; https://zhanzhang.toutiao.com/)"
216.73.216.82 - - [06/Jul/2026:20:38:00 +0200] "GET /robots.txt HTTP/2" 301 795 "-" "Mozilla/5.0 AppleWebKit/537.36 (KHTML, like Gecko; compatible; ClaudeBot/1.0; +claudebot@anthropic.com)"
216.73.216.82 - - [06/Jul/2026:20:38:01 +0200] "GET /robots.txt HTTP/2" 200 82 "https://www.nordisk-netvaerk-neurorehab.com/robots.txt" "Mozilla/5.0 AppleWebKit/537.36 (KHTML, like Gecko; compatible; ClaudeBot/1.0; +claudebot@anthropic.com)"
216.73.216.82 - - [06/Jul/2026:20:38:01 +0200] "GET /sitemap.xml HTTP/2" 301 795 "-" "Mozilla/5.0 AppleWebKit/537.36 (KHTML, like Gecko; compatible; ClaudeBot/1.0; +claudebot@anthropic.com)"
185.21.40.28 - - [06/Jul/2026:20:38:04 +0200] "POST /wp-cron.php?doing_wp_cron=1783363084.6932549476623535156250 HTTP/1.1" 200 474 "-" "vJp2yjd0TN44"
216.73.216.82 - - [06/Jul/2026:20:38:01 +0200] "GET /sitemap.xml HTTP/2" 301 0 "https://www.nordisk-netvaerk-neurorehab.com/sitemap.xml" "Mozilla/5.0 AppleWebKit/537.36 (KHTML, like Gecko; compatible; ClaudeBot/1.0; +claudebot@anthropic.com)"
216.73.216.82 - - [06/Jul/2026:20:38:04 +0200] "GET /sitemap_index.xml HTTP/2" 200 293 "https://nordisk-netvaerk-neurorehab.com/sitemap.xml" "Mozilla/5.0 AppleWebKit/537.36 (KHTML, like Gecko; compatible; ClaudeBot/1.0; +claudebot@anthropic.com)"
192.144.148.122 - - [06/Jul/2026:20:39:25 +0200] "GET / HTTP/1.1" 200 19985 "http://nordisk-netvaerk-neurorehab.com" "Mozilla/5.0 (iPhone; CPU iPhone OS 13_2_3 like Mac OS X) AppleWebKit/605.1.15 (KHTML, like Gecko) Version/13.0.3 Mobile/15E148 Safari/604.1"
111.88.171.217 - - [06/Jul/2026:20:40:25 +0200] "GET /robots.txt HTTP/1.1" 200 570 "-" "Mozilla/5.0 (Macintosh; Intel Mac OS X 15.2; rv:134.0) Gecko/20100101 Firefox/134.0"
104.244.79.40 - - [06/Jul/2026:20:48:33 +0200] "GET /wp-login.php HTTP/2" 200 4365 "-" "Mozilla/5.0 (Macintosh; Intel Mac OS X 10_15_7) AppleWebKit/537.36 (KHTML, like Gecko) Chrome/133.0.0.0 Safari/537.36 Edg/133.0.0.0"
185.21.40.28 - - [06/Jul/2026:20:48:36 +0200] "POST /wp-cron.php?doing_wp_cron=1783363716.8423440456390380859375 HTTP/1.1" 200 474 "-" "Hm7xe3szpKUZ"
104.244.79.40 - - [06/Jul/2026:20:48:34 +0200] "POST /wp-login.php HTTP/2" 200 4494 "https://nordisk-netvaerk-neurorehab.com/wp-login.php" "Mozilla/5.0 (Macintosh; Intel Mac OS X 10_15_7) AppleWebKit/537.36 (KHTML, like Gecko) Chrome/133.0.0.0 Safari/537.36 Edg/133.0.0.0"
57.141.0.23 - - [06/Jul/2026:20:48:51 +0200] "GET /news-sitemap.xml HTTP/2" 404 56447 "-" "meta-externalagent/1.1 (+https://developers.facebook.com/docs/sharing/webmasters/crawler)"
169.224.36.8 - - [06/Jul/2026:20:50:07 +0200] "GET /nordic-network-for-neurorehabilitation-meeting-2025/ HTTP/1.1" 200 17076 "-" "Mozilla/5.0 (Macintosh; Intel Mac OS X 10_15_7) AppleWebKit/537.36 (KHTML, like Gecko) Chrome/106.0.0.0 Safari/537.36"
101.33.55.204 - - [06/Jul/2026:20:55:49 +0200] "GET / HTTP/1.1" 200 19985 "http://www.nordisk-netvaerk-neurorehab.com" "Mozilla/5.0 (iPhone; CPU iPhone OS 13_2_3 like Mac OS X) AppleWebKit/605.1.15 (KHTML, like Gecko) Version/13.0.3 Mobile/15E148 Safari/604.1"
185.21.40.231 - - [06/Jul/2026:21:00:02 +0200] "HEAD / HTTP/1.1" 200 729 "https://sitecare.aveosupport.dk" "Mozilla/5.0 (compatible; MainWP/6.0.9; +http://mainwp.com)"
185.21.40.231 - - [06/Jul/2026:21:00:02 +0200] "HEAD / HTTP/1.1" 200 729 "https://sitecare.aveosupport.dk" "Mozilla/5.0 (compatible; MainWP/6.0.9; +http://mainwp.com)"
185.21.40.28 - - [06/Jul/2026:21:00:12 +0200] "POST /wp-cron.php?doing_wp_cron=1783364412.5041680335998535156250 HTTP/1.1" 200 474 "-" "oZCUeHY5fpx5"
185.147.157.70 - - [06/Jul/2026:21:00:10 +0200] "GET /about.php?520 HTTP/1.1" 404 14752 "-" "Mozlila/5.0 (Linux; Android 7.0; SM-G892A Bulid/NRD90M; wv) AppleWebKit/537.36 (KHTML, like Gecko) Version/4.0 Chrome/60.0.3112.107 Moblie Safari/537.36"
148.251.121.91 - - [06/Jul/2026:21:13:36 +0200] "HEAD / HTTP/1.1" 200 729 "-" "DomainStatsBot/1.0 (https://domainstats.com/pages/our-bot)"
148.251.121.91 - - [06/Jul/2026:21:13:36 +0200] "GET /robots.txt HTTP/1.1" 200 570 "-" "DomainStatsBot/1.0 (https://domainstats.com/pages/our-bot)"
148.251.121.91 - - [06/Jul/2026:21:13:36 +0200] "GET / HTTP/1.1" 200 89140 "-" "DomainStatsBot/1.0 (https://domainstats.com/pages/our-bot)"
172.232.146.4 - - [06/Jul/2026:21:44:41 +0200] "GET / HTTP/1.1" 200 19985 "http://nordisk-netvaerk-neurorehab.com" "Mozilla/5.0 (Windows NT 10.0; Win64; x64) AppleWebKit/537.36 (KHTML, like Gecko) Chrome/105.0.0.0 Safari/537.36"
34.156.245.59 - - [06/Jul/2026:22:21:21 +0200] "GET /robots.txt HTTP/1.1" 200 570 "-" "Mozilla/5.0 (compatible; VelenPublicWebCrawler/1.0; +https://velen.io)"
185.21.40.28 - - [06/Jul/2026:22:21:31 +0200] "POST /wp-cron.php?doing_wp_cron=1783369291.6196029186248779296875 HTTP/1.1" 200 474 "-" "Tm2EbBusxD0g"
34.156.245.59 - - [06/Jul/2026:22:21:25 +0200] "GET /nordisk-netvaerk/organisering HTTP/1.1" 404 14752 "http://nordisk-netvaerk-neurorehab.com/nordisk-netvaerk/organisering" "Mozilla/5.0 (compatible; VelenPublicWebCrawler/1.0; +https://velen.io)"
182.38.126.19 - - [06/Jul/2026:22:34:03 +0200] "GET / HTTP/2" 200 16613 "-" "Mozilla/5.0 (Windows NT 10.0; WOW64) AppleWebKit/537.36 (KHTML, like Gecko) Chrome/131.0.0.0 Safari/537.36 QIHU 360SE"
106.8.136.83 - - [06/Jul/2026:22:34:06 +0200] "GET /wp-content/uploads/elementor/css/post-1045.css?ver=1782266808 HTTP/1.1" 200 1830 "https://nordisk-netvaerk-neurorehab.com/" "YisouSpider"
116.132.216.67 - - [06/Jul/2026:22:34:06 +0200] "GET /wp-includes/js/jquery/jquery-migrate.min.js?ver=3.4.1 HTTP/1.1" 200 5269 "https://nordisk-netvaerk-neurorehab.com/" "YisouSpider"
106.8.139.195 - - [06/Jul/2026:22:34:06 +0200] "GET /wp-content/plugins/elementor-pro/assets/css/modules/sticky.min.css?ver=4.0.4 HTTP/1.1" 200 691 "https://nordisk-netvaerk-neurorehab.com/" "YisouSpider"
106.8.136.52 - - [06/Jul/2026:22:34:06 +0200] "GET /wp-content/plugins/elementor/assets/css/widget-image.min.css?ver=4.0.7 HTTP/1.1" 200 669 "https://nordisk-netvaerk-neurorehab.com/" "YisouSpider"
106.8.139.180 - - [06/Jul/2026:22:34:06 +0200] "GET /wp-content/plugins/elementor/assets/lib/font-awesome/css/all.min.css?ver=4.0.7 HTTP/1.1" 200 12958 "https://nordisk-netvaerk-neurorehab.com/" "YisouSpider"
123.182.48.52 - - [06/Jul/2026:22:34:06 +0200] "GET /wp-content/plugins/complianz-gdpr/assets/css/cookieblocker.min.css?ver=1778071862 HTTP/1.1" 200 1190 "https://nordisk-netvaerk-neurorehab.com/" "YisouSpider"
106.8.139.45 - - [06/Jul/2026:22:34:06 +0200] "GET /wp-content/uploads/elementor/css/post-1041.css?ver=1782266807 HTTP/1.1" 200 1501 "https://nordisk-netvaerk-neurorehab.com/" "YisouSpider"
106.8.137.222 - - [06/Jul/2026:22:34:06 +0200] "GET /wp-content/plugins/elementor-pro/assets/css/widget-loop-common.min.css?ver=4.0.4 HTTP/1.1" 200 692 "https://nordisk-netvaerk-neurorehab.com/" "YisouSpider"
124.239.12.229 - - [06/Jul/2026:22:34:06 +0200] "GET /wp-content/plugins/elementor-pro/assets/css/widget-loop-carousel.min.css?ver=4.0.4 HTTP/1.1" 200 1821 "https://nordisk-netvaerk-neurorehab.com/" "YisouSpider"
106.8.131.121 - - [06/Jul/2026:22:34:06 +0200] "GET /wp-content/themes/hello-elementor/assets/css/theme.css?ver=3.4.7 HTTP/1.1" 200 1703 "https://nordisk-netvaerk-neurorehab.com/" "YisouSpider"
124.239.12.228 - - [06/Jul/2026:22:34:06 +0200] "GET /wp-content/plugins/elementor/assets/lib/eicons/css/elementor-icons.min.css?ver=5.48.0 HTTP/1.1" 200 4664 "https://nordisk-netvaerk-neurorehab.com/" "YisouSpider"
106.8.136.126 - - [06/Jul/2026:22:34:06 +0200] "GET /wp-content/plugins/elementor/assets/lib/animations/styles/slideInUp.min.css?ver=4.0.7 HTTP/1.1" 200 675 "https://nordisk-netvaerk-neurorehab.com/" "YisouSpider"
124.239.12.31 - - [06/Jul/2026:22:34:06 +0200] "GET /wp-content/plugins/aveo-elementor/content/dynamic-tags/scroll-to-top/scroll-to-top.css?ver=1778071857 HTTP/1.1" 200 565 "https://nordisk-netvaerk-neurorehab.com/" "YisouSpider"
