185.21.40.28 - - [08/Jul/2026:16:00:17 +0200] "POST /wp-cron.php?doing_wp_cron=1783519217.6955869197845458984375 HTTP/1.1" 200 474 "-" "NUop0anLqOYA"
136.144.42.157 - - [08/Jul/2026:16:00:15 +0200] "POST /wp-login.php HTTP/1.1" 200 6110 "-" "Mozilla/5.0 (Windows NT 10.0; Win64; rv:143.0) Gecko/20100101 Firefox/143.0"
80.225.241.84 - - [08/Jul/2026:16:05:50 +0200] "POST / HTTP/1.1" 301 1241 "-" "Mozilla/5.0 (Windows NT 10.0; Win64; x64) AppleWebKit/537.36 (KHTML, like Gecko) Chrome/60.0.3112.113 Safari/537.36 Assetnote/1.0.0"
80.225.241.84 - - [08/Jul/2026:16:05:53 +0200] "HEAD / HTTP/1.1" 301 400 "-" "python-requests/2.31.0"
185.21.40.28 - - [08/Jul/2026:16:15:27 +0200] "POST /wp-cron.php?doing_wp_cron=1783520127.6417529582977294921875 HTTP/1.1" 200 474 "-" "ZHUUUUqpUg3V"
45.132.227.159 - - [08/Jul/2026:16:15:20 +0200] "POST /wp-login.php HTTP/1.1" 200 6111 "-" "Mozilla/5.0 (Macintosh; Intel Mac OS X 10_15_7) AppleWebKit/605.1.15 Version/17.0 Safari/605.1.15"
185.21.40.28 - - [08/Jul/2026:16:15:35 +0200] "GET /?wp_scrape_key=6f470a7020bd1fc82c6cb8467447602a&wp_scrape_nonce=1783520133 HTTP/1.1" 200 17646 "-" "WordPress/6.9.4; https://nordisk-netvaerk-neurorehab.com"
216.73.217.18 - - [08/Jul/2026:16:21:50 +0200] "GET /robots.txt HTTP/2" 301 795 "-" "Mozilla/5.0 AppleWebKit/537.36 (KHTML, like Gecko; compatible; ClaudeBot/1.0; +claudebot@anthropic.com)"
216.73.217.18 - - [08/Jul/2026:16:21:51 +0200] "GET /robots.txt HTTP/2" 200 82 "https://www.nordisk-netvaerk-neurorehab.com/robots.txt" "Mozilla/5.0 AppleWebKit/537.36 (KHTML, like Gecko; compatible; ClaudeBot/1.0; +claudebot@anthropic.com)"
216.73.217.18 - - [08/Jul/2026:16:21:51 +0200] "GET /sitemap.xml HTTP/2" 301 795 "-" "Mozilla/5.0 AppleWebKit/537.36 (KHTML, like Gecko; compatible; ClaudeBot/1.0; +claudebot@anthropic.com)"
185.21.40.28 - - [08/Jul/2026:16:21:53 +0200] "POST /wp-cron.php?doing_wp_cron=1783520513.5833148956298828125000 HTTP/1.1" 200 474 "-" "f7mm3qvT04zt"
216.73.217.18 - - [08/Jul/2026:16:21:52 +0200] "GET /sitemap.xml HTTP/2" 301 0 "https://www.nordisk-netvaerk-neurorehab.com/sitemap.xml" "Mozilla/5.0 AppleWebKit/537.36 (KHTML, like Gecko; compatible; ClaudeBot/1.0; +claudebot@anthropic.com)"
216.73.217.18 - - [08/Jul/2026:16:21:53 +0200] "GET /sitemap_index.xml HTTP/2" 200 293 "https://nordisk-netvaerk-neurorehab.com/sitemap.xml" "Mozilla/5.0 AppleWebKit/537.36 (KHTML, like Gecko; compatible; ClaudeBot/1.0; +claudebot@anthropic.com)"
185.21.40.28 - - [08/Jul/2026:16:24:39 +0200] "POST /wp-cron.php?doing_wp_cron=1783520679.4452469348907470703125 HTTP/1.1" 200 474 "-" "iSXt2ODUV5Bu"
185.251.19.11 - - [08/Jul/2026:16:24:37 +0200] "POST /wp-login.php HTTP/1.1" 200 6112 "-" "Mozilla/5.0 (Windows NT 10.0; Win64; rv:143.0) Gecko/20100101 Firefox/143.0"
156.59.198.136 - - [08/Jul/2026:16:25:47 +0200] "GET /wp-content/uploads/PSH.pdf HTTP/2" 200 360770 "-" "Mozilla/5.0 (Linux; Android 5.0) AppleWebKit/537.36 (KHTML, like Gecko) Mobile Safari/537.36 (compatible; Bytespider; spider-feedback@bytedance.com)"
37.140.192.215 - - [08/Jul/2026:16:34:00 +0200] "GET /wp-json/gravitysmtp/v1/tests/mock-data?page=gravitysmtp-settings HTTP/1.1" 301 1090 "-" "-"
185.21.40.28 - - [08/Jul/2026:16:34:02 +0200] "POST /wp-cron.php?doing_wp_cron=1783521242.3380210399627685546875 HTTP/1.1" 200 474 "-" "3DZedwAeYOS8"
37.140.192.215 - - [08/Jul/2026:16:34:00 +0200] "GET /wp-json/gravitysmtp/v1/tests/mock-data?page=gravitysmtp-settings HTTP/1.1" 404 683 "-" "-"
185.21.40.28 - - [08/Jul/2026:16:38:30 +0200] "POST /wp-cron.php?doing_wp_cron=1783521510.2202360630035400390625 HTTP/1.1" 200 474 "-" "wecJ6VTIIOlG"
85.214.6.204 - - [08/Jul/2026:16:38:27 +0200] "GET / HTTP/1.1" 200 20145 "-" "python-requests/2.31.0"
172.86.72.72 - - [08/Jul/2026:16:39:01 +0200] "GET /.git/config HTTP/1.1" 403 350 "-" "Mozilla/5.0 (X11; Linux x86_64)"
3.75.46.110 - - [08/Jul/2026:16:46:37 +0200] "GET / HTTP/1.1" 200 89103 "-" "check_http/v2.4.0 (monitoring-plugins 2.4.0)"
185.21.40.28 - - [08/Jul/2026:16:46:57 +0200] "POST /wp-cron.php?doing_wp_cron=1783522017.4591250419616699218750 HTTP/1.1" 200 474 "-" "LRa0OhlpsPcJ"
3.75.46.110 - - [08/Jul/2026:16:46:55 +0200] "GET /wp-login.php HTTP/1.1" 200 18210 "-" "check_http/v2.4.0 (monitoring-plugins 2.4.0)"
3.75.46.110 - - [08/Jul/2026:16:47:14 +0200] "GET / HTTP/1.1" 200 89103 "-" "check_http/v2.4.0 (monitoring-plugins 2.4.0)"
195.178.110.159 - - [08/Jul/2026:16:59:42 +0200] "GET /.git/config HTTP/1.1" 403 350 "-" "Mozilla/5.0 (Macintosh; Intel Mac OS X 10_15_7) AppleWebKit/605.1.15 (KHTML, like Gecko) Version/18.3.1 Safari/605.1.15"
202.76.132.78 - - [08/Jul/2026:17:01:15 +0200] "GET / HTTP/1.1" 200 19971 "-" "Mozilla/5.0 (Macintosh; Intel Mac OS X 14_4_1) AppleWebKit/537.36 (KHTML, like Gecko) Chrome/124.0.6367.207 Safari/537.36"
150.251.145.125 - - [08/Jul/2026:17:08:09 +0200] "GET / HTTP/2" 200 16628 "-" "Mozilla/5.0 (X11; Linux x86_64) AppleWebKit/536.5 (KHTML, like Gecko) Chrome/19.0.1084.9 Safari/536.5"
185.21.40.28 - - [08/Jul/2026:17:09:26 +0200] "POST /wp-cron.php?doing_wp_cron=1783523366.3921129703521728515625 HTTP/1.1" 200 474 "-" "UlDGcW0qKw0y"
172.213.21.24 - - [08/Jul/2026:17:09:22 +0200] "GET /rehabilitation-units/ HTTP/2" 200 22355 "-" "Mozilla/5.0 AppleWebKit/537.36 (KHTML, like Gecko); compatible; ChatGPT-User/1.0; +https://openai.com/bot"
74.7.175.130 - - [08/Jul/2026:17:09:50 +0200] "GET /robots.txt HTTP/2" 200 82 "-" "Mozilla/5.0 (Macintosh; Intel Mac OS X 10_15_7) AppleWebKit/537.36 (KHTML, like Gecko) Chrome/131.0.0.0 Safari/537.36; compatible; OAI-SearchBot/1.4; robots.txt; +https://openai.com/searchbot"
51.68.107.159 - - [08/Jul/2026:17:11:31 +0200] "GET /robots.txt HTTP/1.1" 200 570 "-" "Mozilla/5.0 (compatible; MJ12bot/v2.0.5; http://mj12bot.com/)"
51.68.107.159 - - [08/Jul/2026:17:11:31 +0200] "GET / HTTP/1.1" 200 17265 "-" "Mozilla/5.0 (compatible; MJ12bot/v2.0.5; http://mj12bot.com/)"
170.106.167.214 - - [08/Jul/2026:17:17:59 +0200] "GET / HTTP/1.1" 200 19971 "http://nordisk-netvaerk-neurorehab.com" "Mozilla/5.0 (iPhone; CPU iPhone OS 13_2_3 like Mac OS X) AppleWebKit/605.1.15 (KHTML, like Gecko) Version/13.0.3 Mobile/15E148 Safari/604.1"
74.7.227.183 - - [08/Jul/2026:17:47:21 +0200] "GET / HTTP/2" 200 16628 "https://robuta.com" "Mozilla/5.0 AppleWebKit/537.36 (KHTML, like Gecko; compatible; GPTBot/1.4; +https://openai.com/gptbot)"
45.131.195.94 - - [08/Jul/2026:17:47:30 +0200] "GET /wp-login.php HTTP/1.1" 200 5887 "-" "Mozilla/5.0 (Windows NT 10.0; Win64; rv:143.0) Gecko/20100101 Firefox/143.0"
74.7.227.183 - - [08/Jul/2026:17:47:35 +0200] "GET /wp-content/uploads/elementor/css/post-1045.css?ver=1783521509 HTTP/2" 200 1253 "https://nordisk-netvaerk-neurorehab.com/" "Mozilla/5.0 AppleWebKit/537.36 (KHTML, like Gecko; compatible; GPTBot/1.4; +https://openai.com/gptbot)"
185.21.40.28 - - [08/Jul/2026:17:47:35 +0200] "POST /wp-cron.php?doing_wp_cron=1783525655.2280108928680419921875 HTTP/1.1" 200 474 "-" "yB6TDJeUAYP8"
45.131.195.94 - - [08/Jul/2026:17:47:31 +0200] "GET /?author=1 HTTP/1.1" 301 357 "-" "Mozilla/5.0 (Windows NT 10.0; Win64; x64) AppleWebKit/537.36 Chrome/129.0.0.0 Safari/537.36"
45.131.195.94 - - [08/Jul/2026:17:47:35 +0200] "GET /?rest_route=/wp/v2/users HTTP/1.1" 200 1131 "-" "Mozilla/5.0 (Macintosh; Intel Mac OS X 10_15_7) AppleWebKit/605.1.15 Version/17.0 Safari/605.1.15"
74.7.227.183 - - [08/Jul/2026:17:47:45 +0200] "GET /wp-content/uploads/elementor/css/post-1041.css?ver=1783521509 HTTP/2" 200 925 "https://nordisk-netvaerk-neurorehab.com/" "Mozilla/5.0 AppleWebKit/537.36 (KHTML, like Gecko; compatible; GPTBot/1.4; +https://openai.com/gptbot)"
74.7.227.183 - - [08/Jul/2026:17:47:56 +0200] "GET /wp-content/uploads/elementor/css/post-1070.css?ver=1783521509 HTTP/2" 200 1546 "https://nordisk-netvaerk-neurorehab.com/" "Mozilla/5.0 AppleWebKit/537.36 (KHTML, like Gecko; compatible; GPTBot/1.4; +https://openai.com/gptbot)"
74.7.227.183 - - [08/Jul/2026:17:48:06 +0200] "GET /wp-content/uploads/elementor/css/post-1051.css?ver=1783521509 HTTP/2" 200 1543 "https://nordisk-netvaerk-neurorehab.com/" "Mozilla/5.0 AppleWebKit/537.36 (KHTML, like Gecko; compatible; GPTBot/1.4; +https://openai.com/gptbot)"
185.21.40.28 - - [08/Jul/2026:17:55:28 +0200] "POST /wp-cron.php?doing_wp_cron=1783526128.2143061161041259765625 HTTP/1.1" 200 474 "-" "zKSsWRiSlxLB"
185.21.40.231 - - [08/Jul/2026:17:55:26 +0200] "GET /?login_required=1&user=AVEO&mainwpsignature=SX3qXoGXHqZJ2HXK6EYxNINvEu9xgomB%2FvehsUS%2BOM0vjJ22corg%2BYjJFmUeQzcR%2BGiMYxaoBG1pQyb5ZWbeil4LSehPbWT7wHdVJCkw98rFhndmxyTGTQYBbx3ONVAB1n4TllZXhVVdUUwTi%2FCriRmTsTdr26fSnh3lRvyx92bH6N6qi%2BSR928otzgotrJOgNfZ2vGlDMg6ARHarDFRCcE5UzcFhKw2pPLqHyPpVu0%2FeqBJHEAb7K2zUmwmhjTT5i%2Fquf3GwVcC%2BCZteJOaHNyV5Q%2B7NlyfCTpSa7VTxPMKuB0eCTQH2cXely5zrJ70ajAiXiOsRYf1Suyp%2FZc0sg%3D%3D&nonce=979&where=plugins.php%3F_detect_plugins_updates%3Dyes&sign_algo=7 HTTP/1.1" 302 1443 "-" "WordPress/6.9.4; https://sitecare.aveosupport.dk"
185.21.40.28 - - [08/Jul/2026:17:55:29 +0200] "GET /wp-content/plugins/really-simple-ssl/ssl-test-page.php HTTP/1.1" 200 636 "-" "WordPress/6.9.4; https://nordisk-netvaerk-neurorehab.com"
185.21.40.28 - - [08/Jul/2026:17:55:29 +0200] "GET /wp-json/ HTTP/1.1" 200 20711 "-" "WordPress/6.9.4; https://nordisk-netvaerk-neurorehab.com"
185.21.40.28 - - [08/Jul/2026:17:55:30 +0200] "GET /wp-content/uploads/code-execution.php HTTP/1.1" 200 458 "-" "WordPress/6.9.4; https://nordisk-netvaerk-neurorehab.com"
185.21.40.28 - - [08/Jul/2026:17:55:30 +0200] "GET /indexing-test/ HTTP/1.1" 404 374 "-" "WordPress/6.9.4; https://nordisk-netvaerk-neurorehab.com"
185.21.40.28 - - [08/Jul/2026:17:55:30 +0200] "GET / HTTP/1.1" 200 17406 "-" "WordPress/6.9.4; https://nordisk-netvaerk-neurorehab.com"
185.21.40.28 - - [08/Jul/2026:17:55:30 +0200] "GET / HTTP/1.1" 200 88962 "-" "-"
185.21.40.28 - - [08/Jul/2026:17:55:30 +0200] "GET /wp-content/plugins/really-simple-ssl/testssl/serverhttpson/ssl-test-page.html HTTP/1.1" 200 610 "-" "WordPress/6.9.4; https://nordisk-netvaerk-neurorehab.com"
185.21.40.231 - - [08/Jul/2026:17:55:29 +0200] "GET /wp-admin/plugins.php?_detect_plugins_updates=yes HTTP/1.1" 200 44291 "-" "WordPress/6.9.4; https://sitecare.aveosupport.dk"
185.21.40.231 - - [08/Jul/2026:17:55:33 +0200] "POST /wp-admin/admin-ajax.php HTTP/1.1" 200 36670 "https://sitecare.aveosupport.dk" "Mozilla/5.0 (compatible; MainWP/6.0.9; +http://mainwp.com)"
185.21.40.231 - - [08/Jul/2026:17:55:40 +0200] "POST /wp-admin/admin-ajax.php HTTP/1.1" 200 614 "https://sitecare.aveosupport.dk" "Mozilla/5.0 (compatible; MainWP/6.0.9; +http://mainwp.com)"
185.21.40.231 - - [08/Jul/2026:17:55:40 +0200] "GET /wp-content/uploads/Tegnebraet-37-tryk.svg HTTP/1.1" 200 1486 "-" "Mozilla/5.0 (compatible; MainWP/6.0.9; +http://mainwp.com)"
17.241.219.238 - - [08/Jul/2026:17:56:23 +0200] "GET /robots.txt HTTP/2" 200 82 "-" "Mozilla/5.0 (Macintosh; Intel Mac OS X 10_15_7) AppleWebKit/605.1.15 (KHTML, like Gecko) Version/17.4 Safari/605.1.15 (Applebot/0.1; +http://www.apple.com/go/applebot)"
17.241.219.238 - - [08/Jul/2026:17:56:23 +0200] "GET / HTTP/2" 200 19172 "-" "Mozilla/5.0 (Macintosh; Intel Mac OS X 10_15_7) AppleWebKit/605.1.15 (KHTML, like Gecko) Version/17.4 Safari/605.1.15 (Applebot/0.1; +http://www.apple.com/go/applebot)"
40.77.167.32 - - [08/Jul/2026:17:57:57 +0200] "GET /wp-content/uploads/Linkoebing-1024x576.png HTTP/2" 200 366164 "-" "Mozilla/5.0 AppleWebKit/537.36 (KHTML, like Gecko; compatible; bingbot/2.0; +http://www.bing.com/bingbot.htm) Chrome/116.0.1938.76 Safari/537.36"
185.21.40.28 - - [08/Jul/2026:17:58:02 +0200] "POST /wp-cron.php?doing_wp_cron=1783526282.6280970573425292968750 HTTP/1.1" 200 474 "-" "0nVJV47qgxFm"
57.141.0.40 - - [08/Jul/2026:17:58:00 +0200] "GET /sitemap.html HTTP/2" 404 56617 "-" "meta-externalagent/1.1 (+https://developers.facebook.com/docs/sharing/webmasters/crawler)"
49.51.195.195 - - [08/Jul/2026:18:01:18 +0200] "GET / HTTP/1.1" 200 19971 "http://www.nordisk-netvaerk-neurorehab.com" "Mozilla/5.0 (iPhone; CPU iPhone OS 13_2_3 like Mac OS X) AppleWebKit/605.1.15 (KHTML, like Gecko) Version/13.0.3 Mobile/15E148 Safari/604.1"
17.241.75.80 - - [08/Jul/2026:18:04:28 +0200] "GET /wp-content/plugins/honeypot/includes/css/wpa.css?ver=2.3.04 HTTP/2" 200 249 "https://nordisk-netvaerk-neurorehab.com/" "Mozilla/5.0 (Macintosh; Intel Mac OS X 10_15_7) AppleWebKit/605.1.15 (KHTML, like Gecko) Version/17.4 Safari/605.1.15 (Applebot/0.1; +http://www.apple.com/go/applebot)"
17.241.75.80 - - [08/Jul/2026:18:04:28 +0200] "GET /wp-content/themes/hello-elementor/assets/css/header-footer.css?ver=3.4.7 HTTP/2" 200 1261 "https://nordisk-netvaerk-neurorehab.com/" "Mozilla/5.0 (Macintosh; Intel Mac OS X 10_15_7) AppleWebKit/605.1.15 (KHTML, like Gecko) Version/17.4 Safari/605.1.15 (Applebot/0.1; +http://www.apple.com/go/applebot)"
17.241.75.80 - - [08/Jul/2026:18:04:30 +0200] "GET /wp-content/themes/hello-elementor/assets/css/theme.css?ver=3.4.7 HTTP/2" 200 1126 "https://nordisk-netvaerk-neurorehab.com/" "Mozilla/5.0 (Macintosh; Intel Mac OS X 10_15_7) AppleWebKit/605.1.15 (KHTML, like Gecko) Version/17.4 Safari/605.1.15 (Applebot/0.1; +http://www.apple.com/go/applebot)"
17.241.75.80 - - [08/Jul/2026:18:04:31 +0200] "GET /wp-content/plugins/aveo-elementor/content/dynamic-tags/scroll-to-top/scroll-to-top.css?ver=1778071857 HTTP/2" 200 37 "https://nordisk-netvaerk-neurorehab.com/" "Mozilla/5.0 (Macintosh; Intel Mac OS X 10_15_7) AppleWebKit/605.1.15 (KHTML, like Gecko) Version/17.4 Safari/605.1.15 (Applebot/0.1; +http://www.apple.com/go/applebot)"
17.241.75.80 - - [08/Jul/2026:18:04:33 +0200] "GET /wp-content/plugins/complianz-gdpr/assets/css/cookieblocker.min.css?ver=1778071862 HTTP/2" 200 615 "https://nordisk-netvaerk-neurorehab.com/" "Mozilla/5.0 (Macintosh; Intel Mac OS X 10_15_7) AppleWebKit/605.1.15 (KHTML, like Gecko) Version/17.4 Safari/605.1.15 (Applebot/0.1; +http://www.apple.com/go/applebot)"
17.241.75.80 - - [08/Jul/2026:18:04:35 +0200] "GET /wp-content/themes/hello-elementor/assets/css/reset.css?ver=3.4.7 HTTP/2" 200 1581 "https://nordisk-netvaerk-neurorehab.com/" "Mozilla/5.0 (Macintosh; Intel Mac OS X 10_15_7) AppleWebKit/605.1.15 (KHTML, like Gecko) Version/17.4 Safari/605.1.15 (Applebot/0.1; +http://www.apple.com/go/applebot)"
17.241.75.80 - - [08/Jul/2026:18:04:36 +0200] "GET /wp-content/plugins/elementor/assets/css/frontend.min.css?ver=4.0.7 HTTP/2" 200 6613 "https://nordisk-netvaerk-neurorehab.com/" "Mozilla/5.0 (Macintosh; Intel Mac OS X 10_15_7) AppleWebKit/605.1.15 (KHTML, like Gecko) Version/17.4 Safari/605.1.15 (Applebot/0.1; +http://www.apple.com/go/applebot)"
17.241.75.80 - - [08/Jul/2026:18:04:38 +0200] "GET /wp-content/plugins/elementor/assets/css/widget-image.min.css?ver=4.0.7 HTTP/2" 200 96 "https://nordisk-netvaerk-neurorehab.com/" "Mozilla/5.0 (Macintosh; Intel Mac OS X 10_15_7) AppleWebKit/605.1.15 (KHTML, like Gecko) Version/17.4 Safari/605.1.15 (Applebot/0.1; +http://www.apple.com/go/applebot)"
17.241.75.80 - - [08/Jul/2026:18:04:39 +0200] "GET /wp-content/plugins/elementor-pro/assets/css/widget-nav-menu.min.css?ver=4.0.4 HTTP/2" 200 3241 "https://nordisk-netvaerk-neurorehab.com/" "Mozilla/5.0 (Macintosh; Intel Mac OS X 10_15_7) AppleWebKit/605.1.15 (KHTML, like Gecko) Version/17.4 Safari/605.1.15 (Applebot/0.1; +http://www.apple.com/go/applebot)"
17.241.75.80 - - [08/Jul/2026:18:04:40 +0200] "GET /wp-content/plugins/elementor-pro/assets/css/modules/sticky.min.css?ver=4.0.4 HTTP/2" 200 162 "https://nordisk-netvaerk-neurorehab.com/" "Mozilla/5.0 (Macintosh; Intel Mac OS X 10_15_7) AppleWebKit/605.1.15 (KHTML, like Gecko) Version/17.4 Safari/605.1.15 (Applebot/0.1; +http://www.apple.com/go/applebot)"
17.241.75.80 - - [08/Jul/2026:18:04:42 +0200] "GET /wp-content/plugins/elementor/assets/css/widget-icon-list.min.css?ver=4.0.7 HTTP/2" 200 928 "https://nordisk-netvaerk-neurorehab.com/" "Mozilla/5.0 (Macintosh; Intel Mac OS X 10_15_7) AppleWebKit/605.1.15 (KHTML, like Gecko) Version/17.4 Safari/605.1.15 (Applebot/0.1; +http://www.apple.com/go/applebot)"
17.241.75.80 - - [08/Jul/2026:18:04:44 +0200] "GET /wp-content/plugins/elementor/assets/lib/eicons/css/elementor-icons.min.css?ver=5.48.0 HTTP/2" 200 4087 "https://nordisk-netvaerk-neurorehab.com/" "Mozilla/5.0 (Macintosh; Intel Mac OS X 10_15_7) AppleWebKit/605.1.15 (KHTML, like Gecko) Version/17.4 Safari/605.1.15 (Applebot/0.1; +http://www.apple.com/go/applebot)"
17.241.75.80 - - [08/Jul/2026:18:04:45 +0200] "GET /wp-content/uploads/elementor/css/post-1041.css?ver=1783521509 HTTP/2" 200 925 "https://nordisk-netvaerk-neurorehab.com/" "Mozilla/5.0 (Macintosh; Intel Mac OS X 10_15_7) AppleWebKit/605.1.15 (KHTML, like Gecko) Version/17.4 Safari/605.1.15 (Applebot/0.1; +http://www.apple.com/go/applebot)"
17.241.75.80 - - [08/Jul/2026:18:04:46 +0200] "GET /wp-content/plugins/elementor/assets/lib/font-awesome/css/all.min.css?ver=4.0.7 HTTP/2" 200 12380 "https://nordisk-netvaerk-neurorehab.com/" "Mozilla/5.0 (Macintosh; Intel Mac OS X 10_15_7) AppleWebKit/605.1.15 (KHTML, like Gecko) Version/17.4 Safari/605.1.15 (Applebot/0.1; +http://www.apple.com/go/applebot)"
17.241.75.80 - - [08/Jul/2026:18:04:48 +0200] "GET /wp-content/plugins/elementor/assets/lib/font-awesome/css/v4-shims.min.css?ver=4.0.7 HTTP/2" 200 3987 "https://nordisk-netvaerk-neurorehab.com/" "Mozilla/5.0 (Macintosh; Intel Mac OS X 10_15_7) AppleWebKit/605.1.15 (KHTML, like Gecko) Version/17.4 Safari/605.1.15 (Applebot/0.1; +http://www.apple.com/go/applebot)"
17.241.75.80 - - [08/Jul/2026:18:04:49 +0200] "GET /wp-content/plugins/elementor/assets/css/widget-heading.min.css?ver=4.0.7 HTTP/2" 200 126 "https://nordisk-netvaerk-neurorehab.com/" "Mozilla/5.0 (Macintosh; Intel Mac OS X 10_15_7) AppleWebKit/605.1.15 (KHTML, like Gecko) Version/17.4 Safari/605.1.15 (Applebot/0.1; +http://www.apple.com/go/applebot)"
17.241.75.80 - - [08/Jul/2026:18:04:51 +0200] "GET /wp-content/plugins/elementor/assets/lib/animations/styles/slideInUp.min.css?ver=4.0.7 HTTP/2" 200 146 "https://nordisk-netvaerk-neurorehab.com/" "Mozilla/5.0 (Macintosh; Intel Mac OS X 10_15_7) AppleWebKit/605.1.15 (KHTML, like Gecko) Version/17.4 Safari/605.1.15 (Applebot/0.1; +http://www.apple.com/go/applebot)"
17.241.75.80 - - [08/Jul/2026:18:04:52 +0200] "GET /wp-content/plugins/elementor/assets/lib/animations/styles/slideInLeft.min.css?ver=4.0.7 HTTP/2" 200 153 "https://nordisk-netvaerk-neurorehab.com/" "Mozilla/5.0 (Macintosh; Intel Mac OS X 10_15_7) AppleWebKit/605.1.15 (KHTML, like Gecko) Version/17.4 Safari/605.1.15 (Applebot/0.1; +http://www.apple.com/go/applebot)"
17.241.75.80 - - [08/Jul/2026:18:04:54 +0200] "GET /wp-content/plugins/elementor/assets/lib/swiper/v8/css/swiper.min.css?ver=8.4.5 HTTP/2" 200 4248 "https://nordisk-netvaerk-neurorehab.com/" "Mozilla/5.0 (Macintosh; Intel Mac OS X 10_15_7) AppleWebKit/605.1.15 (KHTML, like Gecko) Version/17.4 Safari/605.1.15 (Applebot/0.1; +http://www.apple.com/go/applebot)"
17.241.75.80 - - [08/Jul/2026:18:04:55 +0200] "GET /wp-content/plugins/elementor/assets/css/conditionals/e-swiper.min.css?ver=4.0.7 HTTP/2" 200 699 "https://nordisk-netvaerk-neurorehab.com/" "Mozilla/5.0 (Macintosh; Intel Mac OS X 10_15_7) AppleWebKit/605.1.15 (KHTML, like Gecko) Version/17.4 Safari/605.1.15 (Applebot/0.1; +http://www.apple.com/go/applebot)"
17.241.75.80 - - [08/Jul/2026:18:04:57 +0200] "GET /wp-content/plugins/elementor-pro/assets/css/widget-loop-common.min.css?ver=4.0.4 HTTP/2" 200 118 "https://nordisk-netvaerk-neurorehab.com/" "Mozilla/5.0 (Macintosh; Intel Mac OS X 10_15_7) AppleWebKit/605.1.15 (KHTML, like Gecko) Version/17.4 Safari/605.1.15 (Applebot/0.1; +http://www.apple.com/go/applebot)"
17.241.75.80 - - [08/Jul/2026:18:04:58 +0200] "GET /wp-content/plugins/elementor-pro/assets/css/widget-loop-carousel.min.css?ver=4.0.4 HTTP/2" 200 1244 "https://nordisk-netvaerk-neurorehab.com/" "Mozilla/5.0 (Macintosh; Intel Mac OS X 10_15_7) AppleWebKit/605.1.15 (KHTML, like Gecko) Version/17.4 Safari/605.1.15 (Applebot/0.1; +http://www.apple.com/go/applebot)"
17.241.75.80 - - [08/Jul/2026:18:05:00 +0200] "GET /wp-content/uploads/elementor/css/post-1070.css?ver=1783521509 HTTP/2" 200 1546 "https://nordisk-netvaerk-neurorehab.com/" "Mozilla/5.0 (Macintosh; Intel Mac OS X 10_15_7) AppleWebKit/605.1.15 (KHTML, like Gecko) Version/17.4 Safari/605.1.15 (Applebot/0.1; +http://www.apple.com/go/applebot)"
17.241.75.80 - - [08/Jul/2026:18:05:01 +0200] "GET /wp-content/uploads/elementor/css/post-1051.css?ver=1783521509 HTTP/2" 200 1543 "https://nordisk-netvaerk-neurorehab.com/" "Mozilla/5.0 (Macintosh; Intel Mac OS X 10_15_7) AppleWebKit/605.1.15 (KHTML, like Gecko) Version/17.4 Safari/605.1.15 (Applebot/0.1; +http://www.apple.com/go/applebot)"
17.241.75.80 - - [08/Jul/2026:18:05:03 +0200] "GET /wp-content/uploads/elementor/css/post-1045.css?ver=1783521509 HTTP/2" 200 1253 "https://nordisk-netvaerk-neurorehab.com/" "Mozilla/5.0 (Macintosh; Intel Mac OS X 10_15_7) AppleWebKit/605.1.15 (KHTML, like Gecko) Version/17.4 Safari/605.1.15 (Applebot/0.1; +http://www.apple.com/go/applebot)"
17.241.75.80 - - [08/Jul/2026:18:05:04 +0200] "GET /wp-content/themes/aveo-child/style.css?ver=1.0 HTTP/2" 200 161 "https://nordisk-netvaerk-neurorehab.com/" "Mozilla/5.0 (Macintosh; Intel Mac OS X 10_15_7) AppleWebKit/605.1.15 (KHTML, like Gecko) Version/17.4 Safari/605.1.15 (Applebot/0.1; +http://www.apple.com/go/applebot)"
17.241.75.80 - - [08/Jul/2026:18:05:06 +0200] "GET /wp-content/uploads/elementor/google-fonts/css/poppins.css?ver=1751966186 HTTP/2" 200 791 "https://nordisk-netvaerk-neurorehab.com/" "Mozilla/5.0 (Macintosh; Intel Mac OS X 10_15_7) AppleWebKit/605.1.15 (KHTML, like Gecko) Version/17.4 Safari/605.1.15 (Applebot/0.1; +http://www.apple.com/go/applebot)"
17.241.75.80 - - [08/Jul/2026:18:05:07 +0200] "GET /wp-includes/js/jquery/jquery.min.js?ver=3.7.1 HTTP/2" 200 29744 "https://nordisk-netvaerk-neurorehab.com/" "Mozilla/5.0 (Macintosh; Intel Mac OS X 10_15_7) AppleWebKit/605.1.15 (KHTML, like Gecko) Version/17.4 Safari/605.1.15 (Applebot/0.1; +http://www.apple.com/go/applebot)"
17.241.75.80 - - [08/Jul/2026:18:05:09 +0200] "GET /wp-includes/js/jquery/jquery-migrate.min.js?ver=3.4.1 HTTP/2" 200 4678 "https://nordisk-netvaerk-neurorehab.com/" "Mozilla/5.0 (Macintosh; Intel Mac OS X 10_15_7) AppleWebKit/605.1.15 (KHTML, like Gecko) Version/17.4 Safari/605.1.15 (Applebot/0.1; +http://www.apple.com/go/applebot)"
17.241.75.80 - - [08/Jul/2026:18:05:10 +0200] "GET /wp-content/plugins/elementor/assets/lib/font-awesome/js/v4-shims.min.js?ver=4.0.7 HTTP/2" 200 4042 "https://nordisk-netvaerk-neurorehab.com/" "Mozilla/5.0 (Macintosh; Intel Mac OS X 10_15_7) AppleWebKit/605.1.15 (KHTML, like Gecko) Version/17.4 Safari/605.1.15 (Applebot/0.1; +http://www.apple.com/go/applebot)"
17.241.75.80 - - [08/Jul/2026:18:05:12 +0200] "GET /wp-content/plugins/elementor-pro/assets/css/widget-post-info.min.css?ver=4.0.4 HTTP/2" 200 167 "https://nordisk-netvaerk-neurorehab.com/" "Mozilla/5.0 (Macintosh; Intel Mac OS X 10_15_7) AppleWebKit/605.1.15 (KHTML, like Gecko) Version/17.4 Safari/605.1.15 (Applebot/0.1; +http://www.apple.com/go/applebot)"
17.241.75.80 - - [08/Jul/2026:18:05:13 +0200] "GET /wp-content/plugins/honeypot/includes/js/wpa.js?ver=2.3.04 HTTP/2" 200 1766 "https://nordisk-netvaerk-neurorehab.com/" "Mozilla/5.0 (Macintosh; Intel Mac OS X 10_15_7) AppleWebKit/605.1.15 (KHTML, like Gecko) Version/17.4 Safari/605.1.15 (Applebot/0.1; +http://www.apple.com/go/applebot)"
17.241.75.80 - - [08/Jul/2026:18:05:15 +0200] "GET /wp-content/plugins/aveo-elementor/content/dynamic-tags/go-back/go-back.js?ver=1778071857 HTTP/2" 200 383 "https://nordisk-netvaerk-neurorehab.com/" "Mozilla/5.0 (Macintosh; Intel Mac OS X 10_15_7) AppleWebKit/605.1.15 (KHTML, like Gecko) Version/17.4 Safari/605.1.15 (Applebot/0.1; +http://www.apple.com/go/applebot)"
17.241.75.80 - - [08/Jul/2026:18:05:16 +0200] "GET /wp-content/plugins/elementor/assets/js/webpack.runtime.min.js?ver=4.0.7 HTTP/2" 200 2280 "https://nordisk-netvaerk-neurorehab.com/" "Mozilla/5.0 (Macintosh; Intel Mac OS X 10_15_7) AppleWebKit/605.1.15 (KHTML, like Gecko) Version/17.4 Safari/605.1.15 (Applebot/0.1; +http://www.apple.com/go/applebot)"
17.241.75.80 - - [08/Jul/2026:18:05:18 +0200] "GET /wp-content/plugins/elementor/assets/js/frontend-modules.min.js?ver=4.0.7 HTTP/2" 200 15445 "https://nordisk-netvaerk-neurorehab.com/" "Mozilla/5.0 (Macintosh; Intel Mac OS X 10_15_7) AppleWebKit/605.1.15 (KHTML, like Gecko) Version/17.4 Safari/605.1.15 (Applebot/0.1; +http://www.apple.com/go/applebot)"
17.241.75.80 - - [08/Jul/2026:18:05:19 +0200] "GET /wp-includes/js/jquery/ui/core.min.js?ver=1.13.3 HTTP/2" 200 6812 "https://nordisk-netvaerk-neurorehab.com/" "Mozilla/5.0 (Macintosh; Intel Mac OS X 10_15_7) AppleWebKit/605.1.15 (KHTML, like Gecko) Version/17.4 Safari/605.1.15 (Applebot/0.1; +http://www.apple.com/go/applebot)"
17.241.75.80 - - [08/Jul/2026:18:05:21 +0200] "GET /wp-content/plugins/elementor/assets/js/frontend.min.js?ver=4.0.7 HTTP/2" 200 10050 "https://nordisk-netvaerk-neurorehab.com/" "Mozilla/5.0 (Macintosh; Intel Mac OS X 10_15_7) AppleWebKit/605.1.15 (KHTML, like Gecko) Version/17.4 Safari/605.1.15 (Applebot/0.1; +http://www.apple.com/go/applebot)"
17.241.75.80 - - [08/Jul/2026:18:05:22 +0200] "GET /wp-content/plugins/elementor-pro/assets/lib/smartmenus/jquery.smartmenus.min.js?ver=1.2.1 HTTP/2" 200 6867 "https://nordisk-netvaerk-neurorehab.com/" "Mozilla/5.0 (Macintosh; Intel Mac OS X 10_15_7) AppleWebKit/605.1.15 (KHTML, like Gecko) Version/17.4 Safari/605.1.15 (Applebot/0.1; +http://www.apple.com/go/applebot)"
17.241.75.80 - - [08/Jul/2026:18:05:23 +0200] "GET /wp-content/plugins/elementor-pro/assets/lib/sticky/jquery.sticky.min.js?ver=4.0.4 HTTP/2" 200 1442 "https://nordisk-netvaerk-neurorehab.com/" "Mozilla/5.0 (Macintosh; Intel Mac OS X 10_15_7) AppleWebKit/605.1.15 (KHTML, like Gecko) Version/17.4 Safari/605.1.15 (Applebot/0.1; +http://www.apple.com/go/applebot)"
17.241.75.80 - - [08/Jul/2026:18:05:25 +0200] "GET /wp-includes/js/imagesloaded.min.js?ver=5.0.0 HTTP/2" 200 1687 "https://nordisk-netvaerk-neurorehab.com/" "Mozilla/5.0 (Macintosh; Intel Mac OS X 10_15_7) AppleWebKit/605.1.15 (KHTML, like Gecko) Version/17.4 Safari/605.1.15 (Applebot/0.1; +http://www.apple.com/go/applebot)"
17.241.75.80 - - [08/Jul/2026:18:05:26 +0200] "GET /wp-content/plugins/complianz-gdpr/cookiebanner/js/complianz.min.js?ver=1778071862 HTTP/2" 200 10477 "https://nordisk-netvaerk-neurorehab.com/" "Mozilla/5.0 (Macintosh; Intel Mac OS X 10_15_7) AppleWebKit/605.1.15 (KHTML, like Gecko) Version/17.4 Safari/605.1.15 (Applebot/0.1; +http://www.apple.com/go/applebot)"
17.241.75.80 - - [08/Jul/2026:18:05:28 +0200] "GET /wp-content/plugins/elementor-pro/assets/js/webpack-pro.runtime.min.js?ver=4.0.4 HTTP/2" 200 2611 "https://nordisk-netvaerk-neurorehab.com/" "Mozilla/5.0 (Macintosh; Intel Mac OS X 10_15_7) AppleWebKit/605.1.15 (KHTML, like Gecko) Version/17.4 Safari/605.1.15 (Applebot/0.1; +http://www.apple.com/go/applebot)"
17.241.75.80 - - [08/Jul/2026:18:05:29 +0200] "GET /wp-includes/js/dist/hooks.min.js?ver=dd5603f07f9220ed27f1 HTTP/2" 200 1852 "https://nordisk-netvaerk-neurorehab.com/" "Mozilla/5.0 (Macintosh; Intel Mac OS X 10_15_7) AppleWebKit/605.1.15 (KHTML, like Gecko) Version/17.4 Safari/605.1.15 (Applebot/0.1; +http://www.apple.com/go/applebot)"
17.241.75.80 - - [08/Jul/2026:18:05:31 +0200] "GET /wp-includes/js/dist/i18n.min.js?ver=c26c3dc7bed366793375 HTTP/2" 200 2119 "https://nordisk-netvaerk-neurorehab.com/" "Mozilla/5.0 (Macintosh; Intel Mac OS X 10_15_7) AppleWebKit/605.1.15 (KHTML, like Gecko) Version/17.4 Safari/605.1.15 (Applebot/0.1; +http://www.apple.com/go/applebot)"
17.241.75.80 - - [08/Jul/2026:18:05:32 +0200] "GET /wp-content/plugins/elementor-pro/assets/js/frontend.min.js?ver=4.0.4 HTTP/2" 200 6191 "https://nordisk-netvaerk-neurorehab.com/" "Mozilla/5.0 (Macintosh; Intel Mac OS X 10_15_7) AppleWebKit/605.1.15 (KHTML, like Gecko) Version/17.4 Safari/605.1.15 (Applebot/0.1; +http://www.apple.com/go/applebot)"
17.241.75.80 - - [08/Jul/2026:18:05:34 +0200] "GET /wp-content/plugins/elementor-pro/assets/js/elements-handlers.min.js?ver=4.0.4 HTTP/2" 200 10079 "https://nordisk-netvaerk-neurorehab.com/" "Mozilla/5.0 (Macintosh; Intel Mac OS X 10_15_7) AppleWebKit/605.1.15 (KHTML, like Gecko) Version/17.4 Safari/605.1.15 (Applebot/0.1; +http://www.apple.com/go/applebot)"
17.241.75.80 - - [08/Jul/2026:18:05:35 +0200] "GET /wp-content/uploads/complianz/css/banner-1-optout.css?v=31 HTTP/2" 200 2705 "https://nordisk-netvaerk-neurorehab.com/" "Mozilla/5.0 (Macintosh; Intel Mac OS X 10_15_7) AppleWebKit/605.1.15 (KHTML, like Gecko) Version/17.4 Safari/605.1.15 (Applebot/0.1; +http://www.apple.com/go/applebot)"
17.241.75.80 - - [08/Jul/2026:18:05:37 +0200] "GET /wp-content/plugins/elementor/assets/js/shared-frontend-handlers.03caa53373b56d3bab67.bundle.min.js HTTP/2" 200 2511 "https://nordisk-netvaerk-neurorehab.com/" "Mozilla/5.0 (Macintosh; Intel Mac OS X 10_15_7) AppleWebKit/605.1.15 (KHTML, like Gecko) Version/17.4 Safari/605.1.15 (Applebot/0.1; +http://www.apple.com/go/applebot)"
17.241.75.80 - - [08/Jul/2026:18:05:38 +0200] "GET /wp-content/plugins/elementor-pro/assets/js/nav-menu.3afa8f5eb1fef7c22561.bundle.min.js HTTP/2" 200 1720 "https://nordisk-netvaerk-neurorehab.com/" "Mozilla/5.0 (Macintosh; Intel Mac OS X 10_15_7) AppleWebKit/605.1.15 (KHTML, like Gecko) Version/17.4 Safari/605.1.15 (Applebot/0.1; +http://www.apple.com/go/applebot)"
17.241.75.80 - - [08/Jul/2026:18:05:40 +0200] "GET /wp-content/plugins/elementor-pro/assets/js/loop-carousel.881847b13e8fe1f8bfc2.bundle.min.js HTTP/2" 200 608 "https://nordisk-netvaerk-neurorehab.com/" "Mozilla/5.0 (Macintosh; Intel Mac OS X 10_15_7) AppleWebKit/605.1.15 (KHTML, like Gecko) Version/17.4 Safari/605.1.15 (Applebot/0.1; +http://www.apple.com/go/applebot)"
17.241.75.80 - - [08/Jul/2026:18:05:41 +0200] "GET /wp-content/plugins/elementor-pro/assets/js/loop.1594a1df76e87a11eda2.bundle.min.js HTTP/2" 200 3021 "https://nordisk-netvaerk-neurorehab.com/" "Mozilla/5.0 (Macintosh; Intel Mac OS X 10_15_7) AppleWebKit/605.1.15 (KHTML, like Gecko) Version/17.4 Safari/605.1.15 (Applebot/0.1; +http://www.apple.com/go/applebot)"
17.241.75.80 - - [08/Jul/2026:18:05:42 +0200] "GET /wp-content/plugins/elementor/assets/js/text-editor.45609661e409413f1cef.bundle.min.js HTTP/2" 200 592 "https://nordisk-netvaerk-neurorehab.com/" "Mozilla/5.0 (Macintosh; Intel Mac OS X 10_15_7) AppleWebKit/605.1.15 (KHTML, like Gecko) Version/17.4 Safari/605.1.15 (Applebot/0.1; +http://www.apple.com/go/applebot)"
17.241.75.80 - - [08/Jul/2026:18:05:44 +0200] "GET /wp-includes/js/wp-emoji-release.min.js?ver=6.9.4 HTTP/2" 200 4949 "https://nordisk-netvaerk-neurorehab.com/" "Mozilla/5.0 (Macintosh; Intel Mac OS X 10_15_7) AppleWebKit/605.1.15 (KHTML, like Gecko) Version/17.4 Safari/605.1.15 (Applebot/0.1; +http://www.apple.com/go/applebot)"
17.241.75.80 - - [08/Jul/2026:18:05:45 +0200] "GET /wp-content/plugins/elementor/assets/lib/swiper/v8/swiper.min.js?ver=8.4.5 HTTP/2" 200 38152 "https://nordisk-netvaerk-neurorehab.com/" "Mozilla/5.0 (Macintosh; Intel Mac OS X 10_15_7) AppleWebKit/605.1.15 (KHTML, like Gecko) Version/17.4 Safari/605.1.15 (Applebot/0.1; +http://www.apple.com/go/applebot)"
185.21.40.28 - - [08/Jul/2026:18:25:42 +0200] "POST /wp-cron.php?doing_wp_cron=1783527942.5752270221710205078125 HTTP/1.1" 200 474 "-" "NVuJRl4FsN9b"
163.223.211.27 - - [08/Jul/2026:18:25:39 +0200] "GET /wp-admin/admin-ajax.php HTTP/1.1" 400 668 "-" "Mozilla/5.0"
163.223.211.27 - - [08/Jul/2026:18:25:44 +0200] "GET / HTTP/1.1" 200 19971 "-" "Mozilla/5.0"
163.223.211.27 - - [08/Jul/2026:18:25:45 +0200] "GET /wp-admin/admin-ajax.php HTTP/1.1" 400 668 "-" "Mozilla/5.0"
163.223.211.27 - - [08/Jul/2026:18:25:47 +0200] "GET / HTTP/1.1" 200 19971 "-" "Mozilla/5.0"
163.223.211.27 - - [08/Jul/2026:18:25:48 +0200] "GET /wp-admin/admin-ajax.php HTTP/1.1" 400 668 "-" "Mozilla/5.0"
163.223.211.27 - - [08/Jul/2026:18:25:49 +0200] "GET / HTTP/1.1" 200 19971 "-" "Mozilla/5.0"
163.223.211.27 - - [08/Jul/2026:18:25:51 +0200] "GET /wp-admin/admin-ajax.php HTTP/1.1" 400 668 "-" "Mozilla/5.0"
163.223.211.27 - - [08/Jul/2026:18:25:52 +0200] "GET / HTTP/1.1" 200 19971 "-" "Mozilla/5.0"
216.73.217.18 - - [08/Jul/2026:18:29:04 +0200] "GET /robots.txt HTTP/2" 200 82 "-" "Mozilla/5.0 AppleWebKit/537.36 (KHTML, like Gecko; compatible; ClaudeBot/1.0; +claudebot@anthropic.com)"
216.73.217.18 - - [08/Jul/2026:18:29:04 +0200] "GET / HTTP/2" 200 16628 "-" "Mozilla/5.0 AppleWebKit/537.36 (KHTML, like Gecko; compatible; ClaudeBot/1.0; +claudebot@anthropic.com)"
34.230.164.54 - - [08/Jul/2026:18:30:38 +0200] "GET /robots.txt HTTP/1.1" 200 533 "-" "Mozilla/5.0 (Macintosh; Intel Mac OS X 10_10_1) AppleWebKit/600.2.5 (KHTML, like Gecko) Version/8.0.2 Safari/600.2.5 (Gort)"
216.73.217.18 - - [08/Jul/2026:18:32:55 +0200] "GET /robots.txt HTTP/2" 301 795 "-" "Mozilla/5.0 AppleWebKit/537.36 (KHTML, like Gecko; compatible; ClaudeBot/1.0; +claudebot@anthropic.com)"
216.73.217.18 - - [08/Jul/2026:18:33:01 +0200] "GET /robots.txt HTTP/2" 200 82 "https://www.nordisk-netvaerk-neurorehab.com/robots.txt" "Mozilla/5.0 AppleWebKit/537.36 (KHTML, like Gecko; compatible; ClaudeBot/1.0; +claudebot@anthropic.com)"
216.73.217.18 - - [08/Jul/2026:18:33:01 +0200] "GET /sitemap.xml HTTP/2" 301 795 "-" "Mozilla/5.0 AppleWebKit/537.36 (KHTML, like Gecko; compatible; ClaudeBot/1.0; +claudebot@anthropic.com)"
185.21.40.28 - - [08/Jul/2026:18:33:03 +0200] "POST /wp-cron.php?doing_wp_cron=1783528383.0300559997558593750000 HTTP/1.1" 200 474 "-" "DF8VeHpJR1YA"
216.73.217.18 - - [08/Jul/2026:18:33:01 +0200] "GET /sitemap.xml HTTP/2" 301 0 "https://www.nordisk-netvaerk-neurorehab.com/sitemap.xml" "Mozilla/5.0 AppleWebKit/537.36 (KHTML, like Gecko; compatible; ClaudeBot/1.0; +claudebot@anthropic.com)"
216.73.217.18 - - [08/Jul/2026:18:33:03 +0200] "GET /sitemap_index.xml HTTP/2" 200 293 "https://nordisk-netvaerk-neurorehab.com/sitemap.xml" "Mozilla/5.0 AppleWebKit/537.36 (KHTML, like Gecko; compatible; ClaudeBot/1.0; +claudebot@anthropic.com)"
185.21.40.28 - - [08/Jul/2026:18:44:09 +0200] "POST /wp-cron.php?doing_wp_cron=1783529049.5411260128021240234375 HTTP/1.1" 200 474 "-" "I4VmoJMEsdO6"
152.58.63.113 - - [08/Jul/2026:18:44:07 +0200] "POST /xmlrpc.php HTTP/1.1" 200 962 "-" "Jetpack by WordPress.com"
152.58.63.113 - - [08/Jul/2026:18:44:16 +0200] "POST /xmlrpc.php HTTP/1.1" 200 962 "-" "Jetpack by WordPress.com"
185.21.40.28 - - [08/Jul/2026:18:44:24 +0200] "POST /wp-cron.php?doing_wp_cron=1783529064.2805030345916748046875 HTTP/1.1" 200 474 "-" "roEFWXkfpnK3"
152.58.63.113 - - [08/Jul/2026:18:44:23 +0200] "POST /xmlrpc.php HTTP/1.1" 200 784 "-" "Jetpack by WordPress.com"
40.77.167.155 - - [08/Jul/2026:18:44:30 +0200] "GET /events/ HTTP/2" 301 795 "-" "Mozilla/5.0 AppleWebKit/537.36 (KHTML, like Gecko; compatible; bingbot/2.0; +http://www.bing.com/bingbot.htm) Chrome/116.0.1938.76 Safari/537.36"
185.21.40.28 - - [08/Jul/2026:18:44:34 +0200] "POST /wp-cron.php?doing_wp_cron=1783529074.8723750114440917968750 HTTP/1.1" 200 474 "-" "P3KfvrcLT4gH"
152.58.63.113 - - [08/Jul/2026:18:44:34 +0200] "POST /xmlrpc.php HTTP/1.1" 200 784 "-" "Jetpack/12.5; WordPress/6.2; http://site97544594.com"
152.58.63.113 - - [08/Jul/2026:18:45:00 +0200] "POST /xmlrpc.php HTTP/1.1" 200 0 "-" "WordPress.com; https://wordpress.com"
185.21.40.28 - - [08/Jul/2026:18:51:54 +0200] "POST /wp-cron.php?doing_wp_cron=1783529514.8689520359039306640625 HTTP/1.1" 200 474 "-" "1DMTWwJ0W9aR"
160.187.211.130 - - [08/Jul/2026:18:51:52 +0200] "GET /about.php HTTP/1.1" 404 14741 "-" "Mozlila/5.0 (Linux; Android 7.0; SM-G892A Bulid/NRD90M; wv) AppleWebKit/537.36 (KHTML, like Gecko) Version/4.0 Chrome/60.0.3112.107 Moblie Safari/537.36"
216.73.217.18 - - [08/Jul/2026:18:52:32 +0200] "GET / HTTP/2" 301 795 "-" "Mozilla/5.0 AppleWebKit/537.36 (KHTML, like Gecko; compatible; ClaudeBot/1.0; +claudebot@anthropic.com)"
216.73.217.18 - - [08/Jul/2026:18:52:33 +0200] "GET / HTTP/2" 200 16628 "https://www.nordisk-netvaerk-neurorehab.com/" "Mozilla/5.0 AppleWebKit/537.36 (KHTML, like Gecko; compatible; ClaudeBot/1.0; +claudebot@anthropic.com)"
185.21.40.28 - - [08/Jul/2026:18:55:04 +0200] "POST /wp-cron.php?doing_wp_cron=1783529704.8411259651184082031250 HTTP/1.1" 200 474 "-" "m9OHn1T7OKET"
152.58.63.113 - - [08/Jul/2026:18:55:03 +0200] "POST /xmlrpc.php HTTP/1.1" 200 962 "-" "Jetpack by WordPress.com"
152.58.63.113 - - [08/Jul/2026:18:55:13 +0200] "POST /xmlrpc.php HTTP/1.1" 200 784 "-" "WordPress.com; https://wordpress.com"
152.58.63.113 - - [08/Jul/2026:18:55:23 +0200] "POST /xmlrpc.php HTTP/1.1" 200 784 "-" "Jetpack by WordPress.com (Jetpack 12.0; WordPress 6.1)"
185.21.40.28 - - [08/Jul/2026:18:55:50 +0200] "POST /wp-cron.php?doing_wp_cron=1783529750.6351649761199951171875 HTTP/1.1" 200 474 "-" "vu4f4TwUziEz"
152.58.63.113 - - [08/Jul/2026:18:55:50 +0200] "POST /xmlrpc.php HTTP/1.1" 200 962 "-" "WordPress.com; https://wordpress.com"
152.58.63.113 - - [08/Jul/2026:18:56:00 +0200] "POST /xmlrpc.php HTTP/1.1" 200 962 "-" "Jetpack by WordPress.com (Jetpack 12.5; WordPress 6.4)"
80.225.241.84 - - [08/Jul/2026:18:57:21 +0200] "POST / HTTP/1.1" 301 1241 "-" "Mozilla/5.0 (Windows NT 10.0; Win64; x64) AppleWebKit/537.36 (KHTML, like Gecko) Chrome/60.0.3112.113 Safari/537.36 Assetnote/1.0.0"
80.225.241.84 - - [08/Jul/2026:18:57:25 +0200] "HEAD / HTTP/1.1" 301 400 "-" "python-requests/2.31.0"
20.215.220.214 - - [08/Jul/2026:19:14:23 +0200] "GET /wp-content/uploads/Psychopharmacological-treatment-of-agitation-caused-by-brain-injury-okt-2021_TS.pdf HTTP/2" 200 140362 "-" "Mozilla/5.0 AppleWebKit/537.36 (KHTML, like Gecko); compatible; ChatGPT-User/1.0; +https://openai.com/bot"
57.141.0.65 - - [08/Jul/2026:19:25:37 +0200] "GET /sitemap.xml HTTP/2" 301 0 "-" "meta-externalagent/1.1 (+https://developers.facebook.com/docs/sharing/webmasters/crawler)"
34.243.121.35 - - [08/Jul/2026:19:31:55 +0200] "GET / HTTP/1.0" 200 89053 "-" "Mozilla/5.0 (compatible; NetcraftSurveyAgent/1.0; +info@netcraft.com)"
185.21.40.231 - - [08/Jul/2026:19:39:02 +0200] "HEAD / HTTP/1.1" 200 729 "https://sitecare.aveosupport.dk" "Mozilla/5.0 (compatible; MainWP/6.0.9; +http://mainwp.com)"
185.21.40.231 - - [08/Jul/2026:19:39:02 +0200] "HEAD / HTTP/1.1" 200 729 "https://sitecare.aveosupport.dk" "Mozilla/5.0 (compatible; MainWP/6.0.9; +http://mainwp.com)"
185.21.40.28 - - [08/Jul/2026:19:41:03 +0200] "POST /wp-cron.php?doing_wp_cron=1783532463.7659499645233154296875 HTTP/1.1" 200 474 "-" "t3SZHsyDPvz0"
57.141.0.66 - - [08/Jul/2026:19:41:00 +0200] "GET /post-sitemap.xml HTTP/2" 200 2420 "-" "meta-externalagent/1.1 (+https://developers.facebook.com/docs/sharing/webmasters/crawler)"
185.21.40.28 - - [08/Jul/2026:19:54:09 +0200] "POST /wp-cron.php?doing_wp_cron=1783533249.2721779346466064453125 HTTP/1.1" 200 474 "-" "IBrCQPYQ3QSO"
57.141.0.26 - - [08/Jul/2026:19:54:06 +0200] "GET /category-sitemap.xml HTTP/2" 200 760 "-" "meta-externalagent/1.1 (+https://developers.facebook.com/docs/sharing/webmasters/crawler)"
52.3.26.180 - - [08/Jul/2026:20:19:03 +0200] "GET / HTTP/1.1" 301 1204 "-" "Mozilla/5.0 AppleWebKit/537.36 (KHTML, like Gecko; compatible; Amazonbot/0.1; +https://developer.amazon.com/support/amazonbot) Chrome/119.0.6045.214 Safari/537.36"
52.5.232.250 - - [08/Jul/2026:20:19:04 +0200] "GET / HTTP/1.1" 200 19934 "-" "Mozilla/5.0 AppleWebKit/537.36 (KHTML, like Gecko; compatible; Amazonbot/0.1; +https://developer.amazon.com/support/amazonbot) Chrome/119.0.6045.214 Safari/537.36"
34.226.103.7 - - [08/Jul/2026:20:20:06 +0200] "GET / HTTP/1.1" 301 1204 "-" "Mozilla/5.0 AppleWebKit/605.1.15 (KHTML, like Gecko) Chrome/139.0.0.0 Safari/605.1.15"
216.73.217.18 - - [08/Jul/2026:20:26:47 +0200] "GET /robots.txt HTTP/2" 200 82 "-" "Mozilla/5.0 AppleWebKit/537.36 (KHTML, like Gecko; compatible; ClaudeBot/1.0; +claudebot@anthropic.com)"
185.21.40.28 - - [08/Jul/2026:20:26:51 +0200] "POST /wp-cron.php?doing_wp_cron=1783535211.2954809665679931640625 HTTP/1.1" 200 474 "-" "bt7NehI5PjGd"
216.73.217.18 - - [08/Jul/2026:20:26:47 +0200] "GET /sitemap.xml HTTP/2" 301 0 "-" "Mozilla/5.0 AppleWebKit/537.36 (KHTML, like Gecko; compatible; ClaudeBot/1.0; +claudebot@anthropic.com)"
216.73.217.18 - - [08/Jul/2026:20:26:51 +0200] "GET /sitemap_index.xml HTTP/2" 200 293 "https://nordisk-netvaerk-neurorehab.com/sitemap.xml" "Mozilla/5.0 AppleWebKit/537.36 (KHTML, like Gecko; compatible; ClaudeBot/1.0; +claudebot@anthropic.com)"
47.128.27.85 - - [08/Jul/2026:20:28:13 +0200] "GET /robots.txt HTTP/1.1" 200 533 "-" "Mozilla/5.0 (Linux; Android 5.0) AppleWebKit/537.36 (KHTML, like Gecko) Mobile Safari/537.36 (compatible; Bytespider; spider-feedback@bytedance.com)"
216.73.217.18 - - [08/Jul/2026:20:32:56 +0200] "GET /robots.txt HTTP/2" 301 795 "-" "Mozilla/5.0 AppleWebKit/537.36 (KHTML, like Gecko; compatible; ClaudeBot/1.0; +claudebot@anthropic.com)"
216.73.217.18 - - [08/Jul/2026:20:32:56 +0200] "GET /robots.txt HTTP/2" 200 82 "https://www.nordisk-netvaerk-neurorehab.com/robots.txt" "Mozilla/5.0 AppleWebKit/537.36 (KHTML, like Gecko; compatible; ClaudeBot/1.0; +claudebot@anthropic.com)"
216.73.217.18 - - [08/Jul/2026:20:32:57 +0200] "GET /sitemap.xml HTTP/2" 301 795 "-" "Mozilla/5.0 AppleWebKit/537.36 (KHTML, like Gecko; compatible; ClaudeBot/1.0; +claudebot@anthropic.com)"
216.73.217.18 - - [08/Jul/2026:20:32:57 +0200] "GET /sitemap.xml HTTP/2" 301 0 "https://www.nordisk-netvaerk-neurorehab.com/sitemap.xml" "Mozilla/5.0 AppleWebKit/537.36 (KHTML, like Gecko; compatible; ClaudeBot/1.0; +claudebot@anthropic.com)"
185.21.40.28 - - [08/Jul/2026:20:32:58 +0200] "POST /wp-cron.php?doing_wp_cron=1783535578.6475660800933837890625 HTTP/1.1" 200 474 "-" "zxqRJiNqsBjg"
216.73.217.18 - - [08/Jul/2026:20:32:57 +0200] "GET /sitemap_index.xml HTTP/2" 200 293 "https://nordisk-netvaerk-neurorehab.com/sitemap.xml" "Mozilla/5.0 AppleWebKit/537.36 (KHTML, like Gecko; compatible; ClaudeBot/1.0; +claudebot@anthropic.com)"
92.209.221.2 - - [08/Jul/2026:20:33:13 +0200] "POST /xmlrpc.php HTTP/1.1" 200 962 "-" "WordPress.com; https://wordpress.com"
46.105.39.50 - - [08/Jul/2026:20:50:47 +0200] "GET /robots.txt HTTP/1.1" 200 570 "-" "Mozilla/5.0 (compatible; MJ12bot/v2.0.5; http://mj12bot.com/)"
46.105.39.50 - - [08/Jul/2026:20:50:48 +0200] "GET / HTTP/1.1" 200 17265 "-" "Mozilla/5.0 (compatible; MJ12bot/v2.0.5; http://mj12bot.com/)"
43.153.123.3 - - [08/Jul/2026:20:59:41 +0200] "GET / HTTP/1.1" 200 19971 "http://nordisk-netvaerk-neurorehab.com" "Mozilla/5.0 (iPhone; CPU iPhone OS 13_2_3 like Mac OS X) AppleWebKit/605.1.15 (KHTML, like Gecko) Version/13.0.3 Mobile/15E148 Safari/604.1"
77.90.185.5 - - [08/Jul/2026:21:02:42 +0200] "GET / HTTP/1.0" 200 89053 "https://nordisk-netvaerk-neurorehab.com/" "Mozilla/5.0 (Windows NT 10.0; Win64; x64) AppleWebKit/537.36 (KHTML, like Gecko) Chrome/129.0.0.0 Safari/537.36"
110.249.202.117 - - [08/Jul/2026:21:19:43 +0200] "GET /robots.txt HTTP/1.1" 200 533 "-" "Mozilla/5.0 (Linux; Android 5.0) AppleWebKit/537.36 (KHTML, like Gecko) Mobile Safari/537.36 (compatible; Bytespider; https://zhanzhang.toutiao.com/)"
222.252.25.166 - - [08/Jul/2026:21:42:10 +0200] "GET /robots.txt HTTP/1.1" 200 570 "-" "Mozilla/5.0 (Macintosh; Intel Mac OS X 10_15_7) AppleWebKit/537.36 (KHTML, like Gecko) Chrome/128.0.6613.36 Safari/537.36"
43.157.180.116 - - [08/Jul/2026:21:47:07 +0200] "GET / HTTP/1.1" 200 19971 "http://www.nordisk-netvaerk-neurorehab.com" "Mozilla/5.0 (iPhone; CPU iPhone OS 13_2_3 like Mac OS X) AppleWebKit/605.1.15 (KHTML, like Gecko) Version/13.0.3 Mobile/15E148 Safari/604.1"
172.213.21.17 - - [08/Jul/2026:21:47:15 +0200] "GET /rehabilitation-units/ HTTP/2" 200 22355 "-" "Mozilla/5.0 AppleWebKit/537.36 (KHTML, like Gecko); compatible; ChatGPT-User/1.0; +https://openai.com/bot"
138.197.70.61 - - [08/Jul/2026:22:05:30 +0200] "GET /wp-login.php HTTP/2" 200 4362 "-" "Mozilla/5.0 (Linux; Android 13; Pixel 7) AppleWebKit/537.36 (KHTML, like Gecko) Chrome/150.0.0.0 Mobile Safari/537.36"
185.21.40.28 - - [08/Jul/2026:22:05:34 +0200] "POST /wp-cron.php?doing_wp_cron=1783541134.4098019599914550781250 HTTP/1.1" 200 474 "-" "xftJFj7JXScw"
138.197.70.61 - - [08/Jul/2026:22:05:30 +0200] "POST /wp-login.php HTTP/2" 200 4495 "https://nordisk-netvaerk-neurorehab.com/wp-login.php" "Mozilla/5.0 (Linux; Android 13; Pixel 7) AppleWebKit/537.36 (KHTML, like Gecko) Chrome/150.0.0.0 Mobile Safari/537.36"
104.210.140.138 - - [08/Jul/2026:22:26:02 +0200] "GET /robots.txt HTTP/2" 200 82 "-" "Mozilla/5.0 (Macintosh; Intel Mac OS X 10_15_7) AppleWebKit/537.36 (KHTML, like Gecko) Chrome/131.0.0.0 Safari/537.36; compatible; OAI-SearchBot/1.0; +https://openai.com/searchbot"
51.68.107.146 - - [08/Jul/2026:22:26:12 +0200] "GET /robots.txt HTTP/1.1" 200 570 "-" "Mozilla/5.0 (compatible; MJ12bot/v2.0.5; http://mj12bot.com/)"
51.68.107.146 - - [08/Jul/2026:22:26:12 +0200] "GET / HTTP/1.1" 200 17265 "-" "Mozilla/5.0 (compatible; MJ12bot/v2.0.5; http://mj12bot.com/)"
101.42.46.71 - - [08/Jul/2026:22:26:12 +0200] "GET / HTTP/1.1" 200 19971 "http://nordisk-netvaerk-neurorehab.com" "Mozilla/5.0 (iPhone; CPU iPhone OS 13_2_3 like Mac OS X) AppleWebKit/605.1.15 (KHTML, like Gecko) Version/13.0.3 Mobile/15E148 Safari/604.1"
216.73.217.18 - - [08/Jul/2026:22:30:48 +0200] "GET /robots.txt HTTP/2" 200 82 "-" "Mozilla/5.0 AppleWebKit/537.36 (KHTML, like Gecko; compatible; ClaudeBot/1.0; +claudebot@anthropic.com)"
185.21.40.28 - - [08/Jul/2026:22:30:50 +0200] "POST /wp-cron.php?doing_wp_cron=1783542650.8917839527130126953125 HTTP/1.1" 200 474 "-" "dsEjlRTyuJ9e"
216.73.217.18 - - [08/Jul/2026:22:30:49 +0200] "GET /sitemap.xml HTTP/2" 301 0 "-" "Mozilla/5.0 AppleWebKit/537.36 (KHTML, like Gecko; compatible; ClaudeBot/1.0; +claudebot@anthropic.com)"
216.73.217.18 - - [08/Jul/2026:22:30:51 +0200] "GET /sitemap_index.xml HTTP/2" 200 293 "https://nordisk-netvaerk-neurorehab.com/sitemap.xml" "Mozilla/5.0 AppleWebKit/537.36 (KHTML, like Gecko; compatible; ClaudeBot/1.0; +claudebot@anthropic.com)"
54.234.155.177 - - [08/Jul/2026:22:39:17 +0200] "GET /wp-login.php HTTP/1.1" 200 5863 "-" "Mozilla/5.0 (Macintosh; Intel Mac OS X 10_15_7) AppleWebKit/605.1.15 Version/17.0 Safari/605.1.15"
185.21.40.28 - - [08/Jul/2026:22:39:19 +0200] "POST /wp-cron.php?doing_wp_cron=1783543159.0511529445648193359375 HTTP/1.1" 200 474 "-" "S7aBQzPUpDGH"
54.234.155.177 - - [08/Jul/2026:22:39:17 +0200] "GET /?author=1 HTTP/1.1" 301 357 "-" "Mozilla/5.0 (Macintosh; Intel Mac OS X 10_15_7) AppleWebKit/605.1.15 Version/17.0 Safari/605.1.15"
54.234.155.177 - - [08/Jul/2026:22:39:19 +0200] "GET /?rest_route=/wp/v2/users HTTP/1.1" 200 1130 "-" "Mozilla/5.0 (Windows NT 10.0; Win64; rv:143.0) Gecko/20100101 Firefox/143.0"
104.214.177.216 - - [08/Jul/2026:22:48:30 +0200] "GET /wp-admin/css/ HTTP/1.1" 404 411 "binance.com" "Mozilla/5.0 (Windows NT 10.0; Win64; x64) AppleWebKit/537.36 (KHTML, like Gecko) Chrome/90.0.4430.85 Safari/537.36"
185.21.40.28 - - [08/Jul/2026:22:48:48 +0200] "POST /wp-cron.php?doing_wp_cron=1783543728.3531830310821533203125 HTTP/1.1" 200 474 "-" "la20znpBHz5a"
104.214.177.216 - - [08/Jul/2026:22:48:46 +0200] "GET /.well-known/ HTTP/1.1" 404 14741 "binance.com" "Mozilla/5.0 (Windows NT 10.0; Win64; x64) AppleWebKit/537.36 (KHTML, like Gecko) Chrome/90.0.4430.85 Safari/537.36"
104.214.177.216 - - [08/Jul/2026:22:49:15 +0200] "GET /sites/default/files/ HTTP/1.1" 404 14683 "binance.com" "Mozilla/5.0 (Windows NT 10.0; Win64; x64) AppleWebKit/537.36 (KHTML, like Gecko) Chrome/90.0.4430.85 Safari/537.36"
185.21.40.28 - - [08/Jul/2026:22:49:29 +0200] "POST /wp-cron.php?doing_wp_cron=1783543769.8374569416046142578125 HTTP/1.1" 200 474 "-" "nCvAt55Ho2XW"
104.214.177.216 - - [08/Jul/2026:22:49:29 +0200] "GET /admin/controller/extension/extension/ HTTP/1.1" 404 14685 "binance.com" "Mozilla/5.0 (Windows NT 10.0; Win64; x64) AppleWebKit/537.36 (KHTML, like Gecko) Chrome/90.0.4430.85 Safari/537.36"
104.214.177.216 - - [08/Jul/2026:22:49:40 +0200] "GET /uploads/ HTTP/1.1" 404 14579 "binance.com" "Mozilla/5.0 (Windows NT 10.0; Win64; x64) AppleWebKit/537.36 (KHTML, like Gecko) Chrome/90.0.4430.85 Safari/537.36"
104.214.177.216 - - [08/Jul/2026:22:49:50 +0200] "GET /images/ HTTP/1.1" 404 14742 "binance.com" "Mozilla/5.0 (Windows NT 10.0; Win64; x64) AppleWebKit/537.36 (KHTML, like Gecko) Chrome/90.0.4430.85 Safari/537.36"
104.214.177.216 - - [08/Jul/2026:22:49:59 +0200] "GET /files/ HTTP/1.1" 404 14741 "binance.com" "Mozilla/5.0 (Windows NT 10.0; Win64; x64) AppleWebKit/537.36 (KHTML, like Gecko) Chrome/90.0.4430.85 Safari/537.36"
185.21.40.28 - - [08/Jul/2026:22:52:46 +0200] "POST /wp-cron.php?doing_wp_cron=1783543966.0331909656524658203125 HTTP/1.1" 200 474 "-" "himHHKjJRZJT"
141.98.11.134 - - [08/Jul/2026:22:52:44 +0200] "GET /.vscode/sftp.json HTTP/1.1" 404 14742 "-" "Mozilla/5.0 (Windows NT 10.0; Win64; x64) AppleWebKit/537.36 (KHTML, like Gecko) Chrome/114.0.0.0 Safari/537.36"
141.98.11.134 - - [08/Jul/2026:22:52:46 +0200] "GET /sftp-config.json HTTP/1.1" 404 14741 "-" "Mozilla/5.0 (Windows NT 10.0; Win64; x64) AppleWebKit/537.36 (KHTML, like Gecko) Chrome/114.0.0.0 Safari/537.36"
34.204.28.244 - - [08/Jul/2026:23:00:03 +0200] "GET /robots.txt HTTP/1.1" 301 1214 "-" "Mozilla/5.0 (Macintosh; Intel Mac OS X 10_10_1) AppleWebKit/600.2.5 (KHTML, like Gecko) Version/8.0.2 Safari/600.2.5 (Gort)"
54.226.9.66 - - [08/Jul/2026:23:00:04 +0200] "GET /robots.txt HTTP/1.1" 200 533 "-" "Mozilla/5.0 (Macintosh; Intel Mac OS X 10_10_1) AppleWebKit/600.2.5 (KHTML, like Gecko) Version/8.0.2 Safari/600.2.5 (Gort)"
51.107.70.202 - - [08/Jul/2026:23:00:48 +0200] "GET /rehabilitation-units/ HTTP/2" 200 22355 "-" "Mozilla/5.0 AppleWebKit/537.36 (KHTML, like Gecko); compatible; ChatGPT-User/1.0; +https://openai.com/bot"
114.119.154.124 - - [08/Jul/2026:23:17:37 +0200] "GET /robots.txt HTTP/1.1" 301 1214 "https://www.nordisk-netvaerk-neurorehab.com/robots.txt" "Mozilla/5.0 (compatible;PetalBot;+https://webmaster.petalsearch.com/site/petalbot)"
